[INFO] fetching crate whirlpool-asm 0.5.2...
[INFO] checking whirlpool-asm-0.5.2 against beta-2020-07-24 for pr-75494-beta
[INFO] extracting crate whirlpool-asm 0.5.2 into /workspace/builds/worker-4/source
[INFO] validating manifest of crates.io crate whirlpool-asm 0.5.2 on toolchain beta-2020-07-24
[INFO] running `Command { std: "/workspace/cargo-home/bin/cargo" "+beta-2020-07-24" "read-manifest" "--manifest-path" "Cargo.toml", kill_on_drop: false }`
[INFO] started tweaking crates.io crate whirlpool-asm 0.5.2
[INFO] finished tweaking crates.io crate whirlpool-asm 0.5.2
[INFO] tweaked toml for crates.io crate whirlpool-asm 0.5.2 written to /workspace/builds/worker-4/source/Cargo.toml
[INFO] running `Command { std: "/workspace/cargo-home/bin/cargo" "+beta-2020-07-24" "generate-lockfile" "--manifest-path" "Cargo.toml" "-Zno-index-update", kill_on_drop: false }`
[INFO] running `Command { std: "/workspace/cargo-home/bin/cargo" "+beta-2020-07-24" "fetch" "--locked" "--manifest-path" "Cargo.toml", kill_on_drop: false }`
[INFO] running `Command { std: "docker" "create" "-v" "/var/lib/crater-agent-workspace/builds/worker-4/target:/opt/rustwide/target:rw,Z" "-v" "/var/lib/crater-agent-workspace/builds/worker-4/source:/opt/rustwide/workdir:ro,Z" "-v" "/var/lib/crater-agent-workspace/cargo-home:/opt/rustwide/cargo-home:ro,Z" "-v" "/var/lib/crater-agent-workspace/rustup-home:/opt/rustwide/rustup-home:ro,Z" "-e" "SOURCE_DIR=/opt/rustwide/workdir" "-e" "CARGO_TARGET_DIR=/opt/rustwide/target" "-e" "CARGO_HOME=/opt/rustwide/cargo-home" "-e" "RUSTUP_HOME=/opt/rustwide/rustup-home" "-w" "/opt/rustwide/workdir" "-m" "1610612736" "--user" "0:0" "--network" "none" "rustops/crates-build-env@sha256:a636fd89d022f18117e1dc8fb37a0a009933cdbbe082814857f0e2024962d47c" "/opt/rustwide/cargo-home/bin/cargo" "+beta-2020-07-24" "metadata" "--no-deps" "--format-version=1", kill_on_drop: false }`
[INFO] [stdout] b65ae51a4ed22aa7395bdcf2e47ab60594b5940f1b39bc6eea84aaeb55a0cf78
[INFO] [stderr] WARNING: Your kernel does not support swap limit capabilities or the cgroup is not mounted. Memory limited without swap.
[INFO] running `Command { std: "docker" "start" "-a" "b65ae51a4ed22aa7395bdcf2e47ab60594b5940f1b39bc6eea84aaeb55a0cf78", kill_on_drop: false }`
[INFO] running `Command { std: "docker" "inspect" "b65ae51a4ed22aa7395bdcf2e47ab60594b5940f1b39bc6eea84aaeb55a0cf78", kill_on_drop: false }`
[INFO] running `Command { std: "docker" "rm" "-f" "b65ae51a4ed22aa7395bdcf2e47ab60594b5940f1b39bc6eea84aaeb55a0cf78", kill_on_drop: false }`
[INFO] [stdout] b65ae51a4ed22aa7395bdcf2e47ab60594b5940f1b39bc6eea84aaeb55a0cf78
[INFO] running `Command { std: "docker" "create" "-v" "/var/lib/crater-agent-workspace/builds/worker-4/target:/opt/rustwide/target:rw,Z" "-v" "/var/lib/crater-agent-workspace/builds/worker-4/source:/opt/rustwide/workdir:ro,Z" "-v" "/var/lib/crater-agent-workspace/cargo-home:/opt/rustwide/cargo-home:ro,Z" "-v" "/var/lib/crater-agent-workspace/rustup-home:/opt/rustwide/rustup-home:ro,Z" "-e" "SOURCE_DIR=/opt/rustwide/workdir" "-e" "CARGO_TARGET_DIR=/opt/rustwide/target" "-e" "CARGO_INCREMENTAL=0" "-e" "RUST_BACKTRACE=full" "-e" "RUSTFLAGS=--cap-lints=forbid" "-e" "CARGO_HOME=/opt/rustwide/cargo-home" "-e" "RUSTUP_HOME=/opt/rustwide/rustup-home" "-w" "/opt/rustwide/workdir" "-m" "1610612736" "--user" "0:0" "--network" "none" "rustops/crates-build-env@sha256:a636fd89d022f18117e1dc8fb37a0a009933cdbbe082814857f0e2024962d47c" "/opt/rustwide/cargo-home/bin/cargo" "+beta-2020-07-24" "check" "--frozen" "--all" "--all-targets" "--message-format=json", kill_on_drop: false }`
[INFO] [stdout] aad5cc262364a36aef0af78799a76c0940c9378b8f7d1b8bf20a8c6b38d5a4b5
[INFO] [stderr] WARNING: Your kernel does not support swap limit capabilities or the cgroup is not mounted. Memory limited without swap.
[INFO] running `Command { std: "docker" "start" "-a" "aad5cc262364a36aef0af78799a76c0940c9378b8f7d1b8bf20a8c6b38d5a4b5", kill_on_drop: false }`
[INFO] [stderr]    Compiling whirlpool-asm v0.5.2 (/opt/rustwide/workdir)
[INFO] [stdout] error[E0554]: `#![feature]` may not be used on the beta release channel
[INFO] [stdout]  --> benches/lib.rs:2:1
[INFO] [stdout]   |
[INFO] [stdout] 2 | #![feature(test)]
[INFO] [stdout]   | ^^^^^^^^^^^^^^^^^
[INFO] [stdout] 
[INFO] [stdout] 
[INFO] [stdout] error[E0277]: the trait bound `[u8; 64]: core::default::Default` is not satisfied
[INFO] [stdout]   --> benches/lib.rs:10:21
[INFO] [stdout]    |
[INFO] [stdout] 10 |     let mut state = Default::default();
[INFO] [stdout]    |                     ^^^^^^^^^^^^^^^^ the trait `core::default::Default` is not implemented for `[u8; 64]`
[INFO] [stdout]    |
[INFO] [stdout]    = help: the following implementations were found:
[INFO] [stdout]              <&[T] as core::default::Default>
[INFO] [stdout]              <&mut [T] as core::default::Default>
[INFO] [stdout]              <[T; 0] as core::default::Default>
[INFO] [stdout]              <[T; 10] as core::default::Default>
[INFO] [stdout]            and 31 others
[INFO] [stdout]    = note: required by `core::default::Default::default`
[INFO] [stdout] 
[INFO] [stdout] 
[INFO] [stdout] error[E0277]: the trait bound `[u8; 64]: core::default::Default` is not satisfied
[INFO] [stdout]   --> benches/lib.rs:11:16
[INFO] [stdout]    |
[INFO] [stdout] 11 |     let data = Default::default();
[INFO] [stdout]    |                ^^^^^^^^^^^^^^^^ the trait `core::default::Default` is not implemented for `[u8; 64]`
[INFO] [stdout]    |
[INFO] [stdout]    = help: the following implementations were found:
[INFO] [stdout]              <&[T] as core::default::Default>
[INFO] [stdout]              <&mut [T] as core::default::Default>
[INFO] [stdout]              <[T; 0] as core::default::Default>
[INFO] [stdout]              <[T; 10] as core::default::Default>
[INFO] [stdout]            and 31 others
[INFO] [stdout]    = note: required by `core::default::Default::default`
[INFO] [stdout] 
[INFO] [stdout] 
[INFO] [stdout] error: aborting due to 3 previous errors
[INFO] [stdout] 
[INFO] [stdout] 
[INFO] [stdout] Some errors have detailed explanations: E0277, E0554.
[INFO] [stdout] 
[INFO] [stdout] For more information about an error, try `rustc --explain E0277`.
[INFO] [stdout] 
[INFO] [stderr] error: could not compile `whirlpool-asm`.
[INFO] [stderr] 
[INFO] [stderr] To learn more, run the command again with --verbose.
[INFO] running `Command { std: "docker" "inspect" "aad5cc262364a36aef0af78799a76c0940c9378b8f7d1b8bf20a8c6b38d5a4b5", kill_on_drop: false }`
[INFO] running `Command { std: "docker" "rm" "-f" "aad5cc262364a36aef0af78799a76c0940c9378b8f7d1b8bf20a8c6b38d5a4b5", kill_on_drop: false }`
[INFO] [stdout] aad5cc262364a36aef0af78799a76c0940c9378b8f7d1b8bf20a8c6b38d5a4b5
