[INFO] fetching crate wfbuf 0.1.1...
[INFO] checking wfbuf-0.1.1 against beta-2020-07-24 for pr-75494-beta
[INFO] extracting crate wfbuf 0.1.1 into /workspace/builds/worker-11/source
[INFO] validating manifest of crates.io crate wfbuf 0.1.1 on toolchain beta-2020-07-24
[INFO] running `Command { std: "/workspace/cargo-home/bin/cargo" "+beta-2020-07-24" "read-manifest" "--manifest-path" "Cargo.toml", kill_on_drop: false }`
[INFO] started tweaking crates.io crate wfbuf 0.1.1
[INFO] finished tweaking crates.io crate wfbuf 0.1.1
[INFO] tweaked toml for crates.io crate wfbuf 0.1.1 written to /workspace/builds/worker-11/source/Cargo.toml
[INFO] running `Command { std: "/workspace/cargo-home/bin/cargo" "+beta-2020-07-24" "generate-lockfile" "--manifest-path" "Cargo.toml" "-Zno-index-update", kill_on_drop: false }`
[INFO] running `Command { std: "/workspace/cargo-home/bin/cargo" "+beta-2020-07-24" "fetch" "--locked" "--manifest-path" "Cargo.toml", kill_on_drop: false }`
[INFO] running `Command { std: "docker" "create" "-v" "/var/lib/crater-agent-workspace/builds/worker-11/target:/opt/rustwide/target:rw,Z" "-v" "/var/lib/crater-agent-workspace/builds/worker-11/source:/opt/rustwide/workdir:ro,Z" "-v" "/var/lib/crater-agent-workspace/cargo-home:/opt/rustwide/cargo-home:ro,Z" "-v" "/var/lib/crater-agent-workspace/rustup-home:/opt/rustwide/rustup-home:ro,Z" "-e" "SOURCE_DIR=/opt/rustwide/workdir" "-e" "CARGO_TARGET_DIR=/opt/rustwide/target" "-e" "CARGO_HOME=/opt/rustwide/cargo-home" "-e" "RUSTUP_HOME=/opt/rustwide/rustup-home" "-w" "/opt/rustwide/workdir" "-m" "1610612736" "--user" "0:0" "--network" "none" "rustops/crates-build-env@sha256:a636fd89d022f18117e1dc8fb37a0a009933cdbbe082814857f0e2024962d47c" "/opt/rustwide/cargo-home/bin/cargo" "+beta-2020-07-24" "metadata" "--no-deps" "--format-version=1", kill_on_drop: false }`
[INFO] [stdout] 36c5ee3caa7ea9f7d57ee49b6ff8e3697d9c4000198aa59855e6aad94e791ad6
[INFO] [stderr] WARNING: Your kernel does not support swap limit capabilities or the cgroup is not mounted. Memory limited without swap.
[INFO] running `Command { std: "docker" "start" "-a" "36c5ee3caa7ea9f7d57ee49b6ff8e3697d9c4000198aa59855e6aad94e791ad6", kill_on_drop: false }`
[INFO] running `Command { std: "docker" "inspect" "36c5ee3caa7ea9f7d57ee49b6ff8e3697d9c4000198aa59855e6aad94e791ad6", kill_on_drop: false }`
[INFO] running `Command { std: "docker" "rm" "-f" "36c5ee3caa7ea9f7d57ee49b6ff8e3697d9c4000198aa59855e6aad94e791ad6", kill_on_drop: false }`
[INFO] [stdout] 36c5ee3caa7ea9f7d57ee49b6ff8e3697d9c4000198aa59855e6aad94e791ad6
[INFO] running `Command { std: "docker" "create" "-v" "/var/lib/crater-agent-workspace/builds/worker-11/target:/opt/rustwide/target:rw,Z" "-v" "/var/lib/crater-agent-workspace/builds/worker-11/source:/opt/rustwide/workdir:ro,Z" "-v" "/var/lib/crater-agent-workspace/cargo-home:/opt/rustwide/cargo-home:ro,Z" "-v" "/var/lib/crater-agent-workspace/rustup-home:/opt/rustwide/rustup-home:ro,Z" "-e" "SOURCE_DIR=/opt/rustwide/workdir" "-e" "CARGO_TARGET_DIR=/opt/rustwide/target" "-e" "CARGO_INCREMENTAL=0" "-e" "RUST_BACKTRACE=full" "-e" "RUSTFLAGS=--cap-lints=forbid" "-e" "CARGO_HOME=/opt/rustwide/cargo-home" "-e" "RUSTUP_HOME=/opt/rustwide/rustup-home" "-w" "/opt/rustwide/workdir" "-m" "1610612736" "--user" "0:0" "--network" "none" "rustops/crates-build-env@sha256:a636fd89d022f18117e1dc8fb37a0a009933cdbbe082814857f0e2024962d47c" "/opt/rustwide/cargo-home/bin/cargo" "+beta-2020-07-24" "check" "--frozen" "--all" "--all-targets" "--message-format=json", kill_on_drop: false }`
[INFO] [stdout] 08bfd599d969561b108c82ad35b8f8ff00d6af067e487b386a0a41b6acd6ac34
[INFO] [stderr] WARNING: Your kernel does not support swap limit capabilities or the cgroup is not mounted. Memory limited without swap.
[INFO] running `Command { std: "docker" "start" "-a" "08bfd599d969561b108c82ad35b8f8ff00d6af067e487b386a0a41b6acd6ac34", kill_on_drop: false }`
[INFO] [stderr]     Checking libc v0.1.12
[INFO] [stderr]     Checking mmap v0.1.1
[INFO] [stderr]     Checking wfbuf v0.1.1 (/opt/rustwide/workdir)
[INFO] [stdout] error: expected expression, found keyword `in`
[INFO] [stdout]   --> src/lib.rs:89:3
[INFO] [stdout]    |
[INFO] [stdout] 89 |         in MMSHARED { WfBuf::<T>::new() }
[INFO] [stdout]    |         ^^ expected expression
[INFO] [stdout] 
[INFO] [stdout] 
[INFO] [stdout] error: expected expression, found keyword `in`
[INFO] [stdout]   --> src/lib.rs:89:3
[INFO] [stdout]    |
[INFO] [stdout] 89 |         in MMSHARED { WfBuf::<T>::new() }
[INFO] [stdout]    |         ^^ expected expression
[INFO] [stdout] 
[INFO] [stdout] 
[INFO] [stdout] error[E0432]: unresolved imports `std::ops::Place`, `std::ops::InPlace`, `std::ops::Placer`
[INFO] [stdout]  --> src/lib.rs:4:16
[INFO] [stdout]   |
[INFO] [stdout] 4 | use std::ops::{Place, InPlace, Placer};
[INFO] [stdout]   |                ^^^^^  ^^^^^^^  ^^^^^^ no `Placer` in `ops`
[INFO] [stdout]   |                |      |
[INFO] [stdout]   |                |      no `InPlace` in `ops`
[INFO] [stdout]   |                no `Place` in `ops`
[INFO] [stdout] 
[INFO] [stdout] 
[INFO] [stdout] error[E0554]: `#![feature]` may not be used on the beta release channel
[INFO] [stdout]  --> src/lib.rs:1:1
[INFO] [stdout]   |
[INFO] [stdout] 1 | #![feature(placement_in_syntax, placement_new_protocol, unique)]
[INFO] [stdout]   | ^^^^^^^^^^^^^^^^^^^^^^^^^^^^^^^^^^^^^^^^^^^^^^^^^^^^^^^^^^^^^^^^
[INFO] [stdout] 
[INFO] [stdout] 
[INFO] [stdout] error: aborting due to 3 previous errors
[INFO] [stdout] 
[INFO] [stdout] 
[INFO] [stdout] Some errors have detailed explanations: E0432, E0554.
[INFO] [stdout] 
[INFO] [stdout] For more information about an error, try `rustc --explain E0432`.
[INFO] [stdout] 
[INFO] [stderr] error: could not compile `wfbuf`.
[INFO] [stderr] 
[INFO] [stderr] To learn more, run the command again with --verbose.
[INFO] [stderr] warning: build failed, waiting for other jobs to finish...
[INFO] [stdout] error[E0432]: unresolved imports `std::ops::Place`, `std::ops::InPlace`, `std::ops::Placer`
[INFO] [stdout]  --> src/lib.rs:4:16
[INFO] [stdout]   |
[INFO] [stdout] 4 | use std::ops::{Place, InPlace, Placer};
[INFO] [stdout]   |                ^^^^^  ^^^^^^^  ^^^^^^ no `Placer` in `ops`
[INFO] [stdout]   |                |      |
[INFO] [stdout]   |                |      no `InPlace` in `ops`
[INFO] [stdout]   |                no `Place` in `ops`
[INFO] [stdout] 
[INFO] [stdout] 
[INFO] [stderr] error: build failed
[INFO] [stdout] error[E0554]: `#![feature]` may not be used on the beta release channel
[INFO] [stdout]  --> src/lib.rs:1:1
[INFO] [stdout]   |
[INFO] [stdout] 1 | #![feature(placement_in_syntax, placement_new_protocol, unique)]
[INFO] [stdout]   | ^^^^^^^^^^^^^^^^^^^^^^^^^^^^^^^^^^^^^^^^^^^^^^^^^^^^^^^^^^^^^^^^
[INFO] [stdout] 
[INFO] [stdout] 
[INFO] [stdout] error: aborting due to 3 previous errors
[INFO] [stdout] 
[INFO] [stdout] 
[INFO] [stdout] Some errors have detailed explanations: E0432, E0554.
[INFO] [stdout] 
[INFO] [stdout] For more information about an error, try `rustc --explain E0432`.
[INFO] [stdout] 
[INFO] running `Command { std: "docker" "inspect" "08bfd599d969561b108c82ad35b8f8ff00d6af067e487b386a0a41b6acd6ac34", kill_on_drop: false }`
[INFO] running `Command { std: "docker" "rm" "-f" "08bfd599d969561b108c82ad35b8f8ff00d6af067e487b386a0a41b6acd6ac34", kill_on_drop: false }`
[INFO] [stdout] 08bfd599d969561b108c82ad35b8f8ff00d6af067e487b386a0a41b6acd6ac34
