[INFO] fetching crate warnalyzer 0.1.0...
[INFO] checking warnalyzer-0.1.0 against beta-2020-07-24 for pr-75494-beta
[INFO] extracting crate warnalyzer 0.1.0 into /workspace/builds/worker-8/source
[INFO] validating manifest of crates.io crate warnalyzer 0.1.0 on toolchain beta-2020-07-24
[INFO] running `Command { std: "/workspace/cargo-home/bin/cargo" "+beta-2020-07-24" "read-manifest" "--manifest-path" "Cargo.toml", kill_on_drop: false }`
[INFO] started tweaking crates.io crate warnalyzer 0.1.0
[INFO] finished tweaking crates.io crate warnalyzer 0.1.0
[INFO] tweaked toml for crates.io crate warnalyzer 0.1.0 written to /workspace/builds/worker-8/source/Cargo.toml
[INFO] running `Command { std: "/workspace/cargo-home/bin/cargo" "+beta-2020-07-24" "generate-lockfile" "--manifest-path" "Cargo.toml" "-Zno-index-update", kill_on_drop: false }`
[INFO] running `Command { std: "/workspace/cargo-home/bin/cargo" "+beta-2020-07-24" "fetch" "--locked" "--manifest-path" "Cargo.toml", kill_on_drop: false }`
[INFO] [stderr]     Blocking waiting for file lock on package cache
[INFO] running `Command { std: "docker" "create" "-v" "/var/lib/crater-agent-workspace/builds/worker-8/target:/opt/rustwide/target:rw,Z" "-v" "/var/lib/crater-agent-workspace/builds/worker-8/source:/opt/rustwide/workdir:ro,Z" "-v" "/var/lib/crater-agent-workspace/cargo-home:/opt/rustwide/cargo-home:ro,Z" "-v" "/var/lib/crater-agent-workspace/rustup-home:/opt/rustwide/rustup-home:ro,Z" "-e" "SOURCE_DIR=/opt/rustwide/workdir" "-e" "CARGO_TARGET_DIR=/opt/rustwide/target" "-e" "CARGO_HOME=/opt/rustwide/cargo-home" "-e" "RUSTUP_HOME=/opt/rustwide/rustup-home" "-w" "/opt/rustwide/workdir" "-m" "1610612736" "--user" "0:0" "--network" "none" "rustops/crates-build-env@sha256:a636fd89d022f18117e1dc8fb37a0a009933cdbbe082814857f0e2024962d47c" "/opt/rustwide/cargo-home/bin/cargo" "+beta-2020-07-24" "metadata" "--no-deps" "--format-version=1", kill_on_drop: false }`
[INFO] [stdout] 4b4367abdf973e5088e8bdee414a91e712228cb0576c5df62a5b47c13d924327
[INFO] [stderr] WARNING: Your kernel does not support swap limit capabilities or the cgroup is not mounted. Memory limited without swap.
[INFO] running `Command { std: "docker" "start" "-a" "4b4367abdf973e5088e8bdee414a91e712228cb0576c5df62a5b47c13d924327", kill_on_drop: false }`
[INFO] running `Command { std: "docker" "inspect" "4b4367abdf973e5088e8bdee414a91e712228cb0576c5df62a5b47c13d924327", kill_on_drop: false }`
[INFO] running `Command { std: "docker" "rm" "-f" "4b4367abdf973e5088e8bdee414a91e712228cb0576c5df62a5b47c13d924327", kill_on_drop: false }`
[INFO] [stdout] 4b4367abdf973e5088e8bdee414a91e712228cb0576c5df62a5b47c13d924327
[INFO] running `Command { std: "docker" "create" "-v" "/var/lib/crater-agent-workspace/builds/worker-8/target:/opt/rustwide/target:rw,Z" "-v" "/var/lib/crater-agent-workspace/builds/worker-8/source:/opt/rustwide/workdir:ro,Z" "-v" "/var/lib/crater-agent-workspace/cargo-home:/opt/rustwide/cargo-home:ro,Z" "-v" "/var/lib/crater-agent-workspace/rustup-home:/opt/rustwide/rustup-home:ro,Z" "-e" "SOURCE_DIR=/opt/rustwide/workdir" "-e" "CARGO_TARGET_DIR=/opt/rustwide/target" "-e" "CARGO_INCREMENTAL=0" "-e" "RUST_BACKTRACE=full" "-e" "RUSTFLAGS=--cap-lints=forbid" "-e" "CARGO_HOME=/opt/rustwide/cargo-home" "-e" "RUSTUP_HOME=/opt/rustwide/rustup-home" "-w" "/opt/rustwide/workdir" "-m" "1610612736" "--user" "0:0" "--network" "none" "rustops/crates-build-env@sha256:a636fd89d022f18117e1dc8fb37a0a009933cdbbe082814857f0e2024962d47c" "/opt/rustwide/cargo-home/bin/cargo" "+beta-2020-07-24" "check" "--frozen" "--all" "--all-targets" "--message-format=json", kill_on_drop: false }`
[INFO] [stdout] dac8398835ae57e1780deca140a5d6b071f8644f3321862d220968bf94e22589
[INFO] [stderr] WARNING: Your kernel does not support swap limit capabilities or the cgroup is not mounted. Memory limited without swap.
[INFO] running `Command { std: "docker" "start" "-a" "dac8398835ae57e1780deca140a5d6b071f8644f3321862d220968bf94e22589", kill_on_drop: false }`
[INFO] [stderr]     Blocking waiting for file lock on package cache
[INFO] [stderr]    Compiling maybe-uninit v2.0.0
[INFO] [stderr]    Compiling rayon-core v1.7.1
[INFO] [stderr]    Compiling serde_derive v1.0.115
[INFO] [stderr]    Compiling proc-macro2 v0.4.30
[INFO] [stderr]     Checking scopeguard v1.1.0
[INFO] [stderr]     Checking regex-syntax v0.6.18
[INFO] [stderr]    Compiling serde v1.0.115
[INFO] [stderr]     Checking termcolor v1.1.0
[INFO] [stderr]     Checking either v1.6.0
[INFO] [stderr]     Checking smallvec v1.4.2
[INFO] [stderr]    Compiling crossbeam-utils v0.7.2
[INFO] [stderr]    Compiling memoffset v0.5.5
[INFO] [stderr]    Compiling num-traits v0.2.12
[INFO] [stderr]    Compiling crossbeam-epoch v0.8.2
[INFO] [stderr]    Compiling num-integer v0.1.43
[INFO] [stderr]    Compiling rayon v1.3.1
[INFO] [stderr]     Checking owning_ref v0.3.3
[INFO] [stderr]     Checking humantime v1.3.0
[INFO] [stderr]     Checking thread_local v1.0.1
[INFO] [stderr]     Checking intervaltree v0.2.6
[INFO] [stderr]     Checking rand v0.4.6
[INFO] [stderr]     Checking atty v0.2.14
[INFO] [stderr]     Checking num_cpus v1.13.0
[INFO] [stderr]     Checking aho-corasick v0.7.13
[INFO] [stderr]    Compiling syn v1.0.39
[INFO] [stderr]     Checking smallvec v0.6.13
[INFO] [stderr]     Checking crossbeam-queue v0.2.3
[INFO] [stderr]     Checking parking_lot_core v0.2.14
[INFO] [stderr]     Checking quote v0.6.13
[INFO] [stderr]     Checking crossbeam-deque v0.7.3
[INFO] [stderr]     Checking parking_lot v0.4.8
[INFO] [stderr]     Checking syn v0.15.44
[INFO] [stderr]     Checking chashmap v2.2.2
[INFO] [stderr]     Checking chrono v0.4.15
[INFO] [stderr]     Checking regex v1.3.9
[INFO] [stderr]     Checking env_logger v0.6.2
[INFO] [stderr]     Checking pretty_env_logger v0.3.1
[INFO] [stderr]     Checking serde_json v1.0.57
[INFO] [stderr]     Checking warnalyzer v0.1.0 (/opt/rustwide/workdir)
[INFO] [stdout] error[E0432]: unresolved imports `syn::visit`, `syn::visit`
[INFO] [stdout]   --> src/mute.rs:88:11
[INFO] [stdout]    |
[INFO] [stdout] 88 |     use syn::visit::{visit_item, self};
[INFO] [stdout]    |              ^^^^^               ^^^^ no `visit` in the root
[INFO] [stdout]    |              |
[INFO] [stdout]    |              could not find `visit` in `syn`
[INFO] [stdout] 
[INFO] [stdout] 
[INFO] [stdout] error[E0433]: failed to resolve: could not find `visit` in `syn`
[INFO] [stdout]    --> src/mute.rs:105:22
[INFO] [stdout]     |
[INFO] [stdout] 105 |     impl<'ast, 'a> syn::visit::Visit<'ast> for Visitor<'a> {
[INFO] [stdout]     |                         ^^^^^ could not find `visit` in `syn`
[INFO] [stdout] 
[INFO] [stdout] 
[INFO] [stdout] error: aborting due to 2 previous errors
[INFO] [stdout] 
[INFO] [stdout] 
[INFO] [stdout] Some errors have detailed explanations: E0432, E0433.
[INFO] [stdout] 
[INFO] [stdout] For more information about an error, try `rustc --explain E0432`.
[INFO] [stdout] 
[INFO] [stderr] error: could not compile `warnalyzer`.
[INFO] [stderr] 
[INFO] [stderr] To learn more, run the command again with --verbose.
[INFO] [stderr] warning: build failed, waiting for other jobs to finish...
[INFO] [stdout] error[E0432]: unresolved imports `syn::visit`, `syn::visit`
[INFO] [stdout]   --> src/mute.rs:88:11
[INFO] [stdout]    |
[INFO] [stdout] 88 |     use syn::visit::{visit_item, self};
[INFO] [stdout]    |              ^^^^^               ^^^^ no `visit` in the root
[INFO] [stdout]    |              |
[INFO] [stdout]    |              could not find `visit` in `syn`
[INFO] [stdout] 
[INFO] [stdout] 
[INFO] [stdout] error[E0433]: failed to resolve: could not find `visit` in `syn`
[INFO] [stdout]    --> src/mute.rs:105:22
[INFO] [stdout]     |
[INFO] [stdout] 105 |     impl<'ast, 'a> syn::visit::Visit<'ast> for Visitor<'a> {
[INFO] [stdout]     |                         ^^^^^ could not find `visit` in `syn`
[INFO] [stdout] 
[INFO] [stdout] 
[INFO] [stdout] error: aborting due to 2 previous errors
[INFO] [stdout] 
[INFO] [stdout] 
[INFO] [stdout] Some errors have detailed explanations: E0432, E0433.
[INFO] [stdout] 
[INFO] [stdout] For more information about an error, try `rustc --explain E0432`.
[INFO] [stdout] 
[INFO] [stderr] error: build failed
[INFO] running `Command { std: "docker" "inspect" "dac8398835ae57e1780deca140a5d6b071f8644f3321862d220968bf94e22589", kill_on_drop: false }`
[INFO] running `Command { std: "docker" "rm" "-f" "dac8398835ae57e1780deca140a5d6b071f8644f3321862d220968bf94e22589", kill_on_drop: false }`
[INFO] [stdout] dac8398835ae57e1780deca140a5d6b071f8644f3321862d220968bf94e22589
