[INFO] fetching crate vptr 0.2.1...
[INFO] checking vptr-0.2.1 against beta-2020-07-24 for pr-75494-beta
[INFO] extracting crate vptr 0.2.1 into /workspace/builds/worker-9/source
[INFO] validating manifest of crates.io crate vptr 0.2.1 on toolchain beta-2020-07-24
[INFO] running `Command { std: "/workspace/cargo-home/bin/cargo" "+beta-2020-07-24" "read-manifest" "--manifest-path" "Cargo.toml", kill_on_drop: false }`
[INFO] started tweaking crates.io crate vptr 0.2.1
[INFO] finished tweaking crates.io crate vptr 0.2.1
[INFO] tweaked toml for crates.io crate vptr 0.2.1 written to /workspace/builds/worker-9/source/Cargo.toml
[INFO] running `Command { std: "/workspace/cargo-home/bin/cargo" "+beta-2020-07-24" "generate-lockfile" "--manifest-path" "Cargo.toml" "-Zno-index-update", kill_on_drop: false }`
[INFO] running `Command { std: "/workspace/cargo-home/bin/cargo" "+beta-2020-07-24" "fetch" "--locked" "--manifest-path" "Cargo.toml", kill_on_drop: false }`
[INFO] running `Command { std: "docker" "create" "-v" "/var/lib/crater-agent-workspace/builds/worker-9/target:/opt/rustwide/target:rw,Z" "-v" "/var/lib/crater-agent-workspace/builds/worker-9/source:/opt/rustwide/workdir:ro,Z" "-v" "/var/lib/crater-agent-workspace/cargo-home:/opt/rustwide/cargo-home:ro,Z" "-v" "/var/lib/crater-agent-workspace/rustup-home:/opt/rustwide/rustup-home:ro,Z" "-e" "SOURCE_DIR=/opt/rustwide/workdir" "-e" "CARGO_TARGET_DIR=/opt/rustwide/target" "-e" "CARGO_HOME=/opt/rustwide/cargo-home" "-e" "RUSTUP_HOME=/opt/rustwide/rustup-home" "-w" "/opt/rustwide/workdir" "-m" "1610612736" "--user" "0:0" "--network" "none" "rustops/crates-build-env@sha256:a636fd89d022f18117e1dc8fb37a0a009933cdbbe082814857f0e2024962d47c" "/opt/rustwide/cargo-home/bin/cargo" "+beta-2020-07-24" "metadata" "--no-deps" "--format-version=1", kill_on_drop: false }`
[INFO] [stdout] 83b2f7e409496eb7c1a86efb641f1317d7b2875defb77e68b6dbb29d2bae79d6
[INFO] [stderr] WARNING: Your kernel does not support swap limit capabilities or the cgroup is not mounted. Memory limited without swap.
[INFO] running `Command { std: "docker" "start" "-a" "83b2f7e409496eb7c1a86efb641f1317d7b2875defb77e68b6dbb29d2bae79d6", kill_on_drop: false }`
[INFO] running `Command { std: "docker" "inspect" "83b2f7e409496eb7c1a86efb641f1317d7b2875defb77e68b6dbb29d2bae79d6", kill_on_drop: false }`
[INFO] running `Command { std: "docker" "rm" "-f" "83b2f7e409496eb7c1a86efb641f1317d7b2875defb77e68b6dbb29d2bae79d6", kill_on_drop: false }`
[INFO] [stdout] 83b2f7e409496eb7c1a86efb641f1317d7b2875defb77e68b6dbb29d2bae79d6
[INFO] running `Command { std: "docker" "create" "-v" "/var/lib/crater-agent-workspace/builds/worker-9/target:/opt/rustwide/target:rw,Z" "-v" "/var/lib/crater-agent-workspace/builds/worker-9/source:/opt/rustwide/workdir:ro,Z" "-v" "/var/lib/crater-agent-workspace/cargo-home:/opt/rustwide/cargo-home:ro,Z" "-v" "/var/lib/crater-agent-workspace/rustup-home:/opt/rustwide/rustup-home:ro,Z" "-e" "SOURCE_DIR=/opt/rustwide/workdir" "-e" "CARGO_TARGET_DIR=/opt/rustwide/target" "-e" "CARGO_INCREMENTAL=0" "-e" "RUST_BACKTRACE=full" "-e" "RUSTFLAGS=--cap-lints=forbid" "-e" "CARGO_HOME=/opt/rustwide/cargo-home" "-e" "RUSTUP_HOME=/opt/rustwide/rustup-home" "-w" "/opt/rustwide/workdir" "-m" "1610612736" "--user" "0:0" "--network" "none" "rustops/crates-build-env@sha256:a636fd89d022f18117e1dc8fb37a0a009933cdbbe082814857f0e2024962d47c" "/opt/rustwide/cargo-home/bin/cargo" "+beta-2020-07-24" "check" "--frozen" "--all" "--all-targets" "--message-format=json", kill_on_drop: false }`
[INFO] [stderr] WARNING: Your kernel does not support swap limit capabilities or the cgroup is not mounted. Memory limited without swap.
[INFO] [stdout] 65642a4846b181dc4330f6be37604b0c72f81b54e337cd4a3ab8e42594bfcdd0
[INFO] running `Command { std: "docker" "start" "-a" "65642a4846b181dc4330f6be37604b0c72f81b54e337cd4a3ab8e42594bfcdd0", kill_on_drop: false }`
[INFO] [stderr]    Compiling syn v1.0.39
[INFO] [stderr]    Compiling proc-macro2 v1.0.19
[INFO] [stderr]    Compiling quote v1.0.7
[INFO] [stderr]    Compiling vptr-macros v0.2.1
[INFO] [stderr]     Checking vptr v0.2.1 (/opt/rustwide/workdir)
[INFO] [stdout] error[E0080]: could not evaluate static initializer
[INFO] [stdout]    --> src/lib.rs:573:5
[INFO] [stdout]     |
[INFO] [stdout] 573 |     #[vptr(MyTrait)]
[INFO] [stdout]     |     ^^^^^^^^^^^^^^^^ inbounds test failed: 0x0 is not a valid pointer
[INFO] [stdout]     |
[INFO] [stdout]     = note: this error originates in an attribute macro (in Nightly builds, run with -Z macro-backtrace for more info)
[INFO] [stdout] 
[INFO] [stdout] 
[INFO] [stdout] error[E0080]: could not evaluate static initializer
[INFO] [stdout]    --> src/lib.rs:595:5
[INFO] [stdout]     |
[INFO] [stdout] 595 |     #[vptr(MyTrait, SomeOtherTrait)]
[INFO] [stdout]     |     ^^^^^^^^^^^^^^^^^^^^^^^^^^^^^^^^ inbounds test failed: 0x0 is not a valid pointer
[INFO] [stdout]     |
[INFO] [stdout]     = note: this error originates in an attribute macro (in Nightly builds, run with -Z macro-backtrace for more info)
[INFO] [stdout] 
[INFO] [stdout] 
[INFO] [stdout] error[E0080]: could not evaluate static initializer
[INFO] [stdout]    --> src/lib.rs:653:5
[INFO] [stdout]     |
[INFO] [stdout] 653 |     #[vptr(MyTrait)]
[INFO] [stdout]     |     ^^^^^^^^^^^^^^^^ inbounds test failed: 0x0 is not a valid pointer
[INFO] [stdout]     |
[INFO] [stdout]     = note: this error originates in an attribute macro (in Nightly builds, run with -Z macro-backtrace for more info)
[INFO] [stdout] 
[INFO] [stdout] 
[INFO] [stdout] error[E0080]: could not evaluate static initializer
[INFO] [stdout]    --> src/lib.rs:676:5
[INFO] [stdout]     |
[INFO] [stdout] 676 |     #[vptr(MyTrait)]
[INFO] [stdout]     |     ^^^^^^^^^^^^^^^^ inbounds test failed: 0x0 is not a valid pointer
[INFO] [stdout]     |
[INFO] [stdout]     = note: this error originates in an attribute macro (in Nightly builds, run with -Z macro-backtrace for more info)
[INFO] [stdout] 
[INFO] [stdout] 
[INFO] [stdout] error[E0080]: could not evaluate static initializer
[INFO] [stdout]    --> src/lib.rs:693:5
[INFO] [stdout]     |
[INFO] [stdout] 693 |     #[vptr(MyTrait)]
[INFO] [stdout]     |     ^^^^^^^^^^^^^^^^ inbounds test failed: 0x0 is not a valid pointer
[INFO] [stdout]     |
[INFO] [stdout]     = note: this error originates in an attribute macro (in Nightly builds, run with -Z macro-backtrace for more info)
[INFO] [stdout] 
[INFO] [stdout] 
[INFO] [stdout] error[E0080]: could not evaluate static initializer
[INFO] [stdout]    --> src/lib.rs:711:5
[INFO] [stdout]     |
[INFO] [stdout] 711 |     #[vptr(std::fmt::Display)]
[INFO] [stdout]     |     ^^^^^^^^^^^^^^^^^^^^^^^^^^ inbounds test failed: 0x0 is not a valid pointer
[INFO] [stdout]     |
[INFO] [stdout]     = note: this error originates in an attribute macro (in Nightly builds, run with -Z macro-backtrace for more info)
[INFO] [stdout] 
[INFO] [stdout] 
[INFO] [stdout] error[E0080]: could not evaluate static initializer
[INFO] [stdout]    --> src/lib.rs:736:9
[INFO] [stdout]     |
[INFO] [stdout] 736 |         #[vptr("TraitWithGen<u64>")]
[INFO] [stdout]     |         ^^^^^^^^^^^^^^^^^^^^^^^^^^^^ inbounds test failed: 0x0 is not a valid pointer
[INFO] [stdout]     |
[INFO] [stdout]     = note: this error originates in an attribute macro (in Nightly builds, run with -Z macro-backtrace for more info)
[INFO] [stdout] 
[INFO] [stdout] 
[INFO] [stdout] error: aborting due to 7 previous errors
[INFO] [stdout] 
[INFO] [stdout] 
[INFO] [stdout] For more information about this error, try `rustc --explain E0080`.
[INFO] [stdout] 
[INFO] [stderr] error: could not compile `vptr`.
[INFO] [stderr] 
[INFO] [stderr] To learn more, run the command again with --verbose.
[INFO] running `Command { std: "docker" "inspect" "65642a4846b181dc4330f6be37604b0c72f81b54e337cd4a3ab8e42594bfcdd0", kill_on_drop: false }`
[INFO] running `Command { std: "docker" "rm" "-f" "65642a4846b181dc4330f6be37604b0c72f81b54e337cd4a3ab8e42594bfcdd0", kill_on_drop: false }`
[INFO] [stdout] 65642a4846b181dc4330f6be37604b0c72f81b54e337cd4a3ab8e42594bfcdd0
