[INFO] fetching crate vectorphile 0.1.11...
[INFO] checking vectorphile-0.1.11 against beta-2020-07-24 for pr-75494-beta
[INFO] extracting crate vectorphile 0.1.11 into /workspace/builds/worker-2/source
[INFO] validating manifest of crates.io crate vectorphile 0.1.11 on toolchain beta-2020-07-24
[INFO] running `Command { std: "/workspace/cargo-home/bin/cargo" "+beta-2020-07-24" "read-manifest" "--manifest-path" "Cargo.toml", kill_on_drop: false }`
[INFO] started tweaking crates.io crate vectorphile 0.1.11
[INFO] finished tweaking crates.io crate vectorphile 0.1.11
[INFO] tweaked toml for crates.io crate vectorphile 0.1.11 written to /workspace/builds/worker-2/source/Cargo.toml
[INFO] running `Command { std: "/workspace/cargo-home/bin/cargo" "+beta-2020-07-24" "generate-lockfile" "--manifest-path" "Cargo.toml" "-Zno-index-update", kill_on_drop: false }`
[INFO] running `Command { std: "/workspace/cargo-home/bin/cargo" "+beta-2020-07-24" "fetch" "--locked" "--manifest-path" "Cargo.toml", kill_on_drop: false }`
[INFO] running `Command { std: "docker" "create" "-v" "/var/lib/crater-agent-workspace/builds/worker-2/target:/opt/rustwide/target:rw,Z" "-v" "/var/lib/crater-agent-workspace/builds/worker-2/source:/opt/rustwide/workdir:ro,Z" "-v" "/var/lib/crater-agent-workspace/cargo-home:/opt/rustwide/cargo-home:ro,Z" "-v" "/var/lib/crater-agent-workspace/rustup-home:/opt/rustwide/rustup-home:ro,Z" "-e" "SOURCE_DIR=/opt/rustwide/workdir" "-e" "CARGO_TARGET_DIR=/opt/rustwide/target" "-e" "CARGO_HOME=/opt/rustwide/cargo-home" "-e" "RUSTUP_HOME=/opt/rustwide/rustup-home" "-w" "/opt/rustwide/workdir" "-m" "1610612736" "--user" "0:0" "--network" "none" "rustops/crates-build-env@sha256:a636fd89d022f18117e1dc8fb37a0a009933cdbbe082814857f0e2024962d47c" "/opt/rustwide/cargo-home/bin/cargo" "+beta-2020-07-24" "metadata" "--no-deps" "--format-version=1", kill_on_drop: false }`
[INFO] [stdout] bc9492217b2e75dbc9a48d64e88b86013a6a60e808ae00e2d05ca4d7397d815a
[INFO] [stderr] WARNING: Your kernel does not support swap limit capabilities or the cgroup is not mounted. Memory limited without swap.
[INFO] running `Command { std: "docker" "start" "-a" "bc9492217b2e75dbc9a48d64e88b86013a6a60e808ae00e2d05ca4d7397d815a", kill_on_drop: false }`
[INFO] running `Command { std: "docker" "inspect" "bc9492217b2e75dbc9a48d64e88b86013a6a60e808ae00e2d05ca4d7397d815a", kill_on_drop: false }`
[INFO] running `Command { std: "docker" "rm" "-f" "bc9492217b2e75dbc9a48d64e88b86013a6a60e808ae00e2d05ca4d7397d815a", kill_on_drop: false }`
[INFO] [stdout] bc9492217b2e75dbc9a48d64e88b86013a6a60e808ae00e2d05ca4d7397d815a
[INFO] running `Command { std: "docker" "create" "-v" "/var/lib/crater-agent-workspace/builds/worker-2/target:/opt/rustwide/target:rw,Z" "-v" "/var/lib/crater-agent-workspace/builds/worker-2/source:/opt/rustwide/workdir:ro,Z" "-v" "/var/lib/crater-agent-workspace/cargo-home:/opt/rustwide/cargo-home:ro,Z" "-v" "/var/lib/crater-agent-workspace/rustup-home:/opt/rustwide/rustup-home:ro,Z" "-e" "SOURCE_DIR=/opt/rustwide/workdir" "-e" "CARGO_TARGET_DIR=/opt/rustwide/target" "-e" "CARGO_INCREMENTAL=0" "-e" "RUST_BACKTRACE=full" "-e" "RUSTFLAGS=--cap-lints=forbid" "-e" "CARGO_HOME=/opt/rustwide/cargo-home" "-e" "RUSTUP_HOME=/opt/rustwide/rustup-home" "-w" "/opt/rustwide/workdir" "-m" "1610612736" "--user" "0:0" "--network" "none" "rustops/crates-build-env@sha256:a636fd89d022f18117e1dc8fb37a0a009933cdbbe082814857f0e2024962d47c" "/opt/rustwide/cargo-home/bin/cargo" "+beta-2020-07-24" "check" "--frozen" "--all" "--all-targets" "--message-format=json", kill_on_drop: false }`
[INFO] [stdout] f7aa35b0563ecddf290d76d4a65d89d00e3b1a4f1510fa9f8c3dd3f62ad0a508
[INFO] [stderr] WARNING: Your kernel does not support swap limit capabilities or the cgroup is not mounted. Memory limited without swap.
[INFO] running `Command { std: "docker" "start" "-a" "f7aa35b0563ecddf290d76d4a65d89d00e3b1a4f1510fa9f8c3dd3f62ad0a508", kill_on_drop: false }`
[INFO] [stderr]    Compiling proc-macro2 v1.0.19
[INFO] [stderr]    Compiling unicode-xid v0.2.1
[INFO] [stderr]    Compiling autocfg v1.0.1
[INFO] [stderr]    Compiling syn v1.0.39
[INFO] [stderr]    Compiling serde_derive v1.0.115
[INFO] [stderr]    Compiling serde v1.0.115
[INFO] [stderr]    Compiling num-traits v0.2.12
[INFO] [stderr]    Compiling quote v1.0.7
[INFO] [stderr]     Checking num-traits v0.1.43
[INFO] [stderr]     Checking euclid v0.16.4
[INFO] [stderr]     Checking vectorphile v0.1.11 (/opt/rustwide/workdir)
[INFO] [stdout] error[E0271]: type mismatch resolving `<&[_; 0] as std::iter::IntoIterator>::Item == euclid::TypedPoint2D<f32, _>`
[INFO] [stdout]    --> src/svg.rs:123:24
[INFO] [stdout]     |
[INFO] [stdout] 123 |                 canvas.draw_closed_polygon(&[], DrawOptions::default())?;
[INFO] [stdout]     |                        ^^^^^^^^^^^^^^^^^^^ expected reference, found struct `euclid::TypedPoint2D`
[INFO] [stdout]     |
[INFO] [stdout]     = note: expected reference `&_`
[INFO] [stdout]                   found struct `euclid::TypedPoint2D<f32, _>`
[INFO] [stdout] 
[INFO] [stdout] 
[INFO] [stdout] error[E0271]: type mismatch resolving `<&[({float}, {float}); 3] as std::iter::IntoIterator>::Item == euclid::TypedPoint2D<f32, _>`
[INFO] [stdout]    --> src/svg.rs:137:24
[INFO] [stdout]     |
[INFO] [stdout] 137 |                 canvas.draw_closed_polygon(&[(0.0, 0.0), (0.0, 50.0), (50.0, 0.0)], DrawOptions::default())?;
[INFO] [stdout]     |                        ^^^^^^^^^^^^^^^^^^^ expected reference, found struct `euclid::TypedPoint2D`
[INFO] [stdout]     |
[INFO] [stdout]     = note: expected reference `&({float}, {float})`
[INFO] [stdout]                   found struct `euclid::TypedPoint2D<f32, _>`
[INFO] [stdout] 
[INFO] [stdout] 
[INFO] [stdout] error[E0271]: type mismatch resolving `<&[({float}, {float}); 3] as std::iter::IntoIterator>::Item == euclid::TypedPoint2D<f32, _>`
[INFO] [stdout]    --> src/svg.rs:152:24
[INFO] [stdout]     |
[INFO] [stdout] 152 |                 canvas.draw_closed_polygon(&[(50.0, 0.0), (0.0, 50.0), (0.0, 0.0)], DrawOptions::default())?;
[INFO] [stdout]     |                        ^^^^^^^^^^^^^^^^^^^ expected reference, found struct `euclid::TypedPoint2D`
[INFO] [stdout]     |
[INFO] [stdout]     = note: expected reference `&({float}, {float})`
[INFO] [stdout]                   found struct `euclid::TypedPoint2D<f32, _>`
[INFO] [stdout] 
[INFO] [stdout] 
[INFO] [stdout] error[E0271]: type mismatch resolving `<std::vec::Vec<&[_]> as std::iter::IntoIterator>::Item == std::vec::Vec<euclid::TypedPoint2D<f32, _>>`
[INFO] [stdout]    --> src/svg.rs:167:24
[INFO] [stdout]     |
[INFO] [stdout] 167 |                 canvas.draw_holy_polygon(
[INFO] [stdout]     |                        ^^^^^^^^^^^^^^^^^ expected `&[_]`, found struct `std::vec::Vec`
[INFO] [stdout]     |
[INFO] [stdout]     = note: expected type `&[_]`
[INFO] [stdout]              found struct `std::vec::Vec<euclid::TypedPoint2D<f32, _>>`
[INFO] [stdout] 
[INFO] [stdout] 
[INFO] [stdout] error: aborting due to 4 previous errors
[INFO] [stdout] 
[INFO] [stdout] 
[INFO] [stdout] For more information about this error, try `rustc --explain E0271`.
[INFO] [stdout] 
[INFO] [stderr] error: could not compile `vectorphile`.
[INFO] [stderr] 
[INFO] [stderr] To learn more, run the command again with --verbose.
[INFO] [stderr] warning: build failed, waiting for other jobs to finish...
[INFO] [stderr] error: build failed
[INFO] running `Command { std: "docker" "inspect" "f7aa35b0563ecddf290d76d4a65d89d00e3b1a4f1510fa9f8c3dd3f62ad0a508", kill_on_drop: false }`
[INFO] running `Command { std: "docker" "rm" "-f" "f7aa35b0563ecddf290d76d4a65d89d00e3b1a4f1510fa9f8c3dd3f62ad0a508", kill_on_drop: false }`
[INFO] [stdout] f7aa35b0563ecddf290d76d4a65d89d00e3b1a4f1510fa9f8c3dd3f62ad0a508
