[INFO] fetching crate uil_shared 0.0.3...
[INFO] checking uil_shared-0.0.3 against beta-2020-07-24 for pr-75494-beta
[INFO] extracting crate uil_shared 0.0.3 into /workspace/builds/worker-12/source
[INFO] validating manifest of crates.io crate uil_shared 0.0.3 on toolchain beta-2020-07-24
[INFO] running `Command { std: "/workspace/cargo-home/bin/cargo" "+beta-2020-07-24" "read-manifest" "--manifest-path" "Cargo.toml", kill_on_drop: false }`
[INFO] started tweaking crates.io crate uil_shared 0.0.3
[INFO] finished tweaking crates.io crate uil_shared 0.0.3
[INFO] tweaked toml for crates.io crate uil_shared 0.0.3 written to /workspace/builds/worker-12/source/Cargo.toml
[INFO] running `Command { std: "/workspace/cargo-home/bin/cargo" "+beta-2020-07-24" "generate-lockfile" "--manifest-path" "Cargo.toml" "-Zno-index-update", kill_on_drop: false }`
[INFO] running `Command { std: "/workspace/cargo-home/bin/cargo" "+beta-2020-07-24" "fetch" "--locked" "--manifest-path" "Cargo.toml", kill_on_drop: false }`
[INFO] running `Command { std: "docker" "create" "-v" "/var/lib/crater-agent-workspace/builds/worker-12/target:/opt/rustwide/target:rw,Z" "-v" "/var/lib/crater-agent-workspace/builds/worker-12/source:/opt/rustwide/workdir:ro,Z" "-v" "/var/lib/crater-agent-workspace/cargo-home:/opt/rustwide/cargo-home:ro,Z" "-v" "/var/lib/crater-agent-workspace/rustup-home:/opt/rustwide/rustup-home:ro,Z" "-e" "SOURCE_DIR=/opt/rustwide/workdir" "-e" "CARGO_TARGET_DIR=/opt/rustwide/target" "-e" "CARGO_HOME=/opt/rustwide/cargo-home" "-e" "RUSTUP_HOME=/opt/rustwide/rustup-home" "-w" "/opt/rustwide/workdir" "-m" "1610612736" "--user" "0:0" "--network" "none" "rustops/crates-build-env@sha256:a636fd89d022f18117e1dc8fb37a0a009933cdbbe082814857f0e2024962d47c" "/opt/rustwide/cargo-home/bin/cargo" "+beta-2020-07-24" "metadata" "--no-deps" "--format-version=1", kill_on_drop: false }`
[INFO] [stdout] bb8bceeeb9ed86ea82446b4ce6bbb5e4acf502da26b2efc8641234ae6741ea41
[INFO] [stderr] WARNING: Your kernel does not support swap limit capabilities or the cgroup is not mounted. Memory limited without swap.
[INFO] running `Command { std: "docker" "start" "-a" "bb8bceeeb9ed86ea82446b4ce6bbb5e4acf502da26b2efc8641234ae6741ea41", kill_on_drop: false }`
[INFO] running `Command { std: "docker" "inspect" "bb8bceeeb9ed86ea82446b4ce6bbb5e4acf502da26b2efc8641234ae6741ea41", kill_on_drop: false }`
[INFO] running `Command { std: "docker" "rm" "-f" "bb8bceeeb9ed86ea82446b4ce6bbb5e4acf502da26b2efc8641234ae6741ea41", kill_on_drop: false }`
[INFO] [stdout] bb8bceeeb9ed86ea82446b4ce6bbb5e4acf502da26b2efc8641234ae6741ea41
[INFO] running `Command { std: "docker" "create" "-v" "/var/lib/crater-agent-workspace/builds/worker-12/target:/opt/rustwide/target:rw,Z" "-v" "/var/lib/crater-agent-workspace/builds/worker-12/source:/opt/rustwide/workdir:ro,Z" "-v" "/var/lib/crater-agent-workspace/cargo-home:/opt/rustwide/cargo-home:ro,Z" "-v" "/var/lib/crater-agent-workspace/rustup-home:/opt/rustwide/rustup-home:ro,Z" "-e" "SOURCE_DIR=/opt/rustwide/workdir" "-e" "CARGO_TARGET_DIR=/opt/rustwide/target" "-e" "CARGO_INCREMENTAL=0" "-e" "RUST_BACKTRACE=full" "-e" "RUSTFLAGS=--cap-lints=forbid" "-e" "CARGO_HOME=/opt/rustwide/cargo-home" "-e" "RUSTUP_HOME=/opt/rustwide/rustup-home" "-w" "/opt/rustwide/workdir" "-m" "1610612736" "--user" "0:0" "--network" "none" "rustops/crates-build-env@sha256:a636fd89d022f18117e1dc8fb37a0a009933cdbbe082814857f0e2024962d47c" "/opt/rustwide/cargo-home/bin/cargo" "+beta-2020-07-24" "check" "--frozen" "--all" "--all-targets" "--message-format=json", kill_on_drop: false }`
[INFO] [stdout] 0a8131ad06b2b110d160069e791ffba9ef7ed0afe7c325c525b4f17e65b8514a
[INFO] [stderr] WARNING: Your kernel does not support swap limit capabilities or the cgroup is not mounted. Memory limited without swap.
[INFO] running `Command { std: "docker" "start" "-a" "0a8131ad06b2b110d160069e791ffba9ef7ed0afe7c325c525b4f17e65b8514a", kill_on_drop: false }`
[INFO] [stderr]     Checking uil_shared v0.0.3 (/opt/rustwide/workdir)
[INFO] [stdout] error[E0432]: unresolved import `std::num::ToPrimitive`
[INFO] [stdout]  --> src/asset.rs:1:5
[INFO] [stdout]   |
[INFO] [stdout] 1 | use std::num::ToPrimitive;
[INFO] [stdout]   |     ^^^^^^^^^^^^^^^^^^^^^ no `ToPrimitive` in `num`
[INFO] [stdout] 
[INFO] [stdout] 
[INFO] [stdout] error[E0554]: `#![feature]` may not be used on the beta release channel
[INFO] [stdout]  --> src/lib.rs:1:1
[INFO] [stdout]   |
[INFO] [stdout] 1 | #![feature(core)]
[INFO] [stdout]   | ^^^^^^^^^^^^^^^^^
[INFO] [stdout] 
[INFO] [stdout] 
[INFO] [stdout] warning: use of deprecated item 'try': use the `?` operator instead
[INFO] [stdout]   --> src/asset.rs:27:9
[INFO] [stdout]    |
[INFO] [stdout] 27 |         try!(write!(f, "ImageData {{ "));
[INFO] [stdout]    |         ^^^
[INFO] [stdout]    |
[INFO] [stdout]    = note: `#[warn(deprecated)]` on by default
[INFO] [stdout] 
[INFO] [stdout] 
[INFO] [stdout] warning: use of deprecated item 'try': use the `?` operator instead
[INFO] [stdout]   --> src/asset.rs:29:9
[INFO] [stdout]    |
[INFO] [stdout] 29 |         try!(write!(f, "offset_x {:?}, ", self.offset_x));
[INFO] [stdout]    |         ^^^
[INFO] [stdout] 
[INFO] [stdout] 
[INFO] [stdout] warning: use of deprecated item 'try': use the `?` operator instead
[INFO] [stdout]   --> src/asset.rs:30:9
[INFO] [stdout]    |
[INFO] [stdout] 30 |         try!(write!(f, "offset_y {:?}, ", self.offset_y));
[INFO] [stdout]    |         ^^^
[INFO] [stdout] 
[INFO] [stdout] 
[INFO] [stdout] warning: use of deprecated item 'try': use the `?` operator instead
[INFO] [stdout]   --> src/asset.rs:31:9
[INFO] [stdout]    |
[INFO] [stdout] 31 |         try!(write!(f, "width {:?}, ", self.width));
[INFO] [stdout]    |         ^^^
[INFO] [stdout] 
[INFO] [stdout] 
[INFO] [stdout] warning: use of deprecated item 'try': use the `?` operator instead
[INFO] [stdout]   --> src/asset.rs:32:9
[INFO] [stdout]    |
[INFO] [stdout] 32 |         try!(write!(f, "height {:?} ", self.height));
[INFO] [stdout]    |         ^^^
[INFO] [stdout] 
[INFO] [stdout] 
[INFO] [stdout] error[E0432]: unresolved import `std::num::ToPrimitive`
[INFO] [stdout]  --> src/asset.rs:1:5
[INFO] [stdout]   |
[INFO] [stdout] 1 | use std::num::ToPrimitive;
[INFO] [stdout]   |     ^^^^^^^^^^^^^^^^^^^^^ no `ToPrimitive` in `num`
[INFO] [stdout] 
[INFO] [stdout] 
[INFO] [stdout] error[E0554]: `#![feature]` may not be used on the beta release channel
[INFO] [stdout]  --> src/lib.rs:1:1
[INFO] [stdout]   |
[INFO] [stdout] 1 | #![feature(core)]
[INFO] [stdout]   | ^^^^^^^^^^^^^^^^^
[INFO] [stdout] 
[INFO] [stdout] 
[INFO] [stdout] warning: use of deprecated item 'try': use the `?` operator instead
[INFO] [stdout]   --> src/asset.rs:27:9
[INFO] [stdout]    |
[INFO] [stdout] 27 |         try!(write!(f, "ImageData {{ "));
[INFO] [stdout]    |         ^^^
[INFO] [stdout]    |
[INFO] [stdout]    = note: `#[warn(deprecated)]` on by default
[INFO] [stdout] 
[INFO] [stdout] 
[INFO] [stdout] warning: use of deprecated item 'try': use the `?` operator instead
[INFO] [stdout]   --> src/asset.rs:29:9
[INFO] [stdout]    |
[INFO] [stdout] 29 |         try!(write!(f, "offset_x {:?}, ", self.offset_x));
[INFO] [stdout]    |         ^^^
[INFO] [stdout] 
[INFO] [stdout] 
[INFO] [stdout] warning: use of deprecated item 'try': use the `?` operator instead
[INFO] [stdout]   --> src/asset.rs:30:9
[INFO] [stdout]    |
[INFO] [stdout] 30 |         try!(write!(f, "offset_y {:?}, ", self.offset_y));
[INFO] [stdout]    |         ^^^
[INFO] [stdout] 
[INFO] [stdout] 
[INFO] [stdout] warning: use of deprecated item 'try': use the `?` operator instead
[INFO] [stdout]   --> src/asset.rs:31:9
[INFO] [stdout]    |
[INFO] [stdout] 31 |         try!(write!(f, "width {:?}, ", self.width));
[INFO] [stdout]    |         ^^^
[INFO] [stdout] 
[INFO] [stdout] 
[INFO] [stdout] warning: use of deprecated item 'try': use the `?` operator instead
[INFO] [stdout]   --> src/asset.rs:32:9
[INFO] [stdout]    |
[INFO] [stdout] 32 |         try!(write!(f, "height {:?} ", self.height));
[INFO] [stdout]    |         ^^^
[INFO] [stdout] 
[INFO] [stdout] 
[INFO] [stdout] error[E0599]: no method named `to_f32` found for type `u32` in the current scope
[INFO] [stdout]   --> src/asset.rs:50:40
[INFO] [stdout]    |
[INFO] [stdout] 50 |             let w = width.unwrap_or(iw.to_f32().unwrap());
[INFO] [stdout]    |                                        ^^^^^^ method not found in `u32`
[INFO] [stdout] 
[INFO] [stdout] 
[INFO] [stdout] error[E0599]: no method named `to_f32` found for type `u32` in the current scope
[INFO] [stdout]   --> src/asset.rs:51:41
[INFO] [stdout]    |
[INFO] [stdout] 51 |             let h = height.unwrap_or(ih.to_f32().unwrap());
[INFO] [stdout]    |                                         ^^^^^^ method not found in `u32`
[INFO] [stdout] 
[INFO] [stdout] 
[INFO] [stdout] error: aborting due to 4 previous errors; 5 warnings emitted
[INFO] [stdout] 
[INFO] [stdout] 
[INFO] [stdout] Some errors have detailed explanations: E0432, E0554, E0599.
[INFO] [stdout] 
[INFO] [stdout] For more information about an error, try `rustc --explain E0432`.
[INFO] [stdout] 
[INFO] [stderr] error: could not compile `uil_shared`.
[INFO] [stderr] 
[INFO] [stderr] To learn more, run the command again with --verbose.
[INFO] [stderr] warning: build failed, waiting for other jobs to finish...
[INFO] [stdout] error[E0599]: no method named `to_f32` found for type `u32` in the current scope
[INFO] [stdout]   --> src/asset.rs:50:40
[INFO] [stdout]    |
[INFO] [stdout] 50 |             let w = width.unwrap_or(iw.to_f32().unwrap());
[INFO] [stdout]    |                                        ^^^^^^ method not found in `u32`
[INFO] [stdout] 
[INFO] [stdout] 
[INFO] [stdout] error[E0599]: no method named `to_f32` found for type `u32` in the current scope
[INFO] [stdout]   --> src/asset.rs:51:41
[INFO] [stdout]    |
[INFO] [stdout] 51 |             let h = height.unwrap_or(ih.to_f32().unwrap());
[INFO] [stdout]    |                                         ^^^^^^ method not found in `u32`
[INFO] [stdout] 
[INFO] [stdout] 
[INFO] [stdout] error: aborting due to 4 previous errors; 5 warnings emitted
[INFO] [stdout] 
[INFO] [stdout] 
[INFO] [stdout] Some errors have detailed explanations: E0432, E0554, E0599.
[INFO] [stdout] 
[INFO] [stdout] For more information about an error, try `rustc --explain E0432`.
[INFO] [stdout] 
[INFO] [stderr] error: build failed
[INFO] running `Command { std: "docker" "inspect" "0a8131ad06b2b110d160069e791ffba9ef7ed0afe7c325c525b4f17e65b8514a", kill_on_drop: false }`
[INFO] running `Command { std: "docker" "rm" "-f" "0a8131ad06b2b110d160069e791ffba9ef7ed0afe7c325c525b4f17e65b8514a", kill_on_drop: false }`
[INFO] [stdout] 0a8131ad06b2b110d160069e791ffba9ef7ed0afe7c325c525b4f17e65b8514a
