[INFO] fetching crate uil_parsers 0.0.3...
[INFO] checking uil_parsers-0.0.3 against beta-2020-07-24 for pr-75494-beta
[INFO] extracting crate uil_parsers 0.0.3 into /workspace/builds/worker-8/source
[INFO] validating manifest of crates.io crate uil_parsers 0.0.3 on toolchain beta-2020-07-24
[INFO] running `Command { std: "/workspace/cargo-home/bin/cargo" "+beta-2020-07-24" "read-manifest" "--manifest-path" "Cargo.toml", kill_on_drop: false }`
[INFO] started tweaking crates.io crate uil_parsers 0.0.3
[INFO] removed path dependency uil_shared from crates.io crate uil_parsers 0.0.3
[INFO] finished tweaking crates.io crate uil_parsers 0.0.3
[INFO] tweaked toml for crates.io crate uil_parsers 0.0.3 written to /workspace/builds/worker-8/source/Cargo.toml
[INFO] running `Command { std: "/workspace/cargo-home/bin/cargo" "+beta-2020-07-24" "generate-lockfile" "--manifest-path" "Cargo.toml" "-Zno-index-update", kill_on_drop: false }`
[INFO] running `Command { std: "/workspace/cargo-home/bin/cargo" "+beta-2020-07-24" "fetch" "--locked" "--manifest-path" "Cargo.toml", kill_on_drop: false }`
[INFO] [stderr]     Blocking waiting for file lock on package cache
[INFO] running `Command { std: "docker" "create" "-v" "/var/lib/crater-agent-workspace/builds/worker-8/target:/opt/rustwide/target:rw,Z" "-v" "/var/lib/crater-agent-workspace/builds/worker-8/source:/opt/rustwide/workdir:ro,Z" "-v" "/var/lib/crater-agent-workspace/cargo-home:/opt/rustwide/cargo-home:ro,Z" "-v" "/var/lib/crater-agent-workspace/rustup-home:/opt/rustwide/rustup-home:ro,Z" "-e" "SOURCE_DIR=/opt/rustwide/workdir" "-e" "CARGO_TARGET_DIR=/opt/rustwide/target" "-e" "CARGO_HOME=/opt/rustwide/cargo-home" "-e" "RUSTUP_HOME=/opt/rustwide/rustup-home" "-w" "/opt/rustwide/workdir" "-m" "1610612736" "--user" "0:0" "--network" "none" "rustops/crates-build-env@sha256:a636fd89d022f18117e1dc8fb37a0a009933cdbbe082814857f0e2024962d47c" "/opt/rustwide/cargo-home/bin/cargo" "+beta-2020-07-24" "metadata" "--no-deps" "--format-version=1", kill_on_drop: false }`
[INFO] [stdout] 45a9576437ad7177ea19961047e5e3f3be518d04f388fb56e05963ace38e3900
[INFO] [stderr] WARNING: Your kernel does not support swap limit capabilities or the cgroup is not mounted. Memory limited without swap.
[INFO] running `Command { std: "docker" "start" "-a" "45a9576437ad7177ea19961047e5e3f3be518d04f388fb56e05963ace38e3900", kill_on_drop: false }`
[INFO] running `Command { std: "docker" "inspect" "45a9576437ad7177ea19961047e5e3f3be518d04f388fb56e05963ace38e3900", kill_on_drop: false }`
[INFO] running `Command { std: "docker" "rm" "-f" "45a9576437ad7177ea19961047e5e3f3be518d04f388fb56e05963ace38e3900", kill_on_drop: false }`
[INFO] [stdout] 45a9576437ad7177ea19961047e5e3f3be518d04f388fb56e05963ace38e3900
[INFO] running `Command { std: "docker" "create" "-v" "/var/lib/crater-agent-workspace/builds/worker-8/target:/opt/rustwide/target:rw,Z" "-v" "/var/lib/crater-agent-workspace/builds/worker-8/source:/opt/rustwide/workdir:ro,Z" "-v" "/var/lib/crater-agent-workspace/cargo-home:/opt/rustwide/cargo-home:ro,Z" "-v" "/var/lib/crater-agent-workspace/rustup-home:/opt/rustwide/rustup-home:ro,Z" "-e" "SOURCE_DIR=/opt/rustwide/workdir" "-e" "CARGO_TARGET_DIR=/opt/rustwide/target" "-e" "CARGO_INCREMENTAL=0" "-e" "RUST_BACKTRACE=full" "-e" "RUSTFLAGS=--cap-lints=forbid" "-e" "CARGO_HOME=/opt/rustwide/cargo-home" "-e" "RUSTUP_HOME=/opt/rustwide/rustup-home" "-w" "/opt/rustwide/workdir" "-m" "1610612736" "--user" "0:0" "--network" "none" "rustops/crates-build-env@sha256:a636fd89d022f18117e1dc8fb37a0a009933cdbbe082814857f0e2024962d47c" "/opt/rustwide/cargo-home/bin/cargo" "+beta-2020-07-24" "check" "--frozen" "--all" "--all-targets" "--message-format=json", kill_on_drop: false }`
[INFO] [stdout] 579a782fa73c4acce3410b656bbe2a6617122efb06040830322aaab518c3956e
[INFO] [stderr] WARNING: Your kernel does not support swap limit capabilities or the cgroup is not mounted. Memory limited without swap.
[INFO] running `Command { std: "docker" "start" "-a" "579a782fa73c4acce3410b656bbe2a6617122efb06040830322aaab518c3956e", kill_on_drop: false }`
[INFO] [stderr]    Compiling autocfg v1.0.1
[INFO] [stderr]    Compiling cfg-if v0.1.10
[INFO] [stderr]    Compiling proc-macro2 v1.0.19
[INFO] [stderr]    Compiling unicode-xid v0.2.1
[INFO] [stderr]    Compiling syn v1.0.39
[INFO] [stderr]     Checking xml-rs v0.8.3
[INFO] [stderr]     Checking uil_shared v0.0.3
[INFO] [stderr]    Compiling libc v0.2.76
[INFO] [stderr]     Checking phf v0.8.0
[INFO] [stdout] error[E0432]: unresolved import `std::num::ToPrimitive`
[INFO] [stdout]  --> /opt/rustwide/cargo-home/registry/src/github.com-1ecc6299db9ec823/uil_shared-0.0.3/src/asset.rs:1:5
[INFO] [stdout]   |
[INFO] [stdout] 1 | use std::num::ToPrimitive;
[INFO] [stdout]   |     ^^^^^^^^^^^^^^^^^^^^^ no `ToPrimitive` in `num`
[INFO] [stdout] 
[INFO] [stdout] 
[INFO] [stdout] error[E0554]: `#![feature]` may not be used on the beta release channel
[INFO] [stdout]  --> /opt/rustwide/cargo-home/registry/src/github.com-1ecc6299db9ec823/uil_shared-0.0.3/src/lib.rs:1:1
[INFO] [stdout]   |
[INFO] [stdout] 1 | #![feature(core)]
[INFO] [stdout]   | ^^^^^^^^^^^^^^^^^
[INFO] [stdout] 
[INFO] [stdout] 
[INFO] [stdout] error[E0599]: no method named `to_f32` found for type `u32` in the current scope
[INFO] [stdout]   --> /opt/rustwide/cargo-home/registry/src/github.com-1ecc6299db9ec823/uil_shared-0.0.3/src/asset.rs:50:40
[INFO] [stdout]    |
[INFO] [stdout] 50 |             let w = width.unwrap_or(iw.to_f32().unwrap());
[INFO] [stdout]    |                                        ^^^^^^ method not found in `u32`
[INFO] [stdout] 
[INFO] [stdout] 
[INFO] [stdout] error[E0599]: no method named `to_f32` found for type `u32` in the current scope
[INFO] [stdout]   --> /opt/rustwide/cargo-home/registry/src/github.com-1ecc6299db9ec823/uil_shared-0.0.3/src/asset.rs:51:41
[INFO] [stdout]    |
[INFO] [stdout] 51 |             let h = height.unwrap_or(ih.to_f32().unwrap());
[INFO] [stdout]    |                                         ^^^^^^ method not found in `u32`
[INFO] [stdout] 
[INFO] [stdout] 
[INFO] [stdout] error: aborting due to 4 previous errors
[INFO] [stdout] 
[INFO] [stdout] 
[INFO] [stdout] Some errors have detailed explanations: E0432, E0554, E0599.
[INFO] [stdout] 
[INFO] [stdout] For more information about an error, try `rustc --explain E0432`.
[INFO] [stdout] 
[INFO] [stderr] error: could not compile `uil_shared`.
[INFO] [stderr] 
[INFO] [stderr] To learn more, run the command again with --verbose.
[INFO] [stderr] warning: build failed, waiting for other jobs to finish...
[INFO] [stderr] error: build failed
[INFO] running `Command { std: "docker" "inspect" "579a782fa73c4acce3410b656bbe2a6617122efb06040830322aaab518c3956e", kill_on_drop: false }`
[INFO] running `Command { std: "docker" "rm" "-f" "579a782fa73c4acce3410b656bbe2a6617122efb06040830322aaab518c3956e", kill_on_drop: false }`
[INFO] [stdout] 579a782fa73c4acce3410b656bbe2a6617122efb06040830322aaab518c3956e
