[INFO] fetching crate treescript-interpreter 0.1.1...
[INFO] checking treescript-interpreter-0.1.1 against beta-2020-07-24 for pr-75494-beta
[INFO] extracting crate treescript-interpreter 0.1.1 into /workspace/builds/worker-5/source
[INFO] validating manifest of crates.io crate treescript-interpreter 0.1.1 on toolchain beta-2020-07-24
[INFO] running `Command { std: "/workspace/cargo-home/bin/cargo" "+beta-2020-07-24" "read-manifest" "--manifest-path" "Cargo.toml", kill_on_drop: false }`
[INFO] started tweaking crates.io crate treescript-interpreter 0.1.1
[INFO] finished tweaking crates.io crate treescript-interpreter 0.1.1
[INFO] tweaked toml for crates.io crate treescript-interpreter 0.1.1 written to /workspace/builds/worker-5/source/Cargo.toml
[INFO] running `Command { std: "/workspace/cargo-home/bin/cargo" "+beta-2020-07-24" "generate-lockfile" "--manifest-path" "Cargo.toml" "-Zno-index-update", kill_on_drop: false }`
[INFO] running `Command { std: "/workspace/cargo-home/bin/cargo" "+beta-2020-07-24" "fetch" "--locked" "--manifest-path" "Cargo.toml", kill_on_drop: false }`
[INFO] running `Command { std: "docker" "create" "-v" "/var/lib/crater-agent-workspace/builds/worker-5/target:/opt/rustwide/target:rw,Z" "-v" "/var/lib/crater-agent-workspace/builds/worker-5/source:/opt/rustwide/workdir:ro,Z" "-v" "/var/lib/crater-agent-workspace/cargo-home:/opt/rustwide/cargo-home:ro,Z" "-v" "/var/lib/crater-agent-workspace/rustup-home:/opt/rustwide/rustup-home:ro,Z" "-e" "SOURCE_DIR=/opt/rustwide/workdir" "-e" "CARGO_TARGET_DIR=/opt/rustwide/target" "-e" "CARGO_HOME=/opt/rustwide/cargo-home" "-e" "RUSTUP_HOME=/opt/rustwide/rustup-home" "-w" "/opt/rustwide/workdir" "-m" "1610612736" "--user" "0:0" "--network" "none" "rustops/crates-build-env@sha256:a636fd89d022f18117e1dc8fb37a0a009933cdbbe082814857f0e2024962d47c" "/opt/rustwide/cargo-home/bin/cargo" "+beta-2020-07-24" "metadata" "--no-deps" "--format-version=1", kill_on_drop: false }`
[INFO] [stdout] 18473c12a64fe904a2ca33ae441f8761aa111845815abbca7250ea2f04919474
[INFO] [stderr] WARNING: Your kernel does not support swap limit capabilities or the cgroup is not mounted. Memory limited without swap.
[INFO] running `Command { std: "docker" "start" "-a" "18473c12a64fe904a2ca33ae441f8761aa111845815abbca7250ea2f04919474", kill_on_drop: false }`
[INFO] running `Command { std: "docker" "inspect" "18473c12a64fe904a2ca33ae441f8761aa111845815abbca7250ea2f04919474", kill_on_drop: false }`
[INFO] running `Command { std: "docker" "rm" "-f" "18473c12a64fe904a2ca33ae441f8761aa111845815abbca7250ea2f04919474", kill_on_drop: false }`
[INFO] [stdout] 18473c12a64fe904a2ca33ae441f8761aa111845815abbca7250ea2f04919474
[INFO] running `Command { std: "docker" "create" "-v" "/var/lib/crater-agent-workspace/builds/worker-5/target:/opt/rustwide/target:rw,Z" "-v" "/var/lib/crater-agent-workspace/builds/worker-5/source:/opt/rustwide/workdir:ro,Z" "-v" "/var/lib/crater-agent-workspace/cargo-home:/opt/rustwide/cargo-home:ro,Z" "-v" "/var/lib/crater-agent-workspace/rustup-home:/opt/rustwide/rustup-home:ro,Z" "-e" "SOURCE_DIR=/opt/rustwide/workdir" "-e" "CARGO_TARGET_DIR=/opt/rustwide/target" "-e" "CARGO_INCREMENTAL=0" "-e" "RUST_BACKTRACE=full" "-e" "RUSTFLAGS=--cap-lints=forbid" "-e" "CARGO_HOME=/opt/rustwide/cargo-home" "-e" "RUSTUP_HOME=/opt/rustwide/rustup-home" "-w" "/opt/rustwide/workdir" "-m" "1610612736" "--user" "0:0" "--network" "none" "rustops/crates-build-env@sha256:a636fd89d022f18117e1dc8fb37a0a009933cdbbe082814857f0e2024962d47c" "/opt/rustwide/cargo-home/bin/cargo" "+beta-2020-07-24" "check" "--frozen" "--all" "--all-targets" "--message-format=json", kill_on_drop: false }`
[INFO] [stdout] c9f3c14b799cd52c2f12af76ae589711c09a73b0362d7022d6ce84084bbc9dad
[INFO] [stderr] WARNING: Your kernel does not support swap limit capabilities or the cgroup is not mounted. Memory limited without swap.
[INFO] running `Command { std: "docker" "start" "-a" "c9f3c14b799cd52c2f12af76ae589711c09a73b0362d7022d6ce84084bbc9dad", kill_on_drop: false }`
[INFO] [stderr]    Compiling proc-macro2 v1.0.19
[INFO] [stderr]    Compiling unicode-xid v0.2.1
[INFO] [stderr]    Compiling autocfg v1.0.1
[INFO] [stderr]     Checking cfg-if v0.1.10
[INFO] [stderr]    Compiling memchr v2.3.3
[INFO] [stderr]    Compiling byteorder v1.3.4
[INFO] [stderr]     Checking ppv-lite86 v0.2.9
[INFO] [stderr]     Checking linked-hash-map v0.5.3
[INFO] [stderr]     Checking regex-syntax v0.6.18
[INFO] [stderr]     Checking array-macro v1.0.3
[INFO] [stderr]     Checking xdg v2.2.0
[INFO] [stderr]     Checking remove_dir_all v0.5.3
[INFO] [stderr]     Checking thread_local v1.0.1
[INFO] [stderr]     Checking unicode_reader v0.1.1
[INFO] [stderr]     Checking clap v2.33.3
[INFO] [stderr]     Checking getrandom v0.1.14
[INFO] [stderr]     Checking enum-map-internals v0.1.3
[INFO] [stderr]     Checking yaml-rust v0.4.4
[INFO] [stderr]     Checking app_dirs v1.2.1
[INFO] [stderr]     Checking rand_core v0.5.1
[INFO] [stderr]    Compiling num-traits v0.2.12
[INFO] [stderr]     Checking rand_chacha v0.2.2
[INFO] [stderr]     Checking aho-corasick v0.7.13
[INFO] [stderr]     Checking rand v0.7.3
[INFO] [stderr]    Compiling quote v1.0.7
[INFO] [stderr]    Compiling syn v1.0.39
[INFO] [stderr]     Checking tempfile v3.1.0
[INFO] [stderr]     Checking regex v1.3.9
[INFO] [stderr]     Checking rmp v0.8.9
[INFO] [stderr]     Checking Inflector v0.11.4
[INFO] [stderr]    Compiling serde_derive v1.0.115
[INFO] [stderr]    Compiling enum-map-derive v0.4.3
[INFO] [stderr]    Compiling serde_repr v0.1.6
[INFO] [stderr]     Checking enum-map v0.5.0
[INFO] [stderr]     Checking serde v1.0.115
[INFO] [stderr]     Checking serde_yaml v0.8.13
[INFO] [stderr]     Checking rmp-serde v0.13.7
[INFO] [stderr]     Checking treescript-interpreter v0.1.1 (/opt/rustwide/workdir)
[INFO] [stdout] error[E0554]: `#![feature]` may not be used on the beta release channel
[INFO] [stdout]  --> src/lib.rs:1:1
[INFO] [stdout]   |
[INFO] [stdout] 1 | #![feature(refcell_map_split, generators, generator_trait)]
[INFO] [stdout]   | ^^^^^^^^^^^^^^^^^^^^^^^^^^^^^^^^^^^^^^^^^^^^^^^^^^^^^^^^^^^
[INFO] [stdout] 
[INFO] [stdout] 
[INFO] [stdout] warning: trait objects without an explicit `dyn` are deprecated
[INFO] [stdout]    --> src/session.rs:214:64
[INFO] [stdout]     |
[INFO] [stdout] 214 |   pub fn read_ast<P: AsRef<Path>>(&self, input_path: P) -> Box<Read> {
[INFO] [stdout]     |                                                                ^^^^ help: use `dyn`: `dyn Read`
[INFO] [stdout]     |
[INFO] [stdout]     = note: `#[warn(bare_trait_objects)]` on by default
[INFO] [stdout] 
[INFO] [stdout] 
[INFO] [stdout] warning: trait objects without an explicit `dyn` are deprecated
[INFO] [stdout]    --> src/session.rs:233:57
[INFO] [stdout]     |
[INFO] [stdout] 233 |   pub fn write_ast(&self, output_path: PathBuf) -> (Box<Write>, AtomicFileCommit) {
[INFO] [stdout]     |                                                         ^^^^^ help: use `dyn`: `dyn Write`
[INFO] [stdout] 
[INFO] [stdout] 
[INFO] [stdout] error[E0554]: `#![feature]` may not be used on the beta release channel
[INFO] [stdout]  --> src/lib.rs:1:1
[INFO] [stdout]   |
[INFO] [stdout] 1 | #![feature(refcell_map_split, generators, generator_trait)]
[INFO] [stdout]   | ^^^^^^^^^^^^^^^^^^^^^^^^^^^^^^^^^^^^^^^^^^^^^^^^^^^^^^^^^^^
[INFO] [stdout] 
[INFO] [stdout] 
[INFO] [stdout] warning: trait objects without an explicit `dyn` are deprecated
[INFO] [stdout]    --> src/session.rs:214:64
[INFO] [stdout]     |
[INFO] [stdout] 214 |   pub fn read_ast<P: AsRef<Path>>(&self, input_path: P) -> Box<Read> {
[INFO] [stdout]     |                                                                ^^^^ help: use `dyn`: `dyn Read`
[INFO] [stdout]     |
[INFO] [stdout]     = note: `#[warn(bare_trait_objects)]` on by default
[INFO] [stdout] 
[INFO] [stdout] 
[INFO] [stdout] warning: trait objects without an explicit `dyn` are deprecated
[INFO] [stdout]    --> src/session.rs:233:57
[INFO] [stdout]     |
[INFO] [stdout] 233 |   pub fn write_ast(&self, output_path: PathBuf) -> (Box<Write>, AtomicFileCommit) {
[INFO] [stdout]     |                                                         ^^^^^ help: use `dyn`: `dyn Write`
[INFO] [stdout] 
[INFO] [stdout] 
[INFO] [stdout] error[E0599]: no method named `resume` found for type parameter `G` in the current scope
[INFO] [stdout]   --> src/util.rs:52:27
[INFO] [stdout]    |
[INFO] [stdout] 52 |     match unsafe { self.0.resume() } {
[INFO] [stdout]    |                           ^^^^^^ method not found in `G`
[INFO] [stdout]    |
[INFO] [stdout]    = help: items from traits can only be used if the type parameter is bounded by the trait
[INFO] [stdout] help: the following trait defines an item `resume`, perhaps you need to restrict type parameter `G` with it:
[INFO] [stdout]    |
[INFO] [stdout] 45 | impl<G: std::ops::Generator> Iterator for GeneratorIterator<G>
[INFO] [stdout]    |      ^^^^^^^^^^^^^^^^^^^^^^
[INFO] [stdout] 
[INFO] [stdout] 
[INFO] [stdout] error: aborting due to 2 previous errors; 2 warnings emitted
[INFO] [stdout] 
[INFO] [stdout] 
[INFO] [stdout] Some errors have detailed explanations: E0554, E0599.
[INFO] [stdout] 
[INFO] [stdout] For more information about an error, try `rustc --explain E0554`.
[INFO] [stdout] 
[INFO] [stderr] error: could not compile `treescript-interpreter`.
[INFO] [stderr] 
[INFO] [stderr] To learn more, run the command again with --verbose.
[INFO] [stderr] warning: build failed, waiting for other jobs to finish...
[INFO] [stdout] error[E0599]: no method named `resume` found for type parameter `G` in the current scope
[INFO] [stdout]   --> src/util.rs:52:27
[INFO] [stdout]    |
[INFO] [stdout] 52 |     match unsafe { self.0.resume() } {
[INFO] [stdout]    |                           ^^^^^^ method not found in `G`
[INFO] [stdout]    |
[INFO] [stdout]    = help: items from traits can only be used if the type parameter is bounded by the trait
[INFO] [stdout] help: the following trait defines an item `resume`, perhaps you need to restrict type parameter `G` with it:
[INFO] [stdout]    |
[INFO] [stdout] 45 | impl<G: std::ops::Generator> Iterator for GeneratorIterator<G>
[INFO] [stdout]    |      ^^^^^^^^^^^^^^^^^^^^^^
[INFO] [stdout] 
[INFO] [stdout] 
[INFO] [stdout] error: aborting due to 2 previous errors; 2 warnings emitted
[INFO] [stdout] 
[INFO] [stdout] 
[INFO] [stdout] Some errors have detailed explanations: E0554, E0599.
[INFO] [stdout] 
[INFO] [stdout] For more information about an error, try `rustc --explain E0554`.
[INFO] [stdout] 
[INFO] [stderr] error: build failed
[INFO] running `Command { std: "docker" "inspect" "c9f3c14b799cd52c2f12af76ae589711c09a73b0362d7022d6ce84084bbc9dad", kill_on_drop: false }`
[INFO] running `Command { std: "docker" "rm" "-f" "c9f3c14b799cd52c2f12af76ae589711c09a73b0362d7022d6ce84084bbc9dad", kill_on_drop: false }`
[INFO] [stdout] c9f3c14b799cd52c2f12af76ae589711c09a73b0362d7022d6ce84084bbc9dad
