[INFO] fetching crate trans-gen-javascript 0.3.0-alpha.1...
[INFO] checking trans-gen-javascript-0.3.0-alpha.1 against beta-2020-07-24 for pr-75494-beta
[INFO] extracting crate trans-gen-javascript 0.3.0-alpha.1 into /workspace/builds/worker-13/source
[INFO] validating manifest of crates.io crate trans-gen-javascript 0.3.0-alpha.1 on toolchain beta-2020-07-24
[INFO] running `Command { std: "/workspace/cargo-home/bin/cargo" "+beta-2020-07-24" "read-manifest" "--manifest-path" "Cargo.toml", kill_on_drop: false }`
[INFO] started tweaking crates.io crate trans-gen-javascript 0.3.0-alpha.1
[INFO] finished tweaking crates.io crate trans-gen-javascript 0.3.0-alpha.1
[INFO] tweaked toml for crates.io crate trans-gen-javascript 0.3.0-alpha.1 written to /workspace/builds/worker-13/source/Cargo.toml
[INFO] running `Command { std: "/workspace/cargo-home/bin/cargo" "+beta-2020-07-24" "generate-lockfile" "--manifest-path" "Cargo.toml" "-Zno-index-update", kill_on_drop: false }`
[INFO] running `Command { std: "/workspace/cargo-home/bin/cargo" "+beta-2020-07-24" "fetch" "--locked" "--manifest-path" "Cargo.toml", kill_on_drop: false }`
[INFO] running `Command { std: "docker" "create" "-v" "/var/lib/crater-agent-workspace/builds/worker-13/target:/opt/rustwide/target:rw,Z" "-v" "/var/lib/crater-agent-workspace/builds/worker-13/source:/opt/rustwide/workdir:ro,Z" "-v" "/var/lib/crater-agent-workspace/cargo-home:/opt/rustwide/cargo-home:ro,Z" "-v" "/var/lib/crater-agent-workspace/rustup-home:/opt/rustwide/rustup-home:ro,Z" "-e" "SOURCE_DIR=/opt/rustwide/workdir" "-e" "CARGO_TARGET_DIR=/opt/rustwide/target" "-e" "CARGO_HOME=/opt/rustwide/cargo-home" "-e" "RUSTUP_HOME=/opt/rustwide/rustup-home" "-w" "/opt/rustwide/workdir" "-m" "1610612736" "--user" "0:0" "--network" "none" "rustops/crates-build-env@sha256:a636fd89d022f18117e1dc8fb37a0a009933cdbbe082814857f0e2024962d47c" "/opt/rustwide/cargo-home/bin/cargo" "+beta-2020-07-24" "metadata" "--no-deps" "--format-version=1", kill_on_drop: false }`
[INFO] [stderr] WARNING: Your kernel does not support swap limit capabilities or the cgroup is not mounted. Memory limited without swap.
[INFO] [stdout] 0fb25e7b48a7285ad731ed8316d531d4058ae1938b2f750f610434d25c1920ce
[INFO] running `Command { std: "docker" "start" "-a" "0fb25e7b48a7285ad731ed8316d531d4058ae1938b2f750f610434d25c1920ce", kill_on_drop: false }`
[INFO] running `Command { std: "docker" "inspect" "0fb25e7b48a7285ad731ed8316d531d4058ae1938b2f750f610434d25c1920ce", kill_on_drop: false }`
[INFO] running `Command { std: "docker" "rm" "-f" "0fb25e7b48a7285ad731ed8316d531d4058ae1938b2f750f610434d25c1920ce", kill_on_drop: false }`
[INFO] [stdout] 0fb25e7b48a7285ad731ed8316d531d4058ae1938b2f750f610434d25c1920ce
[INFO] running `Command { std: "docker" "create" "-v" "/var/lib/crater-agent-workspace/builds/worker-13/target:/opt/rustwide/target:rw,Z" "-v" "/var/lib/crater-agent-workspace/builds/worker-13/source:/opt/rustwide/workdir:ro,Z" "-v" "/var/lib/crater-agent-workspace/cargo-home:/opt/rustwide/cargo-home:ro,Z" "-v" "/var/lib/crater-agent-workspace/rustup-home:/opt/rustwide/rustup-home:ro,Z" "-e" "SOURCE_DIR=/opt/rustwide/workdir" "-e" "CARGO_TARGET_DIR=/opt/rustwide/target" "-e" "CARGO_INCREMENTAL=0" "-e" "RUST_BACKTRACE=full" "-e" "RUSTFLAGS=--cap-lints=forbid" "-e" "CARGO_HOME=/opt/rustwide/cargo-home" "-e" "RUSTUP_HOME=/opt/rustwide/rustup-home" "-w" "/opt/rustwide/workdir" "-m" "1610612736" "--user" "0:0" "--network" "none" "rustops/crates-build-env@sha256:a636fd89d022f18117e1dc8fb37a0a009933cdbbe082814857f0e2024962d47c" "/opt/rustwide/cargo-home/bin/cargo" "+beta-2020-07-24" "check" "--frozen" "--all" "--all-targets" "--message-format=json", kill_on_drop: false }`
[INFO] [stdout] b08c2a3cd9f4644b8ffccb16d272a481c665af482708e6f47ea141165a77e5d8
[INFO] [stderr] WARNING: Your kernel does not support swap limit capabilities or the cgroup is not mounted. Memory limited without swap.
[INFO] running `Command { std: "docker" "start" "-a" "b08c2a3cd9f4644b8ffccb16d272a481c665af482708e6f47ea141165a77e5d8", kill_on_drop: false }`
[INFO] [stderr]    Compiling proc-macro2 v1.0.19
[INFO] [stderr]    Compiling unicode-xid v0.2.1
[INFO] [stderr]    Compiling syn v1.0.39
[INFO] [stderr]    Compiling anyhow v1.0.32
[INFO] [stderr]    Compiling byteorder v1.3.4
[INFO] [stderr]    Compiling proc-macro-hack v0.5.18
[INFO] [stderr]     Checking unicode-segmentation v1.6.0
[INFO] [stderr]     Checking glob v0.3.0
[INFO] [stderr]     Checking once_cell v1.4.1
[INFO] [stderr]     Checking heck v0.3.1
[INFO] [stderr]    Compiling quote v1.0.7
[INFO] [stderr]    Compiling trans-derive v0.3.0-alpha.2
[INFO] [stderr]    Compiling include_dir_impl v0.6.0
[INFO] [stderr]     Checking include_dir v0.6.0
[INFO] [stderr]     Checking trans v0.3.0-alpha.2
[INFO] [stderr]     Checking trans-gen-core v0.3.0-alpha.2
[INFO] [stderr]     Checking trans-gen-javascript v0.3.0-alpha.1 (/opt/rustwide/workdir)
[INFO] [stdout] error[E0432]: unresolved import `trans_gen_core::trans_schema`
[INFO] [stdout]  --> src/lib.rs:3:21
[INFO] [stdout]   |
[INFO] [stdout] 3 | use trans_gen_core::trans_schema::*;
[INFO] [stdout]   |                     ^^^^^^^^^^^^ could not find `trans_schema` in `trans_gen_core`
[INFO] [stdout] 
[INFO] [stdout] 
[INFO] [stdout] error[E0433]: failed to resolve: use of undeclared type or module `Schema`
[INFO] [stdout]   --> src/lib.rs:37:21
[INFO] [stdout]    |
[INFO] [stdout] 37 |                     Schema::Struct(Struct { name, .. })
[INFO] [stdout]    |                     ^^^^^^ use of undeclared type or module `Schema`
[INFO] [stdout] 
[INFO] [stdout] 
[INFO] [stdout] error[E0433]: failed to resolve: use of undeclared type or module `Schema`
[INFO] [stdout]   --> src/lib.rs:38:23
[INFO] [stdout]    |
[INFO] [stdout] 38 |                     | Schema::OneOf {
[INFO] [stdout]    |                       ^^^^^^ use of undeclared type or module `Schema`
[INFO] [stdout] 
[INFO] [stdout] 
[INFO] [stdout] error[E0433]: failed to resolve: use of undeclared type or module `Schema`
[INFO] [stdout]   --> src/lib.rs:50:21
[INFO] [stdout]    |
[INFO] [stdout] 50 |                     Schema::Option(inner) => {
[INFO] [stdout]    |                     ^^^^^^ use of undeclared type or module `Schema`
[INFO] [stdout] 
[INFO] [stdout] 
[INFO] [stdout] error[E0433]: failed to resolve: use of undeclared type or module `Schema`
[INFO] [stdout]   --> src/lib.rs:53:21
[INFO] [stdout]    |
[INFO] [stdout] 53 |                     Schema::Vec(inner) => {
[INFO] [stdout]    |                     ^^^^^^ use of undeclared type or module `Schema`
[INFO] [stdout] 
[INFO] [stdout] 
[INFO] [stdout] error[E0433]: failed to resolve: use of undeclared type or module `Schema`
[INFO] [stdout]   --> src/lib.rs:56:21
[INFO] [stdout]    |
[INFO] [stdout] 56 |                     Schema::Map(key_type, value_type) => {
[INFO] [stdout]    |                     ^^^^^^ use of undeclared type or module `Schema`
[INFO] [stdout] 
[INFO] [stdout] 
[INFO] [stdout] error[E0433]: failed to resolve: use of undeclared type or module `Schema`
[INFO] [stdout]   --> src/lib.rs:60:21
[INFO] [stdout]    |
[INFO] [stdout] 60 |                     Schema::Enum { .. } => {}
[INFO] [stdout]    |                     ^^^^^^ use of undeclared type or module `Schema`
[INFO] [stdout] 
[INFO] [stdout] 
[INFO] [stdout] error[E0433]: failed to resolve: use of undeclared type or module `Schema`
[INFO] [stdout]   --> src/lib.rs:61:21
[INFO] [stdout]    |
[INFO] [stdout] 61 |                     Schema::Bool
[INFO] [stdout]    |                     ^^^^^^ use of undeclared type or module `Schema`
[INFO] [stdout] 
[INFO] [stdout] 
[INFO] [stdout] error[E0433]: failed to resolve: use of undeclared type or module `Schema`
[INFO] [stdout]   --> src/lib.rs:62:23
[INFO] [stdout]    |
[INFO] [stdout] 62 |                     | Schema::Int32
[INFO] [stdout]    |                       ^^^^^^ use of undeclared type or module `Schema`
[INFO] [stdout] 
[INFO] [stdout] 
[INFO] [stdout] error[E0433]: failed to resolve: use of undeclared type or module `Schema`
[INFO] [stdout]   --> src/lib.rs:63:23
[INFO] [stdout]    |
[INFO] [stdout] 63 |                     | Schema::Int64
[INFO] [stdout]    |                       ^^^^^^ use of undeclared type or module `Schema`
[INFO] [stdout] 
[INFO] [stdout] 
[INFO] [stdout] error[E0433]: failed to resolve: use of undeclared type or module `Schema`
[INFO] [stdout]   --> src/lib.rs:64:23
[INFO] [stdout]    |
[INFO] [stdout] 64 |                     | Schema::Float32
[INFO] [stdout]    |                       ^^^^^^ use of undeclared type or module `Schema`
[INFO] [stdout] 
[INFO] [stdout] 
[INFO] [stdout] error[E0433]: failed to resolve: use of undeclared type or module `Schema`
[INFO] [stdout]   --> src/lib.rs:65:23
[INFO] [stdout]    |
[INFO] [stdout] 65 |                     | Schema::Float64
[INFO] [stdout]    |                       ^^^^^^ use of undeclared type or module `Schema`
[INFO] [stdout] 
[INFO] [stdout] 
[INFO] [stdout] error[E0433]: failed to resolve: use of undeclared type or module `Schema`
[INFO] [stdout]   --> src/lib.rs:66:23
[INFO] [stdout]    |
[INFO] [stdout] 66 |                     | Schema::String => {}
[INFO] [stdout]    |                       ^^^^^^ use of undeclared type or module `Schema`
[INFO] [stdout] 
[INFO] [stdout] 
[INFO] [stdout] error[E0433]: failed to resolve: use of undeclared type or module `Schema`
[INFO] [stdout]   --> src/lib.rs:76:9
[INFO] [stdout]    |
[INFO] [stdout] 76 |         Schema::Struct(struc) => {
[INFO] [stdout]    |         ^^^^^^ use of undeclared type or module `Schema`
[INFO] [stdout] 
[INFO] [stdout] 
[INFO] [stdout] error[E0433]: failed to resolve: use of undeclared type or module `Schema`
[INFO] [stdout]   --> src/lib.rs:79:9
[INFO] [stdout]    |
[INFO] [stdout] 79 |         Schema::OneOf { variants, .. } => {
[INFO] [stdout]    |         ^^^^^^ use of undeclared type or module `Schema`
[INFO] [stdout] 
[INFO] [stdout] 
[INFO] [stdout] error[E0433]: failed to resolve: use of undeclared type or module `Schema`
[INFO] [stdout]    --> src/lib.rs:137:17
[INFO] [stdout]     |
[INFO] [stdout] 137 |                 Schema::Bool => {
[INFO] [stdout]     |                 ^^^^^^ use of undeclared type or module `Schema`
[INFO] [stdout] 
[INFO] [stdout] 
[INFO] [stdout] error[E0433]: failed to resolve: use of undeclared type or module `Schema`
[INFO] [stdout]    --> src/lib.rs:140:17
[INFO] [stdout]     |
[INFO] [stdout] 140 |                 Schema::Int32 => {
[INFO] [stdout]     |                 ^^^^^^ use of undeclared type or module `Schema`
[INFO] [stdout] 
[INFO] [stdout] 
[INFO] [stdout] error[E0433]: failed to resolve: use of undeclared type or module `Schema`
[INFO] [stdout]    --> src/lib.rs:143:17
[INFO] [stdout]     |
[INFO] [stdout] 143 |                 Schema::Int64 => {
[INFO] [stdout]     |                 ^^^^^^ use of undeclared type or module `Schema`
[INFO] [stdout] 
[INFO] [stdout] 
[INFO] [stdout] error[E0433]: failed to resolve: use of undeclared type or module `Schema`
[INFO] [stdout]    --> src/lib.rs:146:17
[INFO] [stdout]     |
[INFO] [stdout] 146 |                 Schema::Float32 => {
[INFO] [stdout]     |                 ^^^^^^ use of undeclared type or module `Schema`
[INFO] [stdout] 
[INFO] [stdout] 
[INFO] [stdout] error[E0433]: failed to resolve: use of undeclared type or module `Schema`
[INFO] [stdout]    --> src/lib.rs:149:17
[INFO] [stdout]     |
[INFO] [stdout] 149 |                 Schema::Float64 => {
[INFO] [stdout]     |                 ^^^^^^ use of undeclared type or module `Schema`
[INFO] [stdout] 
[INFO] [stdout] 
[INFO] [stdout] error[E0433]: failed to resolve: use of undeclared type or module `Schema`
[INFO] [stdout]    --> src/lib.rs:152:17
[INFO] [stdout]     |
[INFO] [stdout] 152 |                 Schema::String => {
[INFO] [stdout]     |                 ^^^^^^ use of undeclared type or module `Schema`
[INFO] [stdout] 
[INFO] [stdout] 
[INFO] [stdout] error[E0433]: failed to resolve: use of undeclared type or module `Schema`
[INFO] [stdout]    --> src/lib.rs:155:17
[INFO] [stdout]     |
[INFO] [stdout] 155 |                 Schema::Struct(Struct { name, .. })
[INFO] [stdout]     |                 ^^^^^^ use of undeclared type or module `Schema`
[INFO] [stdout] 
[INFO] [stdout] 
[INFO] [stdout] error[E0433]: failed to resolve: use of undeclared type or module `Schema`
[INFO] [stdout]    --> src/lib.rs:156:19
[INFO] [stdout]     |
[INFO] [stdout] 156 |                 | Schema::OneOf {
[INFO] [stdout]     |                   ^^^^^^ use of undeclared type or module `Schema`
[INFO] [stdout] 
[INFO] [stdout] 
[INFO] [stdout] error[E0433]: failed to resolve: use of undeclared type or module `Schema`
[INFO] [stdout]    --> src/lib.rs:166:17
[INFO] [stdout]     |
[INFO] [stdout] 166 |                 Schema::Option(inner) => {
[INFO] [stdout]     |                 ^^^^^^ use of undeclared type or module `Schema`
[INFO] [stdout] 
[INFO] [stdout] 
[INFO] [stdout] error[E0433]: failed to resolve: use of undeclared type or module `Schema`
[INFO] [stdout]    --> src/lib.rs:175:17
[INFO] [stdout]     |
[INFO] [stdout] 175 |                 Schema::Vec(inner) => {
[INFO] [stdout]     |                 ^^^^^^ use of undeclared type or module `Schema`
[INFO] [stdout] 
[INFO] [stdout] 
[INFO] [stdout] error[E0432]: unresolved import `trans_gen_core::trans_schema`
[INFO] [stdout]  --> src/lib.rs:3:21
[INFO] [stdout]   |
[INFO] [stdout] 3 | use trans_gen_core::trans_schema::*;
[INFO] [stdout]   |                     ^^^^^^^^^^^^ could not find `trans_schema` in `trans_gen_core`
[INFO] [stdout] 
[INFO] [stdout] 
[INFO] [stdout] error[E0433]: failed to resolve: use of undeclared type or module `Schema`
[INFO] [stdout]    --> src/lib.rs:190:17
[INFO] [stdout]     |
[INFO] [stdout] 190 |                 Schema::Map(key_type, value_type) => {
[INFO] [stdout]     |                 ^^^^^^ use of undeclared type or module `Schema`
[INFO] [stdout] 
[INFO] [stdout] 
[INFO] [stdout] error[E0433]: failed to resolve: use of undeclared type or module `Schema`
[INFO] [stdout]    --> src/lib.rs:207:17
[INFO] [stdout]     |
[INFO] [stdout] 207 |                 Schema::Enum { base_name, .. } => {
[INFO] [stdout]     |                 ^^^^^^ use of undeclared type or module `Schema`
[INFO] [stdout] 
[INFO] [stdout] 
[INFO] [stdout] error[E0433]: failed to resolve: use of undeclared type or module `Schema`
[INFO] [stdout]    --> src/lib.rs:251:17
[INFO] [stdout]     |
[INFO] [stdout] 251 |                 Schema::Bool => {
[INFO] [stdout]     |                 ^^^^^^ use of undeclared type or module `Schema`
[INFO] [stdout] 
[INFO] [stdout] 
[INFO] [stdout] error[E0433]: failed to resolve: use of undeclared type or module `Schema`
[INFO] [stdout]    --> src/lib.rs:254:17
[INFO] [stdout]     |
[INFO] [stdout] 254 |                 Schema::Int32 => {
[INFO] [stdout]     |                 ^^^^^^ use of undeclared type or module `Schema`
[INFO] [stdout] 
[INFO] [stdout] 
[INFO] [stdout] error[E0433]: failed to resolve: use of undeclared type or module `Schema`
[INFO] [stdout]    --> src/lib.rs:257:17
[INFO] [stdout]     |
[INFO] [stdout] 257 |                 Schema::Int64 => {
[INFO] [stdout]     |                 ^^^^^^ use of undeclared type or module `Schema`
[INFO] [stdout] 
[INFO] [stdout] 
[INFO] [stdout] error[E0433]: failed to resolve: use of undeclared type or module `Schema`
[INFO] [stdout]    --> src/lib.rs:260:17
[INFO] [stdout]     |
[INFO] [stdout] 260 |                 Schema::Float32 => {
[INFO] [stdout]     |                 ^^^^^^ use of undeclared type or module `Schema`
[INFO] [stdout] 
[INFO] [stdout] 
[INFO] [stdout] error[E0433]: failed to resolve: use of undeclared type or module `Schema`
[INFO] [stdout]    --> src/lib.rs:263:17
[INFO] [stdout]     |
[INFO] [stdout] 263 |                 Schema::Float64 => {
[INFO] [stdout]     |                 ^^^^^^ use of undeclared type or module `Schema`
[INFO] [stdout] 
[INFO] [stdout] 
[INFO] [stdout] error[E0433]: failed to resolve: use of undeclared type or module `Schema`
[INFO] [stdout]    --> src/lib.rs:266:17
[INFO] [stdout]     |
[INFO] [stdout] 266 |                 Schema::String => {
[INFO] [stdout]     |                 ^^^^^^ use of undeclared type or module `Schema`
[INFO] [stdout] 
[INFO] [stdout] 
[INFO] [stdout] error[E0433]: failed to resolve: use of undeclared type or module `Schema`
[INFO] [stdout]    --> src/lib.rs:269:17
[INFO] [stdout]     |
[INFO] [stdout] 269 |                 Schema::Struct(_) | Schema::OneOf { .. } => {
[INFO] [stdout]     |                 ^^^^^^ use of undeclared type or module `Schema`
[INFO] [stdout] 
[INFO] [stdout] 
[INFO] [stdout] error[E0433]: failed to resolve: use of undeclared type or module `Schema`
[INFO] [stdout]   --> src/lib.rs:37:21
[INFO] [stdout]    |
[INFO] [stdout] 37 |                     Schema::Struct(Struct { name, .. })
[INFO] [stdout]    |                     ^^^^^^ use of undeclared type or module `Schema`
[INFO] [stdout] 
[INFO] [stdout] 
[INFO] [stdout] error[E0433]: failed to resolve: use of undeclared type or module `Schema`
[INFO] [stdout]    --> src/lib.rs:269:37
[INFO] [stdout]     |
[INFO] [stdout] 269 |                 Schema::Struct(_) | Schema::OneOf { .. } => {
[INFO] [stdout]     |                                     ^^^^^^ use of undeclared type or module `Schema`
[INFO] [stdout] 
[INFO] [stdout] 
[INFO] [stdout] error[E0433]: failed to resolve: use of undeclared type or module `Schema`
[INFO] [stdout]    --> src/lib.rs:272:17
[INFO] [stdout]     |
[INFO] [stdout] 272 |                 Schema::Option(inner) => {
[INFO] [stdout]     |                 ^^^^^^ use of undeclared type or module `Schema`
[INFO] [stdout] 
[INFO] [stdout] 
[INFO] [stdout] error[E0433]: failed to resolve: use of undeclared type or module `Schema`
[INFO] [stdout]   --> src/lib.rs:38:23
[INFO] [stdout]    |
[INFO] [stdout] 38 |                     | Schema::OneOf {
[INFO] [stdout]    |                       ^^^^^^ use of undeclared type or module `Schema`
[INFO] [stdout] 
[INFO] [stdout] 
[INFO] [stdout] error[E0433]: failed to resolve: use of undeclared type or module `Schema`
[INFO] [stdout]    --> src/lib.rs:282:17
[INFO] [stdout]     |
[INFO] [stdout] 282 |                 Schema::Vec(inner) => {
[INFO] [stdout]     |                 ^^^^^^ use of undeclared type or module `Schema`
[INFO] [stdout] 
[INFO] [stdout] 
[INFO] [stdout] error[E0433]: failed to resolve: use of undeclared type or module `Schema`
[INFO] [stdout]   --> src/lib.rs:50:21
[INFO] [stdout]    |
[INFO] [stdout] 50 |                     Schema::Option(inner) => {
[INFO] [stdout]    |                     ^^^^^^ use of undeclared type or module `Schema`
[INFO] [stdout] 
[INFO] [stdout] 
[INFO] [stdout] error[E0433]: failed to resolve: use of undeclared type or module `Schema`
[INFO] [stdout]    --> src/lib.rs:290:17
[INFO] [stdout]     |
[INFO] [stdout] 290 |                 Schema::Map(key_type, value_type) => {
[INFO] [stdout]     |                 ^^^^^^ use of undeclared type or module `Schema`
[INFO] [stdout] 
[INFO] [stdout] 
[INFO] [stdout] error[E0433]: failed to resolve: use of undeclared type or module `Schema`
[INFO] [stdout]   --> src/lib.rs:53:21
[INFO] [stdout]    |
[INFO] [stdout] 53 |                     Schema::Vec(inner) => {
[INFO] [stdout]    |                     ^^^^^^ use of undeclared type or module `Schema`
[INFO] [stdout] 
[INFO] [stdout] 
[INFO] [stdout] error[E0433]: failed to resolve: use of undeclared type or module `Schema`
[INFO] [stdout]   --> src/lib.rs:56:21
[INFO] [stdout]    |
[INFO] [stdout] 56 |                     Schema::Map(key_type, value_type) => {
[INFO] [stdout]    |                     ^^^^^^ use of undeclared type or module `Schema`
[INFO] [stdout] 
[INFO] [stdout] 
[INFO] [stdout] error[E0433]: failed to resolve: use of undeclared type or module `Schema`
[INFO] [stdout]    --> src/lib.rs:302:17
[INFO] [stdout]     |
[INFO] [stdout] 302 |                 Schema::Enum { .. } => {
[INFO] [stdout]     |                 ^^^^^^ use of undeclared type or module `Schema`
[INFO] [stdout] 
[INFO] [stdout] 
[INFO] [stdout] error[E0433]: failed to resolve: use of undeclared type or module `Schema`
[INFO] [stdout]   --> src/lib.rs:60:21
[INFO] [stdout]    |
[INFO] [stdout] 60 |                     Schema::Enum { .. } => {}
[INFO] [stdout]    |                     ^^^^^^ use of undeclared type or module `Schema`
[INFO] [stdout] 
[INFO] [stdout] 
[INFO] [stdout] error[E0433]: failed to resolve: use of undeclared type or module `Schema`
[INFO] [stdout]   --> src/lib.rs:61:21
[INFO] [stdout]    |
[INFO] [stdout] 61 |                     Schema::Bool
[INFO] [stdout]    |                     ^^^^^^ use of undeclared type or module `Schema`
[INFO] [stdout] 
[INFO] [stdout] 
[INFO] [stdout] error[E0433]: failed to resolve: use of undeclared type or module `Schema`
[INFO] [stdout]   --> src/lib.rs:62:23
[INFO] [stdout]    |
[INFO] [stdout] 62 |                     | Schema::Int32
[INFO] [stdout]    |                       ^^^^^^ use of undeclared type or module `Schema`
[INFO] [stdout] 
[INFO] [stdout] 
[INFO] [stdout] error[E0433]: failed to resolve: use of undeclared type or module `Schema`
[INFO] [stdout]   --> src/lib.rs:63:23
[INFO] [stdout]    |
[INFO] [stdout] 63 |                     | Schema::Int64
[INFO] [stdout]    |                       ^^^^^^ use of undeclared type or module `Schema`
[INFO] [stdout] 
[INFO] [stdout] 
[INFO] [stdout] error[E0433]: failed to resolve: use of undeclared type or module `Schema`
[INFO] [stdout]   --> src/lib.rs:64:23
[INFO] [stdout]    |
[INFO] [stdout] 64 |                     | Schema::Float32
[INFO] [stdout]    |                       ^^^^^^ use of undeclared type or module `Schema`
[INFO] [stdout] 
[INFO] [stdout] 
[INFO] [stdout] error[E0433]: failed to resolve: use of undeclared type or module `Schema`
[INFO] [stdout]   --> src/lib.rs:65:23
[INFO] [stdout]    |
[INFO] [stdout] 65 |                     | Schema::Float64
[INFO] [stdout]    |                       ^^^^^^ use of undeclared type or module `Schema`
[INFO] [stdout] 
[INFO] [stdout] 
[INFO] [stdout] error[E0433]: failed to resolve: use of undeclared type or module `Schema`
[INFO] [stdout]   --> src/lib.rs:66:23
[INFO] [stdout]    |
[INFO] [stdout] 66 |                     | Schema::String => {}
[INFO] [stdout]    |                       ^^^^^^ use of undeclared type or module `Schema`
[INFO] [stdout] 
[INFO] [stdout] 
[INFO] [stdout] error[E0433]: failed to resolve: use of undeclared type or module `Schema`
[INFO] [stdout]   --> src/lib.rs:76:9
[INFO] [stdout]    |
[INFO] [stdout] 76 |         Schema::Struct(struc) => {
[INFO] [stdout]    |         ^^^^^^ use of undeclared type or module `Schema`
[INFO] [stdout] 
[INFO] [stdout] 
[INFO] [stdout] error[E0433]: failed to resolve: use of undeclared type or module `Schema`
[INFO] [stdout]   --> src/lib.rs:79:9
[INFO] [stdout]    |
[INFO] [stdout] 79 |         Schema::OneOf { variants, .. } => {
[INFO] [stdout]    |         ^^^^^^ use of undeclared type or module `Schema`
[INFO] [stdout] 
[INFO] [stdout] 
[INFO] [stdout] error[E0433]: failed to resolve: use of undeclared type or module `Schema`
[INFO] [stdout]    --> src/lib.rs:367:13
[INFO] [stdout]     |
[INFO] [stdout] 367 |             Schema::Enum {
[INFO] [stdout]     |             ^^^^^^ use of undeclared type or module `Schema`
[INFO] [stdout] 
[INFO] [stdout] 
[INFO] [stdout] error[E0433]: failed to resolve: use of undeclared type or module `Schema`
[INFO] [stdout]    --> src/lib.rs:396:13
[INFO] [stdout]     |
[INFO] [stdout] 396 |             Schema::Struct(struc) => {
[INFO] [stdout]     |             ^^^^^^ use of undeclared type or module `Schema`
[INFO] [stdout] 
[INFO] [stdout] 
[INFO] [stdout] error[E0433]: failed to resolve: use of undeclared type or module `Schema`
[INFO] [stdout]    --> src/lib.rs:411:13
[INFO] [stdout]     |
[INFO] [stdout] 411 |             Schema::OneOf {
[INFO] [stdout]     |             ^^^^^^ use of undeclared type or module `Schema`
[INFO] [stdout] 
[INFO] [stdout] 
[INFO] [stdout] error[E0433]: failed to resolve: use of undeclared type or module `Schema`
[INFO] [stdout]    --> src/lib.rs:463:13
[INFO] [stdout]     |
[INFO] [stdout] 463 |             Schema::Bool
[INFO] [stdout]     |             ^^^^^^ use of undeclared type or module `Schema`
[INFO] [stdout] 
[INFO] [stdout] 
[INFO] [stdout] error[E0433]: failed to resolve: use of undeclared type or module `Schema`
[INFO] [stdout]    --> src/lib.rs:464:15
[INFO] [stdout]     |
[INFO] [stdout] 464 |             | Schema::Int32
[INFO] [stdout]     |               ^^^^^^ use of undeclared type or module `Schema`
[INFO] [stdout] 
[INFO] [stdout] 
[INFO] [stdout] error[E0433]: failed to resolve: use of undeclared type or module `Schema`
[INFO] [stdout]    --> src/lib.rs:465:15
[INFO] [stdout]     |
[INFO] [stdout] 465 |             | Schema::Int64
[INFO] [stdout]     |               ^^^^^^ use of undeclared type or module `Schema`
[INFO] [stdout] 
[INFO] [stdout] 
[INFO] [stdout] error[E0433]: failed to resolve: use of undeclared type or module `Schema`
[INFO] [stdout]    --> src/lib.rs:466:15
[INFO] [stdout]     |
[INFO] [stdout] 466 |             | Schema::Float32
[INFO] [stdout]     |               ^^^^^^ use of undeclared type or module `Schema`
[INFO] [stdout] 
[INFO] [stdout] 
[INFO] [stdout] error[E0433]: failed to resolve: use of undeclared type or module `Schema`
[INFO] [stdout]    --> src/lib.rs:467:15
[INFO] [stdout]     |
[INFO] [stdout] 467 |             | Schema::Float64
[INFO] [stdout]     |               ^^^^^^ use of undeclared type or module `Schema`
[INFO] [stdout] 
[INFO] [stdout] 
[INFO] [stdout] error[E0433]: failed to resolve: use of undeclared type or module `Schema`
[INFO] [stdout]    --> src/lib.rs:468:15
[INFO] [stdout]     |
[INFO] [stdout] 468 |             | Schema::String
[INFO] [stdout]     |               ^^^^^^ use of undeclared type or module `Schema`
[INFO] [stdout] 
[INFO] [stdout] 
[INFO] [stdout] error[E0433]: failed to resolve: use of undeclared type or module `Schema`
[INFO] [stdout]    --> src/lib.rs:469:15
[INFO] [stdout]     |
[INFO] [stdout] 469 |             | Schema::Option(_)
[INFO] [stdout]     |               ^^^^^^ use of undeclared type or module `Schema`
[INFO] [stdout] 
[INFO] [stdout] 
[INFO] [stdout] error[E0433]: failed to resolve: use of undeclared type or module `Schema`
[INFO] [stdout]    --> src/lib.rs:470:15
[INFO] [stdout]     |
[INFO] [stdout] 470 |             | Schema::Vec(_)
[INFO] [stdout]     |               ^^^^^^ use of undeclared type or module `Schema`
[INFO] [stdout] 
[INFO] [stdout] 
[INFO] [stdout] error[E0433]: failed to resolve: use of undeclared type or module `Schema`
[INFO] [stdout]    --> src/lib.rs:471:15
[INFO] [stdout]     |
[INFO] [stdout] 471 |             | Schema::Map(_, _) => {}
[INFO] [stdout]     |               ^^^^^^ use of undeclared type or module `Schema`
[INFO] [stdout] 
[INFO] [stdout] 
[INFO] [stdout] error[E0412]: cannot find type `Schema` in this scope
[INFO] [stdout]   --> src/lib.rs:24:48
[INFO] [stdout]    |
[INFO] [stdout] 24 | fn write_imports(writer: &mut Writer, schema: &Schema) -> std::fmt::Result {
[INFO] [stdout]    |                                                ^^^^^^ not found in this scope
[INFO] [stdout] 
[INFO] [stdout] 
[INFO] [stdout] error[E0412]: cannot find type `Struct` in this scope
[INFO] [stdout]   --> src/lib.rs:27:17
[INFO] [stdout]    |
[INFO] [stdout] 27 |         struc: &Struct,
[INFO] [stdout]    |                 ^^^^^^ not found in this scope
[INFO] [stdout] 
[INFO] [stdout] 
[INFO] [stdout] error[E0412]: cannot find type `Schema` in this scope
[INFO] [stdout]   --> src/lib.rs:33:26
[INFO] [stdout]    |
[INFO] [stdout] 33 |                 schema: &Schema,
[INFO] [stdout]    |                          ^^^^^^ not found in this scope
[INFO] [stdout] 
[INFO] [stdout] 
[INFO] [stdout] error[E0422]: cannot find struct, variant or union type `Struct` in this scope
[INFO] [stdout]   --> src/lib.rs:37:36
[INFO] [stdout]    |
[INFO] [stdout] 37 |                     Schema::Struct(Struct { name, .. })
[INFO] [stdout]    |                                    ^^^^^^ not found in this scope
[INFO] [stdout] 
[INFO] [stdout] 
[INFO] [stdout] error[E0412]: cannot find type `Struct` in this scope
[INFO] [stdout]   --> src/lib.rs:91:13
[INFO] [stdout]    |
[INFO] [stdout] 91 |     struc: &Struct,
[INFO] [stdout]    |             ^^^^^^ not found in this scope
[INFO] [stdout] 
[INFO] [stdout] 
[INFO] [stdout] error[E0412]: cannot find type `Name` in this scope
[INFO] [stdout]   --> src/lib.rs:92:20
[INFO] [stdout]    |
[INFO] [stdout] 89 | fn write_struct(
[INFO] [stdout]    |                - help: you might be missing a type parameter: `<Name>`
[INFO] [stdout] ...
[INFO] [stdout] 92 |     base: Option<(&Name, usize)>,
[INFO] [stdout]    |                    ^^^^ not found in this scope
[INFO] [stdout] 
[INFO] [stdout] 
[INFO] [stdout] error[E0412]: cannot find type `Schema` in this scope
[INFO] [stdout]    --> src/lib.rs:133:22
[INFO] [stdout]     |
[INFO] [stdout] 133 |             schema: &Schema,
[INFO] [stdout]     |                      ^^^^^^ not found in this scope
[INFO] [stdout] 
[INFO] [stdout] 
[INFO] [stdout] error[E0422]: cannot find struct, variant or union type `Struct` in this scope
[INFO] [stdout]    --> src/lib.rs:155:32
[INFO] [stdout]     |
[INFO] [stdout] 155 |                 Schema::Struct(Struct { name, .. })
[INFO] [stdout]     |                                ^^^^^^ not found in this scope
[INFO] [stdout] 
[INFO] [stdout] 
[INFO] [stdout] error[E0412]: cannot find type `Schema` in this scope
[INFO] [stdout]    --> src/lib.rs:247:22
[INFO] [stdout]     |
[INFO] [stdout] 247 |             schema: &Schema,
[INFO] [stdout]     |                      ^^^^^^ not found in this scope
[INFO] [stdout] 
[INFO] [stdout] 
[INFO] [stdout] error[E0412]: cannot find type `Name` in this scope
[INFO] [stdout]    --> src/lib.rs:344:21
[INFO] [stdout]     |
[INFO] [stdout] 344 | fn file_name(name: &Name) -> String {
[INFO] [stdout]     |                     ^^^^ not found in this scope
[INFO] [stdout] 
[INFO] [stdout] 
[INFO] [stdout] error[E0412]: cannot find type `Schema` in this scope
[INFO] [stdout]    --> src/lib.rs:365:37
[INFO] [stdout]     |
[INFO] [stdout] 365 |     fn add_only(&mut self, schema: &Schema) {
[INFO] [stdout]     |                                     ^^^^^^ not found in this scope
[INFO] [stdout] 
[INFO] [stdout] 
[INFO] [stdout] error[E0433]: failed to resolve: use of undeclared type or module `Schema`
[INFO] [stdout]    --> src/lib.rs:137:17
[INFO] [stdout]     |
[INFO] [stdout] 137 |                 Schema::Bool => {
[INFO] [stdout]     |                 ^^^^^^ use of undeclared type or module `Schema`
[INFO] [stdout] 
[INFO] [stdout] 
[INFO] [stdout] error[E0433]: failed to resolve: use of undeclared type or module `Schema`
[INFO] [stdout]    --> src/lib.rs:140:17
[INFO] [stdout]     |
[INFO] [stdout] 140 |                 Schema::Int32 => {
[INFO] [stdout]     |                 ^^^^^^ use of undeclared type or module `Schema`
[INFO] [stdout] 
[INFO] [stdout] 
[INFO] [stdout] error[E0433]: failed to resolve: use of undeclared type or module `Schema`
[INFO] [stdout]    --> src/lib.rs:143:17
[INFO] [stdout]     |
[INFO] [stdout] 143 |                 Schema::Int64 => {
[INFO] [stdout]     |                 ^^^^^^ use of undeclared type or module `Schema`
[INFO] [stdout] 
[INFO] [stdout] 
[INFO] [stdout] error[E0433]: failed to resolve: use of undeclared type or module `Schema`
[INFO] [stdout]    --> src/lib.rs:146:17
[INFO] [stdout]     |
[INFO] [stdout] 146 |                 Schema::Float32 => {
[INFO] [stdout]     |                 ^^^^^^ use of undeclared type or module `Schema`
[INFO] [stdout] 
[INFO] [stdout] 
[INFO] [stdout] error[E0433]: failed to resolve: use of undeclared type or module `Schema`
[INFO] [stdout]    --> src/lib.rs:149:17
[INFO] [stdout]     |
[INFO] [stdout] 149 |                 Schema::Float64 => {
[INFO] [stdout]     |                 ^^^^^^ use of undeclared type or module `Schema`
[INFO] [stdout] 
[INFO] [stdout] 
[INFO] [stdout] error[E0433]: failed to resolve: use of undeclared type or module `Schema`
[INFO] [stdout]    --> src/lib.rs:152:17
[INFO] [stdout]     |
[INFO] [stdout] 152 |                 Schema::String => {
[INFO] [stdout]     |                 ^^^^^^ use of undeclared type or module `Schema`
[INFO] [stdout] 
[INFO] [stdout] 
[INFO] [stdout] error[E0433]: failed to resolve: use of undeclared type or module `Schema`
[INFO] [stdout]    --> src/lib.rs:155:17
[INFO] [stdout]     |
[INFO] [stdout] 155 |                 Schema::Struct(Struct { name, .. })
[INFO] [stdout]     |                 ^^^^^^ use of undeclared type or module `Schema`
[INFO] [stdout] 
[INFO] [stdout] 
[INFO] [stdout] error[E0433]: failed to resolve: use of undeclared type or module `Schema`
[INFO] [stdout]    --> src/lib.rs:156:19
[INFO] [stdout]     |
[INFO] [stdout] 156 |                 | Schema::OneOf {
[INFO] [stdout]     |                   ^^^^^^ use of undeclared type or module `Schema`
[INFO] [stdout] 
[INFO] [stdout] 
[INFO] [stdout] error[E0433]: failed to resolve: use of undeclared type or module `Schema`
[INFO] [stdout]    --> src/lib.rs:166:17
[INFO] [stdout]     |
[INFO] [stdout] 166 |                 Schema::Option(inner) => {
[INFO] [stdout]     |                 ^^^^^^ use of undeclared type or module `Schema`
[INFO] [stdout] 
[INFO] [stdout] 
[INFO] [stdout] error[E0433]: failed to resolve: use of undeclared type or module `Schema`
[INFO] [stdout]    --> src/lib.rs:175:17
[INFO] [stdout]     |
[INFO] [stdout] 175 |                 Schema::Vec(inner) => {
[INFO] [stdout]     |                 ^^^^^^ use of undeclared type or module `Schema`
[INFO] [stdout] 
[INFO] [stdout] 
[INFO] [stdout] error[E0433]: failed to resolve: use of undeclared type or module `Schema`
[INFO] [stdout]    --> src/lib.rs:190:17
[INFO] [stdout]     |
[INFO] [stdout] 190 |                 Schema::Map(key_type, value_type) => {
[INFO] [stdout]     |                 ^^^^^^ use of undeclared type or module `Schema`
[INFO] [stdout] 
[INFO] [stdout] 
[INFO] [stdout] error[E0433]: failed to resolve: use of undeclared type or module `Schema`
[INFO] [stdout]    --> src/lib.rs:207:17
[INFO] [stdout]     |
[INFO] [stdout] 207 |                 Schema::Enum { base_name, .. } => {
[INFO] [stdout]     |                 ^^^^^^ use of undeclared type or module `Schema`
[INFO] [stdout] 
[INFO] [stdout] 
[INFO] [stdout] error[E0433]: failed to resolve: use of undeclared type or module `Schema`
[INFO] [stdout]    --> src/lib.rs:251:17
[INFO] [stdout]     |
[INFO] [stdout] 251 |                 Schema::Bool => {
[INFO] [stdout]     |                 ^^^^^^ use of undeclared type or module `Schema`
[INFO] [stdout] 
[INFO] [stdout] 
[INFO] [stdout] error[E0433]: failed to resolve: use of undeclared type or module `Schema`
[INFO] [stdout]    --> src/lib.rs:254:17
[INFO] [stdout]     |
[INFO] [stdout] 254 |                 Schema::Int32 => {
[INFO] [stdout]     |                 ^^^^^^ use of undeclared type or module `Schema`
[INFO] [stdout] 
[INFO] [stdout] 
[INFO] [stdout] error[E0433]: failed to resolve: use of undeclared type or module `Schema`
[INFO] [stdout]    --> src/lib.rs:257:17
[INFO] [stdout]     |
[INFO] [stdout] 257 |                 Schema::Int64 => {
[INFO] [stdout]     |                 ^^^^^^ use of undeclared type or module `Schema`
[INFO] [stdout] 
[INFO] [stdout] 
[INFO] [stdout] error[E0433]: failed to resolve: use of undeclared type or module `Schema`
[INFO] [stdout]    --> src/lib.rs:260:17
[INFO] [stdout]     |
[INFO] [stdout] 260 |                 Schema::Float32 => {
[INFO] [stdout]     |                 ^^^^^^ use of undeclared type or module `Schema`
[INFO] [stdout] 
[INFO] [stdout] 
[INFO] [stdout] error[E0433]: failed to resolve: use of undeclared type or module `Schema`
[INFO] [stdout]    --> src/lib.rs:263:17
[INFO] [stdout]     |
[INFO] [stdout] 263 |                 Schema::Float64 => {
[INFO] [stdout]     |                 ^^^^^^ use of undeclared type or module `Schema`
[INFO] [stdout] 
[INFO] [stdout] 
[INFO] [stdout] error[E0433]: failed to resolve: use of undeclared type or module `Schema`
[INFO] [stdout]    --> src/lib.rs:266:17
[INFO] [stdout]     |
[INFO] [stdout] 266 |                 Schema::String => {
[INFO] [stdout]     |                 ^^^^^^ use of undeclared type or module `Schema`
[INFO] [stdout] 
[INFO] [stdout] 
[INFO] [stdout] error[E0433]: failed to resolve: use of undeclared type or module `Schema`
[INFO] [stdout]    --> src/lib.rs:269:17
[INFO] [stdout]     |
[INFO] [stdout] 269 |                 Schema::Struct(_) | Schema::OneOf { .. } => {
[INFO] [stdout]     |                 ^^^^^^ use of undeclared type or module `Schema`
[INFO] [stdout] 
[INFO] [stdout] 
[INFO] [stdout] error[E0433]: failed to resolve: use of undeclared type or module `Schema`
[INFO] [stdout]    --> src/lib.rs:269:37
[INFO] [stdout]     |
[INFO] [stdout] 269 |                 Schema::Struct(_) | Schema::OneOf { .. } => {
[INFO] [stdout]     |                                     ^^^^^^ use of undeclared type or module `Schema`
[INFO] [stdout] 
[INFO] [stdout] 
[INFO] [stdout] error[E0433]: failed to resolve: use of undeclared type or module `Schema`
[INFO] [stdout]    --> src/lib.rs:272:17
[INFO] [stdout]     |
[INFO] [stdout] 272 |                 Schema::Option(inner) => {
[INFO] [stdout]     |                 ^^^^^^ use of undeclared type or module `Schema`
[INFO] [stdout] 
[INFO] [stdout] 
[INFO] [stdout] error[E0433]: failed to resolve: use of undeclared type or module `Schema`
[INFO] [stdout]    --> src/lib.rs:282:17
[INFO] [stdout]     |
[INFO] [stdout] 282 |                 Schema::Vec(inner) => {
[INFO] [stdout]     |                 ^^^^^^ use of undeclared type or module `Schema`
[INFO] [stdout] 
[INFO] [stdout] 
[INFO] [stdout] error[E0433]: failed to resolve: use of undeclared type or module `Schema`
[INFO] [stdout]    --> src/lib.rs:290:17
[INFO] [stdout]     |
[INFO] [stdout] 290 |                 Schema::Map(key_type, value_type) => {
[INFO] [stdout]     |                 ^^^^^^ use of undeclared type or module `Schema`
[INFO] [stdout] 
[INFO] [stdout] 
[INFO] [stdout] error[E0433]: failed to resolve: use of undeclared type or module `Schema`
[INFO] [stdout]    --> src/lib.rs:302:17
[INFO] [stdout]     |
[INFO] [stdout] 302 |                 Schema::Enum { .. } => {
[INFO] [stdout]     |                 ^^^^^^ use of undeclared type or module `Schema`
[INFO] [stdout] 
[INFO] [stdout] 
[INFO] [stdout] error[E0433]: failed to resolve: use of undeclared type or module `Schema`
[INFO] [stdout]    --> src/lib.rs:367:13
[INFO] [stdout]     |
[INFO] [stdout] 367 |             Schema::Enum {
[INFO] [stdout]     |             ^^^^^^ use of undeclared type or module `Schema`
[INFO] [stdout] 
[INFO] [stdout] 
[INFO] [stdout] error[E0433]: failed to resolve: use of undeclared type or module `Schema`
[INFO] [stdout]    --> src/lib.rs:396:13
[INFO] [stdout]     |
[INFO] [stdout] 396 |             Schema::Struct(struc) => {
[INFO] [stdout]     |             ^^^^^^ use of undeclared type or module `Schema`
[INFO] [stdout] 
[INFO] [stdout] 
[INFO] [stdout] error[E0433]: failed to resolve: use of undeclared type or module `Schema`
[INFO] [stdout]    --> src/lib.rs:411:13
[INFO] [stdout]     |
[INFO] [stdout] 411 |             Schema::OneOf {
[INFO] [stdout]     |             ^^^^^^ use of undeclared type or module `Schema`
[INFO] [stdout] 
[INFO] [stdout] 
[INFO] [stdout] error[E0433]: failed to resolve: use of undeclared type or module `Schema`
[INFO] [stdout]    --> src/lib.rs:463:13
[INFO] [stdout]     |
[INFO] [stdout] 463 |             Schema::Bool
[INFO] [stdout]     |             ^^^^^^ use of undeclared type or module `Schema`
[INFO] [stdout] 
[INFO] [stdout] 
[INFO] [stdout] error[E0433]: failed to resolve: use of undeclared type or module `Schema`
[INFO] [stdout]    --> src/lib.rs:464:15
[INFO] [stdout]     |
[INFO] [stdout] 464 |             | Schema::Int32
[INFO] [stdout]     |               ^^^^^^ use of undeclared type or module `Schema`
[INFO] [stdout] 
[INFO] [stdout] 
[INFO] [stdout] error[E0433]: failed to resolve: use of undeclared type or module `Schema`
[INFO] [stdout]    --> src/lib.rs:465:15
[INFO] [stdout]     |
[INFO] [stdout] 465 |             | Schema::Int64
[INFO] [stdout]     |               ^^^^^^ use of undeclared type or module `Schema`
[INFO] [stdout] 
[INFO] [stdout] 
[INFO] [stdout] error[E0433]: failed to resolve: use of undeclared type or module `Schema`
[INFO] [stdout]    --> src/lib.rs:466:15
[INFO] [stdout]     |
[INFO] [stdout] 466 |             | Schema::Float32
[INFO] [stdout]     |               ^^^^^^ use of undeclared type or module `Schema`
[INFO] [stdout] 
[INFO] [stdout] 
[INFO] [stdout] error[E0433]: failed to resolve: use of undeclared type or module `Schema`
[INFO] [stdout]    --> src/lib.rs:467:15
[INFO] [stdout]     |
[INFO] [stdout] 467 |             | Schema::Float64
[INFO] [stdout]     |               ^^^^^^ use of undeclared type or module `Schema`
[INFO] [stdout] 
[INFO] [stdout] 
[INFO] [stdout] error[E0433]: failed to resolve: use of undeclared type or module `Schema`
[INFO] [stdout]    --> src/lib.rs:468:15
[INFO] [stdout]     |
[INFO] [stdout] 468 |             | Schema::String
[INFO] [stdout]     |               ^^^^^^ use of undeclared type or module `Schema`
[INFO] [stdout] 
[INFO] [stdout] 
[INFO] [stdout] error[E0433]: failed to resolve: use of undeclared type or module `Schema`
[INFO] [stdout]    --> src/lib.rs:469:15
[INFO] [stdout]     |
[INFO] [stdout] 469 |             | Schema::Option(_)
[INFO] [stdout]     |               ^^^^^^ use of undeclared type or module `Schema`
[INFO] [stdout] 
[INFO] [stdout] 
[INFO] [stdout] error[E0433]: failed to resolve: use of undeclared type or module `Schema`
[INFO] [stdout]    --> src/lib.rs:470:15
[INFO] [stdout]     |
[INFO] [stdout] 470 |             | Schema::Vec(_)
[INFO] [stdout]     |               ^^^^^^ use of undeclared type or module `Schema`
[INFO] [stdout] 
[INFO] [stdout] 
[INFO] [stdout] error[E0433]: failed to resolve: use of undeclared type or module `Schema`
[INFO] [stdout]    --> src/lib.rs:471:15
[INFO] [stdout]     |
[INFO] [stdout] 471 |             | Schema::Map(_, _) => {}
[INFO] [stdout]     |               ^^^^^^ use of undeclared type or module `Schema`
[INFO] [stdout] 
[INFO] [stdout] 
[INFO] [stdout] error[E0412]: cannot find type `Schema` in this scope
[INFO] [stdout]   --> src/lib.rs:24:48
[INFO] [stdout]    |
[INFO] [stdout] 24 | fn write_imports(writer: &mut Writer, schema: &Schema) -> std::fmt::Result {
[INFO] [stdout]    |                                                ^^^^^^ not found in this scope
[INFO] [stdout] 
[INFO] [stdout] 
[INFO] [stdout] error[E0412]: cannot find type `Struct` in this scope
[INFO] [stdout]   --> src/lib.rs:27:17
[INFO] [stdout]    |
[INFO] [stdout] 27 |         struc: &Struct,
[INFO] [stdout]    |                 ^^^^^^ not found in this scope
[INFO] [stdout] 
[INFO] [stdout] 
[INFO] [stdout] error[E0412]: cannot find type `Schema` in this scope
[INFO] [stdout]   --> src/lib.rs:33:26
[INFO] [stdout]    |
[INFO] [stdout] 33 |                 schema: &Schema,
[INFO] [stdout]    |                          ^^^^^^ not found in this scope
[INFO] [stdout] 
[INFO] [stdout] 
[INFO] [stdout] error[E0422]: cannot find struct, variant or union type `Struct` in this scope
[INFO] [stdout]   --> src/lib.rs:37:36
[INFO] [stdout]    |
[INFO] [stdout] 37 |                     Schema::Struct(Struct { name, .. })
[INFO] [stdout]    |                                    ^^^^^^ not found in this scope
[INFO] [stdout] 
[INFO] [stdout] 
[INFO] [stdout] error[E0412]: cannot find type `Struct` in this scope
[INFO] [stdout]   --> src/lib.rs:91:13
[INFO] [stdout]    |
[INFO] [stdout] 91 |     struc: &Struct,
[INFO] [stdout]    |             ^^^^^^ not found in this scope
[INFO] [stdout] 
[INFO] [stdout] 
[INFO] [stdout] error[E0412]: cannot find type `Name` in this scope
[INFO] [stdout]   --> src/lib.rs:92:20
[INFO] [stdout]    |
[INFO] [stdout] 89 | fn write_struct(
[INFO] [stdout]    |                - help: you might be missing a type parameter: `<Name>`
[INFO] [stdout] ...
[INFO] [stdout] 92 |     base: Option<(&Name, usize)>,
[INFO] [stdout]    |                    ^^^^ not found in this scope
[INFO] [stdout] 
[INFO] [stdout] 
[INFO] [stdout] error[E0412]: cannot find type `Schema` in this scope
[INFO] [stdout]    --> src/lib.rs:133:22
[INFO] [stdout]     |
[INFO] [stdout] 133 |             schema: &Schema,
[INFO] [stdout]     |                      ^^^^^^ not found in this scope
[INFO] [stdout] 
[INFO] [stdout] 
[INFO] [stdout] error[E0422]: cannot find struct, variant or union type `Struct` in this scope
[INFO] [stdout]    --> src/lib.rs:155:32
[INFO] [stdout]     |
[INFO] [stdout] 155 |                 Schema::Struct(Struct { name, .. })
[INFO] [stdout]     |                                ^^^^^^ not found in this scope
[INFO] [stdout] 
[INFO] [stdout] 
[INFO] [stdout] error[E0412]: cannot find type `Schema` in this scope
[INFO] [stdout]    --> src/lib.rs:247:22
[INFO] [stdout]     |
[INFO] [stdout] 247 |             schema: &Schema,
[INFO] [stdout]     |                      ^^^^^^ not found in this scope
[INFO] [stdout] 
[INFO] [stdout] 
[INFO] [stdout] error[E0412]: cannot find type `Name` in this scope
[INFO] [stdout]    --> src/lib.rs:344:21
[INFO] [stdout]     |
[INFO] [stdout] 344 | fn file_name(name: &Name) -> String {
[INFO] [stdout]     |                     ^^^^ not found in this scope
[INFO] [stdout] 
[INFO] [stdout] 
[INFO] [stdout] error[E0412]: cannot find type `Schema` in this scope
[INFO] [stdout]    --> src/lib.rs:365:37
[INFO] [stdout]     |
[INFO] [stdout] 365 |     fn add_only(&mut self, schema: &Schema) {
[INFO] [stdout]     |                                     ^^^^^^ not found in this scope
[INFO] [stdout] 
[INFO] [stdout] 
[INFO] [stdout] error: aborting due to 62 previous errors
[INFO] [stdout] 
[INFO] [stdout] 
[INFO] [stdout] Some errors have detailed explanations: E0412, E0422, E0432, E0433.
[INFO] [stdout] 
[INFO] [stdout] For more information about an error, try `rustc --explain E0412`.
[INFO] [stdout] 
[INFO] [stderr] error: could not compile `trans-gen-javascript`.
[INFO] [stderr] 
[INFO] [stderr] To learn more, run the command again with --verbose.
[INFO] [stderr] warning: build failed, waiting for other jobs to finish...
[INFO] [stdout] error: aborting due to 62 previous errors
[INFO] [stdout] 
[INFO] [stdout] 
[INFO] [stdout] Some errors have detailed explanations: E0412, E0422, E0432, E0433.
[INFO] [stdout] 
[INFO] [stdout] For more information about an error, try `rustc --explain E0412`.
[INFO] [stdout] 
[INFO] [stderr] error: build failed
[INFO] running `Command { std: "docker" "inspect" "b08c2a3cd9f4644b8ffccb16d272a481c665af482708e6f47ea141165a77e5d8", kill_on_drop: false }`
[INFO] running `Command { std: "docker" "rm" "-f" "b08c2a3cd9f4644b8ffccb16d272a481c665af482708e6f47ea141165a77e5d8", kill_on_drop: false }`
[INFO] [stdout] b08c2a3cd9f4644b8ffccb16d272a481c665af482708e6f47ea141165a77e5d8
