[INFO] fetching crate trans-gen-fsharp 0.3.0-alpha.1...
[INFO] checking trans-gen-fsharp-0.3.0-alpha.1 against beta-2020-07-24 for pr-75494-beta
[INFO] extracting crate trans-gen-fsharp 0.3.0-alpha.1 into /workspace/builds/worker-4/source
[INFO] validating manifest of crates.io crate trans-gen-fsharp 0.3.0-alpha.1 on toolchain beta-2020-07-24
[INFO] running `Command { std: "/workspace/cargo-home/bin/cargo" "+beta-2020-07-24" "read-manifest" "--manifest-path" "Cargo.toml", kill_on_drop: false }`
[INFO] started tweaking crates.io crate trans-gen-fsharp 0.3.0-alpha.1
[INFO] finished tweaking crates.io crate trans-gen-fsharp 0.3.0-alpha.1
[INFO] tweaked toml for crates.io crate trans-gen-fsharp 0.3.0-alpha.1 written to /workspace/builds/worker-4/source/Cargo.toml
[INFO] running `Command { std: "/workspace/cargo-home/bin/cargo" "+beta-2020-07-24" "generate-lockfile" "--manifest-path" "Cargo.toml" "-Zno-index-update", kill_on_drop: false }`
[INFO] running `Command { std: "/workspace/cargo-home/bin/cargo" "+beta-2020-07-24" "fetch" "--locked" "--manifest-path" "Cargo.toml", kill_on_drop: false }`
[INFO] running `Command { std: "docker" "create" "-v" "/var/lib/crater-agent-workspace/builds/worker-4/target:/opt/rustwide/target:rw,Z" "-v" "/var/lib/crater-agent-workspace/builds/worker-4/source:/opt/rustwide/workdir:ro,Z" "-v" "/var/lib/crater-agent-workspace/cargo-home:/opt/rustwide/cargo-home:ro,Z" "-v" "/var/lib/crater-agent-workspace/rustup-home:/opt/rustwide/rustup-home:ro,Z" "-e" "SOURCE_DIR=/opt/rustwide/workdir" "-e" "CARGO_TARGET_DIR=/opt/rustwide/target" "-e" "CARGO_HOME=/opt/rustwide/cargo-home" "-e" "RUSTUP_HOME=/opt/rustwide/rustup-home" "-w" "/opt/rustwide/workdir" "-m" "1610612736" "--user" "0:0" "--network" "none" "rustops/crates-build-env@sha256:a636fd89d022f18117e1dc8fb37a0a009933cdbbe082814857f0e2024962d47c" "/opt/rustwide/cargo-home/bin/cargo" "+beta-2020-07-24" "metadata" "--no-deps" "--format-version=1", kill_on_drop: false }`
[INFO] [stdout] c58c90020e1529c3749b0d42439c1a15e6ac1334ec2c71d7d33c1b6a8308f8c9
[INFO] [stderr] WARNING: Your kernel does not support swap limit capabilities or the cgroup is not mounted. Memory limited without swap.
[INFO] running `Command { std: "docker" "start" "-a" "c58c90020e1529c3749b0d42439c1a15e6ac1334ec2c71d7d33c1b6a8308f8c9", kill_on_drop: false }`
[INFO] running `Command { std: "docker" "inspect" "c58c90020e1529c3749b0d42439c1a15e6ac1334ec2c71d7d33c1b6a8308f8c9", kill_on_drop: false }`
[INFO] running `Command { std: "docker" "rm" "-f" "c58c90020e1529c3749b0d42439c1a15e6ac1334ec2c71d7d33c1b6a8308f8c9", kill_on_drop: false }`
[INFO] [stdout] c58c90020e1529c3749b0d42439c1a15e6ac1334ec2c71d7d33c1b6a8308f8c9
[INFO] running `Command { std: "docker" "create" "-v" "/var/lib/crater-agent-workspace/builds/worker-4/target:/opt/rustwide/target:rw,Z" "-v" "/var/lib/crater-agent-workspace/builds/worker-4/source:/opt/rustwide/workdir:ro,Z" "-v" "/var/lib/crater-agent-workspace/cargo-home:/opt/rustwide/cargo-home:ro,Z" "-v" "/var/lib/crater-agent-workspace/rustup-home:/opt/rustwide/rustup-home:ro,Z" "-e" "SOURCE_DIR=/opt/rustwide/workdir" "-e" "CARGO_TARGET_DIR=/opt/rustwide/target" "-e" "CARGO_INCREMENTAL=0" "-e" "RUST_BACKTRACE=full" "-e" "RUSTFLAGS=--cap-lints=forbid" "-e" "CARGO_HOME=/opt/rustwide/cargo-home" "-e" "RUSTUP_HOME=/opt/rustwide/rustup-home" "-w" "/opt/rustwide/workdir" "-m" "1610612736" "--user" "0:0" "--network" "none" "rustops/crates-build-env@sha256:a636fd89d022f18117e1dc8fb37a0a009933cdbbe082814857f0e2024962d47c" "/opt/rustwide/cargo-home/bin/cargo" "+beta-2020-07-24" "check" "--frozen" "--all" "--all-targets" "--message-format=json", kill_on_drop: false }`
[INFO] [stdout] 36713a2acb5e58ff19866146b7f785195a91d85c4364c96fe005bca75090333e
[INFO] [stderr] WARNING: Your kernel does not support swap limit capabilities or the cgroup is not mounted. Memory limited without swap.
[INFO] running `Command { std: "docker" "start" "-a" "36713a2acb5e58ff19866146b7f785195a91d85c4364c96fe005bca75090333e", kill_on_drop: false }`
[INFO] [stderr]     Blocking waiting for file lock on package cache
[INFO] [stderr]    Compiling proc-macro2 v1.0.19
[INFO] [stderr]    Compiling unicode-xid v0.2.1
[INFO] [stderr]    Compiling syn v1.0.39
[INFO] [stderr]    Compiling anyhow v1.0.32
[INFO] [stderr]    Compiling byteorder v1.3.4
[INFO] [stderr]    Compiling proc-macro-hack v0.5.18
[INFO] [stderr]     Checking heck v0.3.1
[INFO] [stderr]    Compiling quote v1.0.7
[INFO] [stderr]    Compiling include_dir_impl v0.6.0
[INFO] [stderr]    Compiling trans-derive v0.3.0-alpha.2
[INFO] [stderr]     Checking trans v0.3.0-alpha.2
[INFO] [stderr]     Checking include_dir v0.6.0
[INFO] [stderr]     Checking trans-gen-core v0.3.0-alpha.2
[INFO] [stderr]     Checking trans-gen-fsharp v0.3.0-alpha.1 (/opt/rustwide/workdir)
[INFO] [stdout] error[E0432]: unresolved import `trans_gen_core::trans_schema`
[INFO] [stdout]  --> src/lib.rs:3:21
[INFO] [stdout]   |
[INFO] [stdout] 3 | use trans_gen_core::trans_schema::*;
[INFO] [stdout]   |                     ^^^^^^^^^^^^ could not find `trans_schema` in `trans_gen_core`
[INFO] [stdout] 
[INFO] [stdout] 
[INFO] [stdout] error[E0433]: failed to resolve: use of undeclared type or module `Schema`
[INFO] [stdout]   --> src/lib.rs:25:9
[INFO] [stdout]    |
[INFO] [stdout] 25 |         Schema::Bool => "bool".to_owned(),
[INFO] [stdout]    |         ^^^^^^ use of undeclared type or module `Schema`
[INFO] [stdout] 
[INFO] [stdout] 
[INFO] [stdout] error[E0433]: failed to resolve: use of undeclared type or module `Schema`
[INFO] [stdout]   --> src/lib.rs:26:9
[INFO] [stdout]    |
[INFO] [stdout] 26 |         Schema::Int32 => "int".to_owned(),
[INFO] [stdout]    |         ^^^^^^ use of undeclared type or module `Schema`
[INFO] [stdout] 
[INFO] [stdout] 
[INFO] [stdout] error[E0433]: failed to resolve: use of undeclared type or module `Schema`
[INFO] [stdout]   --> src/lib.rs:27:9
[INFO] [stdout]    |
[INFO] [stdout] 27 |         Schema::Int64 => "long".to_owned(),
[INFO] [stdout]    |         ^^^^^^ use of undeclared type or module `Schema`
[INFO] [stdout] 
[INFO] [stdout] 
[INFO] [stdout] error[E0433]: failed to resolve: use of undeclared type or module `Schema`
[INFO] [stdout]   --> src/lib.rs:28:9
[INFO] [stdout]    |
[INFO] [stdout] 28 |         Schema::Float32 => "single".to_owned(),
[INFO] [stdout]    |         ^^^^^^ use of undeclared type or module `Schema`
[INFO] [stdout] 
[INFO] [stdout] 
[INFO] [stdout] error[E0433]: failed to resolve: use of undeclared type or module `Schema`
[INFO] [stdout]   --> src/lib.rs:29:9
[INFO] [stdout]    |
[INFO] [stdout] 29 |         Schema::Float64 => "double".to_owned(),
[INFO] [stdout]    |         ^^^^^^ use of undeclared type or module `Schema`
[INFO] [stdout] 
[INFO] [stdout] 
[INFO] [stdout] error[E0433]: failed to resolve: use of undeclared type or module `Schema`
[INFO] [stdout]   --> src/lib.rs:30:9
[INFO] [stdout]    |
[INFO] [stdout] 30 |         Schema::String => "string".to_owned(),
[INFO] [stdout]    |         ^^^^^^ use of undeclared type or module `Schema`
[INFO] [stdout] 
[INFO] [stdout] 
[INFO] [stdout] error[E0433]: failed to resolve: use of undeclared type or module `Schema`
[INFO] [stdout]   --> src/lib.rs:31:9
[INFO] [stdout]    |
[INFO] [stdout] 31 |         Schema::Struct(Struct { name, .. })
[INFO] [stdout]    |         ^^^^^^ use of undeclared type or module `Schema`
[INFO] [stdout] 
[INFO] [stdout] 
[INFO] [stdout] error[E0433]: failed to resolve: use of undeclared type or module `Schema`
[INFO] [stdout]   --> src/lib.rs:32:11
[INFO] [stdout]    |
[INFO] [stdout] 32 |         | Schema::OneOf {
[INFO] [stdout]    |           ^^^^^^ use of undeclared type or module `Schema`
[INFO] [stdout] 
[INFO] [stdout] 
[INFO] [stdout] error[E0433]: failed to resolve: use of undeclared type or module `Schema`
[INFO] [stdout]   --> src/lib.rs:35:11
[INFO] [stdout]    |
[INFO] [stdout] 35 |         | Schema::Enum {
[INFO] [stdout]    |           ^^^^^^ use of undeclared type or module `Schema`
[INFO] [stdout] 
[INFO] [stdout] 
[INFO] [stdout] error[E0433]: failed to resolve: use of undeclared type or module `Schema`
[INFO] [stdout]   --> src/lib.rs:38:9
[INFO] [stdout]    |
[INFO] [stdout] 38 |         Schema::Option(inner) => format!("option<{}>", type_name(inner)),
[INFO] [stdout]    |         ^^^^^^ use of undeclared type or module `Schema`
[INFO] [stdout] 
[INFO] [stdout] 
[INFO] [stdout] error[E0433]: failed to resolve: use of undeclared type or module `Schema`
[INFO] [stdout]   --> src/lib.rs:39:9
[INFO] [stdout]    |
[INFO] [stdout] 39 |         Schema::Vec(inner) => type_name_prearray(inner),
[INFO] [stdout]    |         ^^^^^^ use of undeclared type or module `Schema`
[INFO] [stdout] 
[INFO] [stdout] 
[INFO] [stdout] error[E0433]: failed to resolve: use of undeclared type or module `Schema`
[INFO] [stdout]   --> src/lib.rs:40:9
[INFO] [stdout]    |
[INFO] [stdout] 40 |         Schema::Map(key, value) => format!("Map<{}, {}>", type_name(key), type_name(value)),
[INFO] [stdout]    |         ^^^^^^ use of undeclared type or module `Schema`
[INFO] [stdout] 
[INFO] [stdout] 
[INFO] [stdout] error[E0433]: failed to resolve: use of undeclared type or module `Schema`
[INFO] [stdout]   --> src/lib.rs:46:9
[INFO] [stdout]    |
[INFO] [stdout] 46 |         Schema::Vec(inner) => format!("[]{}", type_post_array(inner)),
[INFO] [stdout]    |         ^^^^^^ use of undeclared type or module `Schema`
[INFO] [stdout] 
[INFO] [stdout] 
[INFO] [stdout] error[E0433]: failed to resolve: use of undeclared type or module `Schema`
[INFO] [stdout]    --> src/lib.rs:112:17
[INFO] [stdout]     |
[INFO] [stdout] 112 |                 Schema::Bool => {
[INFO] [stdout]     |                 ^^^^^^ use of undeclared type or module `Schema`
[INFO] [stdout] 
[INFO] [stdout] 
[INFO] [stdout] error[E0433]: failed to resolve: use of undeclared type or module `Schema`
[INFO] [stdout]    --> src/lib.rs:115:17
[INFO] [stdout]     |
[INFO] [stdout] 115 |                 Schema::Int32 => {
[INFO] [stdout]     |                 ^^^^^^ use of undeclared type or module `Schema`
[INFO] [stdout] 
[INFO] [stdout] 
[INFO] [stdout] error[E0433]: failed to resolve: use of undeclared type or module `Schema`
[INFO] [stdout]    --> src/lib.rs:118:17
[INFO] [stdout]     |
[INFO] [stdout] 118 |                 Schema::Int64 => {
[INFO] [stdout]     |                 ^^^^^^ use of undeclared type or module `Schema`
[INFO] [stdout] 
[INFO] [stdout] 
[INFO] [stdout] error[E0433]: failed to resolve: use of undeclared type or module `Schema`
[INFO] [stdout]    --> src/lib.rs:121:17
[INFO] [stdout]     |
[INFO] [stdout] 121 |                 Schema::Float32 => {
[INFO] [stdout]     |                 ^^^^^^ use of undeclared type or module `Schema`
[INFO] [stdout] 
[INFO] [stdout] 
[INFO] [stdout] error[E0433]: failed to resolve: use of undeclared type or module `Schema`
[INFO] [stdout]    --> src/lib.rs:124:17
[INFO] [stdout]     |
[INFO] [stdout] 124 |                 Schema::Float64 => {
[INFO] [stdout]     |                 ^^^^^^ use of undeclared type or module `Schema`
[INFO] [stdout] 
[INFO] [stdout] 
[INFO] [stdout] error[E0433]: failed to resolve: use of undeclared type or module `Schema`
[INFO] [stdout]    --> src/lib.rs:127:17
[INFO] [stdout]     |
[INFO] [stdout] 127 |                 Schema::String => {
[INFO] [stdout]     |                 ^^^^^^ use of undeclared type or module `Schema`
[INFO] [stdout] 
[INFO] [stdout] 
[INFO] [stdout] error[E0433]: failed to resolve: use of undeclared type or module `Schema`
[INFO] [stdout]    --> src/lib.rs:137:17
[INFO] [stdout]     |
[INFO] [stdout] 137 |                 Schema::Struct(_) | Schema::OneOf { .. } => {
[INFO] [stdout]     |                 ^^^^^^ use of undeclared type or module `Schema`
[INFO] [stdout] 
[INFO] [stdout] 
[INFO] [stdout] error[E0433]: failed to resolve: use of undeclared type or module `Schema`
[INFO] [stdout]    --> src/lib.rs:137:37
[INFO] [stdout]     |
[INFO] [stdout] 137 |                 Schema::Struct(_) | Schema::OneOf { .. } => {
[INFO] [stdout]     |                                     ^^^^^^ use of undeclared type or module `Schema`
[INFO] [stdout] 
[INFO] [stdout] 
[INFO] [stdout] error[E0433]: failed to resolve: use of undeclared type or module `Schema`
[INFO] [stdout]    --> src/lib.rs:140:17
[INFO] [stdout]     |
[INFO] [stdout] 140 |                 Schema::Option(inner) => {
[INFO] [stdout]     |                 ^^^^^^ use of undeclared type or module `Schema`
[INFO] [stdout] 
[INFO] [stdout] 
[INFO] [stdout] error[E0433]: failed to resolve: use of undeclared type or module `Schema`
[INFO] [stdout]    --> src/lib.rs:151:17
[INFO] [stdout]     |
[INFO] [stdout] 151 |                 Schema::Vec(inner) => {
[INFO] [stdout]     |                 ^^^^^^ use of undeclared type or module `Schema`
[INFO] [stdout] 
[INFO] [stdout] 
[INFO] [stdout] error[E0433]: failed to resolve: use of undeclared type or module `Schema`
[INFO] [stdout]    --> src/lib.rs:159:17
[INFO] [stdout]     |
[INFO] [stdout] 159 |                 Schema::Map(key_type, value_type) => {
[INFO] [stdout]     |                 ^^^^^^ use of undeclared type or module `Schema`
[INFO] [stdout] 
[INFO] [stdout] 
[INFO] [stdout] error[E0433]: failed to resolve: use of undeclared type or module `Schema`
[INFO] [stdout]    --> src/lib.rs:168:17
[INFO] [stdout]     |
[INFO] [stdout] 168 |                 Schema::Enum { .. } => {
[INFO] [stdout]     |                 ^^^^^^ use of undeclared type or module `Schema`
[INFO] [stdout] 
[INFO] [stdout] 
[INFO] [stdout] error[E0433]: failed to resolve: use of undeclared type or module `Schema`
[INFO] [stdout]    --> src/lib.rs:198:21
[INFO] [stdout]     |
[INFO] [stdout] 198 |                     Schema::Bool => {
[INFO] [stdout]     |                     ^^^^^^ use of undeclared type or module `Schema`
[INFO] [stdout] 
[INFO] [stdout] 
[INFO] [stdout] error[E0433]: failed to resolve: use of undeclared type or module `Schema`
[INFO] [stdout]    --> src/lib.rs:201:21
[INFO] [stdout]     |
[INFO] [stdout] 201 |                     Schema::Int32 => {
[INFO] [stdout]     |                     ^^^^^^ use of undeclared type or module `Schema`
[INFO] [stdout] 
[INFO] [stdout] 
[INFO] [stdout] error[E0433]: failed to resolve: use of undeclared type or module `Schema`
[INFO] [stdout]    --> src/lib.rs:204:21
[INFO] [stdout]     |
[INFO] [stdout] 204 |                     Schema::Int64 => {
[INFO] [stdout]     |                     ^^^^^^ use of undeclared type or module `Schema`
[INFO] [stdout] 
[INFO] [stdout] 
[INFO] [stdout] error[E0433]: failed to resolve: use of undeclared type or module `Schema`
[INFO] [stdout]    --> src/lib.rs:207:21
[INFO] [stdout]     |
[INFO] [stdout] 207 |                     Schema::Float32 => {
[INFO] [stdout]     |                     ^^^^^^ use of undeclared type or module `Schema`
[INFO] [stdout] 
[INFO] [stdout] 
[INFO] [stdout] error[E0433]: failed to resolve: use of undeclared type or module `Schema`
[INFO] [stdout]    --> src/lib.rs:210:21
[INFO] [stdout]     |
[INFO] [stdout] 210 |                     Schema::Float64 => {
[INFO] [stdout]     |                     ^^^^^^ use of undeclared type or module `Schema`
[INFO] [stdout] 
[INFO] [stdout] 
[INFO] [stdout] error[E0433]: failed to resolve: use of undeclared type or module `Schema`
[INFO] [stdout]    --> src/lib.rs:213:21
[INFO] [stdout]     |
[INFO] [stdout] 213 |                     Schema::String => {
[INFO] [stdout]     |                     ^^^^^^ use of undeclared type or module `Schema`
[INFO] [stdout] 
[INFO] [stdout] 
[INFO] [stdout] error[E0433]: failed to resolve: use of undeclared type or module `Schema`
[INFO] [stdout]    --> src/lib.rs:216:21
[INFO] [stdout]     |
[INFO] [stdout] 216 |                     Schema::Struct(Struct { name, .. })
[INFO] [stdout]     |                     ^^^^^^ use of undeclared type or module `Schema`
[INFO] [stdout] 
[INFO] [stdout] 
[INFO] [stdout] error[E0433]: failed to resolve: use of undeclared type or module `Schema`
[INFO] [stdout]    --> src/lib.rs:217:23
[INFO] [stdout]     |
[INFO] [stdout] 217 |                     | Schema::OneOf {
[INFO] [stdout]     |                       ^^^^^^ use of undeclared type or module `Schema`
[INFO] [stdout] 
[INFO] [stdout] 
[INFO] [stdout] error[E0433]: failed to resolve: use of undeclared type or module `Schema`
[INFO] [stdout]    --> src/lib.rs:222:21
[INFO] [stdout]     |
[INFO] [stdout] 222 |                     Schema::Option(inner) => {
[INFO] [stdout]     |                     ^^^^^^ use of undeclared type or module `Schema`
[INFO] [stdout] 
[INFO] [stdout] 
[INFO] [stdout] error[E0433]: failed to resolve: use of undeclared type or module `Schema`
[INFO] [stdout]    --> src/lib.rs:236:21
[INFO] [stdout]     |
[INFO] [stdout] 236 |                     Schema::Vec(inner) => {
[INFO] [stdout]     |                     ^^^^^^ use of undeclared type or module `Schema`
[INFO] [stdout] 
[INFO] [stdout] 
[INFO] [stdout] error[E0433]: failed to resolve: use of undeclared type or module `Schema`
[INFO] [stdout]    --> src/lib.rs:244:21
[INFO] [stdout]     |
[INFO] [stdout] 244 |                     Schema::Map(key_type, value_type) => {
[INFO] [stdout]     |                     ^^^^^^ use of undeclared type or module `Schema`
[INFO] [stdout] 
[INFO] [stdout] 
[INFO] [stdout] error[E0433]: failed to resolve: use of undeclared type or module `Schema`
[INFO] [stdout]    --> src/lib.rs:255:21
[INFO] [stdout]     |
[INFO] [stdout] 255 |                     Schema::Enum { .. } => {
[INFO] [stdout]     |                     ^^^^^^ use of undeclared type or module `Schema`
[INFO] [stdout] 
[INFO] [stdout] 
[INFO] [stdout] error[E0433]: failed to resolve: use of undeclared type or module `Name`
[INFO] [stdout]    --> src/lib.rs:276:29
[INFO] [stdout]     |
[INFO] [stdout] 276 |             main_namespace: Name::new(name.to_owned()).camel_case(conv),
[INFO] [stdout]     |                             ^^^^ use of undeclared type or module `Name`
[INFO] [stdout] 
[INFO] [stdout] 
[INFO] [stdout] error[E0433]: failed to resolve: use of undeclared type or module `Schema`
[INFO] [stdout]    --> src/lib.rs:285:13
[INFO] [stdout]     |
[INFO] [stdout] 285 |             Schema::Enum {
[INFO] [stdout]     |             ^^^^^^ use of undeclared type or module `Schema`
[INFO] [stdout] 
[INFO] [stdout] 
[INFO] [stdout] error[E0433]: failed to resolve: use of undeclared type or module `Schema`
[INFO] [stdout]    --> src/lib.rs:304:13
[INFO] [stdout]     |
[INFO] [stdout] 304 |             Schema::Struct(struc) => {
[INFO] [stdout]     |             ^^^^^^ use of undeclared type or module `Schema`
[INFO] [stdout] 
[INFO] [stdout] 
[INFO] [stdout] error[E0433]: failed to resolve: use of undeclared type or module `Schema`
[INFO] [stdout]    --> src/lib.rs:315:13
[INFO] [stdout]     |
[INFO] [stdout] 315 |             Schema::OneOf {
[INFO] [stdout]     |             ^^^^^^ use of undeclared type or module `Schema`
[INFO] [stdout] 
[INFO] [stdout] 
[INFO] [stdout] error[E0433]: failed to resolve: use of undeclared type or module `Schema`
[INFO] [stdout]    --> src/lib.rs:395:13
[INFO] [stdout]     |
[INFO] [stdout] 395 |             Schema::Bool
[INFO] [stdout]     |             ^^^^^^ use of undeclared type or module `Schema`
[INFO] [stdout] 
[INFO] [stdout] 
[INFO] [stdout] error[E0433]: failed to resolve: use of undeclared type or module `Schema`
[INFO] [stdout]    --> src/lib.rs:396:15
[INFO] [stdout]     |
[INFO] [stdout] 396 |             | Schema::Int32
[INFO] [stdout]     |               ^^^^^^ use of undeclared type or module `Schema`
[INFO] [stdout] 
[INFO] [stdout] 
[INFO] [stdout] error[E0433]: failed to resolve: use of undeclared type or module `Schema`
[INFO] [stdout]    --> src/lib.rs:397:15
[INFO] [stdout]     |
[INFO] [stdout] 397 |             | Schema::Int64
[INFO] [stdout]     |               ^^^^^^ use of undeclared type or module `Schema`
[INFO] [stdout] 
[INFO] [stdout] 
[INFO] [stdout] error[E0433]: failed to resolve: use of undeclared type or module `Schema`
[INFO] [stdout]    --> src/lib.rs:398:15
[INFO] [stdout]     |
[INFO] [stdout] 398 |             | Schema::Float32
[INFO] [stdout]     |               ^^^^^^ use of undeclared type or module `Schema`
[INFO] [stdout] 
[INFO] [stdout] 
[INFO] [stdout] error[E0433]: failed to resolve: use of undeclared type or module `Schema`
[INFO] [stdout]    --> src/lib.rs:399:15
[INFO] [stdout]     |
[INFO] [stdout] 399 |             | Schema::Float64
[INFO] [stdout]     |               ^^^^^^ use of undeclared type or module `Schema`
[INFO] [stdout] 
[INFO] [stdout] 
[INFO] [stdout] error[E0433]: failed to resolve: use of undeclared type or module `Schema`
[INFO] [stdout]    --> src/lib.rs:400:15
[INFO] [stdout]     |
[INFO] [stdout] 400 |             | Schema::String
[INFO] [stdout]     |               ^^^^^^ use of undeclared type or module `Schema`
[INFO] [stdout] 
[INFO] [stdout] 
[INFO] [stdout] error[E0433]: failed to resolve: use of undeclared type or module `Schema`
[INFO] [stdout]    --> src/lib.rs:401:15
[INFO] [stdout]     |
[INFO] [stdout] 401 |             | Schema::Option(_)
[INFO] [stdout]     |               ^^^^^^ use of undeclared type or module `Schema`
[INFO] [stdout] 
[INFO] [stdout] 
[INFO] [stdout] error[E0433]: failed to resolve: use of undeclared type or module `Schema`
[INFO] [stdout]    --> src/lib.rs:402:15
[INFO] [stdout]     |
[INFO] [stdout] 402 |             | Schema::Vec(_)
[INFO] [stdout]     |               ^^^^^^ use of undeclared type or module `Schema`
[INFO] [stdout] 
[INFO] [stdout] 
[INFO] [stdout] error[E0433]: failed to resolve: use of undeclared type or module `Schema`
[INFO] [stdout]    --> src/lib.rs:403:15
[INFO] [stdout]     |
[INFO] [stdout] 403 |             | Schema::Map(_, _) => {}
[INFO] [stdout]     |               ^^^^^^ use of undeclared type or module `Schema`
[INFO] [stdout] 
[INFO] [stdout] 
[INFO] [stdout] error[E0412]: cannot find type `Schema` in this scope
[INFO] [stdout]   --> src/lib.rs:19:23
[INFO] [stdout]    |
[INFO] [stdout] 19 | fn type_name(schema: &Schema) -> String {
[INFO] [stdout]    |                       ^^^^^^ not found in this scope
[INFO] [stdout] 
[INFO] [stdout] 
[INFO] [stdout] error[E0412]: cannot find type `Schema` in this scope
[INFO] [stdout]   --> src/lib.rs:23:32
[INFO] [stdout]    |
[INFO] [stdout] 23 | fn type_name_prearray(schema: &Schema) -> String {
[INFO] [stdout]    |                                ^^^^^^ not found in this scope
[INFO] [stdout] 
[INFO] [stdout] 
[INFO] [stdout] error[E0422]: cannot find struct, variant or union type `Struct` in this scope
[INFO] [stdout]   --> src/lib.rs:31:24
[INFO] [stdout]    |
[INFO] [stdout] 31 |         Schema::Struct(Struct { name, .. })
[INFO] [stdout]    |                        ^^^^^^ not found in this scope
[INFO] [stdout] 
[INFO] [stdout] 
[INFO] [stdout] error[E0412]: cannot find type `Schema` in this scope
[INFO] [stdout]   --> src/lib.rs:44:29
[INFO] [stdout]    |
[INFO] [stdout] 44 | fn type_post_array(schema: &Schema) -> String {
[INFO] [stdout]    |                             ^^^^^^ not found in this scope
[INFO] [stdout] 
[INFO] [stdout] 
[INFO] [stdout] error[E0412]: cannot find type `Struct` in this scope
[INFO] [stdout]   --> src/lib.rs:66:13
[INFO] [stdout]    |
[INFO] [stdout] 66 |     struc: &Struct,
[INFO] [stdout]    |             ^^^^^^ not found in this scope
[INFO] [stdout] 
[INFO] [stdout] 
[INFO] [stdout] error[E0412]: cannot find type `Name` in this scope
[INFO] [stdout]   --> src/lib.rs:67:20
[INFO] [stdout]    |
[INFO] [stdout] 64 | fn write_struct(
[INFO] [stdout]    |                - help: you might be missing a type parameter: `<Name>`
[INFO] [stdout] ...
[INFO] [stdout] 67 |     base: Option<(&Name, usize)>,
[INFO] [stdout]    |                    ^^^^ not found in this scope
[INFO] [stdout] 
[INFO] [stdout] 
[INFO] [stdout] error[E0412]: cannot find type `Schema` in this scope
[INFO] [stdout]    --> src/lib.rs:110:61
[INFO] [stdout]     |
[INFO] [stdout] 110 |         fn write(writer: &mut Writer, value: &str, schema: &Schema) -> std::fmt::Result {
[INFO] [stdout]     |                                                             ^^^^^^ not found in this scope
[INFO] [stdout] 
[INFO] [stdout] 
[INFO] [stdout] error[E0412]: cannot find type `Schema` in this scope
[INFO] [stdout]    --> src/lib.rs:196:51
[INFO] [stdout]     |
[INFO] [stdout] 196 |             fn read(writer: &mut Writer, schema: &Schema) -> std::fmt::Result {
[INFO] [stdout]     |                                                   ^^^^^^ not found in this scope
[INFO] [stdout] 
[INFO] [stdout] 
[INFO] [stdout] error[E0422]: cannot find struct, variant or union type `Struct` in this scope
[INFO] [stdout]    --> src/lib.rs:216:36
[INFO] [stdout]     |
[INFO] [stdout] 216 |                     Schema::Struct(Struct { name, .. })
[INFO] [stdout]     |                                    ^^^^^^ not found in this scope
[INFO] [stdout] 
[INFO] [stdout] 
[INFO] [stdout] error[E0412]: cannot find type `Schema` in this scope
[INFO] [stdout]    --> src/lib.rs:283:37
[INFO] [stdout]     |
[INFO] [stdout] 283 |     fn add_only(&mut self, schema: &Schema) {
[INFO] [stdout]     |                                     ^^^^^^ not found in this scope
[INFO] [stdout] 
[INFO] [stdout] 
[INFO] [stdout] warning: unused import: `std::collections::HashMap`
[INFO] [stdout]  --> src/lib.rs:1:5
[INFO] [stdout]   |
[INFO] [stdout] 1 | use std::collections::HashMap;
[INFO] [stdout]   |     ^^^^^^^^^^^^^^^^^^^^^^^^^
[INFO] [stdout]   |
[INFO] [stdout]   = note: `#[warn(unused_imports)]` on by default
[INFO] [stdout] 
[INFO] [stdout] 
[INFO] [stdout] error[E0432]: unresolved import `trans_gen_core::trans_schema`
[INFO] [stdout]  --> src/lib.rs:3:21
[INFO] [stdout]   |
[INFO] [stdout] 3 | use trans_gen_core::trans_schema::*;
[INFO] [stdout]   |                     ^^^^^^^^^^^^ could not find `trans_schema` in `trans_gen_core`
[INFO] [stdout] 
[INFO] [stdout] 
[INFO] [stdout] error[E0433]: failed to resolve: use of undeclared type or module `Schema`
[INFO] [stdout]   --> src/lib.rs:25:9
[INFO] [stdout]    |
[INFO] [stdout] 25 |         Schema::Bool => "bool".to_owned(),
[INFO] [stdout]    |         ^^^^^^ use of undeclared type or module `Schema`
[INFO] [stdout] 
[INFO] [stdout] 
[INFO] [stdout] error[E0433]: failed to resolve: use of undeclared type or module `Schema`
[INFO] [stdout]   --> src/lib.rs:26:9
[INFO] [stdout]    |
[INFO] [stdout] 26 |         Schema::Int32 => "int".to_owned(),
[INFO] [stdout]    |         ^^^^^^ use of undeclared type or module `Schema`
[INFO] [stdout] 
[INFO] [stdout] 
[INFO] [stdout] error[E0433]: failed to resolve: use of undeclared type or module `Schema`
[INFO] [stdout]   --> src/lib.rs:27:9
[INFO] [stdout]    |
[INFO] [stdout] 27 |         Schema::Int64 => "long".to_owned(),
[INFO] [stdout]    |         ^^^^^^ use of undeclared type or module `Schema`
[INFO] [stdout] 
[INFO] [stdout] 
[INFO] [stdout] error[E0433]: failed to resolve: use of undeclared type or module `Schema`
[INFO] [stdout]   --> src/lib.rs:28:9
[INFO] [stdout]    |
[INFO] [stdout] 28 |         Schema::Float32 => "single".to_owned(),
[INFO] [stdout]    |         ^^^^^^ use of undeclared type or module `Schema`
[INFO] [stdout] 
[INFO] [stdout] 
[INFO] [stdout] error[E0433]: failed to resolve: use of undeclared type or module `Schema`
[INFO] [stdout]   --> src/lib.rs:29:9
[INFO] [stdout]    |
[INFO] [stdout] 29 |         Schema::Float64 => "double".to_owned(),
[INFO] [stdout]    |         ^^^^^^ use of undeclared type or module `Schema`
[INFO] [stdout] 
[INFO] [stdout] 
[INFO] [stdout] error[E0433]: failed to resolve: use of undeclared type or module `Schema`
[INFO] [stdout]   --> src/lib.rs:30:9
[INFO] [stdout]    |
[INFO] [stdout] 30 |         Schema::String => "string".to_owned(),
[INFO] [stdout]    |         ^^^^^^ use of undeclared type or module `Schema`
[INFO] [stdout] 
[INFO] [stdout] 
[INFO] [stdout] error[E0433]: failed to resolve: use of undeclared type or module `Schema`
[INFO] [stdout]   --> src/lib.rs:31:9
[INFO] [stdout]    |
[INFO] [stdout] 31 |         Schema::Struct(Struct { name, .. })
[INFO] [stdout]    |         ^^^^^^ use of undeclared type or module `Schema`
[INFO] [stdout] 
[INFO] [stdout] 
[INFO] [stdout] error[E0433]: failed to resolve: use of undeclared type or module `Schema`
[INFO] [stdout]   --> src/lib.rs:32:11
[INFO] [stdout]    |
[INFO] [stdout] 32 |         | Schema::OneOf {
[INFO] [stdout]    |           ^^^^^^ use of undeclared type or module `Schema`
[INFO] [stdout] 
[INFO] [stdout] 
[INFO] [stdout] error[E0433]: failed to resolve: use of undeclared type or module `Schema`
[INFO] [stdout]   --> src/lib.rs:35:11
[INFO] [stdout]    |
[INFO] [stdout] 35 |         | Schema::Enum {
[INFO] [stdout]    |           ^^^^^^ use of undeclared type or module `Schema`
[INFO] [stdout] 
[INFO] [stdout] 
[INFO] [stdout] error[E0433]: failed to resolve: use of undeclared type or module `Schema`
[INFO] [stdout]   --> src/lib.rs:38:9
[INFO] [stdout]    |
[INFO] [stdout] 38 |         Schema::Option(inner) => format!("option<{}>", type_name(inner)),
[INFO] [stdout]    |         ^^^^^^ use of undeclared type or module `Schema`
[INFO] [stdout] 
[INFO] [stdout] 
[INFO] [stdout] error[E0433]: failed to resolve: use of undeclared type or module `Schema`
[INFO] [stdout]   --> src/lib.rs:39:9
[INFO] [stdout]    |
[INFO] [stdout] 39 |         Schema::Vec(inner) => type_name_prearray(inner),
[INFO] [stdout]    |         ^^^^^^ use of undeclared type or module `Schema`
[INFO] [stdout] 
[INFO] [stdout] 
[INFO] [stdout] error[E0433]: failed to resolve: use of undeclared type or module `Schema`
[INFO] [stdout]   --> src/lib.rs:40:9
[INFO] [stdout]    |
[INFO] [stdout] 40 |         Schema::Map(key, value) => format!("Map<{}, {}>", type_name(key), type_name(value)),
[INFO] [stdout]    |         ^^^^^^ use of undeclared type or module `Schema`
[INFO] [stdout] 
[INFO] [stdout] 
[INFO] [stdout] error[E0433]: failed to resolve: use of undeclared type or module `Schema`
[INFO] [stdout]   --> src/lib.rs:46:9
[INFO] [stdout]    |
[INFO] [stdout] 46 |         Schema::Vec(inner) => format!("[]{}", type_post_array(inner)),
[INFO] [stdout]    |         ^^^^^^ use of undeclared type or module `Schema`
[INFO] [stdout] 
[INFO] [stdout] 
[INFO] [stdout] error[E0433]: failed to resolve: use of undeclared type or module `Schema`
[INFO] [stdout]    --> src/lib.rs:112:17
[INFO] [stdout]     |
[INFO] [stdout] 112 |                 Schema::Bool => {
[INFO] [stdout]     |                 ^^^^^^ use of undeclared type or module `Schema`
[INFO] [stdout] 
[INFO] [stdout] 
[INFO] [stdout] error[E0433]: failed to resolve: use of undeclared type or module `Schema`
[INFO] [stdout]    --> src/lib.rs:115:17
[INFO] [stdout]     |
[INFO] [stdout] 115 |                 Schema::Int32 => {
[INFO] [stdout]     |                 ^^^^^^ use of undeclared type or module `Schema`
[INFO] [stdout] 
[INFO] [stdout] 
[INFO] [stdout] error[E0433]: failed to resolve: use of undeclared type or module `Schema`
[INFO] [stdout]    --> src/lib.rs:118:17
[INFO] [stdout]     |
[INFO] [stdout] 118 |                 Schema::Int64 => {
[INFO] [stdout]     |                 ^^^^^^ use of undeclared type or module `Schema`
[INFO] [stdout] 
[INFO] [stdout] 
[INFO] [stdout] error[E0433]: failed to resolve: use of undeclared type or module `Schema`
[INFO] [stdout]    --> src/lib.rs:121:17
[INFO] [stdout]     |
[INFO] [stdout] 121 |                 Schema::Float32 => {
[INFO] [stdout]     |                 ^^^^^^ use of undeclared type or module `Schema`
[INFO] [stdout] 
[INFO] [stdout] 
[INFO] [stdout] error[E0433]: failed to resolve: use of undeclared type or module `Schema`
[INFO] [stdout]    --> src/lib.rs:124:17
[INFO] [stdout]     |
[INFO] [stdout] 124 |                 Schema::Float64 => {
[INFO] [stdout]     |                 ^^^^^^ use of undeclared type or module `Schema`
[INFO] [stdout] 
[INFO] [stdout] 
[INFO] [stdout] error[E0433]: failed to resolve: use of undeclared type or module `Schema`
[INFO] [stdout]    --> src/lib.rs:127:17
[INFO] [stdout]     |
[INFO] [stdout] 127 |                 Schema::String => {
[INFO] [stdout]     |                 ^^^^^^ use of undeclared type or module `Schema`
[INFO] [stdout] 
[INFO] [stdout] 
[INFO] [stdout] error[E0433]: failed to resolve: use of undeclared type or module `Schema`
[INFO] [stdout]    --> src/lib.rs:137:17
[INFO] [stdout]     |
[INFO] [stdout] 137 |                 Schema::Struct(_) | Schema::OneOf { .. } => {
[INFO] [stdout]     |                 ^^^^^^ use of undeclared type or module `Schema`
[INFO] [stdout] 
[INFO] [stdout] 
[INFO] [stdout] error[E0433]: failed to resolve: use of undeclared type or module `Schema`
[INFO] [stdout]    --> src/lib.rs:137:37
[INFO] [stdout]     |
[INFO] [stdout] 137 |                 Schema::Struct(_) | Schema::OneOf { .. } => {
[INFO] [stdout]     |                                     ^^^^^^ use of undeclared type or module `Schema`
[INFO] [stdout] 
[INFO] [stdout] 
[INFO] [stdout] error[E0433]: failed to resolve: use of undeclared type or module `Schema`
[INFO] [stdout]    --> src/lib.rs:140:17
[INFO] [stdout]     |
[INFO] [stdout] 140 |                 Schema::Option(inner) => {
[INFO] [stdout]     |                 ^^^^^^ use of undeclared type or module `Schema`
[INFO] [stdout] 
[INFO] [stdout] 
[INFO] [stdout] error[E0433]: failed to resolve: use of undeclared type or module `Schema`
[INFO] [stdout]    --> src/lib.rs:151:17
[INFO] [stdout]     |
[INFO] [stdout] 151 |                 Schema::Vec(inner) => {
[INFO] [stdout]     |                 ^^^^^^ use of undeclared type or module `Schema`
[INFO] [stdout] 
[INFO] [stdout] 
[INFO] [stdout] error[E0433]: failed to resolve: use of undeclared type or module `Schema`
[INFO] [stdout]    --> src/lib.rs:159:17
[INFO] [stdout]     |
[INFO] [stdout] 159 |                 Schema::Map(key_type, value_type) => {
[INFO] [stdout]     |                 ^^^^^^ use of undeclared type or module `Schema`
[INFO] [stdout] 
[INFO] [stdout] 
[INFO] [stdout] error[E0433]: failed to resolve: use of undeclared type or module `Schema`
[INFO] [stdout]    --> src/lib.rs:168:17
[INFO] [stdout]     |
[INFO] [stdout] 168 |                 Schema::Enum { .. } => {
[INFO] [stdout]     |                 ^^^^^^ use of undeclared type or module `Schema`
[INFO] [stdout] 
[INFO] [stdout] 
[INFO] [stdout] error[E0433]: failed to resolve: use of undeclared type or module `Schema`
[INFO] [stdout]    --> src/lib.rs:198:21
[INFO] [stdout]     |
[INFO] [stdout] 198 |                     Schema::Bool => {
[INFO] [stdout]     |                     ^^^^^^ use of undeclared type or module `Schema`
[INFO] [stdout] 
[INFO] [stdout] 
[INFO] [stdout] error[E0433]: failed to resolve: use of undeclared type or module `Schema`
[INFO] [stdout]    --> src/lib.rs:201:21
[INFO] [stdout]     |
[INFO] [stdout] 201 |                     Schema::Int32 => {
[INFO] [stdout]     |                     ^^^^^^ use of undeclared type or module `Schema`
[INFO] [stdout] 
[INFO] [stdout] 
[INFO] [stdout] error[E0433]: failed to resolve: use of undeclared type or module `Schema`
[INFO] [stdout]    --> src/lib.rs:204:21
[INFO] [stdout]     |
[INFO] [stdout] 204 |                     Schema::Int64 => {
[INFO] [stdout]     |                     ^^^^^^ use of undeclared type or module `Schema`
[INFO] [stdout] 
[INFO] [stdout] 
[INFO] [stdout] error[E0433]: failed to resolve: use of undeclared type or module `Schema`
[INFO] [stdout]    --> src/lib.rs:207:21
[INFO] [stdout]     |
[INFO] [stdout] 207 |                     Schema::Float32 => {
[INFO] [stdout]     |                     ^^^^^^ use of undeclared type or module `Schema`
[INFO] [stdout] 
[INFO] [stdout] 
[INFO] [stdout] error[E0433]: failed to resolve: use of undeclared type or module `Schema`
[INFO] [stdout]    --> src/lib.rs:210:21
[INFO] [stdout]     |
[INFO] [stdout] 210 |                     Schema::Float64 => {
[INFO] [stdout]     |                     ^^^^^^ use of undeclared type or module `Schema`
[INFO] [stdout] 
[INFO] [stdout] 
[INFO] [stdout] error[E0433]: failed to resolve: use of undeclared type or module `Schema`
[INFO] [stdout]    --> src/lib.rs:213:21
[INFO] [stdout]     |
[INFO] [stdout] 213 |                     Schema::String => {
[INFO] [stdout]     |                     ^^^^^^ use of undeclared type or module `Schema`
[INFO] [stdout] 
[INFO] [stdout] 
[INFO] [stdout] error[E0433]: failed to resolve: use of undeclared type or module `Schema`
[INFO] [stdout]    --> src/lib.rs:216:21
[INFO] [stdout]     |
[INFO] [stdout] 216 |                     Schema::Struct(Struct { name, .. })
[INFO] [stdout]     |                     ^^^^^^ use of undeclared type or module `Schema`
[INFO] [stdout] 
[INFO] [stdout] 
[INFO] [stdout] error[E0433]: failed to resolve: use of undeclared type or module `Schema`
[INFO] [stdout]    --> src/lib.rs:217:23
[INFO] [stdout]     |
[INFO] [stdout] 217 |                     | Schema::OneOf {
[INFO] [stdout]     |                       ^^^^^^ use of undeclared type or module `Schema`
[INFO] [stdout] 
[INFO] [stdout] 
[INFO] [stdout] error[E0433]: failed to resolve: use of undeclared type or module `Schema`
[INFO] [stdout]    --> src/lib.rs:222:21
[INFO] [stdout]     |
[INFO] [stdout] 222 |                     Schema::Option(inner) => {
[INFO] [stdout]     |                     ^^^^^^ use of undeclared type or module `Schema`
[INFO] [stdout] 
[INFO] [stdout] 
[INFO] [stdout] error[E0433]: failed to resolve: use of undeclared type or module `Schema`
[INFO] [stdout]    --> src/lib.rs:236:21
[INFO] [stdout]     |
[INFO] [stdout] 236 |                     Schema::Vec(inner) => {
[INFO] [stdout]     |                     ^^^^^^ use of undeclared type or module `Schema`
[INFO] [stdout] 
[INFO] [stdout] 
[INFO] [stdout] error[E0433]: failed to resolve: use of undeclared type or module `Schema`
[INFO] [stdout]    --> src/lib.rs:244:21
[INFO] [stdout]     |
[INFO] [stdout] 244 |                     Schema::Map(key_type, value_type) => {
[INFO] [stdout]     |                     ^^^^^^ use of undeclared type or module `Schema`
[INFO] [stdout] 
[INFO] [stdout] 
[INFO] [stdout] error[E0433]: failed to resolve: use of undeclared type or module `Schema`
[INFO] [stdout]    --> src/lib.rs:255:21
[INFO] [stdout]     |
[INFO] [stdout] 255 |                     Schema::Enum { .. } => {
[INFO] [stdout]     |                     ^^^^^^ use of undeclared type or module `Schema`
[INFO] [stdout] 
[INFO] [stdout] 
[INFO] [stdout] error[E0433]: failed to resolve: use of undeclared type or module `Name`
[INFO] [stdout]    --> src/lib.rs:276:29
[INFO] [stdout]     |
[INFO] [stdout] 276 |             main_namespace: Name::new(name.to_owned()).camel_case(conv),
[INFO] [stdout]     |                             ^^^^ use of undeclared type or module `Name`
[INFO] [stdout] 
[INFO] [stdout] 
[INFO] [stdout] error[E0433]: failed to resolve: use of undeclared type or module `Schema`
[INFO] [stdout]    --> src/lib.rs:285:13
[INFO] [stdout]     |
[INFO] [stdout] 285 |             Schema::Enum {
[INFO] [stdout]     |             ^^^^^^ use of undeclared type or module `Schema`
[INFO] [stdout] 
[INFO] [stdout] 
[INFO] [stdout] error[E0433]: failed to resolve: use of undeclared type or module `Schema`
[INFO] [stdout]    --> src/lib.rs:304:13
[INFO] [stdout]     |
[INFO] [stdout] 304 |             Schema::Struct(struc) => {
[INFO] [stdout]     |             ^^^^^^ use of undeclared type or module `Schema`
[INFO] [stdout] 
[INFO] [stdout] 
[INFO] [stdout] error[E0433]: failed to resolve: use of undeclared type or module `Schema`
[INFO] [stdout]    --> src/lib.rs:315:13
[INFO] [stdout]     |
[INFO] [stdout] 315 |             Schema::OneOf {
[INFO] [stdout]     |             ^^^^^^ use of undeclared type or module `Schema`
[INFO] [stdout] 
[INFO] [stdout] 
[INFO] [stdout] error[E0433]: failed to resolve: use of undeclared type or module `Schema`
[INFO] [stdout]    --> src/lib.rs:395:13
[INFO] [stdout]     |
[INFO] [stdout] 395 |             Schema::Bool
[INFO] [stdout]     |             ^^^^^^ use of undeclared type or module `Schema`
[INFO] [stdout] 
[INFO] [stdout] 
[INFO] [stdout] error[E0433]: failed to resolve: use of undeclared type or module `Schema`
[INFO] [stdout]    --> src/lib.rs:396:15
[INFO] [stdout]     |
[INFO] [stdout] 396 |             | Schema::Int32
[INFO] [stdout]     |               ^^^^^^ use of undeclared type or module `Schema`
[INFO] [stdout] 
[INFO] [stdout] 
[INFO] [stdout] error[E0433]: failed to resolve: use of undeclared type or module `Schema`
[INFO] [stdout]    --> src/lib.rs:397:15
[INFO] [stdout]     |
[INFO] [stdout] 397 |             | Schema::Int64
[INFO] [stdout]     |               ^^^^^^ use of undeclared type or module `Schema`
[INFO] [stdout] 
[INFO] [stdout] 
[INFO] [stdout] error[E0433]: failed to resolve: use of undeclared type or module `Schema`
[INFO] [stdout]    --> src/lib.rs:398:15
[INFO] [stdout]     |
[INFO] [stdout] 398 |             | Schema::Float32
[INFO] [stdout]     |               ^^^^^^ use of undeclared type or module `Schema`
[INFO] [stdout] 
[INFO] [stdout] 
[INFO] [stdout] error[E0433]: failed to resolve: use of undeclared type or module `Schema`
[INFO] [stdout]    --> src/lib.rs:399:15
[INFO] [stdout]     |
[INFO] [stdout] 399 |             | Schema::Float64
[INFO] [stdout]     |               ^^^^^^ use of undeclared type or module `Schema`
[INFO] [stdout] 
[INFO] [stdout] 
[INFO] [stdout] error[E0433]: failed to resolve: use of undeclared type or module `Schema`
[INFO] [stdout]    --> src/lib.rs:400:15
[INFO] [stdout]     |
[INFO] [stdout] 400 |             | Schema::String
[INFO] [stdout]     |               ^^^^^^ use of undeclared type or module `Schema`
[INFO] [stdout] 
[INFO] [stdout] 
[INFO] [stdout] error[E0433]: failed to resolve: use of undeclared type or module `Schema`
[INFO] [stdout]    --> src/lib.rs:401:15
[INFO] [stdout]     |
[INFO] [stdout] 401 |             | Schema::Option(_)
[INFO] [stdout]     |               ^^^^^^ use of undeclared type or module `Schema`
[INFO] [stdout] 
[INFO] [stdout] 
[INFO] [stdout] error[E0433]: failed to resolve: use of undeclared type or module `Schema`
[INFO] [stdout]    --> src/lib.rs:402:15
[INFO] [stdout]     |
[INFO] [stdout] 402 |             | Schema::Vec(_)
[INFO] [stdout]     |               ^^^^^^ use of undeclared type or module `Schema`
[INFO] [stdout] 
[INFO] [stdout] 
[INFO] [stdout] error[E0433]: failed to resolve: use of undeclared type or module `Schema`
[INFO] [stdout]    --> src/lib.rs:403:15
[INFO] [stdout]     |
[INFO] [stdout] 403 |             | Schema::Map(_, _) => {}
[INFO] [stdout]     |               ^^^^^^ use of undeclared type or module `Schema`
[INFO] [stdout] 
[INFO] [stdout] 
[INFO] [stdout] error[E0412]: cannot find type `Schema` in this scope
[INFO] [stdout]   --> src/lib.rs:19:23
[INFO] [stdout]    |
[INFO] [stdout] 19 | fn type_name(schema: &Schema) -> String {
[INFO] [stdout]    |                       ^^^^^^ not found in this scope
[INFO] [stdout] 
[INFO] [stdout] 
[INFO] [stdout] error[E0412]: cannot find type `Schema` in this scope
[INFO] [stdout]   --> src/lib.rs:23:32
[INFO] [stdout]    |
[INFO] [stdout] 23 | fn type_name_prearray(schema: &Schema) -> String {
[INFO] [stdout]    |                                ^^^^^^ not found in this scope
[INFO] [stdout] 
[INFO] [stdout] 
[INFO] [stdout] error[E0422]: cannot find struct, variant or union type `Struct` in this scope
[INFO] [stdout]   --> src/lib.rs:31:24
[INFO] [stdout]    |
[INFO] [stdout] 31 |         Schema::Struct(Struct { name, .. })
[INFO] [stdout]    |                        ^^^^^^ not found in this scope
[INFO] [stdout] 
[INFO] [stdout] 
[INFO] [stdout] error[E0412]: cannot find type `Schema` in this scope
[INFO] [stdout]   --> src/lib.rs:44:29
[INFO] [stdout]    |
[INFO] [stdout] 44 | fn type_post_array(schema: &Schema) -> String {
[INFO] [stdout]    |                             ^^^^^^ not found in this scope
[INFO] [stdout] 
[INFO] [stdout] 
[INFO] [stdout] error[E0412]: cannot find type `Struct` in this scope
[INFO] [stdout]   --> src/lib.rs:66:13
[INFO] [stdout]    |
[INFO] [stdout] 66 |     struc: &Struct,
[INFO] [stdout]    |             ^^^^^^ not found in this scope
[INFO] [stdout] 
[INFO] [stdout] 
[INFO] [stdout] error[E0412]: cannot find type `Name` in this scope
[INFO] [stdout]   --> src/lib.rs:67:20
[INFO] [stdout]    |
[INFO] [stdout] 64 | fn write_struct(
[INFO] [stdout]    |                - help: you might be missing a type parameter: `<Name>`
[INFO] [stdout] ...
[INFO] [stdout] 67 |     base: Option<(&Name, usize)>,
[INFO] [stdout]    |                    ^^^^ not found in this scope
[INFO] [stdout] 
[INFO] [stdout] 
[INFO] [stdout] error[E0412]: cannot find type `Schema` in this scope
[INFO] [stdout]    --> src/lib.rs:110:61
[INFO] [stdout]     |
[INFO] [stdout] 110 |         fn write(writer: &mut Writer, value: &str, schema: &Schema) -> std::fmt::Result {
[INFO] [stdout]     |                                                             ^^^^^^ not found in this scope
[INFO] [stdout] 
[INFO] [stdout] 
[INFO] [stdout] error[E0412]: cannot find type `Schema` in this scope
[INFO] [stdout]    --> src/lib.rs:196:51
[INFO] [stdout]     |
[INFO] [stdout] 196 |             fn read(writer: &mut Writer, schema: &Schema) -> std::fmt::Result {
[INFO] [stdout]     |                                                   ^^^^^^ not found in this scope
[INFO] [stdout] 
[INFO] [stdout] 
[INFO] [stdout] error[E0422]: cannot find struct, variant or union type `Struct` in this scope
[INFO] [stdout]    --> src/lib.rs:216:36
[INFO] [stdout]     |
[INFO] [stdout] 216 |                     Schema::Struct(Struct { name, .. })
[INFO] [stdout]     |                                    ^^^^^^ not found in this scope
[INFO] [stdout] 
[INFO] [stdout] 
[INFO] [stdout] error[E0412]: cannot find type `Schema` in this scope
[INFO] [stdout]    --> src/lib.rs:283:37
[INFO] [stdout]     |
[INFO] [stdout] 283 |     fn add_only(&mut self, schema: &Schema) {
[INFO] [stdout]     |                                     ^^^^^^ not found in this scope
[INFO] [stdout] 
[INFO] [stdout] 
[INFO] [stdout] warning: unused import: `std::collections::HashMap`
[INFO] [stdout]  --> src/lib.rs:1:5
[INFO] [stdout]   |
[INFO] [stdout] 1 | use std::collections::HashMap;
[INFO] [stdout]   |     ^^^^^^^^^^^^^^^^^^^^^^^^^
[INFO] [stdout]   |
[INFO] [stdout]   = note: `#[warn(unused_imports)]` on by default
[INFO] [stdout] 
[INFO] [stdout] 
[INFO] [stdout] error: aborting due to 61 previous errors; 1 warning emitted
[INFO] [stdout] 
[INFO] [stdout] 
[INFO] [stdout] Some errors have detailed explanations: E0412, E0422, E0432, E0433.
[INFO] [stdout] 
[INFO] [stdout] For more information about an error, try `rustc --explain E0412`.
[INFO] [stdout] 
[INFO] [stderr] error: could not compile `trans-gen-fsharp`.
[INFO] [stderr] 
[INFO] [stderr] To learn more, run the command again with --verbose.
[INFO] [stderr] warning: build failed, waiting for other jobs to finish...
[INFO] [stdout] error: aborting due to 61 previous errors; 1 warning emitted
[INFO] [stdout] 
[INFO] [stdout] 
[INFO] [stdout] Some errors have detailed explanations: E0412, E0422, E0432, E0433.
[INFO] [stdout] 
[INFO] [stdout] For more information about an error, try `rustc --explain E0412`.
[INFO] [stdout] 
[INFO] [stderr] error: build failed
[INFO] running `Command { std: "docker" "inspect" "36713a2acb5e58ff19866146b7f785195a91d85c4364c96fe005bca75090333e", kill_on_drop: false }`
[INFO] running `Command { std: "docker" "rm" "-f" "36713a2acb5e58ff19866146b7f785195a91d85c4364c96fe005bca75090333e", kill_on_drop: false }`
[INFO] [stdout] 36713a2acb5e58ff19866146b7f785195a91d85c4364c96fe005bca75090333e
