[INFO] fetching crate tiny_lib 0.0.2...
[INFO] checking tiny_lib-0.0.2 against beta-2020-07-24 for pr-75494-beta
[INFO] extracting crate tiny_lib 0.0.2 into /workspace/builds/worker-8/source
[INFO] validating manifest of crates.io crate tiny_lib 0.0.2 on toolchain beta-2020-07-24
[INFO] running `Command { std: "/workspace/cargo-home/bin/cargo" "+beta-2020-07-24" "read-manifest" "--manifest-path" "Cargo.toml", kill_on_drop: false }`
[INFO] started tweaking crates.io crate tiny_lib 0.0.2
[INFO] finished tweaking crates.io crate tiny_lib 0.0.2
[INFO] tweaked toml for crates.io crate tiny_lib 0.0.2 written to /workspace/builds/worker-8/source/Cargo.toml
[INFO] running `Command { std: "/workspace/cargo-home/bin/cargo" "+beta-2020-07-24" "generate-lockfile" "--manifest-path" "Cargo.toml" "-Zno-index-update", kill_on_drop: false }`
[INFO] running `Command { std: "/workspace/cargo-home/bin/cargo" "+beta-2020-07-24" "fetch" "--locked" "--manifest-path" "Cargo.toml", kill_on_drop: false }`
[INFO] [stderr]     Blocking waiting for file lock on package cache
[INFO] running `Command { std: "docker" "create" "-v" "/var/lib/crater-agent-workspace/builds/worker-8/target:/opt/rustwide/target:rw,Z" "-v" "/var/lib/crater-agent-workspace/builds/worker-8/source:/opt/rustwide/workdir:ro,Z" "-v" "/var/lib/crater-agent-workspace/cargo-home:/opt/rustwide/cargo-home:ro,Z" "-v" "/var/lib/crater-agent-workspace/rustup-home:/opt/rustwide/rustup-home:ro,Z" "-e" "SOURCE_DIR=/opt/rustwide/workdir" "-e" "CARGO_TARGET_DIR=/opt/rustwide/target" "-e" "CARGO_HOME=/opt/rustwide/cargo-home" "-e" "RUSTUP_HOME=/opt/rustwide/rustup-home" "-w" "/opt/rustwide/workdir" "-m" "1610612736" "--user" "0:0" "--network" "none" "rustops/crates-build-env@sha256:a636fd89d022f18117e1dc8fb37a0a009933cdbbe082814857f0e2024962d47c" "/opt/rustwide/cargo-home/bin/cargo" "+beta-2020-07-24" "metadata" "--no-deps" "--format-version=1", kill_on_drop: false }`
[INFO] [stdout] f13ca0e6e6a9f891946f6e922fb6c25d97b0f68213abcfb20b22a02140d537fb
[INFO] [stderr] WARNING: Your kernel does not support swap limit capabilities or the cgroup is not mounted. Memory limited without swap.
[INFO] running `Command { std: "docker" "start" "-a" "f13ca0e6e6a9f891946f6e922fb6c25d97b0f68213abcfb20b22a02140d537fb", kill_on_drop: false }`
[INFO] running `Command { std: "docker" "inspect" "f13ca0e6e6a9f891946f6e922fb6c25d97b0f68213abcfb20b22a02140d537fb", kill_on_drop: false }`
[INFO] running `Command { std: "docker" "rm" "-f" "f13ca0e6e6a9f891946f6e922fb6c25d97b0f68213abcfb20b22a02140d537fb", kill_on_drop: false }`
[INFO] [stdout] f13ca0e6e6a9f891946f6e922fb6c25d97b0f68213abcfb20b22a02140d537fb
[INFO] running `Command { std: "docker" "create" "-v" "/var/lib/crater-agent-workspace/builds/worker-8/target:/opt/rustwide/target:rw,Z" "-v" "/var/lib/crater-agent-workspace/builds/worker-8/source:/opt/rustwide/workdir:ro,Z" "-v" "/var/lib/crater-agent-workspace/cargo-home:/opt/rustwide/cargo-home:ro,Z" "-v" "/var/lib/crater-agent-workspace/rustup-home:/opt/rustwide/rustup-home:ro,Z" "-e" "SOURCE_DIR=/opt/rustwide/workdir" "-e" "CARGO_TARGET_DIR=/opt/rustwide/target" "-e" "CARGO_INCREMENTAL=0" "-e" "RUST_BACKTRACE=full" "-e" "RUSTFLAGS=--cap-lints=forbid" "-e" "CARGO_HOME=/opt/rustwide/cargo-home" "-e" "RUSTUP_HOME=/opt/rustwide/rustup-home" "-w" "/opt/rustwide/workdir" "-m" "1610612736" "--user" "0:0" "--network" "none" "rustops/crates-build-env@sha256:a636fd89d022f18117e1dc8fb37a0a009933cdbbe082814857f0e2024962d47c" "/opt/rustwide/cargo-home/bin/cargo" "+beta-2020-07-24" "check" "--frozen" "--all" "--all-targets" "--message-format=json", kill_on_drop: false }`
[INFO] [stdout] aff7461cbedc6de36cbe1117a4767928ad79cc13561f7e9c3596e22f7aafd766
[INFO] [stderr] WARNING: Your kernel does not support swap limit capabilities or the cgroup is not mounted. Memory limited without swap.
[INFO] running `Command { std: "docker" "start" "-a" "aff7461cbedc6de36cbe1117a4767928ad79cc13561f7e9c3596e22f7aafd766", kill_on_drop: false }`
[INFO] [stderr]     Checking tiny_lib v0.0.2 (/opt/rustwide/workdir)
[INFO] [stdout] error[E0554]: `#![feature]` may not be used on the beta release channel
[INFO] [stdout]  --> src/lib.rs:2:1
[INFO] [stdout]   |
[INFO] [stdout] 2 | #![feature(const_fn)]
[INFO] [stdout]   | ^^^^^^^^^^^^^^^^^^^^^
[INFO] [stdout] 
[INFO] [stdout] 
[INFO] [stdout] error[E0554]: `#![feature]` may not be used on the beta release channel
[INFO] [stdout]  --> src/lib.rs:3:1
[INFO] [stdout]   |
[INFO] [stdout] 3 | #![feature(const_if_match)]
[INFO] [stdout]   | ^^^^^^^^^^^^^^^^^^^^^^^^^^^
[INFO] [stdout] 
[INFO] [stdout] 
[INFO] [stdout] error[E0554]: `#![feature]` may not be used on the beta release channel
[INFO] [stdout]  --> src/lib.rs:4:1
[INFO] [stdout]   |
[INFO] [stdout] 4 | #![feature(clamp)]
[INFO] [stdout]   | ^^^^^^^^^^^^^^^^^^
[INFO] [stdout] 
[INFO] [stdout] 
[INFO] [stdout] error[E0554]: `#![feature]` may not be used on the beta release channel
[INFO] [stdout]  --> src/lib.rs:5:1
[INFO] [stdout]   |
[INFO] [stdout] 5 | #![feature(tau_constant)]
[INFO] [stdout]   | ^^^^^^^^^^^^^^^^^^^^^^^^^
[INFO] [stdout] 
[INFO] [stdout] 
[INFO] [stdout] error[E0554]: `#![feature]` may not be used on the beta release channel
[INFO] [stdout]  --> src/lib.rs:6:1
[INFO] [stdout]   |
[INFO] [stdout] 6 | #![feature(test)]
[INFO] [stdout]   | ^^^^^^^^^^^^^^^^^
[INFO] [stdout] 
[INFO] [stdout] 
[INFO] [stdout] error[E0554]: `#![feature]` may not be used on the beta release channel
[INFO] [stdout]  --> src/lib.rs:2:1
[INFO] [stdout]   |
[INFO] [stdout] 2 | #![feature(const_fn)]
[INFO] [stdout]   | ^^^^^^^^^^^^^^^^^^^^^
[INFO] [stdout] 
[INFO] [stdout] 
[INFO] [stdout] error[E0554]: `#![feature]` may not be used on the beta release channel
[INFO] [stdout]  --> src/lib.rs:3:1
[INFO] [stdout]   |
[INFO] [stdout] 3 | #![feature(const_if_match)]
[INFO] [stdout]   | ^^^^^^^^^^^^^^^^^^^^^^^^^^^
[INFO] [stdout] 
[INFO] [stdout] 
[INFO] [stdout] error[E0554]: `#![feature]` may not be used on the beta release channel
[INFO] [stdout]  --> src/lib.rs:4:1
[INFO] [stdout]   |
[INFO] [stdout] 4 | #![feature(clamp)]
[INFO] [stdout]   | ^^^^^^^^^^^^^^^^^^
[INFO] [stdout] 
[INFO] [stdout] 
[INFO] [stdout] error[E0554]: `#![feature]` may not be used on the beta release channel
[INFO] [stdout]  --> src/lib.rs:5:1
[INFO] [stdout]   |
[INFO] [stdout] 5 | #![feature(tau_constant)]
[INFO] [stdout]   | ^^^^^^^^^^^^^^^^^^^^^^^^^
[INFO] [stdout] 
[INFO] [stdout] 
[INFO] [stdout] error[E0554]: `#![feature]` may not be used on the beta release channel
[INFO] [stdout]  --> src/lib.rs:6:1
[INFO] [stdout]   |
[INFO] [stdout] 6 | #![feature(test)]
[INFO] [stdout]   | ^^^^^^^^^^^^^^^^^
[INFO] [stdout] 
[INFO] [stdout] 
[INFO] [stdout] warning: unused import: `test::Bencher`
[INFO] [stdout]   --> src/trig.rs:94:6
[INFO] [stdout]    |
[INFO] [stdout] 94 |     use test::Bencher;
[INFO] [stdout]    |         ^^^^^^^^^^^^^
[INFO] [stdout]    |
[INFO] [stdout]    = note: `#[warn(unused_imports)]` on by default
[INFO] [stdout] 
[INFO] [stdout] 
[INFO] [stdout] warning: unused import: `super::*`
[INFO] [stdout]   --> src/trig.rs:95:6
[INFO] [stdout]    |
[INFO] [stdout] 95 |     use super::*;
[INFO] [stdout]    |         ^^^^^^^^
[INFO] [stdout] 
[INFO] [stdout] 
[INFO] [stdout] error: aborting due to 5 previous errors
[INFO] [stdout] 
[INFO] [stdout] 
[INFO] [stdout] For more information about this error, try `rustc --explain E0554`.
[INFO] [stdout] 
[INFO] [stderr] error: could not compile `tiny_lib`.
[INFO] [stderr] 
[INFO] [stderr] To learn more, run the command again with --verbose.
[INFO] [stderr] warning: build failed, waiting for other jobs to finish...
[INFO] [stdout] error: aborting due to 5 previous errors; 2 warnings emitted
[INFO] [stdout] 
[INFO] [stdout] 
[INFO] [stdout] For more information about this error, try `rustc --explain E0554`.
[INFO] [stdout] 
[INFO] [stderr] error: build failed
[INFO] running `Command { std: "docker" "inspect" "aff7461cbedc6de36cbe1117a4767928ad79cc13561f7e9c3596e22f7aafd766", kill_on_drop: false }`
[INFO] running `Command { std: "docker" "rm" "-f" "aff7461cbedc6de36cbe1117a4767928ad79cc13561f7e9c3596e22f7aafd766", kill_on_drop: false }`
[INFO] [stdout] aff7461cbedc6de36cbe1117a4767928ad79cc13561f7e9c3596e22f7aafd766
