[INFO] fetching crate thruster 1.0.0...
[INFO] checking thruster-1.0.0 against beta-2020-07-24 for pr-75494-beta
[INFO] extracting crate thruster 1.0.0 into /workspace/builds/worker-9/source
[INFO] validating manifest of crates.io crate thruster 1.0.0 on toolchain beta-2020-07-24
[INFO] running `Command { std: "/workspace/cargo-home/bin/cargo" "+beta-2020-07-24" "read-manifest" "--manifest-path" "Cargo.toml", kill_on_drop: false }`
[INFO] started tweaking crates.io crate thruster 1.0.0
[INFO] removed 3 missing examples
[INFO] removed 0 missing tests
[INFO] finished tweaking crates.io crate thruster 1.0.0
[INFO] tweaked toml for crates.io crate thruster 1.0.0 written to /workspace/builds/worker-9/source/Cargo.toml
[INFO] crate crates.io crate thruster 1.0.0 already has a lockfile, it will not be regenerated
[INFO] running `Command { std: "/workspace/cargo-home/bin/cargo" "+beta-2020-07-24" "fetch" "--locked" "--manifest-path" "Cargo.toml", kill_on_drop: false }`
[INFO] [stderr]     Blocking waiting for file lock on package cache
[INFO] running `Command { std: "docker" "create" "-v" "/var/lib/crater-agent-workspace/builds/worker-9/target:/opt/rustwide/target:rw,Z" "-v" "/var/lib/crater-agent-workspace/builds/worker-9/source:/opt/rustwide/workdir:ro,Z" "-v" "/var/lib/crater-agent-workspace/cargo-home:/opt/rustwide/cargo-home:ro,Z" "-v" "/var/lib/crater-agent-workspace/rustup-home:/opt/rustwide/rustup-home:ro,Z" "-e" "SOURCE_DIR=/opt/rustwide/workdir" "-e" "CARGO_TARGET_DIR=/opt/rustwide/target" "-e" "CARGO_HOME=/opt/rustwide/cargo-home" "-e" "RUSTUP_HOME=/opt/rustwide/rustup-home" "-w" "/opt/rustwide/workdir" "-m" "1610612736" "--user" "0:0" "--network" "none" "rustops/crates-build-env@sha256:a636fd89d022f18117e1dc8fb37a0a009933cdbbe082814857f0e2024962d47c" "/opt/rustwide/cargo-home/bin/cargo" "+beta-2020-07-24" "metadata" "--no-deps" "--format-version=1", kill_on_drop: false }`
[INFO] [stdout] 061509610c2ed4c9835ce4a69d9e29654fcfb79251d0124b60613f51258f8e50
[INFO] [stderr] WARNING: Your kernel does not support swap limit capabilities or the cgroup is not mounted. Memory limited without swap.
[INFO] running `Command { std: "docker" "start" "-a" "061509610c2ed4c9835ce4a69d9e29654fcfb79251d0124b60613f51258f8e50", kill_on_drop: false }`
[INFO] running `Command { std: "docker" "inspect" "061509610c2ed4c9835ce4a69d9e29654fcfb79251d0124b60613f51258f8e50", kill_on_drop: false }`
[INFO] running `Command { std: "docker" "rm" "-f" "061509610c2ed4c9835ce4a69d9e29654fcfb79251d0124b60613f51258f8e50", kill_on_drop: false }`
[INFO] [stdout] 061509610c2ed4c9835ce4a69d9e29654fcfb79251d0124b60613f51258f8e50
[INFO] running `Command { std: "docker" "create" "-v" "/var/lib/crater-agent-workspace/builds/worker-9/target:/opt/rustwide/target:rw,Z" "-v" "/var/lib/crater-agent-workspace/builds/worker-9/source:/opt/rustwide/workdir:ro,Z" "-v" "/var/lib/crater-agent-workspace/cargo-home:/opt/rustwide/cargo-home:ro,Z" "-v" "/var/lib/crater-agent-workspace/rustup-home:/opt/rustwide/rustup-home:ro,Z" "-e" "SOURCE_DIR=/opt/rustwide/workdir" "-e" "CARGO_TARGET_DIR=/opt/rustwide/target" "-e" "CARGO_INCREMENTAL=0" "-e" "RUST_BACKTRACE=full" "-e" "RUSTFLAGS=--cap-lints=forbid" "-e" "CARGO_HOME=/opt/rustwide/cargo-home" "-e" "RUSTUP_HOME=/opt/rustwide/rustup-home" "-w" "/opt/rustwide/workdir" "-m" "1610612736" "--user" "0:0" "--network" "none" "rustops/crates-build-env@sha256:a636fd89d022f18117e1dc8fb37a0a009933cdbbe082814857f0e2024962d47c" "/opt/rustwide/cargo-home/bin/cargo" "+beta-2020-07-24" "check" "--frozen" "--all" "--all-targets" "--message-format=json", kill_on_drop: false }`
[INFO] [stdout] fbfc97805610a786e1cbbd8c79f2e412eb6c748a0eefb457e013ce1f6e29e155
[INFO] [stderr] WARNING: Your kernel does not support swap limit capabilities or the cgroup is not mounted. Memory limited without swap.
[INFO] running `Command { std: "docker" "start" "-a" "fbfc97805610a786e1cbbd8c79f2e412eb6c748a0eefb457e013ce1f6e29e155", kill_on_drop: false }`
[INFO] [stderr]    Compiling libc v0.2.73
[INFO] [stderr]    Compiling syn v1.0.35
[INFO] [stderr]    Compiling serde v1.0.114
[INFO] [stderr]    Compiling pin-project-internal v0.4.22
[INFO] [stderr]     Checking futures-core v0.3.5
[INFO] [stderr]    Compiling pkg-config v0.3.18
[INFO] [stderr]    Compiling serde_json v1.0.56
[INFO] [stderr]     Checking futures-sink v0.3.5
[INFO] [stderr]     Checking once_cell v1.4.0
[INFO] [stderr]    Compiling proc-macro-hack v0.5.16
[INFO] [stderr]     Checking fnv v1.0.7
[INFO] [stderr]     Checking smallvec v1.4.1
[INFO] [stderr]    Compiling serde_derive v1.0.114
[INFO] [stderr]     Checking rand_core v0.4.2
[INFO] [stderr]     Checking pin-utils v0.1.0
[INFO] [stderr]     Checking either v1.5.3
[INFO] [stderr]     Checking futures-io v0.3.5
[INFO] [stderr]     Checking arc-swap v0.4.7
[INFO] [stderr]    Compiling pq-sys v0.4.6
[INFO] [stderr]     Checking foreign-types-shared v0.1.1
[INFO] [stderr]    Compiling doc-comment v0.3.3
[INFO] [stderr]     Checking same-file v1.0.6
[INFO] [stderr]    Compiling crossbeam-utils v0.7.2
[INFO] [stderr]    Compiling rand_core v0.3.1
[INFO] [stderr]    Compiling memoffset v0.5.5
[INFO] [stderr]    Compiling crossbeam-epoch v0.8.2
[INFO] [stderr]    Compiling num-traits v0.2.12
[INFO] [stderr]    Compiling rayon v1.3.1
[INFO] [stderr]    Compiling rand_pcg v0.1.2
[INFO] [stderr]    Compiling rand_chacha v0.1.1
[INFO] [stderr]    Compiling rand v0.6.5
[INFO] [stderr]     Checking lock_api v0.4.1
[INFO] [stderr]     Checking futures-channel v0.3.5
[INFO] [stderr]     Checking http v0.2.1
[INFO] [stderr]     Checking futures-task v0.3.5
[INFO] [stderr]     Checking foreign-types v0.3.2
[INFO] [stderr]     Checking itertools v0.8.2
[INFO] [stderr]    Compiling rand_hc v0.1.0
[INFO] [stderr]    Compiling rand_xorshift v0.1.1
[INFO] [stderr]    Compiling rand_isaac v0.1.1
[INFO] [stderr]     Checking walkdir v2.3.1
[INFO] [stderr]     Checking log v0.4.11
[INFO] [stderr]     Checking csv-core v0.1.10
[INFO] [stderr]     Checking regex-automata v0.1.9
[INFO] [stderr]     Checking base64 v0.10.1
[INFO] [stderr]     Checking rand_xoshiro v0.1.0
[INFO] [stderr]     Checking smallvec v0.6.13
[INFO] [stderr]     Checking clap v2.33.1
[INFO] [stderr]    Compiling cast v0.2.3
[INFO] [stderr]     Checking regex v1.3.9
[INFO] [stderr]    Compiling syn v0.15.44
[INFO] [stderr]    Compiling openssl-sys v0.9.58
[INFO] [stderr]    Compiling rand_os v0.1.3
[INFO] [stderr]     Checking crossbeam-queue v0.2.3
[INFO] [stderr]     Checking iovec v0.1.4
[INFO] [stderr]     Checking num_cpus v1.13.0
[INFO] [stderr]     Checking net2 v0.2.34
[INFO] [stderr]     Checking parking_lot_core v0.8.0
[INFO] [stderr]     Checking signal-hook-registry v1.2.0
[INFO] [stderr]     Checking backtrace v0.3.50
[INFO] [stderr]     Checking atty v0.2.14
[INFO] [stderr]     Checking time v0.1.43
[INFO] [stderr]     Checking criterion-plot v0.3.1
[INFO] [stderr]     Checking bytes v0.4.12
[INFO] [stderr]     Checking crossbeam-deque v0.7.3
[INFO] [stderr]     Checking parking_lot v0.11.0
[INFO] [stderr]     Checking mio v0.6.22
[INFO] [stderr]     Checking rayon-core v1.7.1
[INFO] [stderr]    Compiling openssl v0.10.30
[INFO] [stderr]     Checking http v0.1.21
[INFO] [stderr]     Checking templatify v0.2.3
[INFO] [stderr]     Checking scheduled-thread-pool v0.2.5
[INFO] [stderr]     Checking env_logger v0.7.1
[INFO] [stderr]     Checking r2d2 v0.8.9
[INFO] [stderr]    Compiling uuid v0.7.4
[INFO] [stderr]     Checking mio-uds v0.6.8
[INFO] [stderr]     Checking bstr v0.2.13
[INFO] [stderr]    Compiling thruster-proc v1.0.0
[INFO] [stderr]    Compiling snafu-derive v0.4.4
[INFO] [stderr]     Checking csv v1.1.3
[INFO] [stderr]     Checking tinytemplate v1.1.0
[INFO] [stderr]     Checking frank_jwt v3.1.2
[INFO] [stderr]    Compiling synstructure v0.12.4
[INFO] [stderr]     Checking snafu v0.4.4
[INFO] [stderr]    Compiling futures-macro v0.3.5
[INFO] [stderr]    Compiling tokio-macros v0.2.5
[INFO] [stderr]    Compiling failure_derive v0.1.8
[INFO] [stderr]    Compiling diesel_derives v1.4.1
[INFO] [stderr]    Compiling async-trait v0.1.36
[INFO] [stderr]     Checking tokio v0.2.21
[INFO] [stderr]     Checking failure v0.1.8
[INFO] [stderr]     Checking dotenv v0.13.0
[INFO] [stderr]     Checking pin-project v0.4.22
[INFO] [stderr]     Checking futures-util v0.3.5
[INFO] [stderr]     Checking diesel v1.4.5
[INFO] [stderr]     Checking criterion v0.2.11
[INFO] [stderr]     Checking tokio-util v0.2.0
[INFO] [stderr]     Checking futures-executor v0.3.5
[INFO] [stderr]     Checking futures v0.3.5
[INFO] [stderr]     Checking thruster v1.0.0 (/opt/rustwide/workdir)
[INFO] [stdout] error[E0432]: unresolved import `thruster::ssl_server`
[INFO] [stdout]  --> examples/most_basic_ssl/main.rs:2:15
[INFO] [stdout]   |
[INFO] [stdout] 2 | use thruster::ssl_server::SSLServer;
[INFO] [stdout]   |               ^^^^^^^^^^ could not find `ssl_server` in `thruster`
[INFO] [stdout] 
[INFO] [stdout] 
[INFO] [stdout] warning: unused import: `thruster::ThrusterServer`
[INFO] [stdout]  --> examples/most_basic_ssl/main.rs:3:5
[INFO] [stdout]   |
[INFO] [stdout] 3 | use thruster::ThrusterServer;
[INFO] [stdout]   |     ^^^^^^^^^^^^^^^^^^^^^^^^
[INFO] [stdout]   |
[INFO] [stdout]   = note: `#[warn(unused_imports)]` on by default
[INFO] [stdout] 
[INFO] [stdout] 
[INFO] [stdout] error: aborting due to previous error; 1 warning emitted
[INFO] [stdout] 
[INFO] [stdout] 
[INFO] [stdout] For more information about this error, try `rustc --explain E0432`.
[INFO] [stdout] 
[INFO] [stdout] error[E0432]: unresolved import `thruster::context::basic_hyper_context`
[INFO] [stdout]  --> examples/hyper_most_basic_ssl/main.rs:2:24
[INFO] [stdout]   |
[INFO] [stdout] 2 | use thruster::context::basic_hyper_context::{
[INFO] [stdout]   |                        ^^^^^^^^^^^^^^^^^^^ could not find `basic_hyper_context` in `context`
[INFO] [stdout] 
[INFO] [stdout] 
[INFO] [stderr] error: could not compile `thruster`.
[INFO] [stderr] 
[INFO] [stderr] To learn more, run the command again with --verbose.
[INFO] [stderr] warning: build failed, waiting for other jobs to finish...
[INFO] [stdout] error[E0432]: unresolved import `thruster::ssl_hyper_server`
[INFO] [stdout]  --> examples/hyper_most_basic_ssl/main.rs:5:15
[INFO] [stdout]   |
[INFO] [stdout] 5 | use thruster::ssl_hyper_server::SSLHyperServer;
[INFO] [stdout]   |               ^^^^^^^^^^^^^^^^ could not find `ssl_hyper_server` in `thruster`
[INFO] [stdout] 
[INFO] [stdout] 
[INFO] [stdout] error[E0432]: unresolved import `thruster::context::basic_hyper_context`
[INFO] [stdout]   --> examples/static_file/main.rs:15:24
[INFO] [stdout]    |
[INFO] [stdout] 15 | use thruster::context::basic_hyper_context::{
[INFO] [stdout]    |                        ^^^^^^^^^^^^^^^^^^^ could not find `basic_hyper_context` in `context`
[INFO] [stdout] 
[INFO] [stdout] 
[INFO] [stdout] error[E0432]: unresolved import `thruster::hyper_server`
[INFO] [stdout]   --> examples/static_file/main.rs:18:15
[INFO] [stdout]    |
[INFO] [stdout] 18 | use thruster::hyper_server::HyperServer;
[INFO] [stdout]    |               ^^^^^^^^^^^^ could not find `hyper_server` in `thruster`
[INFO] [stdout] 
[INFO] [stdout] 
[INFO] [stdout] error[E0432]: unresolved import `thruster::middleware::file`
[INFO] [stdout]   --> examples/static_file/main.rs:19:27
[INFO] [stdout]    |
[INFO] [stdout] 19 | use thruster::middleware::file::{file, get_file};
[INFO] [stdout]    |                           ^^^^ could not find `file` in `middleware`
[INFO] [stdout] 
[INFO] [stdout] 
[INFO] [stdout] error[E0432]: unresolved import `hyper`
[INFO] [stdout]   --> examples/static_file/main.rs:13:5
[INFO] [stdout]    |
[INFO] [stdout] 13 | use hyper::Body;
[INFO] [stdout]    |     ^^^^^ use of undeclared type or module `hyper`
[INFO] [stdout] 
[INFO] [stdout] 
[INFO] [stdout] error: cannot determine resolution for the macro `file`
[INFO] [stdout]   --> examples/static_file/main.rs:33:5
[INFO] [stdout]    |
[INFO] [stdout] 33 |     info!("Starting server...");
[INFO] [stdout]    |     ^^^^^^^^^^^^^^^^^^^^^^^^^^^^
[INFO] [stdout]    |
[INFO] [stdout]    = note: import resolution is stuck, try simplifying macro imports
[INFO] [stdout]    = note: this error originates in a macro (in Nightly builds, run with -Z macro-backtrace for more info)
[INFO] [stdout] 
[INFO] [stdout] 
[INFO] [stdout] warning: unused import: `ThrusterServer`
[INFO] [stdout]   --> examples/static_file/main.rs:21:21
[INFO] [stdout]    |
[INFO] [stdout] 21 | use thruster::{App, ThrusterServer};
[INFO] [stdout]    |                     ^^^^^^^^^^^^^^
[INFO] [stdout]    |
[INFO] [stdout]    = note: `#[warn(unused_imports)]` on by default
[INFO] [stdout] 
[INFO] [stdout] 
[INFO] [stdout] error: aborting due to 5 previous errors; 1 warning emitted
[INFO] [stdout] 
[INFO] [stdout] 
[INFO] [stdout] For more information about this error, try `rustc --explain E0432`.
[INFO] [stdout] 
[INFO] [stdout] warning: unused import: `thruster::ThrusterServer`
[INFO] [stdout]  --> examples/hyper_most_basic_ssl/main.rs:7:5
[INFO] [stdout]   |
[INFO] [stdout] 7 | use thruster::ThrusterServer;
[INFO] [stdout]   |     ^^^^^^^^^^^^^^^^^^^^^^^^
[INFO] [stdout]   |
[INFO] [stdout]   = note: `#[warn(unused_imports)]` on by default
[INFO] [stdout] 
[INFO] [stdout] 
[INFO] [stdout] error: aborting due to 2 previous errors; 1 warning emitted
[INFO] [stdout] 
[INFO] [stdout] 
[INFO] [stdout] For more information about this error, try `rustc --explain E0432`.
[INFO] [stdout] 
[INFO] [stderr] error: build failed
[INFO] running `Command { std: "docker" "inspect" "fbfc97805610a786e1cbbd8c79f2e412eb6c748a0eefb457e013ce1f6e29e155", kill_on_drop: false }`
[INFO] running `Command { std: "docker" "rm" "-f" "fbfc97805610a786e1cbbd8c79f2e412eb6c748a0eefb457e013ce1f6e29e155", kill_on_drop: false }`
[INFO] [stdout] fbfc97805610a786e1cbbd8c79f2e412eb6c748a0eefb457e013ce1f6e29e155
