[INFO] fetching crate term_fb 0.0.1...
[INFO] checking term_fb-0.0.1 against beta-2020-07-24 for pr-75494-beta
[INFO] extracting crate term_fb 0.0.1 into /workspace/builds/worker-9/source
[INFO] validating manifest of crates.io crate term_fb 0.0.1 on toolchain beta-2020-07-24
[INFO] running `Command { std: "/workspace/cargo-home/bin/cargo" "+beta-2020-07-24" "read-manifest" "--manifest-path" "Cargo.toml", kill_on_drop: false }`
[INFO] started tweaking crates.io crate term_fb 0.0.1
[INFO] finished tweaking crates.io crate term_fb 0.0.1
[INFO] tweaked toml for crates.io crate term_fb 0.0.1 written to /workspace/builds/worker-9/source/Cargo.toml
[INFO] running `Command { std: "/workspace/cargo-home/bin/cargo" "+beta-2020-07-24" "generate-lockfile" "--manifest-path" "Cargo.toml" "-Zno-index-update", kill_on_drop: false }`
[INFO] [stderr]     Blocking waiting for file lock on package cache
[INFO] running `Command { std: "/workspace/cargo-home/bin/cargo" "+beta-2020-07-24" "fetch" "--locked" "--manifest-path" "Cargo.toml", kill_on_drop: false }`
[INFO] running `Command { std: "docker" "create" "-v" "/var/lib/crater-agent-workspace/builds/worker-9/target:/opt/rustwide/target:rw,Z" "-v" "/var/lib/crater-agent-workspace/builds/worker-9/source:/opt/rustwide/workdir:ro,Z" "-v" "/var/lib/crater-agent-workspace/cargo-home:/opt/rustwide/cargo-home:ro,Z" "-v" "/var/lib/crater-agent-workspace/rustup-home:/opt/rustwide/rustup-home:ro,Z" "-e" "SOURCE_DIR=/opt/rustwide/workdir" "-e" "CARGO_TARGET_DIR=/opt/rustwide/target" "-e" "CARGO_HOME=/opt/rustwide/cargo-home" "-e" "RUSTUP_HOME=/opt/rustwide/rustup-home" "-w" "/opt/rustwide/workdir" "-m" "1610612736" "--user" "0:0" "--network" "none" "rustops/crates-build-env@sha256:a636fd89d022f18117e1dc8fb37a0a009933cdbbe082814857f0e2024962d47c" "/opt/rustwide/cargo-home/bin/cargo" "+beta-2020-07-24" "metadata" "--no-deps" "--format-version=1", kill_on_drop: false }`
[INFO] [stdout] 91b23ff0ae50ec46bb20e23e6342114e1ed8ae729ac05a77548748dff8d86086
[INFO] [stderr] WARNING: Your kernel does not support swap limit capabilities or the cgroup is not mounted. Memory limited without swap.
[INFO] running `Command { std: "docker" "start" "-a" "91b23ff0ae50ec46bb20e23e6342114e1ed8ae729ac05a77548748dff8d86086", kill_on_drop: false }`
[INFO] running `Command { std: "docker" "inspect" "91b23ff0ae50ec46bb20e23e6342114e1ed8ae729ac05a77548748dff8d86086", kill_on_drop: false }`
[INFO] running `Command { std: "docker" "rm" "-f" "91b23ff0ae50ec46bb20e23e6342114e1ed8ae729ac05a77548748dff8d86086", kill_on_drop: false }`
[INFO] [stdout] 91b23ff0ae50ec46bb20e23e6342114e1ed8ae729ac05a77548748dff8d86086
[INFO] running `Command { std: "docker" "create" "-v" "/var/lib/crater-agent-workspace/builds/worker-9/target:/opt/rustwide/target:rw,Z" "-v" "/var/lib/crater-agent-workspace/builds/worker-9/source:/opt/rustwide/workdir:ro,Z" "-v" "/var/lib/crater-agent-workspace/cargo-home:/opt/rustwide/cargo-home:ro,Z" "-v" "/var/lib/crater-agent-workspace/rustup-home:/opt/rustwide/rustup-home:ro,Z" "-e" "SOURCE_DIR=/opt/rustwide/workdir" "-e" "CARGO_TARGET_DIR=/opt/rustwide/target" "-e" "CARGO_INCREMENTAL=0" "-e" "RUST_BACKTRACE=full" "-e" "RUSTFLAGS=--cap-lints=forbid" "-e" "CARGO_HOME=/opt/rustwide/cargo-home" "-e" "RUSTUP_HOME=/opt/rustwide/rustup-home" "-w" "/opt/rustwide/workdir" "-m" "1610612736" "--user" "0:0" "--network" "none" "rustops/crates-build-env@sha256:a636fd89d022f18117e1dc8fb37a0a009933cdbbe082814857f0e2024962d47c" "/opt/rustwide/cargo-home/bin/cargo" "+beta-2020-07-24" "check" "--frozen" "--all" "--all-targets" "--message-format=json", kill_on_drop: false }`
[INFO] [stdout] 2c8bba28e3e787e6ba186870655d84b31b93aa11a328bd24d3b36de562337a49
[INFO] [stderr] WARNING: Your kernel does not support swap limit capabilities or the cgroup is not mounted. Memory limited without swap.
[INFO] running `Command { std: "docker" "start" "-a" "2c8bba28e3e787e6ba186870655d84b31b93aa11a328bd24d3b36de562337a49", kill_on_drop: false }`
[INFO] [stderr]     Checking rand_core v0.4.2
[INFO] [stderr]    Compiling libc v0.2.76
[INFO] [stderr]    Compiling arrayvec v0.4.12
[INFO] [stderr]     Checking cfg-if v0.1.10
[INFO] [stderr]     Checking nodrop v0.1.14
[INFO] [stderr]    Compiling ryu v0.2.8
[INFO] [stderr]     Checking itoa v0.4.6
[INFO] [stderr]     Checking spin_sleep v0.3.7
[INFO] [stderr]    Compiling rand_pcg v0.1.2
[INFO] [stderr]    Compiling rand_chacha v0.1.1
[INFO] [stderr]    Compiling rand v0.6.5
[INFO] [stderr]     Checking lock_api v0.1.5
[INFO] [stderr]    Compiling parking_lot_core v0.4.0
[INFO] [stderr]     Checking crossbeam-utils v0.6.6
[INFO] [stderr]     Checking rand_core v0.3.1
[INFO] [stderr]     Checking rand_jitter v0.1.4
[INFO] [stderr]     Checking rand_xorshift v0.1.1
[INFO] [stderr]     Checking rand_isaac v0.1.1
[INFO] [stderr]     Checking rand_hc v0.1.0
[INFO] [stderr]     Checking crossbeam-channel v0.3.9
[INFO] [stderr]     Checking crossbeam-epoch v0.7.2
[INFO] [stderr]     Checking crossbeam-deque v0.6.3
[INFO] [stderr]     Checking rand_os v0.1.3
[INFO] [stderr]     Checking num_cpus v1.13.0
[INFO] [stderr]     Checking termios v0.3.2
[INFO] [stderr]     Checking parking_lot v0.7.1
[INFO] [stderr]     Checking crossbeam v0.6.0
[INFO] [stderr]     Checking term_fb v0.0.1 (/opt/rustwide/workdir)
[INFO] [stdout] error[E0554]: `#![feature]` may not be used on the beta release channel
[INFO] [stdout]  --> src/lib.rs:1:1
[INFO] [stdout]   |
[INFO] [stdout] 1 | #![feature(duration_float)]
[INFO] [stdout]   | ^^^^^^^^^^^^^^^^^^^^^^^^^^^
[INFO] [stdout] 
[INFO] [stdout] 
[INFO] [stdout] error[E0554]: `#![feature]` may not be used on the beta release channel
[INFO] [stdout]  --> src/lib.rs:2:1
[INFO] [stdout]   |
[INFO] [stdout] 2 | #![feature(range_contains)]
[INFO] [stdout]   | ^^^^^^^^^^^^^^^^^^^^^^^^^^^
[INFO] [stdout] 
[INFO] [stdout] 
[INFO] [stdout] warning: the item `termios` is imported redundantly
[INFO] [stdout]    --> src/term.rs:111:19
[INFO] [stdout]     |
[INFO] [stdout] 111 |     use termios::{self, Termios};
[INFO] [stdout]     |                   ^^^^
[INFO] [stdout]     |
[INFO] [stdout]     = note: `#[warn(unused_imports)]` on by default
[INFO] [stdout] 
[INFO] [stdout] 
[INFO] [stdout] warning: unused import: `std::mem`
[INFO] [stdout]  --> src/buf.rs:2:5
[INFO] [stdout]   |
[INFO] [stdout] 2 | use std::mem;
[INFO] [stdout]   |     ^^^^^^^^
[INFO] [stdout] 
[INFO] [stdout] 
[INFO] [stdout] warning: `...` range patterns are deprecated
[INFO] [stdout]   --> src/input_parser.rs:77:26
[INFO] [stdout]    |
[INFO] [stdout] 77 |                 ch @ ' ' ... '~' => InputKey::AsciiPrintable(ch),
[INFO] [stdout]    |                          ^^^ help: use `..=` for an inclusive range
[INFO] [stdout]    |
[INFO] [stdout]    = note: `#[warn(ellipsis_inclusive_range_patterns)]` on by default
[INFO] [stdout] 
[INFO] [stdout] 
[INFO] [stdout] warning: `...` range patterns are deprecated
[INFO] [stdout]   --> src/input_parser.rs:87:29
[INFO] [stdout]    |
[INFO] [stdout] 87 |                 ch @ '\x00' ... '\x1f' => InputKey::AsciiControl(std::char::from_u32((ch as u32) + 0x40).expect("Always succeeds.")),
[INFO] [stdout]    |                             ^^^ help: use `..=` for an inclusive range
[INFO] [stdout] 
[INFO] [stdout] 
[INFO] [stdout] error[E0554]: `#![feature]` may not be used on the beta release channel
[INFO] [stdout]  --> src/lib.rs:1:1
[INFO] [stdout]   |
[INFO] [stdout] 1 | #![feature(duration_float)]
[INFO] [stdout]   | ^^^^^^^^^^^^^^^^^^^^^^^^^^^
[INFO] [stdout] 
[INFO] [stdout] 
[INFO] [stdout] error[E0554]: `#![feature]` may not be used on the beta release channel
[INFO] [stdout]  --> src/lib.rs:2:1
[INFO] [stdout]   |
[INFO] [stdout] 2 | #![feature(range_contains)]
[INFO] [stdout]   | ^^^^^^^^^^^^^^^^^^^^^^^^^^^
[INFO] [stdout] 
[INFO] [stdout] 
[INFO] [stdout] warning: the item `termios` is imported redundantly
[INFO] [stdout]    --> src/term.rs:111:19
[INFO] [stdout]     |
[INFO] [stdout] 111 |     use termios::{self, Termios};
[INFO] [stdout]     |                   ^^^^
[INFO] [stdout]     |
[INFO] [stdout]     = note: `#[warn(unused_imports)]` on by default
[INFO] [stdout] 
[INFO] [stdout] 
[INFO] [stdout] warning: unused import: `std::mem`
[INFO] [stdout]  --> src/buf.rs:2:5
[INFO] [stdout]   |
[INFO] [stdout] 2 | use std::mem;
[INFO] [stdout]   |     ^^^^^^^^
[INFO] [stdout] 
[INFO] [stdout] 
[INFO] [stdout] warning: `...` range patterns are deprecated
[INFO] [stdout]   --> src/input_parser.rs:77:26
[INFO] [stdout]    |
[INFO] [stdout] 77 |                 ch @ ' ' ... '~' => InputKey::AsciiPrintable(ch),
[INFO] [stdout]    |                          ^^^ help: use `..=` for an inclusive range
[INFO] [stdout]    |
[INFO] [stdout]    = note: `#[warn(ellipsis_inclusive_range_patterns)]` on by default
[INFO] [stdout] 
[INFO] [stdout] 
[INFO] [stdout] warning: `...` range patterns are deprecated
[INFO] [stdout]   --> src/input_parser.rs:87:29
[INFO] [stdout]    |
[INFO] [stdout] 87 |                 ch @ '\x00' ... '\x1f' => InputKey::AsciiControl(std::char::from_u32((ch as u32) + 0x40).expect("Always succeeds.")),
[INFO] [stdout]    |                             ^^^ help: use `..=` for an inclusive range
[INFO] [stdout] 
[INFO] [stdout] 
[INFO] [stdout] error[E0599]: no method named `as_float_secs` found for struct `std::time::Duration` in the current scope
[INFO] [stdout]   --> src/sim_loop.rs:34:50
[INFO] [stdout]    |
[INFO] [stdout] 34 |                 buf.blit_float(1.0/loop_duration.as_float_secs(), 1, fps_xy);
[INFO] [stdout]    |                                                  ^^^^^^^^^^^^^ method not found in `std::time::Duration`
[INFO] [stdout] 
[INFO] [stdout] 
[INFO] [stdout] error[E0599]: no method named `as_float_secs` found for struct `std::time::Duration` in the current scope
[INFO] [stdout]   --> src/sim_loop.rs:34:50
[INFO] [stdout]    |
[INFO] [stdout] 34 |                 buf.blit_float(1.0/loop_duration.as_float_secs(), 1, fps_xy);
[INFO] [stdout]    |                                                  ^^^^^^^^^^^^^ method not found in `std::time::Duration`
[INFO] [stdout] 
[INFO] [stdout] 
[INFO] [stdout] error: aborting due to 3 previous errors; 4 warnings emitted
[INFO] [stdout] 
[INFO] [stdout] 
[INFO] [stdout] Some errors have detailed explanations: E0554, E0599.
[INFO] [stdout] 
[INFO] [stdout] For more information about an error, try `rustc --explain E0554`.
[INFO] [stdout] 
[INFO] [stdout] error[E0308]: mismatched types
[INFO] [stdout]    --> src/buf.rs:206:16
[INFO] [stdout]     |
[INFO] [stdout] 206 |         store: Vec::from("test".as_bytes()),
[INFO] [stdout]     |                ^^^^^^^^^^^^^^^^^^^^^^^^^^^^ expected `char`, found `u8`
[INFO] [stdout]     |
[INFO] [stdout]     = note: expected struct `std::vec::Vec<char>`
[INFO] [stdout]                found struct `std::vec::Vec<u8>`
[INFO] [stdout] 
[INFO] [stdout] 
[INFO] [stderr] error: could not compile `term_fb`.
[INFO] [stderr] 
[INFO] [stderr] To learn more, run the command again with --verbose.
[INFO] [stderr] warning: build failed, waiting for other jobs to finish...
[INFO] [stdout] error[E0308]: mismatched types
[INFO] [stdout]    --> src/buf.rs:219:16
[INFO] [stdout]     |
[INFO] [stdout] 219 |         store: Vec::from("test1test2".as_bytes()),
[INFO] [stdout]     |                ^^^^^^^^^^^^^^^^^^^^^^^^^^^^^^^^^^ expected `char`, found `u8`
[INFO] [stdout]     |
[INFO] [stdout]     = note: expected struct `std::vec::Vec<char>`
[INFO] [stdout]                found struct `std::vec::Vec<u8>`
[INFO] [stdout] 
[INFO] [stdout] 
[INFO] [stdout] error[E0308]: mismatched types
[INFO] [stdout]    --> src/buf.rs:232:16
[INFO] [stdout]     |
[INFO] [stdout] 232 |         store: Vec::from("test1t2   test3".as_bytes()),
[INFO] [stdout]     |                ^^^^^^^^^^^^^^^^^^^^^^^^^^^^^^^^^^^^^^^ expected `char`, found `u8`
[INFO] [stdout]     |
[INFO] [stdout]     = note: expected struct `std::vec::Vec<char>`
[INFO] [stdout]                found struct `std::vec::Vec<u8>`
[INFO] [stdout] 
[INFO] [stdout] 
[INFO] [stdout] error: aborting due to 6 previous errors; 4 warnings emitted
[INFO] [stdout] 
[INFO] [stdout] 
[INFO] [stdout] Some errors have detailed explanations: E0308, E0554, E0599.
[INFO] [stdout] 
[INFO] [stdout] For more information about an error, try `rustc --explain E0308`.
[INFO] [stdout] 
[INFO] [stderr] error: build failed
[INFO] running `Command { std: "docker" "inspect" "2c8bba28e3e787e6ba186870655d84b31b93aa11a328bd24d3b36de562337a49", kill_on_drop: false }`
[INFO] running `Command { std: "docker" "rm" "-f" "2c8bba28e3e787e6ba186870655d84b31b93aa11a328bd24d3b36de562337a49", kill_on_drop: false }`
[INFO] [stdout] 2c8bba28e3e787e6ba186870655d84b31b93aa11a328bd24d3b36de562337a49
