[INFO] fetching crate talamel 0.2.0...
[INFO] checking talamel-0.2.0 against beta-2020-07-24 for pr-75494-beta
[INFO] extracting crate talamel 0.2.0 into /workspace/builds/worker-10/source
[INFO] validating manifest of crates.io crate talamel 0.2.0 on toolchain beta-2020-07-24
[INFO] running `Command { std: "/workspace/cargo-home/bin/cargo" "+beta-2020-07-24" "read-manifest" "--manifest-path" "Cargo.toml", kill_on_drop: false }`
[INFO] started tweaking crates.io crate talamel 0.2.0
[INFO] finished tweaking crates.io crate talamel 0.2.0
[INFO] tweaked toml for crates.io crate talamel 0.2.0 written to /workspace/builds/worker-10/source/Cargo.toml
[INFO] running `Command { std: "/workspace/cargo-home/bin/cargo" "+beta-2020-07-24" "generate-lockfile" "--manifest-path" "Cargo.toml" "-Zno-index-update", kill_on_drop: false }`
[INFO] [stderr]     Blocking waiting for file lock on package cache
[INFO] running `Command { std: "/workspace/cargo-home/bin/cargo" "+beta-2020-07-24" "fetch" "--locked" "--manifest-path" "Cargo.toml", kill_on_drop: false }`
[INFO] [stderr]     Blocking waiting for file lock on package cache
[INFO] [stderr]     Blocking waiting for file lock on package cache
[INFO] running `Command { std: "docker" "create" "-v" "/var/lib/crater-agent-workspace/builds/worker-10/target:/opt/rustwide/target:rw,Z" "-v" "/var/lib/crater-agent-workspace/builds/worker-10/source:/opt/rustwide/workdir:ro,Z" "-v" "/var/lib/crater-agent-workspace/cargo-home:/opt/rustwide/cargo-home:ro,Z" "-v" "/var/lib/crater-agent-workspace/rustup-home:/opt/rustwide/rustup-home:ro,Z" "-e" "SOURCE_DIR=/opt/rustwide/workdir" "-e" "CARGO_TARGET_DIR=/opt/rustwide/target" "-e" "CARGO_HOME=/opt/rustwide/cargo-home" "-e" "RUSTUP_HOME=/opt/rustwide/rustup-home" "-w" "/opt/rustwide/workdir" "-m" "1610612736" "--user" "0:0" "--network" "none" "rustops/crates-build-env@sha256:a636fd89d022f18117e1dc8fb37a0a009933cdbbe082814857f0e2024962d47c" "/opt/rustwide/cargo-home/bin/cargo" "+beta-2020-07-24" "metadata" "--no-deps" "--format-version=1", kill_on_drop: false }`
[INFO] [stdout] 9eab2c92e4aefb9b1a0daae734da2a84e600ee27555826c491261234d4cf3ec7
[INFO] [stderr] WARNING: Your kernel does not support swap limit capabilities or the cgroup is not mounted. Memory limited without swap.
[INFO] running `Command { std: "docker" "start" "-a" "9eab2c92e4aefb9b1a0daae734da2a84e600ee27555826c491261234d4cf3ec7", kill_on_drop: false }`
[INFO] running `Command { std: "docker" "inspect" "9eab2c92e4aefb9b1a0daae734da2a84e600ee27555826c491261234d4cf3ec7", kill_on_drop: false }`
[INFO] running `Command { std: "docker" "rm" "-f" "9eab2c92e4aefb9b1a0daae734da2a84e600ee27555826c491261234d4cf3ec7", kill_on_drop: false }`
[INFO] [stdout] 9eab2c92e4aefb9b1a0daae734da2a84e600ee27555826c491261234d4cf3ec7
[INFO] running `Command { std: "docker" "create" "-v" "/var/lib/crater-agent-workspace/builds/worker-10/target:/opt/rustwide/target:rw,Z" "-v" "/var/lib/crater-agent-workspace/builds/worker-10/source:/opt/rustwide/workdir:ro,Z" "-v" "/var/lib/crater-agent-workspace/cargo-home:/opt/rustwide/cargo-home:ro,Z" "-v" "/var/lib/crater-agent-workspace/rustup-home:/opt/rustwide/rustup-home:ro,Z" "-e" "SOURCE_DIR=/opt/rustwide/workdir" "-e" "CARGO_TARGET_DIR=/opt/rustwide/target" "-e" "CARGO_INCREMENTAL=0" "-e" "RUST_BACKTRACE=full" "-e" "RUSTFLAGS=--cap-lints=forbid" "-e" "CARGO_HOME=/opt/rustwide/cargo-home" "-e" "RUSTUP_HOME=/opt/rustwide/rustup-home" "-w" "/opt/rustwide/workdir" "-m" "1610612736" "--user" "0:0" "--network" "none" "rustops/crates-build-env@sha256:a636fd89d022f18117e1dc8fb37a0a009933cdbbe082814857f0e2024962d47c" "/opt/rustwide/cargo-home/bin/cargo" "+beta-2020-07-24" "check" "--frozen" "--all" "--all-targets" "--message-format=json", kill_on_drop: false }`
[INFO] [stdout] 43b2dc837e3e065d50351a753bf428eb8cbe0ac35242ed936abc69e3c8f76c10
[INFO] [stderr] WARNING: Your kernel does not support swap limit capabilities or the cgroup is not mounted. Memory limited without swap.
[INFO] running `Command { std: "docker" "start" "-a" "43b2dc837e3e065d50351a753bf428eb8cbe0ac35242ed936abc69e3c8f76c10", kill_on_drop: false }`
[INFO] [stderr]    Compiling libc v0.2.76
[INFO] [stderr]    Compiling memchr v2.3.3
[INFO] [stderr]    Compiling cc v1.0.59
[INFO] [stderr]    Compiling cfg-if v0.1.10
[INFO] [stderr]    Compiling log v0.4.11
[INFO] [stderr]    Compiling adler v0.2.3
[INFO] [stderr]    Compiling glob v0.2.11
[INFO] [stderr]    Compiling gimli v0.22.0
[INFO] [stderr]    Compiling version_check v0.1.5
[INFO] [stderr]    Compiling rustc-demangle v0.1.16
[INFO] [stderr]    Compiling lazy_static v1.4.0
[INFO] [stderr]    Compiling object v0.20.0
[INFO] [stderr]    Compiling bitflags v1.2.1
[INFO] [stderr]    Compiling unicode-xid v0.1.0
[INFO] [stderr]    Compiling unicode-width v0.1.8
[INFO] [stderr]    Compiling ansi_term v0.11.0
[INFO] [stderr]    Compiling bindgen v0.47.3
[INFO] [stderr]    Compiling vec_map v0.8.2
[INFO] [stderr]    Compiling strsim v0.8.0
[INFO] [stderr]    Compiling scopeguard v0.3.3
[INFO] [stderr]    Compiling peeking_take_while v0.1.2
[INFO] [stderr]    Compiling thread_local v1.0.1
[INFO] [stderr]    Compiling miniz_oxide v0.4.0
[INFO] [stderr]    Compiling textwrap v0.11.0
[INFO] [stderr]    Compiling proc-macro2 v0.4.30
[INFO] [stderr]    Compiling byteorder v1.3.4
[INFO] [stderr]    Compiling nom v4.2.3
[INFO] [stderr]    Compiling hashbrown v0.1.8
[INFO] [stderr]    Compiling cmake v0.1.44
[INFO] [stderr]    Compiling aho-corasick v0.7.13
[INFO] [stderr]    Compiling quote v0.6.13
[INFO] [stderr]    Compiling clang-sys v0.26.4
[INFO] [stderr]    Compiling libloading v0.5.2
[INFO] [stderr]    Compiling atty v0.2.14
[INFO] [stderr]    Compiling clap v2.33.3
[INFO] [stderr]    Compiling regex v1.3.9
[INFO] [stderr]    Compiling cexpr v0.3.6
[INFO] [stderr]    Compiling env_logger v0.6.2
[INFO] [stderr]    Compiling addr2line v0.13.0
[INFO] [stderr]    Compiling backtrace v0.3.50
[INFO] [stderr]    Compiling failure v0.1.8
[INFO] [stderr]    Compiling which v2.0.1
[INFO] [stderr]    Compiling talamel v0.2.0 (/opt/rustwide/workdir)
[INFO] [stderr] error: failed to run custom build command for `talamel v0.2.0 (/opt/rustwide/workdir)`
[INFO] [stderr] 
[INFO] [stderr] Caused by:
[INFO] [stderr]   process didn't exit successfully: `/opt/rustwide/target/debug/build/talamel-316fa8252f8d2938/build-script-build` (exit code: 101)
[INFO] [stderr]   --- stdout
[INFO] [stderr]   running: "cmake" "-Wdev" "--debug-output" "/opt/rustwide/workdir/talamel" "-DCMAKE_C_FLAGS=-fPIC -Wall -O3" "-DCMAKE_CXX_FLAGS=-fPIC -Wall -O3" "-DCMAKE_INSTALL_PREFIX=/opt/rustwide/target/debug/build/talamel-8b4ebf3b8d5a4eb8/out" "-DCMAKE_C_COMPILER=/usr/bin/cc" "-DCMAKE_CXX_COMPILER=/usr/bin/c++" "-DCMAKE_ASM_FLAGS= -ffunction-sections -fdata-sections -fPIC -m64" "-DCMAKE_ASM_COMPILER=/usr/bin/cc" "-DCMAKE_BUILD_TYPE=Debug" "-DCMAKE_VERBOSE_MAKEFILE:BOOL=ON"
[INFO] [stderr]   Running with debug output on.
[INFO] [stderr]   -- The C compiler identification is GNU 9.3.0
[INFO] [stderr]      Called from: [3]	/usr/share/cmake-3.16/Modules/CMakeDetermineCompilerId.cmake
[INFO] [stderr]                   [2]	/usr/share/cmake-3.16/Modules/CMakeDetermineCCompiler.cmake
[INFO] [stderr]                   [1]	/opt/rustwide/workdir/talamel/CMakeLists.txt
[INFO] [stderr]   -- The CXX compiler identification is GNU 9.3.0
[INFO] [stderr]      Called from: [3]	/usr/share/cmake-3.16/Modules/CMakeDetermineCompilerId.cmake
[INFO] [stderr]                   [2]	/usr/share/cmake-3.16/Modules/CMakeDetermineCXXCompiler.cmake
[INFO] [stderr]                   [1]	/opt/rustwide/workdir/talamel/CMakeLists.txt
[INFO] [stderr]   -- Overriding C settings.
[INFO] [stderr]      Called from: [3]	/opt/rustwide/workdir/talamel/cmake/c_flag_overrides.cmake
[INFO] [stderr]                   [2]	/usr/share/cmake-3.16/Modules/CMakeCInformation.cmake
[INFO] [stderr]                   [1]	/opt/rustwide/workdir/talamel/CMakeLists.txt
[INFO] [stderr]   -- Check for working C compiler: /usr/bin/cc
[INFO] [stderr]      Called from: [3]	/usr/share/cmake-3.16/Modules/CMakeTestCompilerCommon.cmake
[INFO] [stderr]                   [2]	/usr/share/cmake-3.16/Modules/CMakeTestCCompiler.cmake
[INFO] [stderr]                   [1]	/opt/rustwide/workdir/talamel/CMakeLists.txt
[INFO] [stderr]   -- Check for working C compiler: /usr/bin/cc -- works
[INFO] [stderr]      Called from: [3]	/usr/share/cmake-3.16/Modules/CMakeTestCompilerCommon.cmake
[INFO] [stderr]                   [2]	/usr/share/cmake-3.16/Modules/CMakeTestCCompiler.cmake
[INFO] [stderr]                   [1]	/opt/rustwide/workdir/talamel/CMakeLists.txt
[INFO] [stderr]   -- Detecting C compiler ABI info
[INFO] [stderr]      Called from: [3]	/usr/share/cmake-3.16/Modules/CMakeDetermineCompilerABI.cmake
[INFO] [stderr]                   [2]	/usr/share/cmake-3.16/Modules/CMakeTestCCompiler.cmake
[INFO] [stderr]                   [1]	/opt/rustwide/workdir/talamel/CMakeLists.txt
[INFO] [stderr]   -- Detecting C compiler ABI info - done
[INFO] [stderr]      Called from: [3]	/usr/share/cmake-3.16/Modules/CMakeDetermineCompilerABI.cmake
[INFO] [stderr]                   [2]	/usr/share/cmake-3.16/Modules/CMakeTestCCompiler.cmake
[INFO] [stderr]                   [1]	/opt/rustwide/workdir/talamel/CMakeLists.txt
[INFO] [stderr]   -- Detecting C compile features
[INFO] [stderr]      Called from: [3]	/usr/share/cmake-3.16/Modules/CMakeDetermineCompileFeatures.cmake
[INFO] [stderr]                   [2]	/usr/share/cmake-3.16/Modules/CMakeTestCCompiler.cmake
[INFO] [stderr]                   [1]	/opt/rustwide/workdir/talamel/CMakeLists.txt
[INFO] [stderr]   -- Detecting C compile features - done
[INFO] [stderr]      Called from: [3]	/usr/share/cmake-3.16/Modules/CMakeDetermineCompileFeatures.cmake
[INFO] [stderr]                   [2]	/usr/share/cmake-3.16/Modules/CMakeTestCCompiler.cmake
[INFO] [stderr]                   [1]	/opt/rustwide/workdir/talamel/CMakeLists.txt
[INFO] [stderr]   -- Overriding C settings.
[INFO] [stderr]      Called from: [3]	/opt/rustwide/workdir/talamel/cmake/c_flag_overrides.cmake
[INFO] [stderr]                   [2]	/usr/share/cmake-3.16/Modules/CMakeCXXInformation.cmake
[INFO] [stderr]                   [1]	/opt/rustwide/workdir/talamel/CMakeLists.txt
[INFO] [stderr]   -- Overriding CXX settings.
[INFO] [stderr]      Called from: [3]	/opt/rustwide/workdir/talamel/cmake/cxx_flag_overrides.cmake
[INFO] [stderr]                   [2]	/usr/share/cmake-3.16/Modules/CMakeCXXInformation.cmake
[INFO] [stderr]                   [1]	/opt/rustwide/workdir/talamel/CMakeLists.txt
[INFO] [stderr]   -- Check for working CXX compiler: /usr/bin/c++
[INFO] [stderr]      Called from: [3]	/usr/share/cmake-3.16/Modules/CMakeTestCompilerCommon.cmake
[INFO] [stderr]                   [2]	/usr/share/cmake-3.16/Modules/CMakeTestCXXCompiler.cmake
[INFO] [stderr]                   [1]	/opt/rustwide/workdir/talamel/CMakeLists.txt
[INFO] [stderr]   -- Check for working CXX compiler: /usr/bin/c++ -- works
[INFO] [stderr]      Called from: [3]	/usr/share/cmake-3.16/Modules/CMakeTestCompilerCommon.cmake
[INFO] [stderr]                   [2]	/usr/share/cmake-3.16/Modules/CMakeTestCXXCompiler.cmake
[INFO] [stderr]                   [1]	/opt/rustwide/workdir/talamel/CMakeLists.txt
[INFO] [stderr]   -- Detecting CXX compiler ABI info
[INFO] [stderr]      Called from: [3]	/usr/share/cmake-3.16/Modules/CMakeDetermineCompilerABI.cmake
[INFO] [stderr]                   [2]	/usr/share/cmake-3.16/Modules/CMakeTestCXXCompiler.cmake
[INFO] [stderr]                   [1]	/opt/rustwide/workdir/talamel/CMakeLists.txt
[INFO] [stderr]   -- Detecting CXX compiler ABI info - done
[INFO] [stderr]      Called from: [3]	/usr/share/cmake-3.16/Modules/CMakeDetermineCompilerABI.cmake
[INFO] [stderr]                   [2]	/usr/share/cmake-3.16/Modules/CMakeTestCXXCompiler.cmake
[INFO] [stderr]                   [1]	/opt/rustwide/workdir/talamel/CMakeLists.txt
[INFO] [stderr]   -- Detecting CXX compile features
[INFO] [stderr]      Called from: [3]	/usr/share/cmake-3.16/Modules/CMakeDetermineCompileFeatures.cmake
[INFO] [stderr]                   [2]	/usr/share/cmake-3.16/Modules/CMakeTestCXXCompiler.cmake
[INFO] [stderr]                   [1]	/opt/rustwide/workdir/talamel/CMakeLists.txt
[INFO] [stderr]   -- Detecting CXX compile features - done
[INFO] [stderr]      Called from: [3]	/usr/share/cmake-3.16/Modules/CMakeDetermineCompileFeatures.cmake
[INFO] [stderr]                   [2]	/usr/share/cmake-3.16/Modules/CMakeTestCXXCompiler.cmake
[INFO] [stderr]                   [1]	/opt/rustwide/workdir/talamel/CMakeLists.txt
[INFO] [stderr]   -- Configuring done
[INFO] [stderr]   -- Generating /opt/rustwide/target/debug/build/talamel-8b4ebf3b8d5a4eb8/out/build
[INFO] [stderr]      Called from: [1]	/opt/rustwide/workdir/talamel/CMakeLists.txt
[INFO] [stderr]   -- Generating done
[INFO] [stderr]   -- Build files have been written to: /opt/rustwide/target/debug/build/talamel-8b4ebf3b8d5a4eb8/out/build
[INFO] [stderr]   running: "cmake" "--build" "." "--target" "install" "--config" "Debug" "--"
[INFO] [stderr]   /usr/bin/cmake -S/opt/rustwide/workdir/talamel -B/opt/rustwide/target/debug/build/talamel-8b4ebf3b8d5a4eb8/out/build --check-build-system CMakeFiles/Makefile.cmake 0
[INFO] [stderr]   /usr/bin/cmake -E cmake_progress_start /opt/rustwide/target/debug/build/talamel-8b4ebf3b8d5a4eb8/out/build/CMakeFiles /opt/rustwide/target/debug/build/talamel-8b4ebf3b8d5a4eb8/out/build/CMakeFiles/progress.marks
[INFO] [stderr]   /usr/bin/make -f CMakeFiles/Makefile2 all
[INFO] [stderr]   make[1]: Entering directory '/opt/rustwide/target/debug/build/talamel-8b4ebf3b8d5a4eb8/out/build'
[INFO] [stderr]   /usr/bin/make -f CMakeFiles/zlib.dir/build.make CMakeFiles/zlib.dir/depend
[INFO] [stderr]   /usr/bin/make -f CMakeFiles/taglib.dir/build.make CMakeFiles/taglib.dir/depend
[INFO] [stderr]   make[2]: Entering directory '/opt/rustwide/target/debug/build/talamel-8b4ebf3b8d5a4eb8/out/build'
[INFO] [stderr]   cd /opt/rustwide/target/debug/build/talamel-8b4ebf3b8d5a4eb8/out/build && /usr/bin/cmake -E cmake_depends "Unix Makefiles" /opt/rustwide/workdir/talamel /opt/rustwide/workdir/talamel /opt/rustwide/target/debug/build/talamel-8b4ebf3b8d5a4eb8/out/build /opt/rustwide/target/debug/build/talamel-8b4ebf3b8d5a4eb8/out/build /opt/rustwide/target/debug/build/talamel-8b4ebf3b8d5a4eb8/out/build/CMakeFiles/zlib.dir/DependInfo.cmake --color=
[INFO] [stderr]   make[2]: Entering directory '/opt/rustwide/target/debug/build/talamel-8b4ebf3b8d5a4eb8/out/build'
[INFO] [stderr]   cd /opt/rustwide/target/debug/build/talamel-8b4ebf3b8d5a4eb8/out/build && /usr/bin/cmake -E cmake_depends "Unix Makefiles" /opt/rustwide/workdir/talamel /opt/rustwide/workdir/talamel /opt/rustwide/target/debug/build/talamel-8b4ebf3b8d5a4eb8/out/build /opt/rustwide/target/debug/build/talamel-8b4ebf3b8d5a4eb8/out/build /opt/rustwide/target/debug/build/talamel-8b4ebf3b8d5a4eb8/out/build/CMakeFiles/taglib.dir/DependInfo.cmake --color=
[INFO] [stderr]   Dependee "/opt/rustwide/target/debug/build/talamel-8b4ebf3b8d5a4eb8/out/build/CMakeFiles/zlib.dir/DependInfo.cmake" is newer than depender "/opt/rustwide/target/debug/build/talamel-8b4ebf3b8d5a4eb8/out/build/CMakeFiles/zlib.dir/depend.internal".
[INFO] [stderr]   Dependee "/opt/rustwide/target/debug/build/talamel-8b4ebf3b8d5a4eb8/out/build/CMakeFiles/CMakeDirectoryInformation.cmake" is newer than depender "/opt/rustwide/target/debug/build/talamel-8b4ebf3b8d5a4eb8/out/build/CMakeFiles/zlib.dir/depend.internal".
[INFO] [stderr]   Scanning dependencies of target zlib
[INFO] [stderr]   make[2]: Leaving directory '/opt/rustwide/target/debug/build/talamel-8b4ebf3b8d5a4eb8/out/build'
[INFO] [stderr]   /usr/bin/make -f CMakeFiles/zlib.dir/build.make CMakeFiles/zlib.dir/build
[INFO] [stderr]   Dependee "/opt/rustwide/target/debug/build/talamel-8b4ebf3b8d5a4eb8/out/build/CMakeFiles/taglib.dir/DependInfo.cmake" is newer than depender "/opt/rustwide/target/debug/build/talamel-8b4ebf3b8d5a4eb8/out/build/CMakeFiles/taglib.dir/depend.internal".
[INFO] [stderr]   Dependee "/opt/rustwide/target/debug/build/talamel-8b4ebf3b8d5a4eb8/out/build/CMakeFiles/CMakeDirectoryInformation.cmake" is newer than depender "/opt/rustwide/target/debug/build/talamel-8b4ebf3b8d5a4eb8/out/build/CMakeFiles/taglib.dir/depend.internal".
[INFO] [stderr]   Scanning dependencies of target taglib
[INFO] [stderr]   make[2]: Entering directory '/opt/rustwide/target/debug/build/talamel-8b4ebf3b8d5a4eb8/out/build'
[INFO] [stderr]   make[2]: Leaving directory '/opt/rustwide/target/debug/build/talamel-8b4ebf3b8d5a4eb8/out/build'
[INFO] [stderr]   /usr/bin/make -f CMakeFiles/taglib.dir/build.make CMakeFiles/taglib.dir/build
[INFO] [stderr]   make[2]: Entering directory '/opt/rustwide/target/debug/build/talamel-8b4ebf3b8d5a4eb8/out/build'
[INFO] [stderr]   [  5%] Creating directories for 'taglib'
[INFO] [stderr]   [ 10%] Creating directories for 'zlib'
[INFO] [stderr]   /usr/bin/cmake -E make_directory /opt/rustwide/target/debug/build/talamel-8b4ebf3b8d5a4eb8/out/build/taglib/src/taglib
[INFO] [stderr]   /usr/bin/cmake -E make_directory /opt/rustwide/target/debug/build/talamel-8b4ebf3b8d5a4eb8/out/build/zlib/src/zlib
[INFO] [stderr]   /usr/bin/cmake -E make_directory /opt/rustwide/target/debug/build/talamel-8b4ebf3b8d5a4eb8/out/build/taglib/src/taglib-build
[INFO] [stderr]   /usr/bin/cmake -E make_directory /opt/rustwide/target/debug/build/talamel-8b4ebf3b8d5a4eb8/out/build/zlib/src/zlib
[INFO] [stderr]   /usr/bin/cmake -E make_directory /opt/rustwide/target/debug/build/talamel-8b4ebf3b8d5a4eb8/out/build/zlib/install
[INFO] [stderr]   /usr/bin/cmake -E make_directory /opt/rustwide/target/debug/build/talamel-8b4ebf3b8d5a4eb8/out/build/taglib
[INFO] [stderr]   /usr/bin/cmake -E make_directory /opt/rustwide/target/debug/build/talamel-8b4ebf3b8d5a4eb8/out/build/zlib/tmp
[INFO] [stderr]   /usr/bin/cmake -E make_directory /opt/rustwide/target/debug/build/talamel-8b4ebf3b8d5a4eb8/out/build/taglib/tmp
[INFO] [stderr]   /usr/bin/cmake -E make_directory /opt/rustwide/target/debug/build/talamel-8b4ebf3b8d5a4eb8/out/build/zlib/src/zlib-stamp
[INFO] [stderr]   /usr/bin/cmake -E make_directory /opt/rustwide/target/debug/build/talamel-8b4ebf3b8d5a4eb8/out/build/taglib/src/taglib-stamp
[INFO] [stderr]   /usr/bin/cmake -E make_directory /opt/rustwide/target/debug/build/talamel-8b4ebf3b8d5a4eb8/out/build/taglib/src
[INFO] [stderr]   /usr/bin/cmake -E make_directory /opt/rustwide/target/debug/build/talamel-8b4ebf3b8d5a4eb8/out/build/zlib/src
[INFO] [stderr]   /usr/bin/cmake -E make_directory /opt/rustwide/target/debug/build/talamel-8b4ebf3b8d5a4eb8/out/build/taglib/src/taglib-stamp
[INFO] [stderr]   /usr/bin/cmake -E make_directory /opt/rustwide/target/debug/build/talamel-8b4ebf3b8d5a4eb8/out/build/zlib/src/zlib-stamp
[INFO] [stderr]   /usr/bin/cmake -E touch /opt/rustwide/target/debug/build/talamel-8b4ebf3b8d5a4eb8/out/build/taglib/src/taglib-stamp/taglib-mkdir
[INFO] [stderr]   /usr/bin/cmake -E touch /opt/rustwide/target/debug/build/talamel-8b4ebf3b8d5a4eb8/out/build/zlib/src/zlib-stamp/zlib-mkdir
[INFO] [stderr]   [ 15%] Performing download step (git clone) for 'taglib'
[INFO] [stderr]   cd /opt/rustwide/target/debug/build/talamel-8b4ebf3b8d5a4eb8/out/build/taglib/src && /usr/bin/cmake -P /opt/rustwide/target/debug/build/talamel-8b4ebf3b8d5a4eb8/out/build/taglib/tmp/taglib-gitclone.cmake
[INFO] [stderr]   [ 20%] Performing download step (git clone) for 'zlib'
[INFO] [stderr]   cd /opt/rustwide/target/debug/build/talamel-8b4ebf3b8d5a4eb8/out/build/zlib/src && /usr/bin/cmake -P /opt/rustwide/target/debug/build/talamel-8b4ebf3b8d5a4eb8/out/build/zlib/tmp/zlib-gitclone.cmake
[INFO] [stderr]   -- Had to git clone more than once:
[INFO] [stderr]             3 times.
[INFO] [stderr]   make[2]: Leaving directory '/opt/rustwide/target/debug/build/talamel-8b4ebf3b8d5a4eb8/out/build'
[INFO] [stderr]   -- Had to git clone more than once:
[INFO] [stderr]             3 times.
[INFO] [stderr]   make[2]: Leaving directory '/opt/rustwide/target/debug/build/talamel-8b4ebf3b8d5a4eb8/out/build'
[INFO] [stderr]   make[1]: Leaving directory '/opt/rustwide/target/debug/build/talamel-8b4ebf3b8d5a4eb8/out/build'
[INFO] [stderr] 
[INFO] [stderr]   --- stderr
[INFO] [stderr]   CMake Warning (dev) at /usr/share/cmake-3.16/Modules/CMakeTestCCompiler.cmake:44 (try_compile):
[INFO] [stderr]     Policy CMP0066 is not set: Honor per-config flags in try_compile()
[INFO] [stderr]     source-file signature.  Run "cmake --help-policy CMP0066" for policy
[INFO] [stderr]     details.  Use the cmake_policy command to set the policy and suppress this
[INFO] [stderr]     warning.
[INFO] [stderr] 
[INFO] [stderr]     For compatibility with older versions of CMake, try_compile is not honoring
[INFO] [stderr]     caller config-specific compiler flags (e.g.  CMAKE_C_FLAGS_DEBUG) in the
[INFO] [stderr]     test project.
[INFO] [stderr]   Call Stack (most recent call first):
[INFO] [stderr]     CMakeLists.txt:8 (project)
[INFO] [stderr]   This warning is for project developers.  Use -Wno-dev to suppress it.
[INFO] [stderr] 
[INFO] [stderr]      Called from: [2]	/usr/share/cmake-3.16/Modules/CMakeTestCCompiler.cmake
[INFO] [stderr]                   [1]	/opt/rustwide/workdir/talamel/CMakeLists.txt
[INFO] [stderr]   CMake Warning (dev) at /usr/share/cmake-3.16/Modules/CMakeTestCCompiler.cmake:44 (try_compile):
[INFO] [stderr]     Policy CMP0056 is not set: Honor link flags in try_compile() source-file
[INFO] [stderr]     signature.  Run "cmake --help-policy CMP0056" for policy details.  Use the
[INFO] [stderr]     cmake_policy command to set the policy and suppress this warning.
[INFO] [stderr] 
[INFO] [stderr]     For compatibility with older versions of CMake, try_compile is not honoring
[INFO] [stderr]     caller link flags (e.g.  CMAKE_EXE_LINKER_FLAGS) in the test project.
[INFO] [stderr]   Call Stack (most recent call first):
[INFO] [stderr]     CMakeLists.txt:8 (project)
[INFO] [stderr]   This warning is for project developers.  Use -Wno-dev to suppress it.
[INFO] [stderr] 
[INFO] [stderr]      Called from: [2]	/usr/share/cmake-3.16/Modules/CMakeTestCCompiler.cmake
[INFO] [stderr]                   [1]	/opt/rustwide/workdir/talamel/CMakeLists.txt
[INFO] [stderr]   CMake Warning (dev) at /usr/share/cmake-3.16/Modules/CMakeDetermineCompilerABI.cmake:45 (try_compile):
[INFO] [stderr]     Policy CMP0066 is not set: Honor per-config flags in try_compile()
[INFO] [stderr]     source-file signature.  Run "cmake --help-policy CMP0066" for policy
[INFO] [stderr]     details.  Use the cmake_policy command to set the policy and suppress this
[INFO] [stderr]     warning.
[INFO] [stderr] 
[INFO] [stderr]     For compatibility with older versions of CMake, try_compile is not honoring
[INFO] [stderr]     caller config-specific compiler flags (e.g.  CMAKE_C_FLAGS_DEBUG) in the
[INFO] [stderr]     test project.
[INFO] [stderr]   Call Stack (most recent call first):
[INFO] [stderr]     /usr/share/cmake-3.16/Modules/CMakeTestCCompiler.cmake:74 (CMAKE_DETERMINE_COMPILER_ABI)
[INFO] [stderr]     CMakeLists.txt:8 (project)
[INFO] [stderr]   This warning is for project developers.  Use -Wno-dev to suppress it.
[INFO] [stderr] 
[INFO] [stderr]      Called from: [3]	/usr/share/cmake-3.16/Modules/CMakeDetermineCompilerABI.cmake
[INFO] [stderr]                   [2]	/usr/share/cmake-3.16/Modules/CMakeTestCCompiler.cmake
[INFO] [stderr]                   [1]	/opt/rustwide/workdir/talamel/CMakeLists.txt
[INFO] [stderr]   CMake Warning (dev) at /usr/share/cmake-3.16/Modules/CMakeDetermineCompilerABI.cmake:45 (try_compile):
[INFO] [stderr]     Policy CMP0056 is not set: Honor link flags in try_compile() source-file
[INFO] [stderr]     signature.  Run "cmake --help-policy CMP0056" for policy details.  Use the
[INFO] [stderr]     cmake_policy command to set the policy and suppress this warning.
[INFO] [stderr] 
[INFO] [stderr]     For compatibility with older versions of CMake, try_compile is not honoring
[INFO] [stderr]     caller link flags (e.g.  CMAKE_EXE_LINKER_FLAGS) in the test project.
[INFO] [stderr]   Call Stack (most recent call first):
[INFO] [stderr]     /usr/share/cmake-3.16/Modules/CMakeTestCCompiler.cmake:74 (CMAKE_DETERMINE_COMPILER_ABI)
[INFO] [stderr]     CMakeLists.txt:8 (project)
[INFO] [stderr]   This warning is for project developers.  Use -Wno-dev to suppress it.
[INFO] [stderr] 
[INFO] [stderr]      Called from: [3]	/usr/share/cmake-3.16/Modules/CMakeDetermineCompilerABI.cmake
[INFO] [stderr]                   [2]	/usr/share/cmake-3.16/Modules/CMakeTestCCompiler.cmake
[INFO] [stderr]                   [1]	/opt/rustwide/workdir/talamel/CMakeLists.txt
[INFO] [stderr]   CMake Warning (dev) at /usr/share/cmake-3.16/Modules/CMakeTestCXXCompiler.cmake:37 (try_compile):
[INFO] [stderr]     Policy CMP0066 is not set: Honor per-config flags in try_compile()
[INFO] [stderr]     source-file signature.  Run "cmake --help-policy CMP0066" for policy
[INFO] [stderr]     details.  Use the cmake_policy command to set the policy and suppress this
[INFO] [stderr]     warning.
[INFO] [stderr] 
[INFO] [stderr]     For compatibility with older versions of CMake, try_compile is not honoring
[INFO] [stderr]     caller config-specific compiler flags (e.g.  CMAKE_C_FLAGS_DEBUG) in the
[INFO] [stderr]     test project.
[INFO] [stderr]   Call Stack (most recent call first):
[INFO] [stderr]     CMakeLists.txt:8 (project)
[INFO] [stderr]   This warning is for project developers.  Use -Wno-dev to suppress it.
[INFO] [stderr] 
[INFO] [stderr]      Called from: [2]	/usr/share/cmake-3.16/Modules/CMakeTestCXXCompiler.cmake
[INFO] [stderr]                   [1]	/opt/rustwide/workdir/talamel/CMakeLists.txt
[INFO] [stderr]   CMake Warning (dev) at /usr/share/cmake-3.16/Modules/CMakeTestCXXCompiler.cmake:37 (try_compile):
[INFO] [stderr]     Policy CMP0056 is not set: Honor link flags in try_compile() source-file
[INFO] [stderr]     signature.  Run "cmake --help-policy CMP0056" for policy details.  Use the
[INFO] [stderr]     cmake_policy command to set the policy and suppress this warning.
[INFO] [stderr] 
[INFO] [stderr]     For compatibility with older versions of CMake, try_compile is not honoring
[INFO] [stderr]     caller link flags (e.g.  CMAKE_EXE_LINKER_FLAGS) in the test project.
[INFO] [stderr]   Call Stack (most recent call first):
[INFO] [stderr]     CMakeLists.txt:8 (project)
[INFO] [stderr]   This warning is for project developers.  Use -Wno-dev to suppress it.
[INFO] [stderr] 
[INFO] [stderr]      Called from: [2]	/usr/share/cmake-3.16/Modules/CMakeTestCXXCompiler.cmake
[INFO] [stderr]                   [1]	/opt/rustwide/workdir/talamel/CMakeLists.txt
[INFO] [stderr]   CMake Warning (dev) at /usr/share/cmake-3.16/Modules/CMakeDetermineCompilerABI.cmake:45 (try_compile):
[INFO] [stderr]     Policy CMP0066 is not set: Honor per-config flags in try_compile()
[INFO] [stderr]     source-file signature.  Run "cmake --help-policy CMP0066" for policy
[INFO] [stderr]     details.  Use the cmake_policy command to set the policy and suppress this
[INFO] [stderr]     warning.
[INFO] [stderr] 
[INFO] [stderr]     For compatibility with older versions of CMake, try_compile is not honoring
[INFO] [stderr]     caller config-specific compiler flags (e.g.  CMAKE_C_FLAGS_DEBUG) in the
[INFO] [stderr]     test project.
[INFO] [stderr]   Call Stack (most recent call first):
[INFO] [stderr]     /usr/share/cmake-3.16/Modules/CMakeTestCXXCompiler.cmake:67 (CMAKE_DETERMINE_COMPILER_ABI)
[INFO] [stderr]     CMakeLists.txt:8 (project)
[INFO] [stderr]   This warning is for project developers.  Use -Wno-dev to suppress it.
[INFO] [stderr] 
[INFO] [stderr]      Called from: [3]	/usr/share/cmake-3.16/Modules/CMakeDetermineCompilerABI.cmake
[INFO] [stderr]                   [2]	/usr/share/cmake-3.16/Modules/CMakeTestCXXCompiler.cmake
[INFO] [stderr]                   [1]	/opt/rustwide/workdir/talamel/CMakeLists.txt
[INFO] [stderr]   CMake Warning (dev) at /usr/share/cmake-3.16/Modules/CMakeDetermineCompilerABI.cmake:45 (try_compile):
[INFO] [stderr]     Policy CMP0056 is not set: Honor link flags in try_compile() source-file
[INFO] [stderr]     signature.  Run "cmake --help-policy CMP0056" for policy details.  Use the
[INFO] [stderr]     cmake_policy command to set the policy and suppress this warning.
[INFO] [stderr] 
[INFO] [stderr]     For compatibility with older versions of CMake, try_compile is not honoring
[INFO] [stderr]     caller link flags (e.g.  CMAKE_EXE_LINKER_FLAGS) in the test project.
[INFO] [stderr]   Call Stack (most recent call first):
[INFO] [stderr]     /usr/share/cmake-3.16/Modules/CMakeTestCXXCompiler.cmake:67 (CMAKE_DETERMINE_COMPILER_ABI)
[INFO] [stderr]     CMakeLists.txt:8 (project)
[INFO] [stderr]   This warning is for project developers.  Use -Wno-dev to suppress it.
[INFO] [stderr] 
[INFO] [stderr]      Called from: [3]	/usr/share/cmake-3.16/Modules/CMakeDetermineCompilerABI.cmake
[INFO] [stderr]                   [2]	/usr/share/cmake-3.16/Modules/CMakeTestCXXCompiler.cmake
[INFO] [stderr]                   [1]	/opt/rustwide/workdir/talamel/CMakeLists.txt
[INFO] [stderr]   CMake Warning (dev) in CMakeLists.txt:
[INFO] [stderr]     Policy CMP0065 is not set: Do not add flags to export symbols from
[INFO] [stderr]     executables without the ENABLE_EXPORTS target property.  Run "cmake
[INFO] [stderr]     --help-policy CMP0065" for policy details.  Use the cmake_policy command to
[INFO] [stderr]     set the policy and suppress this warning.
[INFO] [stderr] 
[INFO] [stderr]     For compatibility with older versions of CMake, additional flags may be
[INFO] [stderr]     added to export symbols on all executables regardless of their
[INFO] [stderr]     ENABLE_EXPORTS property.
[INFO] [stderr]   This warning is for project developers.  Use -Wno-dev to suppress it.
[INFO] [stderr] 
[INFO] [stderr]      Called from: [1]	/opt/rustwide/workdir/talamel/CMakeLists.txt
[INFO] [stderr]   CMake Warning:
[INFO] [stderr]     Manually-specified variables were not used by the project:
[INFO] [stderr] 
[INFO] [stderr]       CMAKE_ASM_COMPILER
[INFO] [stderr]       CMAKE_ASM_FLAGS
[INFO] [stderr] 
[INFO] [stderr] 
[INFO] [stderr]   Cloning into 'zlib'...
[INFO] [stderr]   Cloning into 'taglib'...
[INFO] [stderr]   fatal: unable to access 'https://www.github.com/taglib/taglib/': Could not resolve host: www.github.com
[INFO] [stderr]   Cloning into 'taglib'...
[INFO] [stderr]   fatal: unable to access 'https://github.com/madler/zlib/': Could not resolve host: github.com
[INFO] [stderr]   fatal: unable to access 'https://www.github.com/taglib/taglib/': Could not resolve host: www.github.com
[INFO] [stderr]   Cloning into 'zlib'...
[INFO] [stderr]   Cloning into 'taglib'...
[INFO] [stderr]   fatal: unable to access 'https://github.com/madler/zlib/': Could not resolve host: github.com
[INFO] [stderr]   fatal: unable to access 'https://www.github.com/taglib/taglib/': Could not resolve host: www.github.com
[INFO] [stderr]   CMake Error at /opt/rustwide/target/debug/build/talamel-8b4ebf3b8d5a4eb8/out/build/taglib/tmp/taglib-gitclone.cmake:31 (message):
[INFO] [stderr]     Failed to clone repository: 'https://www.github.com/taglib/taglib'
[INFO] [stderr] 
[INFO] [stderr] 
[INFO] [stderr]   Cloning into 'zlib'...
[INFO] [stderr]   make[2]: *** [CMakeFiles/taglib.dir/build.make:94: taglib/src/taglib-stamp/taglib-download] Error 1
[INFO] [stderr]   make[1]: *** [CMakeFiles/Makefile2:140: CMakeFiles/taglib.dir/all] Error 2
[INFO] [stderr]   make[1]: *** Waiting for unfinished jobs....
[INFO] [stderr]   fatal: unable to access 'https://github.com/madler/zlib/': Could not resolve host: github.com
[INFO] [stderr]   CMake Error at /opt/rustwide/target/debug/build/talamel-8b4ebf3b8d5a4eb8/out/build/zlib/tmp/zlib-gitclone.cmake:31 (message):
[INFO] [stderr]     Failed to clone repository: 'https://github.com/madler/zlib'
[INFO] [stderr] 
[INFO] [stderr] 
[INFO] [stderr]   make[2]: *** [CMakeFiles/zlib.dir/build.make:94: zlib/src/zlib-stamp/zlib-download] Error 1
[INFO] [stderr]   make[1]: *** [CMakeFiles/Makefile2:167: CMakeFiles/zlib.dir/all] Error 2
[INFO] [stderr]   make: *** [Makefile:133: all] Error 2
[INFO] [stderr]   thread 'main' panicked at '
[INFO] [stderr]   command did not execute successfully, got: exit code: 2
[INFO] [stderr] 
[INFO] [stderr]   build script failed, must exit now', /opt/rustwide/cargo-home/registry/src/github.com-1ecc6299db9ec823/cmake-0.1.44/src/lib.rs:885:5
[INFO] [stderr]   stack backtrace:
[INFO] [stderr]      0:     0x556c0c191095 - backtrace::backtrace::libunwind::trace::h5e2646fa3eddf2ea
[INFO] [stderr]                                  at /cargo/registry/src/github.com-1ecc6299db9ec823/backtrace-0.3.46/src/backtrace/libunwind.rs:86
[INFO] [stderr]      1:     0x556c0c191095 - backtrace::backtrace::trace_unsynchronized::hb95dd7f77ce47877
[INFO] [stderr]                                  at /cargo/registry/src/github.com-1ecc6299db9ec823/backtrace-0.3.46/src/backtrace/mod.rs:66
[INFO] [stderr]      2:     0x556c0c191095 - std::sys_common::backtrace::_print_fmt::h5e71b67af43fd70d
[INFO] [stderr]                                  at src/libstd/sys_common/backtrace.rs:78
[INFO] [stderr]      3:     0x556c0c191095 - <std::sys_common::backtrace::_print::DisplayBacktrace as core::fmt::Display>::fmt::hdb4a83d2b61107e5
[INFO] [stderr]                                  at src/libstd/sys_common/backtrace.rs:59
[INFO] [stderr]      4:     0x556c0c1bbeac - core::fmt::write::ha20e7262fa3e8a7a
[INFO] [stderr]                                  at src/libcore/fmt/mod.rs:1076
[INFO] [stderr]      5:     0x556c0c18d342 - std::io::Write::write_fmt::h1aebfe8a5a79e36d
[INFO] [stderr]                                  at src/libstd/io/mod.rs:1537
[INFO] [stderr]      6:     0x556c0c193db0 - std::sys_common::backtrace::_print::h9c07314cc66ba539
[INFO] [stderr]                                  at src/libstd/sys_common/backtrace.rs:62
[INFO] [stderr]      7:     0x556c0c193db0 - std::sys_common::backtrace::print::hd1fd65f49a2d8544
[INFO] [stderr]                                  at src/libstd/sys_common/backtrace.rs:49
[INFO] [stderr]      8:     0x556c0c193db0 - std::panicking::default_hook::{{closure}}::h222da46485ab36fc
[INFO] [stderr]                                  at src/libstd/panicking.rs:198
[INFO] [stderr]      9:     0x556c0c193afc - std::panicking::default_hook::hc5868949d129ed00
[INFO] [stderr]                                  at src/libstd/panicking.rs:217
[INFO] [stderr]     10:     0x556c0c1943f3 - std::panicking::rust_panic_with_hook::h26a6ab8b0993c0c8
[INFO] [stderr]                                  at src/libstd/panicking.rs:526
[INFO] [stderr]     11:     0x556c0c193feb - rust_begin_unwind
[INFO] [stderr]                                  at src/libstd/panicking.rs:437
[INFO] [stderr]     12:     0x556c0c193f5b - std::panicking::begin_panic_fmt::h2ff295231415d4a6
[INFO] [stderr]                                  at src/libstd/panicking.rs:391
[INFO] [stderr]     13:     0x556c0bba74b7 - cmake::fail::hf0f3f19e1ff44c4b
[INFO] [stderr]                                  at /opt/rustwide/cargo-home/registry/src/github.com-1ecc6299db9ec823/cmake-0.1.44/src/lib.rs:885
[INFO] [stderr]     14:     0x556c0bba6dfe - cmake::run::hbfa9e03c3139de5a
[INFO] [stderr]                                  at /opt/rustwide/cargo-home/registry/src/github.com-1ecc6299db9ec823/cmake-0.1.44/src/lib.rs:863
[INFO] [stderr]     15:     0x556c0bba3520 - cmake::Config::build::h91a3fd6d1f201449
[INFO] [stderr]                                  at /opt/rustwide/cargo-home/registry/src/github.com-1ecc6299db9ec823/cmake-0.1.44/src/lib.rs:769
[INFO] [stderr]     16:     0x556c0bb9d37a - build_script_build::main::h5c48fb46bb9b578a
[INFO] [stderr]                                  at /opt/rustwide/workdir/build.rs:11
[INFO] [stderr]     17:     0x556c0bb9f8cb - std::rt::lang_start::{{closure}}::h709ca0e5ff2e5a73
[INFO] [stderr]                                  at /rustc/6f959902b3103c49ca981fbc01871589c3498489/src/libstd/rt.rs:67
[INFO] [stderr]     18:     0x556c0c1947c3 - std::rt::lang_start_internal::{{closure}}::h84a998219831fa70
[INFO] [stderr]                                  at src/libstd/rt.rs:52
[INFO] [stderr]     19:     0x556c0c1947c3 - std::panicking::try::do_call::he8e1d689a3e26def
[INFO] [stderr]                                  at src/libstd/panicking.rs:348
[INFO] [stderr]     20:     0x556c0c1947c3 - std::panicking::try::h264b6eebc2fa7bbf
[INFO] [stderr]                                  at src/libstd/panicking.rs:325
[INFO] [stderr]     21:     0x556c0c1947c3 - std::panic::catch_unwind::hbf28fafa723b2128
[INFO] [stderr]                                  at src/libstd/panic.rs:394
[INFO] [stderr]     22:     0x556c0c1947c3 - std::rt::lang_start_internal::he959aa59bc3ec202
[INFO] [stderr]                                  at src/libstd/rt.rs:51
[INFO] [stderr]     23:     0x556c0bb9f8a7 - std::rt::lang_start::h2c842ceaf9f92771
[INFO] [stderr]                                  at /rustc/6f959902b3103c49ca981fbc01871589c3498489/src/libstd/rt.rs:67
[INFO] [stderr]     24:     0x556c0bb9db7a - main
[INFO] [stderr]     25:     0x7f46268340b3 - __libc_start_main
[INFO] [stderr]     26:     0x556c0bb9d1ae - _start
[INFO] [stderr]     27:                0x0 - <unknown>
[INFO] running `Command { std: "docker" "inspect" "43b2dc837e3e065d50351a753bf428eb8cbe0ac35242ed936abc69e3c8f76c10", kill_on_drop: false }`
[INFO] running `Command { std: "docker" "rm" "-f" "43b2dc837e3e065d50351a753bf428eb8cbe0ac35242ed936abc69e3c8f76c10", kill_on_drop: false }`
[INFO] [stdout] 43b2dc837e3e065d50351a753bf428eb8cbe0ac35242ed936abc69e3c8f76c10
