[INFO] fetching crate tagged_ptr 0.1.0...
[INFO] checking tagged_ptr-0.1.0 against beta-2020-07-24 for pr-75494-beta
[INFO] extracting crate tagged_ptr 0.1.0 into /workspace/builds/worker-1/source
[INFO] validating manifest of crates.io crate tagged_ptr 0.1.0 on toolchain beta-2020-07-24
[INFO] running `Command { std: "/workspace/cargo-home/bin/cargo" "+beta-2020-07-24" "read-manifest" "--manifest-path" "Cargo.toml", kill_on_drop: false }`
[INFO] started tweaking crates.io crate tagged_ptr 0.1.0
[INFO] finished tweaking crates.io crate tagged_ptr 0.1.0
[INFO] tweaked toml for crates.io crate tagged_ptr 0.1.0 written to /workspace/builds/worker-1/source/Cargo.toml
[INFO] running `Command { std: "/workspace/cargo-home/bin/cargo" "+beta-2020-07-24" "generate-lockfile" "--manifest-path" "Cargo.toml" "-Zno-index-update", kill_on_drop: false }`
[INFO] running `Command { std: "/workspace/cargo-home/bin/cargo" "+beta-2020-07-24" "fetch" "--locked" "--manifest-path" "Cargo.toml", kill_on_drop: false }`
[INFO] running `Command { std: "docker" "create" "-v" "/var/lib/crater-agent-workspace/builds/worker-1/target:/opt/rustwide/target:rw,Z" "-v" "/var/lib/crater-agent-workspace/builds/worker-1/source:/opt/rustwide/workdir:ro,Z" "-v" "/var/lib/crater-agent-workspace/cargo-home:/opt/rustwide/cargo-home:ro,Z" "-v" "/var/lib/crater-agent-workspace/rustup-home:/opt/rustwide/rustup-home:ro,Z" "-e" "SOURCE_DIR=/opt/rustwide/workdir" "-e" "CARGO_TARGET_DIR=/opt/rustwide/target" "-e" "CARGO_HOME=/opt/rustwide/cargo-home" "-e" "RUSTUP_HOME=/opt/rustwide/rustup-home" "-w" "/opt/rustwide/workdir" "-m" "1610612736" "--user" "0:0" "--network" "none" "rustops/crates-build-env@sha256:a636fd89d022f18117e1dc8fb37a0a009933cdbbe082814857f0e2024962d47c" "/opt/rustwide/cargo-home/bin/cargo" "+beta-2020-07-24" "metadata" "--no-deps" "--format-version=1", kill_on_drop: false }`
[INFO] [stdout] 65eb22ccd583274cf6e448c26f0fb783dc80be5c23f36e67dca2830d9740d5f4
[INFO] [stderr] WARNING: Your kernel does not support swap limit capabilities or the cgroup is not mounted. Memory limited without swap.
[INFO] running `Command { std: "docker" "start" "-a" "65eb22ccd583274cf6e448c26f0fb783dc80be5c23f36e67dca2830d9740d5f4", kill_on_drop: false }`
[INFO] running `Command { std: "docker" "inspect" "65eb22ccd583274cf6e448c26f0fb783dc80be5c23f36e67dca2830d9740d5f4", kill_on_drop: false }`
[INFO] running `Command { std: "docker" "rm" "-f" "65eb22ccd583274cf6e448c26f0fb783dc80be5c23f36e67dca2830d9740d5f4", kill_on_drop: false }`
[INFO] [stdout] 65eb22ccd583274cf6e448c26f0fb783dc80be5c23f36e67dca2830d9740d5f4
[INFO] running `Command { std: "docker" "create" "-v" "/var/lib/crater-agent-workspace/builds/worker-1/target:/opt/rustwide/target:rw,Z" "-v" "/var/lib/crater-agent-workspace/builds/worker-1/source:/opt/rustwide/workdir:ro,Z" "-v" "/var/lib/crater-agent-workspace/cargo-home:/opt/rustwide/cargo-home:ro,Z" "-v" "/var/lib/crater-agent-workspace/rustup-home:/opt/rustwide/rustup-home:ro,Z" "-e" "SOURCE_DIR=/opt/rustwide/workdir" "-e" "CARGO_TARGET_DIR=/opt/rustwide/target" "-e" "CARGO_INCREMENTAL=0" "-e" "RUST_BACKTRACE=full" "-e" "RUSTFLAGS=--cap-lints=forbid" "-e" "CARGO_HOME=/opt/rustwide/cargo-home" "-e" "RUSTUP_HOME=/opt/rustwide/rustup-home" "-w" "/opt/rustwide/workdir" "-m" "1610612736" "--user" "0:0" "--network" "none" "rustops/crates-build-env@sha256:a636fd89d022f18117e1dc8fb37a0a009933cdbbe082814857f0e2024962d47c" "/opt/rustwide/cargo-home/bin/cargo" "+beta-2020-07-24" "check" "--frozen" "--all" "--all-targets" "--message-format=json", kill_on_drop: false }`
[INFO] [stdout] c4424936cb3cb0d6f36a7e3e7cc2274a14aadede7219126b83be4e745f6b879d
[INFO] [stderr] WARNING: Your kernel does not support swap limit capabilities or the cgroup is not mounted. Memory limited without swap.
[INFO] running `Command { std: "docker" "start" "-a" "c4424936cb3cb0d6f36a7e3e7cc2274a14aadede7219126b83be4e745f6b879d", kill_on_drop: false }`
[INFO] [stderr]     Checking tagged_ptr v0.1.0 (/opt/rustwide/workdir)
[INFO] [stdout] error[E0554]: `#![feature]` may not be used on the beta release channel
[INFO] [stdout]  --> src/lib.rs:1:1
[INFO] [stdout]   |
[INFO] [stdout] 1 | #![feature(rc_raw)]
[INFO] [stdout]   | ^^^^^^^^^^^^^^^^^^^
[INFO] [stdout] 
[INFO] [stdout] 
[INFO] [stdout] error[E0554]: `#![feature]` may not be used on the beta release channel
[INFO] [stdout]  --> src/lib.rs:1:1
[INFO] [stdout]   |
[INFO] [stdout] 1 | #![feature(rc_raw)]
[INFO] [stdout]   | ^^^^^^^^^^^^^^^^^^^
[INFO] [stdout] 
[INFO] [stdout] 
[INFO] [stdout] error: aborting due to previous error
[INFO] [stdout] 
[INFO] [stdout] 
[INFO] [stdout] For more information about this error, try `rustc --explain E0554`.
[INFO] [stdout] 
[INFO] [stderr] error: could not compile `tagged_ptr`.
[INFO] [stderr] 
[INFO] [stderr] To learn more, run the command again with --verbose.
[INFO] [stderr] warning: build failed, waiting for other jobs to finish...
[INFO] [stdout] error[E0308]: mismatched types
[INFO] [stdout]    --> src/tagged_ptr.rs:217:32
[INFO] [stdout]     |
[INFO] [stdout] 217 |         let x: X = Unpacked::B(rc);
[INFO] [stdout]     |                                ^^ expected struct `std::rc::Rc`, found struct `std::boxed::Box`
[INFO] [stdout]     |
[INFO] [stdout]     = note: expected struct `std::rc::Rc<u32>`
[INFO] [stdout]                found struct `std::boxed::Box<std::rc::Rc<{integer}>>`
[INFO] [stdout] 
[INFO] [stdout] 
[INFO] [stdout] error[E0308]: mismatched types
[INFO] [stdout]    --> src/tagged_ptr.rs:230:32
[INFO] [stdout]     |
[INFO] [stdout] 230 |         let x: X = Unpacked::B(rc);
[INFO] [stdout]     |                                ^^ expected struct `std::rc::Rc`, found struct `std::boxed::Box`
[INFO] [stdout]     |
[INFO] [stdout]     = note: expected struct `std::rc::Rc<u32>`
[INFO] [stdout]                found struct `std::boxed::Box<std::rc::Rc<{integer}>>`
[INFO] [stdout] 
[INFO] [stdout] 
[INFO] [stdout] error: aborting due to 3 previous errors
[INFO] [stdout] 
[INFO] [stdout] 
[INFO] [stdout] Some errors have detailed explanations: E0308, E0554.
[INFO] [stdout] 
[INFO] [stdout] For more information about an error, try `rustc --explain E0308`.
[INFO] [stdout] 
[INFO] [stderr] error: build failed
[INFO] running `Command { std: "docker" "inspect" "c4424936cb3cb0d6f36a7e3e7cc2274a14aadede7219126b83be4e745f6b879d", kill_on_drop: false }`
[INFO] running `Command { std: "docker" "rm" "-f" "c4424936cb3cb0d6f36a7e3e7cc2274a14aadede7219126b83be4e745f6b879d", kill_on_drop: false }`
[INFO] [stdout] c4424936cb3cb0d6f36a7e3e7cc2274a14aadede7219126b83be4e745f6b879d
