[INFO] fetching crate tabbyssl 0.10.0...
[INFO] checking tabbyssl-0.10.0 against beta-2020-07-24 for pr-75494-beta
[INFO] extracting crate tabbyssl 0.10.0 into /workspace/builds/worker-8/source
[INFO] validating manifest of crates.io crate tabbyssl 0.10.0 on toolchain beta-2020-07-24
[INFO] running `Command { std: "/workspace/cargo-home/bin/cargo" "+beta-2020-07-24" "read-manifest" "--manifest-path" "Cargo.toml", kill_on_drop: false }`
[INFO] started tweaking crates.io crate tabbyssl 0.10.0
[INFO] removed 0 missing examples
[INFO] finished tweaking crates.io crate tabbyssl 0.10.0
[INFO] tweaked toml for crates.io crate tabbyssl 0.10.0 written to /workspace/builds/worker-8/source/Cargo.toml
[INFO] crate crates.io crate tabbyssl 0.10.0 already has a lockfile, it will not be regenerated
[INFO] running `Command { std: "/workspace/cargo-home/bin/cargo" "+beta-2020-07-24" "fetch" "--locked" "--manifest-path" "Cargo.toml", kill_on_drop: false }`
[INFO] [stderr]     Blocking waiting for file lock on package cache
[INFO] running `Command { std: "docker" "create" "-v" "/var/lib/crater-agent-workspace/builds/worker-8/target:/opt/rustwide/target:rw,Z" "-v" "/var/lib/crater-agent-workspace/builds/worker-8/source:/opt/rustwide/workdir:ro,Z" "-v" "/var/lib/crater-agent-workspace/cargo-home:/opt/rustwide/cargo-home:ro,Z" "-v" "/var/lib/crater-agent-workspace/rustup-home:/opt/rustwide/rustup-home:ro,Z" "-e" "SOURCE_DIR=/opt/rustwide/workdir" "-e" "CARGO_TARGET_DIR=/opt/rustwide/target" "-e" "CARGO_HOME=/opt/rustwide/cargo-home" "-e" "RUSTUP_HOME=/opt/rustwide/rustup-home" "-w" "/opt/rustwide/workdir" "-m" "1610612736" "--user" "0:0" "--network" "none" "rustops/crates-build-env@sha256:a636fd89d022f18117e1dc8fb37a0a009933cdbbe082814857f0e2024962d47c" "/opt/rustwide/cargo-home/bin/cargo" "+beta-2020-07-24" "metadata" "--no-deps" "--format-version=1", kill_on_drop: false }`
[INFO] [stdout] 23c28949193e0c575244b9bb1b33cc57b9a71087f97a18fd05c2549597bdd26b
[INFO] [stderr] WARNING: Your kernel does not support swap limit capabilities or the cgroup is not mounted. Memory limited without swap.
[INFO] running `Command { std: "docker" "start" "-a" "23c28949193e0c575244b9bb1b33cc57b9a71087f97a18fd05c2549597bdd26b", kill_on_drop: false }`
[INFO] running `Command { std: "docker" "inspect" "23c28949193e0c575244b9bb1b33cc57b9a71087f97a18fd05c2549597bdd26b", kill_on_drop: false }`
[INFO] running `Command { std: "docker" "rm" "-f" "23c28949193e0c575244b9bb1b33cc57b9a71087f97a18fd05c2549597bdd26b", kill_on_drop: false }`
[INFO] [stdout] 23c28949193e0c575244b9bb1b33cc57b9a71087f97a18fd05c2549597bdd26b
[INFO] running `Command { std: "docker" "create" "-v" "/var/lib/crater-agent-workspace/builds/worker-8/target:/opt/rustwide/target:rw,Z" "-v" "/var/lib/crater-agent-workspace/builds/worker-8/source:/opt/rustwide/workdir:ro,Z" "-v" "/var/lib/crater-agent-workspace/cargo-home:/opt/rustwide/cargo-home:ro,Z" "-v" "/var/lib/crater-agent-workspace/rustup-home:/opt/rustwide/rustup-home:ro,Z" "-e" "SOURCE_DIR=/opt/rustwide/workdir" "-e" "CARGO_TARGET_DIR=/opt/rustwide/target" "-e" "CARGO_INCREMENTAL=0" "-e" "RUST_BACKTRACE=full" "-e" "RUSTFLAGS=--cap-lints=forbid" "-e" "CARGO_HOME=/opt/rustwide/cargo-home" "-e" "RUSTUP_HOME=/opt/rustwide/rustup-home" "-w" "/opt/rustwide/workdir" "-m" "1610612736" "--user" "0:0" "--network" "none" "rustops/crates-build-env@sha256:a636fd89d022f18117e1dc8fb37a0a009933cdbbe082814857f0e2024962d47c" "/opt/rustwide/cargo-home/bin/cargo" "+beta-2020-07-24" "check" "--frozen" "--all" "--all-targets" "--message-format=json", kill_on_drop: false }`
[INFO] [stdout] eff61a3db13710d4304cb02164c5b66611656baae8e1adcabb790964f729c0d2
[INFO] [stderr] WARNING: Your kernel does not support swap limit capabilities or the cgroup is not mounted. Memory limited without swap.
[INFO] running `Command { std: "docker" "start" "-a" "eff61a3db13710d4304cb02164c5b66611656baae8e1adcabb790964f729c0d2", kill_on_drop: false }`
[INFO] [stderr]    Compiling memchr v2.2.1
[INFO] [stderr]    Compiling log v0.4.8
[INFO] [stderr]     Checking regex-syntax v0.6.12
[INFO] [stderr]    Compiling tabbyssl v0.10.0 (/opt/rustwide/workdir)
[INFO] [stderr]    Compiling ring v0.16.9
[INFO] [stderr]     Checking thread_local v0.3.6
[INFO] [stderr]    Compiling synom v0.11.3
[INFO] [stderr]     Checking smallvec v0.6.13
[INFO] [stderr]     Checking base64 v0.10.1
[INFO] [stderr]    Compiling syn v0.11.11
[INFO] [stderr]     Checking parking_lot_core v0.6.2
[INFO] [stderr]     Checking parking_lot v0.9.0
[INFO] [stderr]     Checking aho-corasick v0.7.6
[INFO] [stderr]    Compiling enum_to_u8_slice_derive v0.1.1
[INFO] [stderr]     Checking regex v1.3.1
[INFO] [stderr]     Checking webpki v0.21.0
[INFO] [stderr]     Checking sct v0.6.0
[INFO] [stderr]     Checking webpki-roots v0.18.0
[INFO] [stderr]     Checking rustls v0.16.0
[INFO] [stderr]     Checking env_logger v0.7.1
[INFO] [stdout] error[E0599]: no variant or associated item named `NoApplicationProtocol` found for enum `rustls::TLSError` in the current scope
[INFO] [stdout]    --> src/libssl/err.rs:628:27
[INFO] [stdout]     |
[INFO] [stdout] 628 |                 TLSError::NoApplicationProtocol => ErrorCode::TLSErrorNoApplicationProtocol,
[INFO] [stdout]     |                           ^^^^^^^^^^^^^^^^^^^^^ variant or associated item not found in `rustls::TLSError`
[INFO] [stdout] 
[INFO] [stdout] 
[INFO] [stdout] error[E0599]: no method named `set_client_certificate_verifier` found for struct `rustls::ServerConfig` in the current scope
[INFO] [stdout]     --> src/libssl/ssl.rs:1275:14
[INFO] [stdout]      |
[INFO] [stdout] 1275 |             .set_client_certificate_verifier(verifier);
[INFO] [stdout]      |              ^^^^^^^^^^^^^^^^^^^^^^^^^^^^^^^ method not found in `rustls::ServerConfig`
[INFO] [stdout] 
[INFO] [stdout] 
[INFO] [stdout] error[E0599]: no method named `set_client_certificate_verifier` found for struct `rustls::ServerConfig` in the current scope
[INFO] [stdout]     --> src/libssl/ssl.rs:1280:14
[INFO] [stdout]      |
[INFO] [stdout] 1280 |             .set_client_certificate_verifier(verifier);
[INFO] [stdout]      |              ^^^^^^^^^^^^^^^^^^^^^^^^^^^^^^^ method not found in `rustls::ServerConfig`
[INFO] [stdout] 
[INFO] [stdout] 
[INFO] [stdout] error: aborting due to 3 previous errors
[INFO] [stdout] 
[INFO] [stdout] 
[INFO] [stdout] For more information about this error, try `rustc --explain E0599`.
[INFO] [stdout] 
[INFO] [stderr] error: could not compile `tabbyssl`.
[INFO] [stderr] 
[INFO] [stderr] To learn more, run the command again with --verbose.
[INFO] [stderr] warning: build failed, waiting for other jobs to finish...
[INFO] [stdout] error[E0599]: no variant or associated item named `NoApplicationProtocol` found for enum `rustls::TLSError` in the current scope
[INFO] [stdout]    --> src/libssl/err.rs:628:27
[INFO] [stdout]     |
[INFO] [stdout] 628 |                 TLSError::NoApplicationProtocol => ErrorCode::TLSErrorNoApplicationProtocol,
[INFO] [stdout]     |                           ^^^^^^^^^^^^^^^^^^^^^ variant or associated item not found in `rustls::TLSError`
[INFO] [stdout] 
[INFO] [stdout] 
[INFO] [stdout] error: use of deprecated item 'std::error::Error::description': use the Display impl or to_string()
[INFO] [stdout]     --> src/libssl/err.rs:1024:45
[INFO] [stdout]      |
[INFO] [stdout] 1024 |             println!("{}, {}", error, error.description());
[INFO] [stdout]      |                                             ^^^^^^^^^^^
[INFO] [stdout]      |
[INFO] [stdout] note: the lint level is defined here
[INFO] [stdout]     --> src/lib.rs:28:71
[INFO] [stdout]      |
[INFO] [stdout] 28   | #![forbid(anonymous_parameters, unused_import_braces, unused_results, warnings)]
[INFO] [stdout]      |                                                                       ^^^^^^^^
[INFO] [stdout]      = note: `#[forbid(deprecated)]` implied by `#[forbid(warnings)]`
[INFO] [stdout] 
[INFO] [stdout] 
[INFO] [stdout] error[E0599]: no variant or associated item named `NoApplicationProtocol` found for enum `rustls::TLSError` in the current scope
[INFO] [stdout]     --> src/libssl/err.rs:1087:31
[INFO] [stdout]      |
[INFO] [stdout] 1087 |             rustls::TLSError::NoApplicationProtocol,
[INFO] [stdout]      |                               ^^^^^^^^^^^^^^^^^^^^^ variant or associated item not found in `rustls::TLSError`
[INFO] [stdout] 
[INFO] [stdout] 
[INFO] [stdout] error[E0599]: no method named `set_client_certificate_verifier` found for struct `rustls::ServerConfig` in the current scope
[INFO] [stdout]     --> src/libssl/ssl.rs:1275:14
[INFO] [stdout]      |
[INFO] [stdout] 1275 |             .set_client_certificate_verifier(verifier);
[INFO] [stdout]      |              ^^^^^^^^^^^^^^^^^^^^^^^^^^^^^^^ method not found in `rustls::ServerConfig`
[INFO] [stdout] 
[INFO] [stdout] 
[INFO] [stdout] error[E0599]: no method named `set_client_certificate_verifier` found for struct `rustls::ServerConfig` in the current scope
[INFO] [stdout]     --> src/libssl/ssl.rs:1280:14
[INFO] [stdout]      |
[INFO] [stdout] 1280 |             .set_client_certificate_verifier(verifier);
[INFO] [stdout]      |              ^^^^^^^^^^^^^^^^^^^^^^^^^^^^^^^ method not found in `rustls::ServerConfig`
[INFO] [stdout] 
[INFO] [stdout] 
[INFO] [stdout] error: aborting due to 5 previous errors
[INFO] [stdout] 
[INFO] [stdout] 
[INFO] [stdout] For more information about this error, try `rustc --explain E0599`.
[INFO] [stdout] 
[INFO] [stderr] error: build failed
[INFO] running `Command { std: "docker" "inspect" "eff61a3db13710d4304cb02164c5b66611656baae8e1adcabb790964f729c0d2", kill_on_drop: false }`
[INFO] running `Command { std: "docker" "rm" "-f" "eff61a3db13710d4304cb02164c5b66611656baae8e1adcabb790964f729c0d2", kill_on_drop: false }`
[INFO] [stdout] eff61a3db13710d4304cb02164c5b66611656baae8e1adcabb790964f729c0d2
