[INFO] fetching crate sunshine-faucet-client 0.2.0...
[INFO] checking sunshine-faucet-client-0.2.0 against beta-2020-07-24 for pr-75494-beta
[INFO] extracting crate sunshine-faucet-client 0.2.0 into /workspace/builds/worker-10/source
[INFO] validating manifest of crates.io crate sunshine-faucet-client 0.2.0 on toolchain beta-2020-07-24
[INFO] running `Command { std: "/workspace/cargo-home/bin/cargo" "+beta-2020-07-24" "read-manifest" "--manifest-path" "Cargo.toml", kill_on_drop: false }`
[INFO] started tweaking crates.io crate sunshine-faucet-client 0.2.0
[INFO] finished tweaking crates.io crate sunshine-faucet-client 0.2.0
[INFO] tweaked toml for crates.io crate sunshine-faucet-client 0.2.0 written to /workspace/builds/worker-10/source/Cargo.toml
[INFO] running `Command { std: "/workspace/cargo-home/bin/cargo" "+beta-2020-07-24" "generate-lockfile" "--manifest-path" "Cargo.toml" "-Zno-index-update", kill_on_drop: false }`
[INFO] running `Command { std: "/workspace/cargo-home/bin/cargo" "+beta-2020-07-24" "fetch" "--locked" "--manifest-path" "Cargo.toml", kill_on_drop: false }`
[INFO] [stderr]     Blocking waiting for file lock on package cache
[INFO] running `Command { std: "docker" "create" "-v" "/var/lib/crater-agent-workspace/builds/worker-10/target:/opt/rustwide/target:rw,Z" "-v" "/var/lib/crater-agent-workspace/builds/worker-10/source:/opt/rustwide/workdir:ro,Z" "-v" "/var/lib/crater-agent-workspace/cargo-home:/opt/rustwide/cargo-home:ro,Z" "-v" "/var/lib/crater-agent-workspace/rustup-home:/opt/rustwide/rustup-home:ro,Z" "-e" "SOURCE_DIR=/opt/rustwide/workdir" "-e" "CARGO_TARGET_DIR=/opt/rustwide/target" "-e" "CARGO_HOME=/opt/rustwide/cargo-home" "-e" "RUSTUP_HOME=/opt/rustwide/rustup-home" "-w" "/opt/rustwide/workdir" "-m" "1610612736" "--user" "0:0" "--network" "none" "rustops/crates-build-env@sha256:a636fd89d022f18117e1dc8fb37a0a009933cdbbe082814857f0e2024962d47c" "/opt/rustwide/cargo-home/bin/cargo" "+beta-2020-07-24" "metadata" "--no-deps" "--format-version=1", kill_on_drop: false }`
[INFO] [stdout] 17bb1dbb16d5fbee3473f2efffd9fd23cf45d2bec23bb675e476ac12ea46a235
[INFO] [stderr] WARNING: Your kernel does not support swap limit capabilities or the cgroup is not mounted. Memory limited without swap.
[INFO] running `Command { std: "docker" "start" "-a" "17bb1dbb16d5fbee3473f2efffd9fd23cf45d2bec23bb675e476ac12ea46a235", kill_on_drop: false }`
[INFO] running `Command { std: "docker" "inspect" "17bb1dbb16d5fbee3473f2efffd9fd23cf45d2bec23bb675e476ac12ea46a235", kill_on_drop: false }`
[INFO] running `Command { std: "docker" "rm" "-f" "17bb1dbb16d5fbee3473f2efffd9fd23cf45d2bec23bb675e476ac12ea46a235", kill_on_drop: false }`
[INFO] [stdout] 17bb1dbb16d5fbee3473f2efffd9fd23cf45d2bec23bb675e476ac12ea46a235
[INFO] running `Command { std: "docker" "create" "-v" "/var/lib/crater-agent-workspace/builds/worker-10/target:/opt/rustwide/target:rw,Z" "-v" "/var/lib/crater-agent-workspace/builds/worker-10/source:/opt/rustwide/workdir:ro,Z" "-v" "/var/lib/crater-agent-workspace/cargo-home:/opt/rustwide/cargo-home:ro,Z" "-v" "/var/lib/crater-agent-workspace/rustup-home:/opt/rustwide/rustup-home:ro,Z" "-e" "SOURCE_DIR=/opt/rustwide/workdir" "-e" "CARGO_TARGET_DIR=/opt/rustwide/target" "-e" "CARGO_INCREMENTAL=0" "-e" "RUST_BACKTRACE=full" "-e" "RUSTFLAGS=--cap-lints=forbid" "-e" "CARGO_HOME=/opt/rustwide/cargo-home" "-e" "RUSTUP_HOME=/opt/rustwide/rustup-home" "-w" "/opt/rustwide/workdir" "-m" "1610612736" "--user" "0:0" "--network" "none" "rustops/crates-build-env@sha256:a636fd89d022f18117e1dc8fb37a0a009933cdbbe082814857f0e2024962d47c" "/opt/rustwide/cargo-home/bin/cargo" "+beta-2020-07-24" "check" "--frozen" "--all" "--all-targets" "--message-format=json", kill_on_drop: false }`
[INFO] [stdout] c461d0d461fdcf6b349f17cd44f7e9c9a532fcbcdb7a372337f915ddc066a193
[INFO] [stderr] WARNING: Your kernel does not support swap limit capabilities or the cgroup is not mounted. Memory limited without swap.
[INFO] running `Command { std: "docker" "start" "-a" "c461d0d461fdcf6b349f17cd44f7e9c9a532fcbcdb7a372337f915ddc066a193", kill_on_drop: false }`
[INFO] [stderr]     Checking either v1.6.0
[INFO] [stderr]    Compiling cfg-if v0.1.10
[INFO] [stderr]     Checking spin v0.5.2
[INFO] [stderr]     Checking hex v0.4.2
[INFO] [stderr]     Checking bytes v0.5.6
[INFO] [stderr]     Checking matches v0.1.8
[INFO] [stderr]    Compiling unicode-segmentation v1.6.0
[INFO] [stderr]     Checking rand_core v0.4.2
[INFO] [stderr]    Compiling ppv-lite86 v0.2.9
[INFO] [stderr]     Checking percent-encoding v2.1.0
[INFO] [stderr]    Compiling fixedbitset v0.2.0
[INFO] [stderr]    Compiling remove_dir_all v0.5.3
[INFO] [stderr]    Compiling httparse v1.3.4
[INFO] [stderr]    Compiling multimap v0.8.1
[INFO] [stderr]     Checking futures-timer v2.0.2
[INFO] [stderr]     Checking futures-timer v3.0.2
[INFO] [stderr]    Compiling prometheus v0.8.0
[INFO] [stderr]    Compiling bitflags v1.2.1
[INFO] [stderr]     Checking base64 v0.11.0
[INFO] [stderr]     Checking chunked_transfer v1.2.0
[INFO] [stderr]    Compiling rayon v1.3.1
[INFO] [stderr]    Compiling hashbrown v0.8.2
[INFO] [stderr]    Compiling indexmap v1.5.1
[INFO] [stderr]    Compiling hashbrown v0.7.2
[INFO] [stderr]    Compiling clear_on_drop v0.2.4
[INFO] [stderr]    Compiling ring v0.16.15
[INFO] [stderr]    Compiling blake3 v0.3.6
[INFO] [stderr]     Checking futures-channel v0.3.5
[INFO] [stderr]    Compiling hashbrown v0.6.3
[INFO] [stderr]     Checking blake2b_simd v0.5.10
[INFO] [stderr]     Checking blake2s_simd v0.5.10
[INFO] [stderr]    Compiling rand_pcg v0.1.2
[INFO] [stderr]    Compiling rand_chacha v0.1.1
[INFO] [stderr]    Compiling rand v0.6.5
[INFO] [stderr]    Compiling proc-macro-error-attr v1.0.4
[INFO] [stderr]    Compiling proc-macro-error v1.0.4
[INFO] [stderr]     Checking unicode-bidi v0.3.4
[INFO] [stderr]     Checking bitvec v0.17.4
[INFO] [stderr]     Checking itertools v0.9.0
[INFO] [stderr]     Checking qstring v0.7.2
[INFO] [stderr]    Compiling libc v0.2.76
[INFO] [stderr]     Checking rand_core v0.3.1
[INFO] [stderr]     Checking rand_jitter v0.1.4
[INFO] [stderr]     Checking log v0.4.11
[INFO] [stderr]     Checking http v0.2.1
[INFO] [stderr]    Compiling heck v0.3.1
[INFO] [stderr]    Compiling anyhow v1.0.32
[INFO] [stderr]     Checking net2 v0.2.34
[INFO] [stderr]     Checking async-task v1.3.1
[INFO] [stderr]     Checking socket2 v0.3.12
[INFO] [stderr]     Checking time v0.1.43
[INFO] [stderr]     Checking rand_os v0.1.3
[INFO] [stderr]     Checking crossbeam-utils v0.7.2
[INFO] [stderr]     Checking bstr v0.2.13
[INFO] [stderr]     Checking hashbrown v0.1.8
[INFO] [stderr]     Checking rand_xorshift v0.1.1
[INFO] [stderr]     Checking rand_isaac v0.1.1
[INFO] [stderr]     Checking rand_hc v0.1.0
[INFO] [stderr]    Compiling parking_lot_core v0.4.0
[INFO] [stderr]     Checking idna v0.2.0
[INFO] [stderr]     Checking idna v0.1.5
[INFO] [stderr]     Checking block-buffer v0.7.3
[INFO] [stderr]     Checking digest v0.9.0
[INFO] [stderr]     Checking block-buffer v0.9.0
[INFO] [stderr]     Checking crypto-mac v0.8.0
[INFO] [stderr]     Checking sp-panic-handler v2.0.0-rc6
[INFO] [stderr]     Checking kv-log-macro v1.0.7
[INFO] [stderr]     Checking want v0.3.0
[INFO] [stderr]     Checking mio v0.6.22
[INFO] [stderr]     Checking crossbeam-epoch v0.8.2
[INFO] [stderr]     Checking crossbeam-queue v0.2.3
[INFO] [stderr]     Checking crossbeam-channel v0.4.3
[INFO] [stderr]    Compiling thiserror-impl v1.0.20
[INFO] [stderr]    Compiling prost-derive v0.6.1
[INFO] [stderr]    Compiling async-attributes v1.1.1
[INFO] [stderr]    Compiling data-encoding-macro-internal v0.1.8
[INFO] [stderr]    Compiling asn1_der_derive v0.1.2
[INFO] [stderr]    Compiling libp2p-core-derive v0.19.1
[INFO] [stderr]    Compiling strum_macros v0.16.0
[INFO] [stderr]    Compiling async-trait v0.1.38
[INFO] [stderr]     Checking strobe-rs v0.5.4
[INFO] [stderr]    Compiling getrandom v0.1.14
[INFO] [stderr]    Compiling which v3.1.1
[INFO] [stderr]     Checking sha2 v0.8.2
[INFO] [stderr]     Checking globset v0.4.5
[INFO] [stderr]     Checking parking_lot_core v0.6.2
[INFO] [stderr]     Checking sha2 v0.9.1
[INFO] [stderr]     Checking sha3 v0.9.1
[INFO] [stderr]     Checking sha-1 v0.9.1
[INFO] [stderr]    Compiling libipld-cbor-derive v0.3.0
[INFO] [stderr]     Checking tracing v0.1.19
[INFO] [stderr]     Checking url v2.1.1
[INFO] [stderr]     Checking futures-task v0.3.5
[INFO] [stderr]     Checking cached v0.12.0
[INFO] [stderr]     Checking url v1.7.2
[INFO] [stderr]     Checking crossbeam-deque v0.7.3
[INFO] [stderr]    Compiling jsonrpsee-proc-macros v0.1.0
[INFO] [stderr]    Compiling rand_core v0.5.1
[INFO] [stderr]    Compiling const-random-macro v0.1.8
[INFO] [stderr]    Compiling prost-build v0.6.1
[INFO] [stderr]     Checking serde_json v1.0.57
[INFO] [stderr]     Checking zeroize v1.1.0
[INFO] [stderr]     Checking mio-uds v0.6.8
[INFO] [stderr]     Checking tokio v0.2.22
[INFO] [stderr]     Checking parking_lot v0.9.0
[INFO] [stderr]     Checking multihash v0.11.3
[INFO] [stderr]     Checking sp-tracing v2.0.0-rc6
[INFO] [stderr]     Checking futures-util v0.3.5
[INFO] [stderr]     Checking fixed-hash v0.6.1
[INFO] [stderr]     Checking fail v0.4.0
[INFO] [stderr]     Checking http-body v0.3.1
[INFO] [stderr]     Checking libsecp256k1 v0.3.5
[INFO] [stderr]     Checking asn1_der v0.6.3
[INFO] [stderr]    Compiling petgraph v0.5.1
[INFO] [stderr]     Checking rayon-core v1.7.1
[INFO] [stderr]    Compiling rand_pcg v0.2.1
[INFO] [stderr]    Compiling rand_chacha v0.2.2
[INFO] [stderr]     Checking data-encoding-macro v0.1.8
[INFO] [stderr]     Checking curve25519-dalek v2.1.0
[INFO] [stderr]     Checking merlin v2.0.0
[INFO] [stderr]     Checking secrecy v0.7.0
[INFO] [stderr]     Checking const-random v0.1.8
[INFO] [stderr]     Checking parity-multiaddr v0.9.1
[INFO] [stderr]    Compiling sp-api-proc-macro v2.0.0-rc6
[INFO] [stderr]    Compiling jsonrpc-derive v14.2.1
[INFO] [stderr]    Compiling substrate-subxt-proc-macro v0.9.0
[INFO] [stderr]     Checking multibase v0.8.0
[INFO] [stderr]     Checking webpki v0.21.3
[INFO] [stderr]     Checking sct v0.6.0
[INFO] [stderr]    Compiling rand v0.7.3
[INFO] [stderr]     Checking thiserror v1.0.20
[INFO] [stderr]     Checking ahash v0.2.18
[INFO] [stderr]     Checking parity-scale-codec v1.3.4
[INFO] [stderr]     Checking parking_lot v0.7.1
[INFO] [stderr]     Checking strum v0.16.0
[INFO] [stderr]     Checking jsonrpc-core v14.2.0
[INFO] [stderr]     Checking sp-chain-spec v2.0.0-rc6
[INFO] [stderr]     Checking cid v0.5.1
[INFO] [stderr]     Checking ed25519-dalek v1.0.0-pre.3
[INFO] [stderr]     Checking schnorrkel v0.9.1
[INFO] [stderr]     Checking prometheus v0.9.0
[INFO] [stderr]     Checking webpki-roots v0.17.0
[INFO] [stderr]     Checking rustls v0.16.0
[INFO] [stderr]     Checking webpki-roots v0.20.0
[INFO] [stderr]     Checking rustls v0.18.1
[INFO] [stderr]     Checking once_cell v0.1.8
[INFO] [stderr]     Checking libipld-core v0.3.1
[INFO] [stderr]    Compiling prost v0.6.1
[INFO] [stderr]     Checking jsonrpc-pubsub v14.2.0
[INFO] [stderr]    Compiling tempfile v3.1.0
[INFO] [stderr]     Checking libipld-json v0.3.0
[INFO] [stderr]     Checking libipld-cbor v0.3.0
[INFO] [stderr]     Checking libipld-macro v0.3.0
[INFO] [stderr]     Checking trie-db v0.21.0
[INFO] [stderr]     Checking lru v0.4.3
[INFO] [stderr]     Checking tokio-util v0.3.1
[INFO] [stderr]    Compiling prost-types v0.6.1
[INFO] [stderr]     Checking jsonrpc-client-transports v14.2.1
[INFO] [stderr]     Checking jsonrpc-core-client v14.2.0
[INFO] [stderr]     Checking pbkdf2 v0.3.0
[INFO] [stderr]     Checking tiny-bip39 v0.7.3
[INFO] [stderr]     Checking substrate-bip39 v0.4.1
[INFO] [stderr]     Checking bip39 v0.6.0-beta.1
[INFO] [stderr]     Checking futures-executor v0.3.5
[INFO] [stderr]     Checking broadcaster v1.0.0
[INFO] [stderr]     Checking h2 v0.2.6
[INFO] [stderr]     Checking ureq v1.4.0
[INFO] [stderr]     Checking futures v0.3.5
[INFO] [stderr]     Checking async-std v1.5.0
[INFO] [stderr]     Checking multistream-select v0.8.2
[INFO] [stderr]     Checking rw-stream-sink v0.2.1
[INFO] [stderr]     Checking wasm-timer v0.2.4
[INFO] [stderr]     Checking sp-utils v2.0.0-rc6
[INFO] [stderr]     Checking soketto v0.3.2
[INFO] [stderr]     Checking async-tls v0.6.0
[INFO] [stderr]     Checking impl-codec v0.4.2
[INFO] [stderr]     Checking sp-storage v2.0.0-rc6
[INFO] [stderr]     Checking sp-wasm-interface v2.0.0-rc6
[INFO] [stderr]     Checking sp-arithmetic v2.0.0-rc6
[INFO] [stderr]    Compiling libp2p-core v0.19.2
[INFO] [stderr]     Checking primitive-types v0.7.2
[INFO] [stderr]     Checking sp-externalities v0.8.0-rc6
[INFO] [stderr]     Checking parity-util-mem v0.6.1
[INFO] [stderr]     Checking sp-runtime-interface v2.0.0-rc6
[INFO] [stderr]     Checking memory-db v0.21.0
[INFO] [stderr]     Checking hyper v0.13.7
[INFO] [stderr]     Checking libipld v0.3.1
[INFO] [stderr]     Checking keybase-keystore v0.2.0
[INFO] [stderr]     Checking sp-core v2.0.0-rc4
[INFO] [stderr]     Checking ipld-block-builder v0.4.1
[INFO] [stderr]     Checking libp2p-swarm v0.19.1
[INFO] [stderr]     Checking sp-trie v2.0.0-rc4
[INFO] [stderr]     Checking sp-inherents v2.0.0-rc4
[INFO] [stderr]     Checking frame-metadata v11.0.0-rc4
[INFO] [stderr]     Checking sp-rpc v2.0.0-rc4
[INFO] [stderr]     Checking libp2p v0.19.1
[INFO] [stderr]     Checking sp-state-machine v0.8.0-rc4
[INFO] [stderr]     Checking substrate-prometheus-endpoint v0.8.0-rc4
[INFO] [stderr]     Checking jsonrpsee v0.1.0
[INFO] [stdout] error[E0053]: method `set_whitelist` has an incompatible type for trait
[INFO] [stdout]    --> /opt/rustwide/cargo-home/registry/src/github.com-1ecc6299db9ec823/sp-state-machine-0.8.0-rc4/src/ext.rs:606:2
[INFO] [stdout]     |
[INFO] [stdout] 606 |     fn set_whitelist(&mut self, new: Vec<Vec<u8>>) {
[INFO] [stdout]     |     ^^^^^^^^^^^^^^^^^^^^^^^^^^^^^^^^^^^^^^^^^^^^^^ expected struct `sp_core::sp_storage::TrackedStorageKey`, found struct `std::vec::Vec`
[INFO] [stdout]     |
[INFO] [stdout]     = note: expected fn pointer `fn(&mut ext::Ext<'a, H, N, B>, std::vec::Vec<sp_core::sp_storage::TrackedStorageKey>)`
[INFO] [stdout]                found fn pointer `fn(&mut ext::Ext<'a, H, N, B>, std::vec::Vec<std::vec::Vec<u8>>)`
[INFO] [stdout] 
[INFO] [stdout] 
[INFO] [stdout] error[E0046]: not all trait items implemented, missing: `get_whitelist`
[INFO] [stdout]    --> /opt/rustwide/cargo-home/registry/src/github.com-1ecc6299db9ec823/sp-state-machine-0.8.0-rc4/src/ext.rs:162:1
[INFO] [stdout]     |
[INFO] [stdout] 162 | / impl<'a, H, B, N> Externalities for Ext<'a, H, N, B>
[INFO] [stdout] 163 | | where
[INFO] [stdout] 164 | |     H: Hasher,
[INFO] [stdout] 165 | |     H::Out: Ord + 'static + codec::Codec,
[INFO] [stdout] ...   |
[INFO] [stdout] 608 | |     }
[INFO] [stdout] 609 | | }
[INFO] [stdout]     | |_^ missing `get_whitelist` in implementation
[INFO] [stdout]     |
[INFO] [stdout]     = help: implement the missing item: `fn get_whitelist(&self) -> std::vec::Vec<sp_core::sp_storage::TrackedStorageKey> { todo!() }`
[INFO] [stdout] 
[INFO] [stdout] 
[INFO] [stdout] error[E0053]: method `set_whitelist` has an incompatible type for trait
[INFO] [stdout]    --> /opt/rustwide/cargo-home/registry/src/github.com-1ecc6299db9ec823/sp-state-machine-0.8.0-rc4/src/basic.rs:334:2
[INFO] [stdout]     |
[INFO] [stdout] 334 |     fn set_whitelist(&mut self, _: Vec<Vec<u8>>) {
[INFO] [stdout]     |     ^^^^^^^^^^^^^^^^^^^^^^^^^^^^^^^^^^^^^^^^^^^^ expected struct `sp_core::sp_storage::TrackedStorageKey`, found struct `std::vec::Vec`
[INFO] [stdout]     |
[INFO] [stdout]     = note: expected fn pointer `fn(&mut basic::BasicExternalities, std::vec::Vec<sp_core::sp_storage::TrackedStorageKey>)`
[INFO] [stdout]                found fn pointer `fn(&mut basic::BasicExternalities, std::vec::Vec<std::vec::Vec<u8>>)`
[INFO] [stdout] 
[INFO] [stdout] 
[INFO] [stdout] error[E0046]: not all trait items implemented, missing: `get_whitelist`
[INFO] [stdout]    --> /opt/rustwide/cargo-home/registry/src/github.com-1ecc6299db9ec823/sp-state-machine-0.8.0-rc4/src/basic.rs:143:1
[INFO] [stdout]     |
[INFO] [stdout] 143 | impl Externalities for BasicExternalities {
[INFO] [stdout]     | ^^^^^^^^^^^^^^^^^^^^^^^^^^^^^^^^^^^^^^^^^ missing `get_whitelist` in implementation
[INFO] [stdout]     |
[INFO] [stdout]     = help: implement the missing item: `fn get_whitelist(&self) -> std::vec::Vec<sp_core::sp_storage::TrackedStorageKey> { todo!() }`
[INFO] [stdout] 
[INFO] [stdout] 
[INFO] [stdout] error[E0053]: method `set_whitelist` has an incompatible type for trait
[INFO] [stdout]    --> /opt/rustwide/cargo-home/registry/src/github.com-1ecc6299db9ec823/sp-state-machine-0.8.0-rc4/src/read_only.rs:197:2
[INFO] [stdout]     |
[INFO] [stdout] 197 |     fn set_whitelist(&mut self, _: Vec<Vec<u8>>) {
[INFO] [stdout]     |     ^^^^^^^^^^^^^^^^^^^^^^^^^^^^^^^^^^^^^^^^^^^^ expected struct `sp_core::sp_storage::TrackedStorageKey`, found struct `std::vec::Vec`
[INFO] [stdout]     |
[INFO] [stdout]     = note: expected fn pointer `fn(&mut read_only::ReadOnlyExternalities<'a, H, B>, std::vec::Vec<sp_core::sp_storage::TrackedStorageKey>)`
[INFO] [stdout]                found fn pointer `fn(&mut read_only::ReadOnlyExternalities<'a, H, B>, std::vec::Vec<std::vec::Vec<u8>>)`
[INFO] [stdout] 
[INFO] [stdout] 
[INFO] [stdout] error[E0046]: not all trait items implemented, missing: `get_whitelist`
[INFO] [stdout]   --> /opt/rustwide/cargo-home/registry/src/github.com-1ecc6299db9ec823/sp-state-machine-0.8.0-rc4/src/read_only.rs:74:1
[INFO] [stdout]    |
[INFO] [stdout] 74 | impl<'a, H: Hasher, B: 'a + Backend<H>> Externalities for ReadOnlyExternalities<'a, H, B> {
[INFO] [stdout]    | ^^^^^^^^^^^^^^^^^^^^^^^^^^^^^^^^^^^^^^^^^^^^^^^^^^^^^^^^^^^^^^^^^^^^^^^^^^^^^^^^^^^^^^^^^ missing `get_whitelist` in implementation
[INFO] [stdout]    |
[INFO] [stdout]    = help: implement the missing item: `fn get_whitelist(&self) -> std::vec::Vec<sp_core::sp_storage::TrackedStorageKey> { todo!() }`
[INFO] [stdout] 
[INFO] [stdout] 
[INFO] [stdout] error: aborting due to 6 previous errors
[INFO] [stdout] 
[INFO] [stdout] 
[INFO] [stdout] Some errors have detailed explanations: E0046, E0053.
[INFO] [stdout] 
[INFO] [stdout] For more information about an error, try `rustc --explain E0046`.
[INFO] [stdout] 
[INFO] [stderr] error: could not compile `sp-state-machine`.
[INFO] [stderr] 
[INFO] [stderr] To learn more, run the command again with --verbose.
[INFO] [stderr] warning: build failed, waiting for other jobs to finish...
[INFO] [stderr] error: build failed
[INFO] running `Command { std: "docker" "inspect" "c461d0d461fdcf6b349f17cd44f7e9c9a532fcbcdb7a372337f915ddc066a193", kill_on_drop: false }`
[INFO] running `Command { std: "docker" "rm" "-f" "c461d0d461fdcf6b349f17cd44f7e9c9a532fcbcdb7a372337f915ddc066a193", kill_on_drop: false }`
[INFO] [stdout] c461d0d461fdcf6b349f17cd44f7e9c9a532fcbcdb7a372337f915ddc066a193
