[INFO] fetching crate stderrlog 0.4.3...
[INFO] checking stderrlog-0.4.3 against beta-2020-07-24 for pr-75494-beta
[INFO] extracting crate stderrlog 0.4.3 into /workspace/builds/worker-5/source
[INFO] validating manifest of crates.io crate stderrlog 0.4.3 on toolchain beta-2020-07-24
[INFO] running `Command { std: "/workspace/cargo-home/bin/cargo" "+beta-2020-07-24" "read-manifest" "--manifest-path" "Cargo.toml", kill_on_drop: false }`
[INFO] started tweaking crates.io crate stderrlog 0.4.3
[INFO] finished tweaking crates.io crate stderrlog 0.4.3
[INFO] tweaked toml for crates.io crate stderrlog 0.4.3 written to /workspace/builds/worker-5/source/Cargo.toml
[INFO] crate crates.io crate stderrlog 0.4.3 already has a lockfile, it will not be regenerated
[INFO] running `Command { std: "/workspace/cargo-home/bin/cargo" "+beta-2020-07-24" "fetch" "--locked" "--manifest-path" "Cargo.toml", kill_on_drop: false }`
[INFO] [stderr]     Blocking waiting for file lock on package cache
[INFO] running `Command { std: "docker" "create" "-v" "/var/lib/crater-agent-workspace/builds/worker-5/target:/opt/rustwide/target:rw,Z" "-v" "/var/lib/crater-agent-workspace/builds/worker-5/source:/opt/rustwide/workdir:ro,Z" "-v" "/var/lib/crater-agent-workspace/cargo-home:/opt/rustwide/cargo-home:ro,Z" "-v" "/var/lib/crater-agent-workspace/rustup-home:/opt/rustwide/rustup-home:ro,Z" "-e" "SOURCE_DIR=/opt/rustwide/workdir" "-e" "CARGO_TARGET_DIR=/opt/rustwide/target" "-e" "CARGO_HOME=/opt/rustwide/cargo-home" "-e" "RUSTUP_HOME=/opt/rustwide/rustup-home" "-w" "/opt/rustwide/workdir" "-m" "1610612736" "--user" "0:0" "--network" "none" "rustops/crates-build-env@sha256:a636fd89d022f18117e1dc8fb37a0a009933cdbbe082814857f0e2024962d47c" "/opt/rustwide/cargo-home/bin/cargo" "+beta-2020-07-24" "metadata" "--no-deps" "--format-version=1", kill_on_drop: false }`
[INFO] [stdout] f3cf91f6c79a1197ba4d80c06641bbe49fbd499caa699c3498a8aa8a17d722c3
[INFO] [stderr] WARNING: Your kernel does not support swap limit capabilities or the cgroup is not mounted. Memory limited without swap.
[INFO] running `Command { std: "docker" "start" "-a" "f3cf91f6c79a1197ba4d80c06641bbe49fbd499caa699c3498a8aa8a17d722c3", kill_on_drop: false }`
[INFO] running `Command { std: "docker" "inspect" "f3cf91f6c79a1197ba4d80c06641bbe49fbd499caa699c3498a8aa8a17d722c3", kill_on_drop: false }`
[INFO] running `Command { std: "docker" "rm" "-f" "f3cf91f6c79a1197ba4d80c06641bbe49fbd499caa699c3498a8aa8a17d722c3", kill_on_drop: false }`
[INFO] [stdout] f3cf91f6c79a1197ba4d80c06641bbe49fbd499caa699c3498a8aa8a17d722c3
[INFO] running `Command { std: "docker" "create" "-v" "/var/lib/crater-agent-workspace/builds/worker-5/target:/opt/rustwide/target:rw,Z" "-v" "/var/lib/crater-agent-workspace/builds/worker-5/source:/opt/rustwide/workdir:ro,Z" "-v" "/var/lib/crater-agent-workspace/cargo-home:/opt/rustwide/cargo-home:ro,Z" "-v" "/var/lib/crater-agent-workspace/rustup-home:/opt/rustwide/rustup-home:ro,Z" "-e" "SOURCE_DIR=/opt/rustwide/workdir" "-e" "CARGO_TARGET_DIR=/opt/rustwide/target" "-e" "CARGO_INCREMENTAL=0" "-e" "RUST_BACKTRACE=full" "-e" "RUSTFLAGS=--cap-lints=forbid" "-e" "CARGO_HOME=/opt/rustwide/cargo-home" "-e" "RUSTUP_HOME=/opt/rustwide/rustup-home" "-w" "/opt/rustwide/workdir" "-m" "1610612736" "--user" "0:0" "--network" "none" "rustops/crates-build-env@sha256:a636fd89d022f18117e1dc8fb37a0a009933cdbbe082814857f0e2024962d47c" "/opt/rustwide/cargo-home/bin/cargo" "+beta-2020-07-24" "check" "--frozen" "--all" "--all-targets" "--message-format=json", kill_on_drop: false }`
[INFO] [stdout] 943678fc06891673b7400c61b91751354124b4b45c518758e3869396da3f0e42
[INFO] [stderr] WARNING: Your kernel does not support swap limit capabilities or the cgroup is not mounted. Memory limited without swap.
[INFO] running `Command { std: "docker" "start" "-a" "943678fc06891673b7400c61b91751354124b4b45c518758e3869396da3f0e42", kill_on_drop: false }`
[INFO] [stderr]     Blocking waiting for file lock on package cache
[INFO] [stderr]     Checking cfg-if v0.1.10
[INFO] [stderr]     Checking regex-syntax v0.3.9
[INFO] [stderr]     Checking vec_map v0.7.0
[INFO] [stderr]     Checking strsim v0.6.0
[INFO] [stderr]     Checking ansi_term v0.9.0
[INFO] [stderr]     Checking utf8-ranges v0.1.3
[INFO] [stderr]     Checking bitflags v0.8.2
[INFO] [stderr]     Checking unreachable v1.0.0
[INFO] [stderr]     Checking memchr v0.1.11
[INFO] [stderr]     Checking atty v0.2.11
[INFO] [stderr]     Checking term_size v0.2.3
[INFO] [stderr]     Checking thread-id v2.0.0
[INFO] [stderr]    Compiling structopt-derive v0.2.18
[INFO] [stderr]     Checking thread_local v0.3.4
[INFO] [stderr]     Checking log v0.4.8
[INFO] [stderr]     Checking thread_local v0.2.7
[INFO] [stderr]     Checking aho-corasick v0.5.3
[INFO] [stderr]     Checking clap v2.22.2
[INFO] [stderr]     Checking stderrlog v0.4.3 (/opt/rustwide/workdir)
[INFO] [stderr]     Checking regex v0.1.80
[INFO] [stderr]     Checking docopt v0.6.86
[INFO] [stderr]     Checking structopt v0.2.18
[INFO] [stdout] error[E0554]: `#![feature]` may not be used on the beta release channel
[INFO] [stdout]  --> benches/quiet.rs:1:1
[INFO] [stdout]   |
[INFO] [stdout] 1 | #![feature(test)]
[INFO] [stdout]   | ^^^^^^^^^^^^^^^^^
[INFO] [stdout] 
[INFO] [stdout] 
[INFO] [stdout] error[E0554]: `#![feature]` may not be used on the beta release channel
[INFO] [stdout]  --> benches/real_calls.rs:1:1
[INFO] [stdout]   |
[INFO] [stdout] 1 | #![feature(test)]
[INFO] [stdout]   | ^^^^^^^^^^^^^^^^^
[INFO] [stdout] 
[INFO] [stdout] 
[INFO] [stdout] warning: use of deprecated item 'std::sync::ONCE_INIT': the `new` function is now preferred
[INFO] [stdout]   --> benches/quiet.rs:14:34
[INFO] [stdout]    |
[INFO] [stdout] 14 | static INIT_LOGGER: sync::Once = sync::ONCE_INIT;
[INFO] [stdout]    |                                  ^^^^^^^^^^^^^^^ help: replace the use of the deprecated item: `Once::new()`
[INFO] [stdout]    |
[INFO] [stdout]    = note: `#[warn(deprecated)]` on by default
[INFO] [stdout] 
[INFO] [stdout] 
[INFO] [stdout] warning: use of deprecated item 'std::sync::ONCE_INIT': the `new` function is now preferred
[INFO] [stdout]   --> benches/real_calls.rs:14:34
[INFO] [stdout]    |
[INFO] [stdout] 14 | static INIT_LOGGER: sync::Once = sync::ONCE_INIT;
[INFO] [stdout]    |                                  ^^^^^^^^^^^^^^^ help: replace the use of the deprecated item: `Once::new()`
[INFO] [stdout]    |
[INFO] [stdout]    = note: `#[warn(deprecated)]` on by default
[INFO] [stdout] 
[INFO] [stdout] 
[INFO] [stdout] warning: use of deprecated item 'std::sync::ONCE_INIT': the `new` function is now preferred
[INFO] [stdout]   --> tests/utils/mod.rs:10:34
[INFO] [stdout]    |
[INFO] [stdout] 10 | static INIT_LOGGER: sync::Once = sync::ONCE_INIT;
[INFO] [stdout]    |                                  ^^^^^^^^^^^^^^^ help: replace the use of the deprecated item: `Once::new()`
[INFO] [stdout]    |
[INFO] [stdout]    = note: `#[warn(deprecated)]` on by default
[INFO] [stdout] 
[INFO] [stdout] 
[INFO] [stdout] error[E0554]: `#![feature]` may not be used on the beta release channel
[INFO] [stdout]  --> benches/junk_modules.rs:1:1
[INFO] [stdout]   |
[INFO] [stdout] 1 | #![feature(test)]
[INFO] [stdout]   | ^^^^^^^^^^^^^^^^^
[INFO] [stdout] 
[INFO] [stdout] 
[INFO] [stdout] error[E0554]: `#![feature]` may not be used on the beta release channel
[INFO] [stdout]  --> benches/no_color.rs:1:1
[INFO] [stdout]   |
[INFO] [stdout] 1 | #![feature(test)]
[INFO] [stdout]   | ^^^^^^^^^^^^^^^^^
[INFO] [stdout] 
[INFO] [stdout] 
[INFO] [stdout] warning: use of deprecated item 'std::sync::ONCE_INIT': the `new` function is now preferred
[INFO] [stdout]   --> benches/junk_modules.rs:14:34
[INFO] [stdout]    |
[INFO] [stdout] 14 | static INIT_LOGGER: sync::Once = sync::ONCE_INIT;
[INFO] [stdout]    |                                  ^^^^^^^^^^^^^^^ help: replace the use of the deprecated item: `Once::new()`
[INFO] [stdout]    |
[INFO] [stdout]    = note: `#[warn(deprecated)]` on by default
[INFO] [stdout] 
[INFO] [stdout] 
[INFO] [stdout] warning: use of deprecated item 'std::sync::ONCE_INIT': the `new` function is now preferred
[INFO] [stdout]   --> benches/no_color.rs:15:34
[INFO] [stdout]    |
[INFO] [stdout] 15 | static INIT_LOGGER: sync::Once = sync::ONCE_INIT;
[INFO] [stdout]    |                                  ^^^^^^^^^^^^^^^ help: replace the use of the deprecated item: `Once::new()`
[INFO] [stdout]    |
[INFO] [stdout]    = note: `#[warn(deprecated)]` on by default
[INFO] [stdout] 
[INFO] [stdout] 
[INFO] [stdout] error: aborting due to previous error; 1 warning emitted
[INFO] [stdout] 
[INFO] [stdout] 
[INFO] [stdout] For more information about this error, try `rustc --explain E0554`.
[INFO] [stdout] 
[INFO] [stderr] error: could not compile `stderrlog`.
[INFO] [stderr] 
[INFO] [stderr] To learn more, run the command again with --verbose.
[INFO] [stderr] warning: build failed, waiting for other jobs to finish...
[INFO] [stdout] error: aborting due to previous error; 1 warning emitted
[INFO] [stdout] 
[INFO] [stdout] 
[INFO] [stdout] For more information about this error, try `rustc --explain E0554`.
[INFO] [stdout] 
[INFO] [stdout] warning: unused `#[macro_use]` import
[INFO] [stdout]   --> examples/structopt.rs:12:1
[INFO] [stdout]    |
[INFO] [stdout] 12 | #[macro_use]
[INFO] [stdout]    | ^^^^^^^^^^^^
[INFO] [stdout]    |
[INFO] [stdout]    = note: `#[warn(unused_imports)]` on by default
[INFO] [stdout] 
[INFO] [stdout] 
[INFO] [stdout] error: aborting due to previous error; 1 warning emitted
[INFO] [stdout] 
[INFO] [stdout] 
[INFO] [stdout] warning: 1 warning emitted
[INFO] [stdout] 
[INFO] [stdout] 
[INFO] [stdout] For more information about this error, try `rustc --explain E0554`.
[INFO] [stdout] 
[INFO] [stdout] error: aborting due to previous error; 1 warning emitted
[INFO] [stdout] 
[INFO] [stdout] 
[INFO] [stdout] For more information about this error, try `rustc --explain E0554`.
[INFO] [stdout] 
[INFO] [stdout] warning: 1 warning emitted
[INFO] [stdout] 
[INFO] [stdout] 
[INFO] [stderr] error: build failed
[INFO] running `Command { std: "docker" "inspect" "943678fc06891673b7400c61b91751354124b4b45c518758e3869396da3f0e42", kill_on_drop: false }`
[INFO] running `Command { std: "docker" "rm" "-f" "943678fc06891673b7400c61b91751354124b4b45c518758e3869396da3f0e42", kill_on_drop: false }`
[INFO] [stdout] 943678fc06891673b7400c61b91751354124b4b45c518758e3869396da3f0e42
