[INFO] fetching crate std_detect 0.1.5...
[INFO] checking std_detect-0.1.5 against beta-2020-07-24 for pr-75494-beta
[INFO] extracting crate std_detect 0.1.5 into /workspace/builds/worker-4/source
[INFO] validating manifest of crates.io crate std_detect 0.1.5 on toolchain beta-2020-07-24
[INFO] running `Command { std: "/workspace/cargo-home/bin/cargo" "+beta-2020-07-24" "read-manifest" "--manifest-path" "Cargo.toml", kill_on_drop: false }`
[INFO] started tweaking crates.io crate std_detect 0.1.5
[INFO] finished tweaking crates.io crate std_detect 0.1.5
[INFO] tweaked toml for crates.io crate std_detect 0.1.5 written to /workspace/builds/worker-4/source/Cargo.toml
[INFO] running `Command { std: "/workspace/cargo-home/bin/cargo" "+beta-2020-07-24" "generate-lockfile" "--manifest-path" "Cargo.toml" "-Zno-index-update", kill_on_drop: false }`
[INFO] running `Command { std: "/workspace/cargo-home/bin/cargo" "+beta-2020-07-24" "fetch" "--locked" "--manifest-path" "Cargo.toml", kill_on_drop: false }`
[INFO] running `Command { std: "docker" "create" "-v" "/var/lib/crater-agent-workspace/builds/worker-4/target:/opt/rustwide/target:rw,Z" "-v" "/var/lib/crater-agent-workspace/builds/worker-4/source:/opt/rustwide/workdir:ro,Z" "-v" "/var/lib/crater-agent-workspace/cargo-home:/opt/rustwide/cargo-home:ro,Z" "-v" "/var/lib/crater-agent-workspace/rustup-home:/opt/rustwide/rustup-home:ro,Z" "-e" "SOURCE_DIR=/opt/rustwide/workdir" "-e" "CARGO_TARGET_DIR=/opt/rustwide/target" "-e" "CARGO_HOME=/opt/rustwide/cargo-home" "-e" "RUSTUP_HOME=/opt/rustwide/rustup-home" "-w" "/opt/rustwide/workdir" "-m" "1610612736" "--user" "0:0" "--network" "none" "rustops/crates-build-env@sha256:a636fd89d022f18117e1dc8fb37a0a009933cdbbe082814857f0e2024962d47c" "/opt/rustwide/cargo-home/bin/cargo" "+beta-2020-07-24" "metadata" "--no-deps" "--format-version=1", kill_on_drop: false }`
[INFO] [stdout] b7729b69f572e0d7f87b590c4a97b6ef1eeb6843468b7c0aec9badfd5356011f
[INFO] [stderr] WARNING: Your kernel does not support swap limit capabilities or the cgroup is not mounted. Memory limited without swap.
[INFO] running `Command { std: "docker" "start" "-a" "b7729b69f572e0d7f87b590c4a97b6ef1eeb6843468b7c0aec9badfd5356011f", kill_on_drop: false }`
[INFO] running `Command { std: "docker" "inspect" "b7729b69f572e0d7f87b590c4a97b6ef1eeb6843468b7c0aec9badfd5356011f", kill_on_drop: false }`
[INFO] running `Command { std: "docker" "rm" "-f" "b7729b69f572e0d7f87b590c4a97b6ef1eeb6843468b7c0aec9badfd5356011f", kill_on_drop: false }`
[INFO] [stdout] b7729b69f572e0d7f87b590c4a97b6ef1eeb6843468b7c0aec9badfd5356011f
[INFO] running `Command { std: "docker" "create" "-v" "/var/lib/crater-agent-workspace/builds/worker-4/target:/opt/rustwide/target:rw,Z" "-v" "/var/lib/crater-agent-workspace/builds/worker-4/source:/opt/rustwide/workdir:ro,Z" "-v" "/var/lib/crater-agent-workspace/cargo-home:/opt/rustwide/cargo-home:ro,Z" "-v" "/var/lib/crater-agent-workspace/rustup-home:/opt/rustwide/rustup-home:ro,Z" "-e" "SOURCE_DIR=/opt/rustwide/workdir" "-e" "CARGO_TARGET_DIR=/opt/rustwide/target" "-e" "CARGO_INCREMENTAL=0" "-e" "RUST_BACKTRACE=full" "-e" "RUSTFLAGS=--cap-lints=forbid" "-e" "CARGO_HOME=/opt/rustwide/cargo-home" "-e" "RUSTUP_HOME=/opt/rustwide/rustup-home" "-w" "/opt/rustwide/workdir" "-m" "1610612736" "--user" "0:0" "--network" "none" "rustops/crates-build-env@sha256:a636fd89d022f18117e1dc8fb37a0a009933cdbbe082814857f0e2024962d47c" "/opt/rustwide/cargo-home/bin/cargo" "+beta-2020-07-24" "check" "--frozen" "--all" "--all-targets" "--message-format=json", kill_on_drop: false }`
[INFO] [stderr] WARNING: Your kernel does not support swap limit capabilities or the cgroup is not mounted. Memory limited without swap.
[INFO] [stdout] 9e75a94442b903769c436c7de81701d02c39e3e201efbc3aeeaddfeda08df073
[INFO] running `Command { std: "docker" "start" "-a" "9e75a94442b903769c436c7de81701d02c39e3e201efbc3aeeaddfeda08df073", kill_on_drop: false }`
[INFO] [stderr]     Checking std_detect v0.1.5 (/opt/rustwide/workdir)
[INFO] [stdout] error[E0554]: `#![feature]` may not be used on the beta release channel
[INFO] [stdout]   --> src/lib.rs:15:1
[INFO] [stdout]    |
[INFO] [stdout] 15 | #![feature(const_fn, staged_api, stdsimd, doc_cfg, allow_internal_unstable)]
[INFO] [stdout]    | ^^^^^^^^^^^^^^^^^^^^^^^^^^^^^^^^^^^^^^^^^^^^^^^^^^^^^^^^^^^^^^^^^^^^^^^^^^^^
[INFO] [stdout] 
[INFO] [stdout] 
[INFO] [stdout] error[E0554]: `#![feature]` may not be used on the beta release channel
[INFO] [stdout]   --> src/lib.rs:18:34
[INFO] [stdout]    |
[INFO] [stdout] 18 | #![cfg_attr(target_os = "linux", feature(linkage))]
[INFO] [stdout]    |                                  ^^^^^^^^^^^^^^^^
[INFO] [stdout] 
[INFO] [stdout] 
[INFO] [stdout] error[E0545]: `issue` must be a non-zero numeric string or "none"
[INFO] [stdout]    --> src/detect/arch/x86.rs:251:42
[INFO] [stdout]     |
[INFO] [stdout] 251 | #[unstable(feature = "stdsimd_internal", issue = "0")]
[INFO] [stdout]     |                                          ^^^^^^^^---
[INFO] [stdout]     |                                                  |
[INFO] [stdout]     |                                                  `issue` must not be "0", use "none" instead
[INFO] [stdout] 
[INFO] [stdout] 
[INFO] [stdout] error[E0463]: can't find crate for `cupid`
[INFO] [stdout]    --> src/detect/os/x86.rs:247:5
[INFO] [stdout]     |
[INFO] [stdout] 247 |     extern crate cupid;
[INFO] [stdout]     |     ^^^^^^^^^^^^^^^^^^^ can't find crate
[INFO] [stdout] 
[INFO] [stdout] 
[INFO] [stdout] error: aborting due to previous error
[INFO] [stdout] 
[INFO] [stdout] 
[INFO] [stdout] For more information about this error, try `rustc --explain E0463`.
[INFO] [stdout] 
[INFO] [stderr] error: could not compile `std_detect`.
[INFO] [stderr] 
[INFO] [stderr] To learn more, run the command again with --verbose.
[INFO] [stderr] warning: build failed, waiting for other jobs to finish...
[INFO] [stdout] error: aborting due to 3 previous errors
[INFO] [stdout] 
[INFO] [stdout] 
[INFO] [stdout] For more information about this error, try `rustc --explain E0554`.
[INFO] [stdout] 
[INFO] [stderr] error: build failed
[INFO] running `Command { std: "docker" "inspect" "9e75a94442b903769c436c7de81701d02c39e3e201efbc3aeeaddfeda08df073", kill_on_drop: false }`
[INFO] running `Command { std: "docker" "rm" "-f" "9e75a94442b903769c436c7de81701d02c39e3e201efbc3aeeaddfeda08df073", kill_on_drop: false }`
[INFO] [stdout] 9e75a94442b903769c436c7de81701d02c39e3e201efbc3aeeaddfeda08df073
