[INFO] fetching crate specs 0.16.1...
[INFO] checking specs-0.16.1 against beta-2020-07-24 for pr-75494-beta
[INFO] extracting crate specs 0.16.1 into /workspace/builds/worker-7/source
[INFO] validating manifest of crates.io crate specs 0.16.1 on toolchain beta-2020-07-24
[INFO] running `Command { std: "/workspace/cargo-home/bin/cargo" "+beta-2020-07-24" "read-manifest" "--manifest-path" "Cargo.toml", kill_on_drop: false }`
[INFO] started tweaking crates.io crate specs 0.16.1
[INFO] removed 0 missing examples
[INFO] finished tweaking crates.io crate specs 0.16.1
[INFO] tweaked toml for crates.io crate specs 0.16.1 written to /workspace/builds/worker-7/source/Cargo.toml
[INFO] crate crates.io crate specs 0.16.1 already has a lockfile, it will not be regenerated
[INFO] running `Command { std: "/workspace/cargo-home/bin/cargo" "+beta-2020-07-24" "fetch" "--locked" "--manifest-path" "Cargo.toml", kill_on_drop: false }`
[INFO] running `Command { std: "docker" "create" "-v" "/var/lib/crater-agent-workspace/builds/worker-7/target:/opt/rustwide/target:rw,Z" "-v" "/var/lib/crater-agent-workspace/builds/worker-7/source:/opt/rustwide/workdir:ro,Z" "-v" "/var/lib/crater-agent-workspace/cargo-home:/opt/rustwide/cargo-home:ro,Z" "-v" "/var/lib/crater-agent-workspace/rustup-home:/opt/rustwide/rustup-home:ro,Z" "-e" "SOURCE_DIR=/opt/rustwide/workdir" "-e" "CARGO_TARGET_DIR=/opt/rustwide/target" "-e" "CARGO_HOME=/opt/rustwide/cargo-home" "-e" "RUSTUP_HOME=/opt/rustwide/rustup-home" "-w" "/opt/rustwide/workdir" "-m" "1610612736" "--user" "0:0" "--network" "none" "rustops/crates-build-env@sha256:a636fd89d022f18117e1dc8fb37a0a009933cdbbe082814857f0e2024962d47c" "/opt/rustwide/cargo-home/bin/cargo" "+beta-2020-07-24" "metadata" "--no-deps" "--format-version=1", kill_on_drop: false }`
[INFO] [stdout] 1497c07b86ee26ad051a143c5ce3170cc07d4c4af5408ac95120dc23f7606831
[INFO] [stderr] WARNING: Your kernel does not support swap limit capabilities or the cgroup is not mounted. Memory limited without swap.
[INFO] running `Command { std: "docker" "start" "-a" "1497c07b86ee26ad051a143c5ce3170cc07d4c4af5408ac95120dc23f7606831", kill_on_drop: false }`
[INFO] running `Command { std: "docker" "inspect" "1497c07b86ee26ad051a143c5ce3170cc07d4c4af5408ac95120dc23f7606831", kill_on_drop: false }`
[INFO] running `Command { std: "docker" "rm" "-f" "1497c07b86ee26ad051a143c5ce3170cc07d4c4af5408ac95120dc23f7606831", kill_on_drop: false }`
[INFO] [stdout] 1497c07b86ee26ad051a143c5ce3170cc07d4c4af5408ac95120dc23f7606831
[INFO] running `Command { std: "docker" "create" "-v" "/var/lib/crater-agent-workspace/builds/worker-7/target:/opt/rustwide/target:rw,Z" "-v" "/var/lib/crater-agent-workspace/builds/worker-7/source:/opt/rustwide/workdir:ro,Z" "-v" "/var/lib/crater-agent-workspace/cargo-home:/opt/rustwide/cargo-home:ro,Z" "-v" "/var/lib/crater-agent-workspace/rustup-home:/opt/rustwide/rustup-home:ro,Z" "-e" "SOURCE_DIR=/opt/rustwide/workdir" "-e" "CARGO_TARGET_DIR=/opt/rustwide/target" "-e" "CARGO_INCREMENTAL=0" "-e" "RUST_BACKTRACE=full" "-e" "RUSTFLAGS=--cap-lints=forbid" "-e" "CARGO_HOME=/opt/rustwide/cargo-home" "-e" "RUSTUP_HOME=/opt/rustwide/rustup-home" "-w" "/opt/rustwide/workdir" "-m" "1610612736" "--user" "0:0" "--network" "none" "rustops/crates-build-env@sha256:a636fd89d022f18117e1dc8fb37a0a009933cdbbe082814857f0e2024962d47c" "/opt/rustwide/cargo-home/bin/cargo" "+beta-2020-07-24" "check" "--frozen" "--all" "--all-targets" "--message-format=json", kill_on_drop: false }`
[INFO] [stderr] WARNING: Your kernel does not support swap limit capabilities or the cgroup is not mounted. Memory limited without swap.
[INFO] [stdout] 04a4737a33bf6441efa4e43483a3b30d65019f9f74c261c1864d8a5f3f2c180f
[INFO] running `Command { std: "docker" "start" "-a" "04a4737a33bf6441efa4e43483a3b30d65019f9f74c261c1864d8a5f3f2c180f", kill_on_drop: false }`
[INFO] [stderr]    Compiling libc v0.2.66
[INFO] [stderr]    Compiling semver-parser v0.7.0
[INFO] [stderr]    Compiling proc-macro2 v1.0.8
[INFO] [stderr]     Checking cfg-if v0.1.10
[INFO] [stderr]    Compiling unicode-xid v0.2.0
[INFO] [stderr]    Compiling syn v1.0.14
[INFO] [stderr]    Compiling getrandom v0.1.14
[INFO] [stderr]     Checking lazy_static v1.4.0
[INFO] [stderr]    Compiling memchr v2.3.0
[INFO] [stderr]     Checking scopeguard v1.0.0
[INFO] [stderr]    Compiling serde v1.0.104
[INFO] [stderr]    Compiling byteorder v1.3.4
[INFO] [stderr]    Compiling arrayvec v0.4.12
[INFO] [stderr]     Checking either v1.5.3
[INFO] [stderr]    Compiling rayon-core v1.7.0
[INFO] [stderr]     Checking nodrop v0.1.14
[INFO] [stderr]    Compiling version_check v0.1.5
[INFO] [stderr]     Checking static_assertions v0.3.4
[INFO] [stderr]    Compiling typenum v1.11.2
[INFO] [stderr]    Compiling libm v0.1.4
[INFO] [stderr]     Checking itoa v0.4.5
[INFO] [stderr]     Checking unicode-width v0.1.7
[INFO] [stderr]     Checking mopa v0.2.2
[INFO] [stderr]     Checking regex-syntax v0.6.14
[INFO] [stderr]     Checking smallvec v1.2.0
[INFO] [stderr]     Checking rawpointer v0.2.1
[INFO] [stderr]     Checking atom v0.3.5
[INFO] [stderr]     Checking arrayvec v0.5.1
[INFO] [stderr]     Checking tuple_utils v0.3.0
[INFO] [stderr]     Checking shrev v1.1.1
[INFO] [stderr]     Checking oorandom v11.1.0
[INFO] [stderr]    Compiling crossbeam-utils v0.7.0
[INFO] [stderr]    Compiling num-traits v0.2.11
[INFO] [stderr]    Compiling crossbeam-epoch v0.8.0
[INFO] [stderr]    Compiling num-integer v0.1.42
[INFO] [stderr]    Compiling hashbrown v0.7.0
[INFO] [stderr]    Compiling num-complex v0.2.4
[INFO] [stderr]    Compiling num-rational v0.2.3
[INFO] [stderr]     Checking itertools v0.8.2
[INFO] [stderr]    Compiling bitflags v1.2.1
[INFO] [stderr]    Compiling semver v0.9.0
[INFO] [stderr]     Checking textwrap v0.11.0
[INFO] [stderr]     Checking walkdir v2.3.1
[INFO] [stderr]     Checking matrixmultiply v0.2.3
[INFO] [stderr]    Compiling nom v5.1.0
[INFO] [stderr]     Checking log v0.4.8
[INFO] [stderr]     Checking clap v2.33.0
[INFO] [stderr]    Compiling rustc_version v0.2.3
[INFO] [stderr]     Checking regex-automata v0.1.8
[INFO] [stderr]     Checking base64 v0.10.1
[INFO] [stderr]     Checking crossbeam-queue v0.2.1
[INFO] [stderr]    Compiling memoffset v0.5.3
[INFO] [stderr]    Compiling lexical-core v0.4.6
[INFO] [stderr]    Compiling cast v0.2.3
[INFO] [stderr]    Compiling quote v1.0.2
[INFO] [stderr]     Checking num_cpus v1.12.0
[INFO] [stderr]     Checking atty v0.2.14
[INFO] [stderr]     Checking approx v0.3.2
[INFO] [stderr]     Checking plotters v0.2.12
[INFO] [stderr]     Checking rand_core v0.5.1
[INFO] [stderr]     Checking csv-core v0.1.6
[INFO] [stderr]     Checking generic-array v0.13.2
[INFO] [stderr]     Checking rand_chacha v0.2.1
[INFO] [stderr]     Checking criterion-plot v0.4.1
[INFO] [stderr]     Checking regex v1.3.4
[INFO] [stderr]     Checking rand v0.7.3
[INFO] [stderr]     Checking alga v0.9.2
[INFO] [stderr]     Checking crossbeam-deque v0.7.2
[INFO] [stderr]     Checking rayon v1.3.0
[INFO] [stderr]     Checking rand_distr v0.2.2
[INFO] [stderr]     Checking nalgebra v0.19.0
[INFO] [stderr]     Checking tynm v0.1.3
[INFO] [stderr]     Checking hibitset v0.6.3
[INFO] [stderr]    Compiling serde_derive v1.0.104
[INFO] [stderr]    Compiling proc-macro-hack v0.5.11
[INFO] [stderr]    Compiling shred-derive v0.6.2
[INFO] [stderr]    Compiling specs-derive v0.4.1
[INFO] [stderr]    Compiling const-random-macro v0.1.8
[INFO] [stderr]     Checking const-random v0.1.8
[INFO] [stderr]     Checking ahash v0.3.2
[INFO] [stderr]     Checking shred v0.10.2
[INFO] [stderr]     Checking specs v0.16.1 (/opt/rustwide/workdir)
[INFO] [stdout] warning: use of deprecated item 'std::error::Error::description': use the Display impl or to_string()
[INFO] [stdout]   --> src/error.rs:47:23
[INFO] [stdout]    |
[INFO] [stdout] 47 |         self.as_ref().description()
[INFO] [stdout]    |                       ^^^^^^^^^^^
[INFO] [stdout]    |
[INFO] [stdout]    = note: `#[warn(deprecated)]` on by default
[INFO] [stdout] 
[INFO] [stdout] 
[INFO] [stdout] warning: 1 warning emitted
[INFO] [stdout] 
[INFO] [stdout] 
[INFO] [stderr]     Checking serde_json v1.0.48
[INFO] [stderr]     Checking bstr v0.2.11
[INFO] [stderr]     Checking ron v0.5.1
[INFO] [stderr]     Checking csv v1.1.3
[INFO] [stderr]     Checking tinytemplate v1.0.3
[INFO] [stderr]     Checking criterion v0.3.1
[INFO] [stdout] error[E0554]: `#![feature]` may not be used on the beta release channel
[INFO] [stdout]  --> benches/world.rs:1:1
[INFO] [stdout]   |
[INFO] [stdout] 1 | #![feature(test)]
[INFO] [stdout]   | ^^^^^^^^^^^^^^^^^
[INFO] [stdout] 
[INFO] [stdout] 
[INFO] [stdout] error[E0554]: `#![feature]` may not be used on the beta release channel
[INFO] [stdout]  --> benches/parallel.rs:1:1
[INFO] [stdout]   |
[INFO] [stdout] 1 | #![feature(test)]
[INFO] [stdout]   | ^^^^^^^^^^^^^^^^^
[INFO] [stdout] 
[INFO] [stdout] 
[INFO] [stdout] error[E0554]: `#![feature]` may not be used on the beta release channel
[INFO] [stdout]  --> benches/benches_main.rs:1:1
[INFO] [stdout]   |
[INFO] [stdout] 1 | #![feature(test)]
[INFO] [stdout]   | ^^^^^^^^^^^^^^^^^
[INFO] [stdout] 
[INFO] [stdout] 
[INFO] [stdout] error: aborting due to previous error
[INFO] [stdout] 
[INFO] [stdout] 
[INFO] [stdout] For more information about this error, try `rustc --explain E0554`.
[INFO] [stdout] 
[INFO] [stdout] error[E0554]: `#![feature]` may not be used on the beta release channel
[INFO] [stdout]  --> benches/big_or_small.rs:1:1
[INFO] [stdout]   |
[INFO] [stdout] 1 | #![feature(test)]
[INFO] [stdout]   | ^^^^^^^^^^^^^^^^^
[INFO] [stdout] 
[INFO] [stdout] 
[INFO] [stderr] error: could not compile `specs`.
[INFO] [stderr] 
[INFO] [stderr] To learn more, run the command again with --verbose.
[INFO] [stderr] warning: build failed, waiting for other jobs to finish...
[INFO] [stdout] error: aborting due to previous error
[INFO] [stdout] 
[INFO] [stdout] 
[INFO] [stdout] For more information about this error, try `rustc --explain E0554`.
[INFO] [stdout] 
[INFO] [stdout] error: aborting due to previous error
[INFO] [stdout] 
[INFO] [stdout] 
[INFO] [stdout] For more information about this error, try `rustc --explain E0554`.
[INFO] [stdout] 
[INFO] [stdout] error: aborting due to previous error
[INFO] [stdout] 
[INFO] [stdout] 
[INFO] [stdout] For more information about this error, try `rustc --explain E0554`.
[INFO] [stdout] 
[INFO] [stdout] warning: use of deprecated item 'std::error::Error::description': use the Display impl or to_string()
[INFO] [stdout]   --> src/error.rs:47:23
[INFO] [stdout]    |
[INFO] [stdout] 47 |         self.as_ref().description()
[INFO] [stdout]    |                       ^^^^^^^^^^^
[INFO] [stdout]    |
[INFO] [stdout]    = note: `#[warn(deprecated)]` on by default
[INFO] [stdout] 
[INFO] [stdout] 
[INFO] [stdout] warning: 1 warning emitted
[INFO] [stdout] 
[INFO] [stdout] 
[INFO] [stderr] error: build failed
[INFO] running `Command { std: "docker" "inspect" "04a4737a33bf6441efa4e43483a3b30d65019f9f74c261c1864d8a5f3f2c180f", kill_on_drop: false }`
[INFO] running `Command { std: "docker" "rm" "-f" "04a4737a33bf6441efa4e43483a3b30d65019f9f74c261c1864d8a5f3f2c180f", kill_on_drop: false }`
[INFO] [stdout] 04a4737a33bf6441efa4e43483a3b30d65019f9f74c261c1864d8a5f3f2c180f
