[INFO] fetching crate solana_libra_bytecode_verifier 0.0.1-sol5...
[INFO] checking solana_libra_bytecode_verifier-0.0.1-sol5 against beta-2020-07-24 for pr-75494-beta
[INFO] extracting crate solana_libra_bytecode_verifier 0.0.1-sol5 into /workspace/builds/worker-7/source
[INFO] validating manifest of crates.io crate solana_libra_bytecode_verifier 0.0.1-sol5 on toolchain beta-2020-07-24
[INFO] running `Command { std: "/workspace/cargo-home/bin/cargo" "+beta-2020-07-24" "read-manifest" "--manifest-path" "Cargo.toml", kill_on_drop: false }`
[INFO] started tweaking crates.io crate solana_libra_bytecode_verifier 0.0.1-sol5
[INFO] finished tweaking crates.io crate solana_libra_bytecode_verifier 0.0.1-sol5
[INFO] tweaked toml for crates.io crate solana_libra_bytecode_verifier 0.0.1-sol5 written to /workspace/builds/worker-7/source/Cargo.toml
[INFO] running `Command { std: "/workspace/cargo-home/bin/cargo" "+beta-2020-07-24" "generate-lockfile" "--manifest-path" "Cargo.toml" "-Zno-index-update", kill_on_drop: false }`
[INFO] [stderr]     Blocking waiting for file lock on package cache
[INFO] running `Command { std: "/workspace/cargo-home/bin/cargo" "+beta-2020-07-24" "fetch" "--locked" "--manifest-path" "Cargo.toml", kill_on_drop: false }`
[INFO] [stderr]     Blocking waiting for file lock on package cache
[INFO] [stderr]     Blocking waiting for file lock on package cache
[INFO] running `Command { std: "docker" "create" "-v" "/var/lib/crater-agent-workspace/builds/worker-7/target:/opt/rustwide/target:rw,Z" "-v" "/var/lib/crater-agent-workspace/builds/worker-7/source:/opt/rustwide/workdir:ro,Z" "-v" "/var/lib/crater-agent-workspace/cargo-home:/opt/rustwide/cargo-home:ro,Z" "-v" "/var/lib/crater-agent-workspace/rustup-home:/opt/rustwide/rustup-home:ro,Z" "-e" "SOURCE_DIR=/opt/rustwide/workdir" "-e" "CARGO_TARGET_DIR=/opt/rustwide/target" "-e" "CARGO_HOME=/opt/rustwide/cargo-home" "-e" "RUSTUP_HOME=/opt/rustwide/rustup-home" "-w" "/opt/rustwide/workdir" "-m" "1610612736" "--user" "0:0" "--network" "none" "rustops/crates-build-env@sha256:a636fd89d022f18117e1dc8fb37a0a009933cdbbe082814857f0e2024962d47c" "/opt/rustwide/cargo-home/bin/cargo" "+beta-2020-07-24" "metadata" "--no-deps" "--format-version=1", kill_on_drop: false }`
[INFO] [stdout] d727ba23b59c5faef86bd5b01d7fc15e00cc3b976f05298ee3bd093e4dd4ab60
[INFO] [stderr] WARNING: Your kernel does not support swap limit capabilities or the cgroup is not mounted. Memory limited without swap.
[INFO] running `Command { std: "docker" "start" "-a" "d727ba23b59c5faef86bd5b01d7fc15e00cc3b976f05298ee3bd093e4dd4ab60", kill_on_drop: false }`
[INFO] running `Command { std: "docker" "inspect" "d727ba23b59c5faef86bd5b01d7fc15e00cc3b976f05298ee3bd093e4dd4ab60", kill_on_drop: false }`
[INFO] running `Command { std: "docker" "rm" "-f" "d727ba23b59c5faef86bd5b01d7fc15e00cc3b976f05298ee3bd093e4dd4ab60", kill_on_drop: false }`
[INFO] [stdout] d727ba23b59c5faef86bd5b01d7fc15e00cc3b976f05298ee3bd093e4dd4ab60
[INFO] running `Command { std: "docker" "create" "-v" "/var/lib/crater-agent-workspace/builds/worker-7/target:/opt/rustwide/target:rw,Z" "-v" "/var/lib/crater-agent-workspace/builds/worker-7/source:/opt/rustwide/workdir:ro,Z" "-v" "/var/lib/crater-agent-workspace/cargo-home:/opt/rustwide/cargo-home:ro,Z" "-v" "/var/lib/crater-agent-workspace/rustup-home:/opt/rustwide/rustup-home:ro,Z" "-e" "SOURCE_DIR=/opt/rustwide/workdir" "-e" "CARGO_TARGET_DIR=/opt/rustwide/target" "-e" "CARGO_INCREMENTAL=0" "-e" "RUST_BACKTRACE=full" "-e" "RUSTFLAGS=--cap-lints=forbid" "-e" "CARGO_HOME=/opt/rustwide/cargo-home" "-e" "RUSTUP_HOME=/opt/rustwide/rustup-home" "-w" "/opt/rustwide/workdir" "-m" "1610612736" "--user" "0:0" "--network" "none" "rustops/crates-build-env@sha256:a636fd89d022f18117e1dc8fb37a0a009933cdbbe082814857f0e2024962d47c" "/opt/rustwide/cargo-home/bin/cargo" "+beta-2020-07-24" "check" "--frozen" "--all" "--all-targets" "--message-format=json", kill_on_drop: false }`
[INFO] [stderr] WARNING: Your kernel does not support swap limit capabilities or the cgroup is not mounted. Memory limited without swap.
[INFO] [stdout] cd35a7c2084d5915238fd7b75107be44e791c64d89604ab85e9c7a32baa23e39
[INFO] running `Command { std: "docker" "start" "-a" "cd35a7c2084d5915238fd7b75107be44e791c64d89604ab85e9c7a32baa23e39", kill_on_drop: false }`
[INFO] [stderr]    Compiling autocfg v0.1.7
[INFO] [stderr]    Compiling syn v0.15.44
[INFO] [stderr]     Checking remove_dir_all v0.5.3
[INFO] [stderr]    Compiling bitflags v1.2.1
[INFO] [stderr]     Checking fnv v1.0.7
[INFO] [stderr]     Checking quick-error v1.2.3
[INFO] [stderr]     Checking mirai-annotations v1.10.1
[INFO] [stderr]    Compiling num-traits v0.2.12
[INFO] [stderr]     Checking bit-set v0.5.2
[INFO] [stderr]    Compiling petgraph v0.4.13
[INFO] [stderr]    Compiling libc v0.2.76
[INFO] [stderr]     Checking rand_os v0.1.3
[INFO] [stderr]     Checking wait-timeout v0.2.0
[INFO] [stderr]     Checking rand v0.4.6
[INFO] [stderr]     Checking iovec v0.1.4
[INFO] [stderr]     Checking errno v0.2.6
[INFO] [stderr]     Checking memsec v0.5.7
[INFO] [stderr]     Checking sha2 v0.9.1
[INFO] [stderr]     Checking backtrace v0.3.50
[INFO] [stderr]     Checking tempfile v3.1.0
[INFO] [stderr]     Checking curve25519-dalek v1.2.4
[INFO] [stderr]     Checking curve25519-dalek v2.1.0
[INFO] [stderr]     Checking curve25519-dalek v3.0.0
[INFO] [stderr]     Checking bytes v0.4.12
[INFO] [stderr]     Checking num_enum v0.4.3
[INFO] [stderr]    Compiling rand_chacha v0.1.1
[INFO] [stderr]    Compiling rand_pcg v0.1.2
[INFO] [stderr]    Compiling rand v0.6.5
[INFO] [stderr]     Checking rusty-fork v0.2.2
[INFO] [stderr]    Compiling getrandom v0.1.14
[INFO] [stderr]     Checking rand04 v0.1.1
[INFO] [stderr]     Checking pairing v0.14.2
[INFO] [stderr]    Compiling rand_core v0.5.1
[INFO] [stderr]     Checking x25519-dalek v0.6.0
[INFO] [stderr]    Compiling rand_pcg v0.2.1
[INFO] [stderr]    Compiling rand_chacha v0.2.2
[INFO] [stderr]     Checking ed25519-dalek v1.0.0
[INFO] [stderr]     Checking failure v0.1.8
[INFO] [stderr]    Compiling rand v0.7.3
[INFO] [stderr]     Checking num-integer v0.1.43
[INFO] [stderr]     Checking solana_libra_failure_ext v0.0.1-sol5
[INFO] [stderr]     Checking chrono v0.4.15
[INFO] [stderr]     Checking proptest v0.9.6
[INFO] [stderr]     Checking rand04_compat v0.1.1
[INFO] [stderr]     Checking solana_libra_canonical_serialization v0.0.1-sol5
[INFO] [stderr]     Checking threshold_crypto v0.3.2
[INFO] [stderr]    Compiling which v2.0.1
[INFO] [stderr]    Compiling prost-build v0.5.0
[INFO] [stderr]     Checking slog-term v2.6.0
[INFO] [stderr]     Checking slog-envlogger v2.2.0
[INFO] [stderr]     Checking solana_libra_logger v0.0.1-sol5
[INFO] [stderr]     Checking solana_libra_nibble v0.0.1-sol5
[INFO] [stderr]    Compiling prost-derive v0.5.0
[INFO] [stderr]    Compiling proptest-derive v0.1.2
[INFO] [stderr]     Checking solana_libra_proptest_helpers v0.0.1-sol5
[INFO] [stderr]     Checking solana_libra_crypto v0.0.1-sol5
[INFO] [stderr]    Compiling prost v0.5.0
[INFO] [stdout] error[E0599]: no function or associated item named `from_bytes` found for struct `ed25519_dalek::Signature` in the current scope
[INFO] [stdout]    --> /opt/rustwide/cargo-home/registry/src/github.com-1ecc6299db9ec823/solana_libra_crypto-0.0.1-sol5/src/ed25519.rs:113:41
[INFO] [stdout]     |
[INFO] [stdout] 113 |         match ed25519_dalek::Signature::from_bytes(bytes) {
[INFO] [stdout]     |                                         ^^^^^^^^^^
[INFO] [stdout]     |                                         |
[INFO] [stdout]     |                                         function or associated item not found in `ed25519_dalek::Signature`
[INFO] [stdout]     |                                         help: there is an associated function with a similar name: `to_bytes`
[INFO] [stdout]     |
[INFO] [stdout]     = help: items from traits can only be used if the trait is in scope
[INFO] [stdout]     = note: the following trait is implemented but not in scope; perhaps add a `use` for it:
[INFO] [stdout]             `use ed25519_dalek::ed25519::signature::Signature;`
[INFO] [stdout] 
[INFO] [stdout] 
[INFO] [stdout] error[E0599]: no method named `verify` found for struct `ed25519_dalek::PublicKey` in the current scope
[INFO] [stdout]    --> /opt/rustwide/cargo-home/registry/src/github.com-1ecc6299db9ec823/solana_libra_crypto-0.0.1-sol5/src/ed25519.rs:322:14
[INFO] [stdout]     |
[INFO] [stdout] 322 |             .verify(message, &self.0)
[INFO] [stdout]     |              ^^^^^^ method not found in `ed25519_dalek::PublicKey`
[INFO] [stdout]     |
[INFO] [stdout]     = help: items from traits can only be used if the trait is in scope
[INFO] [stdout]     = note: the following trait is implemented but not in scope; perhaps add a `use` for it:
[INFO] [stdout]             `use ed25519_dalek::Verifier;`
[INFO] [stdout] 
[INFO] [stdout] 
[INFO] [stderr]    Compiling prost-types v0.5.0
[INFO] [stdout] error[E0599]: no method named `result` found for struct `ed25519_dalek::Sha512` in the current scope
[INFO] [stdout]    --> /opt/rustwide/cargo-home/registry/src/github.com-1ecc6299db9ec823/solana_libra_crypto-0.0.1-sol5/src/vrf/ecvrf.rs:197:22
[INFO] [stdout]     |
[INFO] [stdout] 197 |                     .result()[..32],
[INFO] [stdout]     |                      ^^^^^^ method not found in `ed25519_dalek::Sha512`
[INFO] [stdout] 
[INFO] [stdout] 
[INFO] [stdout] error[E0599]: no method named `input` found for struct `ed25519_dalek::Sha512` in the current scope
[INFO] [stdout]    --> /opt/rustwide/cargo-home/registry/src/github.com-1ecc6299db9ec823/solana_libra_crypto-0.0.1-sol5/src/vrf/ecvrf.rs:222:11
[INFO] [stdout]     |
[INFO] [stdout] 222 |         h.input(private_key.to_bytes());
[INFO] [stdout]     |           ^^^^^ method not found in `ed25519_dalek::Sha512`
[INFO] [stdout] 
[INFO] [stdout] 
[INFO] [stdout] error[E0599]: no method named `result` found for struct `ed25519_dalek::Sha512` in the current scope
[INFO] [stdout]    --> /opt/rustwide/cargo-home/registry/src/github.com-1ecc6299db9ec823/solana_libra_crypto-0.0.1-sol5/src/vrf/ecvrf.rs:223:32
[INFO] [stdout]     |
[INFO] [stdout] 223 |         hash.copy_from_slice(h.result().as_slice());
[INFO] [stdout]     |                                ^^^^^^ method not found in `ed25519_dalek::Sha512`
[INFO] [stdout] 
[INFO] [stdout] 
[INFO] [stdout] error[E0599]: no method named `result` found for struct `ed25519_dalek::Sha512` in the current scope
[INFO] [stdout]    --> /opt/rustwide/cargo-home/registry/src/github.com-1ecc6299db9ec823/solana_libra_crypto-0.0.1-sol5/src/vrf/ecvrf.rs:298:18
[INFO] [stdout]     |
[INFO] [stdout] 298 |                 .result()[..],
[INFO] [stdout]     |                  ^^^^^^ method not found in `ed25519_dalek::Sha512`
[INFO] [stdout] 
[INFO] [stdout] 
[INFO] [stdout] error[E0599]: no method named `result` found for struct `ed25519_dalek::Sha512` in the current scope
[INFO] [stdout]    --> /opt/rustwide/cargo-home/registry/src/github.com-1ecc6299db9ec823/solana_libra_crypto-0.0.1-sol5/src/vrf/ecvrf.rs:310:14
[INFO] [stdout]     |
[INFO] [stdout] 310 |             .result()[..],
[INFO] [stdout]     |              ^^^^^^ method not found in `ed25519_dalek::Sha512`
[INFO] [stdout] 
[INFO] [stdout] 
[INFO] [stdout] error[E0599]: no method named `result` found for struct `ed25519_dalek::Sha512` in the current scope
[INFO] [stdout]    --> /opt/rustwide/cargo-home/registry/src/github.com-1ecc6299db9ec823/solana_libra_crypto-0.0.1-sol5/src/vrf/ecvrf.rs:321:40
[INFO] [stdout]     |
[INFO] [stdout] 321 |     result[..16].copy_from_slice(&hash.result()[..16]);
[INFO] [stdout]     |                                        ^^^^^^ method not found in `ed25519_dalek::Sha512`
[INFO] [stdout] 
[INFO] [stdout] 
[INFO] [stdout] error: aborting due to 8 previous errors
[INFO] [stdout] 
[INFO] [stdout] 
[INFO] [stdout] For more information about this error, try `rustc --explain E0599`.
[INFO] [stdout] 
[INFO] [stderr] error: could not compile `solana_libra_crypto`.
[INFO] [stderr] 
[INFO] [stderr] To learn more, run the command again with --verbose.
[INFO] [stderr] warning: build failed, waiting for other jobs to finish...
[INFO] [stderr] error: build failed
[INFO] running `Command { std: "docker" "inspect" "cd35a7c2084d5915238fd7b75107be44e791c64d89604ab85e9c7a32baa23e39", kill_on_drop: false }`
[INFO] running `Command { std: "docker" "rm" "-f" "cd35a7c2084d5915238fd7b75107be44e791c64d89604ab85e9c7a32baa23e39", kill_on_drop: false }`
[INFO] [stdout] cd35a7c2084d5915238fd7b75107be44e791c64d89604ab85e9c7a32baa23e39
