[INFO] fetching crate sm_primitives 0.1.0...
[INFO] checking sm_primitives-0.1.0 against beta-2020-07-24 for pr-75494-beta
[INFO] extracting crate sm_primitives 0.1.0 into /workspace/builds/worker-0/source
[INFO] validating manifest of crates.io crate sm_primitives 0.1.0 on toolchain beta-2020-07-24
[INFO] running `Command { std: "/workspace/cargo-home/bin/cargo" "+beta-2020-07-24" "read-manifest" "--manifest-path" "Cargo.toml", kill_on_drop: false }`
[INFO] started tweaking crates.io crate sm_primitives 0.1.0
[INFO] finished tweaking crates.io crate sm_primitives 0.1.0
[INFO] tweaked toml for crates.io crate sm_primitives 0.1.0 written to /workspace/builds/worker-0/source/Cargo.toml
[INFO] running `Command { std: "/workspace/cargo-home/bin/cargo" "+beta-2020-07-24" "generate-lockfile" "--manifest-path" "Cargo.toml" "-Zno-index-update", kill_on_drop: false }`
[INFO] running `Command { std: "/workspace/cargo-home/bin/cargo" "+beta-2020-07-24" "fetch" "--locked" "--manifest-path" "Cargo.toml", kill_on_drop: false }`
[INFO] running `Command { std: "docker" "create" "-v" "/var/lib/crater-agent-workspace/builds/worker-0/target:/opt/rustwide/target:rw,Z" "-v" "/var/lib/crater-agent-workspace/builds/worker-0/source:/opt/rustwide/workdir:ro,Z" "-v" "/var/lib/crater-agent-workspace/cargo-home:/opt/rustwide/cargo-home:ro,Z" "-v" "/var/lib/crater-agent-workspace/rustup-home:/opt/rustwide/rustup-home:ro,Z" "-e" "SOURCE_DIR=/opt/rustwide/workdir" "-e" "CARGO_TARGET_DIR=/opt/rustwide/target" "-e" "CARGO_HOME=/opt/rustwide/cargo-home" "-e" "RUSTUP_HOME=/opt/rustwide/rustup-home" "-w" "/opt/rustwide/workdir" "-m" "1610612736" "--user" "0:0" "--network" "none" "rustops/crates-build-env@sha256:a636fd89d022f18117e1dc8fb37a0a009933cdbbe082814857f0e2024962d47c" "/opt/rustwide/cargo-home/bin/cargo" "+beta-2020-07-24" "metadata" "--no-deps" "--format-version=1", kill_on_drop: false }`
[INFO] [stdout] 32fee9e5be66f4e8d5efb192de21c49b3d3817a99e694960e455ce48eef98d5b
[INFO] [stderr] WARNING: Your kernel does not support swap limit capabilities or the cgroup is not mounted. Memory limited without swap.
[INFO] running `Command { std: "docker" "start" "-a" "32fee9e5be66f4e8d5efb192de21c49b3d3817a99e694960e455ce48eef98d5b", kill_on_drop: false }`
[INFO] running `Command { std: "docker" "inspect" "32fee9e5be66f4e8d5efb192de21c49b3d3817a99e694960e455ce48eef98d5b", kill_on_drop: false }`
[INFO] running `Command { std: "docker" "rm" "-f" "32fee9e5be66f4e8d5efb192de21c49b3d3817a99e694960e455ce48eef98d5b", kill_on_drop: false }`
[INFO] [stdout] 32fee9e5be66f4e8d5efb192de21c49b3d3817a99e694960e455ce48eef98d5b
[INFO] running `Command { std: "docker" "create" "-v" "/var/lib/crater-agent-workspace/builds/worker-0/target:/opt/rustwide/target:rw,Z" "-v" "/var/lib/crater-agent-workspace/builds/worker-0/source:/opt/rustwide/workdir:ro,Z" "-v" "/var/lib/crater-agent-workspace/cargo-home:/opt/rustwide/cargo-home:ro,Z" "-v" "/var/lib/crater-agent-workspace/rustup-home:/opt/rustwide/rustup-home:ro,Z" "-e" "SOURCE_DIR=/opt/rustwide/workdir" "-e" "CARGO_TARGET_DIR=/opt/rustwide/target" "-e" "CARGO_INCREMENTAL=0" "-e" "RUST_BACKTRACE=full" "-e" "RUSTFLAGS=--cap-lints=forbid" "-e" "CARGO_HOME=/opt/rustwide/cargo-home" "-e" "RUSTUP_HOME=/opt/rustwide/rustup-home" "-w" "/opt/rustwide/workdir" "-m" "1610612736" "--user" "0:0" "--network" "none" "rustops/crates-build-env@sha256:a636fd89d022f18117e1dc8fb37a0a009933cdbbe082814857f0e2024962d47c" "/opt/rustwide/cargo-home/bin/cargo" "+beta-2020-07-24" "check" "--frozen" "--all" "--all-targets" "--message-format=json", kill_on_drop: false }`
[INFO] [stdout] 0d984afdfa892c5003af7bf82dd4372ea8018ba7c72212efff2c389bdf7078cf
[INFO] [stderr] WARNING: Your kernel does not support swap limit capabilities or the cgroup is not mounted. Memory limited without swap.
[INFO] running `Command { std: "docker" "start" "-a" "0d984afdfa892c5003af7bf82dd4372ea8018ba7c72212efff2c389bdf7078cf", kill_on_drop: false }`
[INFO] [stderr]    Compiling serde v1.0.115
[INFO] [stderr]     Checking rustc-hex v2.1.0
[INFO] [stderr]    Compiling crunchy v0.2.2
[INFO] [stderr]    Compiling byteorder v1.3.4
[INFO] [stderr]     Checking static_assertions v1.1.0
[INFO] [stderr]     Checking radium v0.3.0
[INFO] [stderr]     Checking either v1.6.0
[INFO] [stderr]     Checking byte-slice-cast v0.3.5
[INFO] [stderr]     Checking arrayvec v0.5.1
[INFO] [stderr]     Checking rand_chacha v0.2.2
[INFO] [stderr]     Checking rlp v0.4.5
[INFO] [stderr]     Checking bitvec v0.17.4
[INFO] [stderr]     Checking rand v0.7.3
[INFO] [stderr]     Checking impl-rlp v0.2.1
[INFO] [stderr]     Checking tiny-keccak v1.5.0
[INFO] [stderr]     Checking uint v0.8.5
[INFO] [stderr]     Checking fixed-hash v0.5.2
[INFO] [stderr]     Checking parity-scale-codec v1.3.4
[INFO] [stderr]     Checking impl-serde v0.2.3
[INFO] [stderr]     Checking impl-serde v0.3.1
[INFO] [stderr]     Checking ethbloom v0.8.1
[INFO] [stderr]     Checking impl-codec v0.4.2
[INFO] [stderr]     Checking primitive-types v0.6.2
[INFO] [stderr]     Checking ethereum-types v0.8.0
[INFO] [stderr]     Checking sm_primitives v0.1.0 (/opt/rustwide/workdir)
[INFO] [stdout] error[E0277]: the trait bound `ethereum_types::H128: std::convert::From<{integer}>` is not satisfied
[INFO] [stdout]   --> src/lib.rs:58:20
[INFO] [stdout]    |
[INFO] [stdout] 58 |         assert_eq!(H128::from(1), h128_from_u128(1));
[INFO] [stdout]    |                    ^^^^^^^^^^ the trait `std::convert::From<{integer}>` is not implemented for `ethereum_types::H128`
[INFO] [stdout]    |
[INFO] [stdout]    = help: the following implementations were found:
[INFO] [stdout]              <ethereum_types::H128 as std::convert::From<&'a [u8; 16]>>
[INFO] [stdout]              <ethereum_types::H128 as std::convert::From<&'a mut [u8; 16]>>
[INFO] [stdout]              <ethereum_types::H128 as std::convert::From<[u8; 16]>>
[INFO] [stdout]    = note: required by `std::convert::From::from`
[INFO] [stdout] 
[INFO] [stdout] 
[INFO] [stdout] error[E0277]: the trait bound `ethereum_types::H128: std::convert::From<ethereum_types::U128>` is not satisfied
[INFO] [stdout]   --> src/lib.rs:63:20
[INFO] [stdout]    |
[INFO] [stdout] 63 |         assert_eq!(H128::from(U128::from(std::u64::MAX) + 1), h128_from_u128(u128::from(std::u64::MAX) + 1));
[INFO] [stdout]    |                    ^^^^^^^^^^ the trait `std::convert::From<ethereum_types::U128>` is not implemented for `ethereum_types::H128`
[INFO] [stdout]    |
[INFO] [stdout]    = help: the following implementations were found:
[INFO] [stdout]              <ethereum_types::H128 as std::convert::From<&'a [u8; 16]>>
[INFO] [stdout]              <ethereum_types::H128 as std::convert::From<&'a mut [u8; 16]>>
[INFO] [stdout]              <ethereum_types::H128 as std::convert::From<[u8; 16]>>
[INFO] [stdout]    = note: required by `std::convert::From::from`
[INFO] [stdout] 
[INFO] [stdout] 
[INFO] [stdout] error[E0277]: the trait bound `ethereum_types::H128: std::convert::From<ethereum_types::U128>` is not satisfied
[INFO] [stdout]   --> src/lib.rs:68:20
[INFO] [stdout]    |
[INFO] [stdout] 68 |         assert_eq!(H128::from(U128::max_value() - 1), h128_from_u128(std::u128::MAX - 1));
[INFO] [stdout]    |                    ^^^^^^^^^^ the trait `std::convert::From<ethereum_types::U128>` is not implemented for `ethereum_types::H128`
[INFO] [stdout]    |
[INFO] [stdout]    = help: the following implementations were found:
[INFO] [stdout]              <ethereum_types::H128 as std::convert::From<&'a [u8; 16]>>
[INFO] [stdout]              <ethereum_types::H128 as std::convert::From<&'a mut [u8; 16]>>
[INFO] [stdout]              <ethereum_types::H128 as std::convert::From<[u8; 16]>>
[INFO] [stdout]    = note: required by `std::convert::From::from`
[INFO] [stdout] 
[INFO] [stdout] 
[INFO] [stdout] error[E0277]: the trait bound `ethereum_types::H128: std::convert::From<ethereum_types::U128>` is not satisfied
[INFO] [stdout]   --> src/lib.rs:73:20
[INFO] [stdout]    |
[INFO] [stdout] 73 |         assert_eq!(H128::from(U128::max_value()), h128_from_u128(std::u128::MAX));
[INFO] [stdout]    |                    ^^^^^^^^^^ the trait `std::convert::From<ethereum_types::U128>` is not implemented for `ethereum_types::H128`
[INFO] [stdout]    |
[INFO] [stdout]    = help: the following implementations were found:
[INFO] [stdout]              <ethereum_types::H128 as std::convert::From<&'a [u8; 16]>>
[INFO] [stdout]              <ethereum_types::H128 as std::convert::From<&'a mut [u8; 16]>>
[INFO] [stdout]              <ethereum_types::H128 as std::convert::From<[u8; 16]>>
[INFO] [stdout]    = note: required by `std::convert::From::from`
[INFO] [stdout] 
[INFO] [stdout] 
[INFO] [stdout] error: aborting due to 4 previous errors
[INFO] [stdout] 
[INFO] [stdout] 
[INFO] [stdout] For more information about this error, try `rustc --explain E0277`.
[INFO] [stdout] 
[INFO] [stderr] error: could not compile `sm_primitives`.
[INFO] [stderr] 
[INFO] [stderr] To learn more, run the command again with --verbose.
[INFO] running `Command { std: "docker" "inspect" "0d984afdfa892c5003af7bf82dd4372ea8018ba7c72212efff2c389bdf7078cf", kill_on_drop: false }`
[INFO] running `Command { std: "docker" "rm" "-f" "0d984afdfa892c5003af7bf82dd4372ea8018ba7c72212efff2c389bdf7078cf", kill_on_drop: false }`
[INFO] [stdout] 0d984afdfa892c5003af7bf82dd4372ea8018ba7c72212efff2c389bdf7078cf
