[INFO] fetching crate signalo 0.5.0...
[INFO] checking signalo-0.5.0 against beta-2020-07-24 for pr-75494-beta
[INFO] extracting crate signalo 0.5.0 into /workspace/builds/worker-1/source
[INFO] validating manifest of crates.io crate signalo 0.5.0 on toolchain beta-2020-07-24
[INFO] running `Command { std: "/workspace/cargo-home/bin/cargo" "+beta-2020-07-24" "read-manifest" "--manifest-path" "Cargo.toml", kill_on_drop: false }`
[INFO] started tweaking crates.io crate signalo 0.5.0
[INFO] finished tweaking crates.io crate signalo 0.5.0
[INFO] tweaked toml for crates.io crate signalo 0.5.0 written to /workspace/builds/worker-1/source/Cargo.toml
[INFO] running `Command { std: "/workspace/cargo-home/bin/cargo" "+beta-2020-07-24" "generate-lockfile" "--manifest-path" "Cargo.toml" "-Zno-index-update", kill_on_drop: false }`
[INFO] running `Command { std: "/workspace/cargo-home/bin/cargo" "+beta-2020-07-24" "fetch" "--locked" "--manifest-path" "Cargo.toml", kill_on_drop: false }`
[INFO] running `Command { std: "docker" "create" "-v" "/var/lib/crater-agent-workspace/builds/worker-1/target:/opt/rustwide/target:rw,Z" "-v" "/var/lib/crater-agent-workspace/builds/worker-1/source:/opt/rustwide/workdir:ro,Z" "-v" "/var/lib/crater-agent-workspace/cargo-home:/opt/rustwide/cargo-home:ro,Z" "-v" "/var/lib/crater-agent-workspace/rustup-home:/opt/rustwide/rustup-home:ro,Z" "-e" "SOURCE_DIR=/opt/rustwide/workdir" "-e" "CARGO_TARGET_DIR=/opt/rustwide/target" "-e" "CARGO_HOME=/opt/rustwide/cargo-home" "-e" "RUSTUP_HOME=/opt/rustwide/rustup-home" "-w" "/opt/rustwide/workdir" "-m" "1610612736" "--user" "0:0" "--network" "none" "rustops/crates-build-env@sha256:a636fd89d022f18117e1dc8fb37a0a009933cdbbe082814857f0e2024962d47c" "/opt/rustwide/cargo-home/bin/cargo" "+beta-2020-07-24" "metadata" "--no-deps" "--format-version=1", kill_on_drop: false }`
[INFO] [stdout] ef6514d27db6ba4cda24061091e553ebc4ae8aa22709aacd5add0f8439b1ceb4
[INFO] [stderr] WARNING: Your kernel does not support swap limit capabilities or the cgroup is not mounted. Memory limited without swap.
[INFO] running `Command { std: "docker" "start" "-a" "ef6514d27db6ba4cda24061091e553ebc4ae8aa22709aacd5add0f8439b1ceb4", kill_on_drop: false }`
[INFO] running `Command { std: "docker" "inspect" "ef6514d27db6ba4cda24061091e553ebc4ae8aa22709aacd5add0f8439b1ceb4", kill_on_drop: false }`
[INFO] running `Command { std: "docker" "rm" "-f" "ef6514d27db6ba4cda24061091e553ebc4ae8aa22709aacd5add0f8439b1ceb4", kill_on_drop: false }`
[INFO] [stdout] ef6514d27db6ba4cda24061091e553ebc4ae8aa22709aacd5add0f8439b1ceb4
[INFO] running `Command { std: "docker" "create" "-v" "/var/lib/crater-agent-workspace/builds/worker-1/target:/opt/rustwide/target:rw,Z" "-v" "/var/lib/crater-agent-workspace/builds/worker-1/source:/opt/rustwide/workdir:ro,Z" "-v" "/var/lib/crater-agent-workspace/cargo-home:/opt/rustwide/cargo-home:ro,Z" "-v" "/var/lib/crater-agent-workspace/rustup-home:/opt/rustwide/rustup-home:ro,Z" "-e" "SOURCE_DIR=/opt/rustwide/workdir" "-e" "CARGO_TARGET_DIR=/opt/rustwide/target" "-e" "CARGO_INCREMENTAL=0" "-e" "RUST_BACKTRACE=full" "-e" "RUSTFLAGS=--cap-lints=forbid" "-e" "CARGO_HOME=/opt/rustwide/cargo-home" "-e" "RUSTUP_HOME=/opt/rustwide/rustup-home" "-w" "/opt/rustwide/workdir" "-m" "1610612736" "--user" "0:0" "--network" "none" "rustops/crates-build-env@sha256:a636fd89d022f18117e1dc8fb37a0a009933cdbbe082814857f0e2024962d47c" "/opt/rustwide/cargo-home/bin/cargo" "+beta-2020-07-24" "check" "--frozen" "--all" "--all-targets" "--message-format=json", kill_on_drop: false }`
[INFO] [stderr] WARNING: Your kernel does not support swap limit capabilities or the cgroup is not mounted. Memory limited without swap.
[INFO] [stdout] 45911333396aaf377c4c5f540c9861390729a8c371385949bd2e24a22e24dce5
[INFO] running `Command { std: "docker" "start" "-a" "45911333396aaf377c4c5f540c9861390729a8c371385949bd2e24a22e24dce5", kill_on_drop: false }`
[INFO] [stderr]    Compiling typenum v1.12.0
[INFO] [stderr]    Compiling autocfg v1.0.1
[INFO] [stderr]    Compiling dimensioned v0.7.0
[INFO] [stderr]    Compiling arraydeque v0.4.5
[INFO] [stderr]     Checking signalo_pipes v0.5.0
[INFO] [stderr]    Compiling num-traits v0.2.12
[INFO] [stderr]     Checking generic-array v0.11.1
[INFO] [stderr]     Checking generic-array v0.12.3
[INFO] [stderr]     Checking signalo_sinks v0.5.1
[INFO] [stderr]     Checking signalo_filters v0.5.1
[INFO] [stderr]     Checking signalo_sources v0.5.1
[INFO] [stdout] error[E0277]: the trait bound `generic_array::GenericArray<T, N>: arraydeque::Array` is not satisfied
[INFO] [stdout]   --> /opt/rustwide/cargo-home/registry/src/github.com-1ecc6299db9ec823/signalo_filters-0.5.1/src/convolve/mod.rs:38:5
[INFO] [stdout]    |
[INFO] [stdout] 38 |     pub taps: ArrayDeque<GenericArray<T, N>, Wrapping>,
[INFO] [stdout]    |     ^^^^^^^^^^^^^^^^^^^^^^^^^^^^^^^^^^^^^^^^^^^^^^^^^^ the trait `arraydeque::Array` is not implemented for `generic_array::GenericArray<T, N>`
[INFO] [stdout]    | 
[INFO] [stdout]   ::: /opt/rustwide/cargo-home/registry/src/github.com-1ecc6299db9ec823/arraydeque-0.4.5/src/lib.rs:97:26
[INFO] [stdout]    |
[INFO] [stdout] 97 | pub struct ArrayDeque<A: Array, B: Behavior = Saturating> {
[INFO] [stdout]    |                          ----- required by this bound in `arraydeque::ArrayDeque`
[INFO] [stdout] 
[INFO] [stdout] 
[INFO] [stdout] error[E0277]: the trait bound `generic_array::GenericArray<T, N>: arraydeque::Array` is not satisfied
[INFO] [stdout]   --> /opt/rustwide/cargo-home/registry/src/github.com-1ecc6299db9ec823/signalo_filters-0.5.1/src/delay.rs:25:5
[INFO] [stdout]    |
[INFO] [stdout] 25 |     pub taps: ArrayDeque<GenericArray<T, N>, Wrapping>,
[INFO] [stdout]    |     ^^^^^^^^^^^^^^^^^^^^^^^^^^^^^^^^^^^^^^^^^^^^^^^^^^ the trait `arraydeque::Array` is not implemented for `generic_array::GenericArray<T, N>`
[INFO] [stdout]    | 
[INFO] [stdout]   ::: /opt/rustwide/cargo-home/registry/src/github.com-1ecc6299db9ec823/arraydeque-0.4.5/src/lib.rs:97:26
[INFO] [stdout]    |
[INFO] [stdout] 97 | pub struct ArrayDeque<A: Array, B: Behavior = Saturating> {
[INFO] [stdout]    |                          ----- required by this bound in `arraydeque::ArrayDeque`
[INFO] [stdout] 
[INFO] [stdout] 
[INFO] [stdout] error[E0277]: the trait bound `generic_array::GenericArray<T, N>: arraydeque::Array` is not satisfied
[INFO] [stdout]   --> /opt/rustwide/cargo-home/registry/src/github.com-1ecc6299db9ec823/signalo_filters-0.5.1/src/mean/mean.rs:26:5
[INFO] [stdout]    |
[INFO] [stdout] 26 |     pub taps: ArrayDeque<GenericArray<T, N>, Wrapping>,
[INFO] [stdout]    |     ^^^^^^^^^^^^^^^^^^^^^^^^^^^^^^^^^^^^^^^^^^^^^^^^^^ the trait `arraydeque::Array` is not implemented for `generic_array::GenericArray<T, N>`
[INFO] [stdout]    | 
[INFO] [stdout]   ::: /opt/rustwide/cargo-home/registry/src/github.com-1ecc6299db9ec823/arraydeque-0.4.5/src/lib.rs:97:26
[INFO] [stdout]    |
[INFO] [stdout] 97 | pub struct ArrayDeque<A: Array, B: Behavior = Saturating> {
[INFO] [stdout]    |                          ----- required by this bound in `arraydeque::ArrayDeque`
[INFO] [stdout] 
[INFO] [stdout] 
[INFO] [stdout] error: aborting due to 3 previous errors
[INFO] [stdout] 
[INFO] [stdout] 
[INFO] [stdout] For more information about this error, try `rustc --explain E0277`.
[INFO] [stdout] 
[INFO] [stderr] error: could not compile `signalo_filters`.
[INFO] [stderr] 
[INFO] [stderr] To learn more, run the command again with --verbose.
[INFO] running `Command { std: "docker" "inspect" "45911333396aaf377c4c5f540c9861390729a8c371385949bd2e24a22e24dce5", kill_on_drop: false }`
[INFO] running `Command { std: "docker" "rm" "-f" "45911333396aaf377c4c5f540c9861390729a8c371385949bd2e24a22e24dce5", kill_on_drop: false }`
[INFO] [stdout] 45911333396aaf377c4c5f540c9861390729a8c371385949bd2e24a22e24dce5
