[INFO] fetching crate sgx_tprotected_fs 1.1.1...
[INFO] checking sgx_tprotected_fs-1.1.1 against beta-2020-07-24 for pr-75494-beta
[INFO] extracting crate sgx_tprotected_fs 1.1.1 into /workspace/builds/worker-2/source
[INFO] validating manifest of crates.io crate sgx_tprotected_fs 1.1.1 on toolchain beta-2020-07-24
[INFO] running `Command { std: "/workspace/cargo-home/bin/cargo" "+beta-2020-07-24" "read-manifest" "--manifest-path" "Cargo.toml", kill_on_drop: false }`
[INFO] started tweaking crates.io crate sgx_tprotected_fs 1.1.1
[INFO] finished tweaking crates.io crate sgx_tprotected_fs 1.1.1
[INFO] tweaked toml for crates.io crate sgx_tprotected_fs 1.1.1 written to /workspace/builds/worker-2/source/Cargo.toml
[INFO] running `Command { std: "/workspace/cargo-home/bin/cargo" "+beta-2020-07-24" "generate-lockfile" "--manifest-path" "Cargo.toml" "-Zno-index-update", kill_on_drop: false }`
[INFO] running `Command { std: "/workspace/cargo-home/bin/cargo" "+beta-2020-07-24" "fetch" "--locked" "--manifest-path" "Cargo.toml", kill_on_drop: false }`
[INFO] running `Command { std: "docker" "create" "-v" "/var/lib/crater-agent-workspace/builds/worker-2/target:/opt/rustwide/target:rw,Z" "-v" "/var/lib/crater-agent-workspace/builds/worker-2/source:/opt/rustwide/workdir:ro,Z" "-v" "/var/lib/crater-agent-workspace/cargo-home:/opt/rustwide/cargo-home:ro,Z" "-v" "/var/lib/crater-agent-workspace/rustup-home:/opt/rustwide/rustup-home:ro,Z" "-e" "SOURCE_DIR=/opt/rustwide/workdir" "-e" "CARGO_TARGET_DIR=/opt/rustwide/target" "-e" "CARGO_HOME=/opt/rustwide/cargo-home" "-e" "RUSTUP_HOME=/opt/rustwide/rustup-home" "-w" "/opt/rustwide/workdir" "-m" "1610612736" "--user" "0:0" "--network" "none" "rustops/crates-build-env@sha256:a636fd89d022f18117e1dc8fb37a0a009933cdbbe082814857f0e2024962d47c" "/opt/rustwide/cargo-home/bin/cargo" "+beta-2020-07-24" "metadata" "--no-deps" "--format-version=1", kill_on_drop: false }`
[INFO] [stderr] WARNING: Your kernel does not support swap limit capabilities or the cgroup is not mounted. Memory limited without swap.
[INFO] [stdout] 960a1c00e25e95b9f31752b481652b6e0fdf68dbe8b5a3bbb25202d2c4462d6f
[INFO] running `Command { std: "docker" "start" "-a" "960a1c00e25e95b9f31752b481652b6e0fdf68dbe8b5a3bbb25202d2c4462d6f", kill_on_drop: false }`
[INFO] running `Command { std: "docker" "inspect" "960a1c00e25e95b9f31752b481652b6e0fdf68dbe8b5a3bbb25202d2c4462d6f", kill_on_drop: false }`
[INFO] running `Command { std: "docker" "rm" "-f" "960a1c00e25e95b9f31752b481652b6e0fdf68dbe8b5a3bbb25202d2c4462d6f", kill_on_drop: false }`
[INFO] [stdout] 960a1c00e25e95b9f31752b481652b6e0fdf68dbe8b5a3bbb25202d2c4462d6f
[INFO] running `Command { std: "docker" "create" "-v" "/var/lib/crater-agent-workspace/builds/worker-2/target:/opt/rustwide/target:rw,Z" "-v" "/var/lib/crater-agent-workspace/builds/worker-2/source:/opt/rustwide/workdir:ro,Z" "-v" "/var/lib/crater-agent-workspace/cargo-home:/opt/rustwide/cargo-home:ro,Z" "-v" "/var/lib/crater-agent-workspace/rustup-home:/opt/rustwide/rustup-home:ro,Z" "-e" "SOURCE_DIR=/opt/rustwide/workdir" "-e" "CARGO_TARGET_DIR=/opt/rustwide/target" "-e" "CARGO_INCREMENTAL=0" "-e" "RUST_BACKTRACE=full" "-e" "RUSTFLAGS=--cap-lints=forbid" "-e" "CARGO_HOME=/opt/rustwide/cargo-home" "-e" "RUSTUP_HOME=/opt/rustwide/rustup-home" "-w" "/opt/rustwide/workdir" "-m" "1610612736" "--user" "0:0" "--network" "none" "rustops/crates-build-env@sha256:a636fd89d022f18117e1dc8fb37a0a009933cdbbe082814857f0e2024962d47c" "/opt/rustwide/cargo-home/bin/cargo" "+beta-2020-07-24" "check" "--frozen" "--all" "--all-targets" "--message-format=json", kill_on_drop: false }`
[INFO] [stdout] 75abce3159213739915fc73759b1de236c919b3163fc4e4399448ccc755ccf5f
[INFO] [stderr] WARNING: Your kernel does not support swap limit capabilities or the cgroup is not mounted. Memory limited without swap.
[INFO] running `Command { std: "docker" "start" "-a" "75abce3159213739915fc73759b1de236c919b3163fc4e4399448ccc755ccf5f", kill_on_drop: false }`
[INFO] [stderr]     Checking sgx_types v1.1.1
[INFO] [stderr]     Checking sgx_libc v1.1.1
[INFO] [stderr]     Checking sgx_trts v1.1.1
[INFO] [stdout] error[E0554]: `#![feature]` may not be used on the beta release channel
[INFO] [stdout]   --> /opt/rustwide/cargo-home/registry/src/github.com-1ecc6299db9ec823/sgx_trts-1.1.1/src/lib.rs:69:1
[INFO] [stdout]    |
[INFO] [stdout] 69 | #![feature(allocator_api)]
[INFO] [stdout]    | ^^^^^^^^^^^^^^^^^^^^^^^^^^
[INFO] [stdout] 
[INFO] [stdout] 
[INFO] [stdout] error[E0554]: `#![feature]` may not be used on the beta release channel
[INFO] [stdout]   --> /opt/rustwide/cargo-home/registry/src/github.com-1ecc6299db9ec823/sgx_trts-1.1.1/src/lib.rs:70:1
[INFO] [stdout]    |
[INFO] [stdout] 70 | #![feature(asm)]
[INFO] [stdout]    | ^^^^^^^^^^^^^^^^
[INFO] [stdout] 
[INFO] [stdout] 
[INFO] [stdout] error[E0554]: `#![feature]` may not be used on the beta release channel
[INFO] [stdout]   --> /opt/rustwide/cargo-home/registry/src/github.com-1ecc6299db9ec823/sgx_trts-1.1.1/src/lib.rs:72:1
[INFO] [stdout]    |
[INFO] [stdout] 72 | #![feature(const_raw_ptr_deref)]
[INFO] [stdout]    | ^^^^^^^^^^^^^^^^^^^^^^^^^^^^^^^^
[INFO] [stdout] 
[INFO] [stdout] 
[INFO] [stdout] error: aborting due to 3 previous errors
[INFO] [stdout] 
[INFO] [stdout] 
[INFO] [stdout] For more information about this error, try `rustc --explain E0554`.
[INFO] [stdout] 
[INFO] [stderr] error: could not compile `sgx_trts`.
[INFO] [stderr] 
[INFO] [stderr] To learn more, run the command again with --verbose.
[INFO] running `Command { std: "docker" "inspect" "75abce3159213739915fc73759b1de236c919b3163fc4e4399448ccc755ccf5f", kill_on_drop: false }`
[INFO] running `Command { std: "docker" "rm" "-f" "75abce3159213739915fc73759b1de236c919b3163fc4e4399448ccc755ccf5f", kill_on_drop: false }`
[INFO] [stdout] 75abce3159213739915fc73759b1de236c919b3163fc4e4399448ccc755ccf5f
