[INFO] fetching crate sc-consensus-babe-rpc 0.8.0-rc6...
[INFO] checking sc-consensus-babe-rpc-0.8.0-rc6 against beta-2020-07-24 for pr-75494-beta
[INFO] extracting crate sc-consensus-babe-rpc 0.8.0-rc6 into /workspace/builds/worker-13/source
[INFO] validating manifest of crates.io crate sc-consensus-babe-rpc 0.8.0-rc6 on toolchain beta-2020-07-24
[INFO] running `Command { std: "/workspace/cargo-home/bin/cargo" "+beta-2020-07-24" "read-manifest" "--manifest-path" "Cargo.toml", kill_on_drop: false }`
[INFO] started tweaking crates.io crate sc-consensus-babe-rpc 0.8.0-rc6
[INFO] finished tweaking crates.io crate sc-consensus-babe-rpc 0.8.0-rc6
[INFO] tweaked toml for crates.io crate sc-consensus-babe-rpc 0.8.0-rc6 written to /workspace/builds/worker-13/source/Cargo.toml
[INFO] running `Command { std: "/workspace/cargo-home/bin/cargo" "+beta-2020-07-24" "generate-lockfile" "--manifest-path" "Cargo.toml" "-Zno-index-update", kill_on_drop: false }`
[INFO] running `Command { std: "/workspace/cargo-home/bin/cargo" "+beta-2020-07-24" "fetch" "--locked" "--manifest-path" "Cargo.toml", kill_on_drop: false }`
[INFO] running `Command { std: "docker" "create" "-v" "/var/lib/crater-agent-workspace/builds/worker-13/target:/opt/rustwide/target:rw,Z" "-v" "/var/lib/crater-agent-workspace/builds/worker-13/source:/opt/rustwide/workdir:ro,Z" "-v" "/var/lib/crater-agent-workspace/cargo-home:/opt/rustwide/cargo-home:ro,Z" "-v" "/var/lib/crater-agent-workspace/rustup-home:/opt/rustwide/rustup-home:ro,Z" "-e" "SOURCE_DIR=/opt/rustwide/workdir" "-e" "CARGO_TARGET_DIR=/opt/rustwide/target" "-e" "CARGO_HOME=/opt/rustwide/cargo-home" "-e" "RUSTUP_HOME=/opt/rustwide/rustup-home" "-w" "/opt/rustwide/workdir" "-m" "1610612736" "--user" "0:0" "--network" "none" "rustops/crates-build-env@sha256:a636fd89d022f18117e1dc8fb37a0a009933cdbbe082814857f0e2024962d47c" "/opt/rustwide/cargo-home/bin/cargo" "+beta-2020-07-24" "metadata" "--no-deps" "--format-version=1", kill_on_drop: false }`
[INFO] [stdout] 06213c44cfd6d6b33a230a5eda1a5f27cd16257703574b1509e1ced38159c5b6
[INFO] [stderr] WARNING: Your kernel does not support swap limit capabilities or the cgroup is not mounted. Memory limited without swap.
[INFO] running `Command { std: "docker" "start" "-a" "06213c44cfd6d6b33a230a5eda1a5f27cd16257703574b1509e1ced38159c5b6", kill_on_drop: false }`
[INFO] running `Command { std: "docker" "inspect" "06213c44cfd6d6b33a230a5eda1a5f27cd16257703574b1509e1ced38159c5b6", kill_on_drop: false }`
[INFO] running `Command { std: "docker" "rm" "-f" "06213c44cfd6d6b33a230a5eda1a5f27cd16257703574b1509e1ced38159c5b6", kill_on_drop: false }`
[INFO] [stdout] 06213c44cfd6d6b33a230a5eda1a5f27cd16257703574b1509e1ced38159c5b6
[INFO] running `Command { std: "docker" "create" "-v" "/var/lib/crater-agent-workspace/builds/worker-13/target:/opt/rustwide/target:rw,Z" "-v" "/var/lib/crater-agent-workspace/builds/worker-13/source:/opt/rustwide/workdir:ro,Z" "-v" "/var/lib/crater-agent-workspace/cargo-home:/opt/rustwide/cargo-home:ro,Z" "-v" "/var/lib/crater-agent-workspace/rustup-home:/opt/rustwide/rustup-home:ro,Z" "-e" "SOURCE_DIR=/opt/rustwide/workdir" "-e" "CARGO_TARGET_DIR=/opt/rustwide/target" "-e" "CARGO_INCREMENTAL=0" "-e" "RUST_BACKTRACE=full" "-e" "RUSTFLAGS=--cap-lints=forbid" "-e" "CARGO_HOME=/opt/rustwide/cargo-home" "-e" "RUSTUP_HOME=/opt/rustwide/rustup-home" "-w" "/opt/rustwide/workdir" "-m" "1610612736" "--user" "0:0" "--network" "none" "rustops/crates-build-env@sha256:a636fd89d022f18117e1dc8fb37a0a009933cdbbe082814857f0e2024962d47c" "/opt/rustwide/cargo-home/bin/cargo" "+beta-2020-07-24" "check" "--frozen" "--all" "--all-targets" "--message-format=json", kill_on_drop: false }`
[INFO] [stdout] df2bafbe542fe8d2fc93239705da40e154f8efc1c5de509a6a6d6d818f095e0e
[INFO] [stderr] WARNING: Your kernel does not support swap limit capabilities or the cgroup is not mounted. Memory limited without swap.
[INFO] running `Command { std: "docker" "start" "-a" "df2bafbe542fe8d2fc93239705da40e154f8efc1c5de509a6a6d6d818f095e0e", kill_on_drop: false }`
[INFO] [stderr]     Blocking waiting for file lock on package cache
[INFO] [stderr]    Compiling sc-consensus-slots v0.8.0-rc6
[INFO] [stderr]     Checking pdqselect v0.1.0
[INFO] [stderr]    Compiling num-bigint v0.2.6
[INFO] [stderr]     Checking idna v0.1.5
[INFO] [stderr]     Checking crypto-mac v0.8.0
[INFO] [stderr]     Checking futures-util v0.3.5
[INFO] [stderr]     Checking curve25519-dalek v3.0.0
[INFO] [stderr]     Checking curve25519-dalek v2.1.0
[INFO] [stderr]     Checking merlin v2.0.0
[INFO] [stderr]     Checking jsonrpc-core v14.2.0
[INFO] [stderr]     Checking sp-chain-spec v2.0.0-rc6
[INFO] [stderr]    Compiling jsonrpc-derive v14.2.1
[INFO] [stderr]     Checking fork-tree v2.0.0-rc6
[INFO] [stderr]     Checking blake3 v0.3.6
[INFO] [stderr]     Checking multihash v0.11.3
[INFO] [stderr]     Checking url v1.7.2
[INFO] [stderr]     Checking jsonrpc-pubsub v14.2.0
[INFO] [stderr]     Checking parity-multiaddr v0.9.1
[INFO] [stderr]     Checking ed25519-dalek v1.0.0
[INFO] [stderr]     Checking schnorrkel v0.9.1
[INFO] [stderr]     Checking jsonrpc-client-transports v14.2.1
[INFO] [stderr]     Checking substrate-bip39 v0.4.1
[INFO] [stderr]     Checking num-rational v0.2.4
[INFO] [stderr]     Checking jsonrpc-core-client v14.2.0
[INFO] [stderr]     Checking wasmi v0.6.2
[INFO] [stderr]     Checking sp-wasm-interface v2.0.0-rc6
[INFO] [stderr]     Checking sp-runtime-interface v2.0.0-rc6
[INFO] [stderr]     Checking futures-executor v0.3.5
[INFO] [stderr]     Checking h2 v0.2.6
[INFO] [stderr]     Checking futures v0.3.5
[INFO] [stderr]     Checking multistream-select v0.8.2
[INFO] [stderr]     Checking rw-stream-sink v0.2.1
[INFO] [stderr]     Checking wasm-timer v0.2.4
[INFO] [stderr]     Checking async-tls v0.8.0
[INFO] [stderr]     Checking soketto v0.4.1
[INFO] [stderr]     Checking sp-utils v2.0.0-rc6
[INFO] [stderr]     Checking libp2p-core v0.20.1
[INFO] [stderr]     Checking sp-core v2.0.0-rc6
[INFO] [stderr]     Checking sp-trie v2.0.0-rc6
[INFO] [stderr]     Checking sp-inherents v2.0.0-rc6
[INFO] [stderr]     Checking sp-allocator v2.0.0-rc6
[INFO] [stderr]     Checking sp-rpc v2.0.0-rc6
[INFO] [stderr]     Checking libp2p-swarm v0.20.1
[INFO] [stderr]     Checking libp2p-websocket v0.21.1
[INFO] [stderr]     Checking libp2p-dns v0.20.0
[INFO] [stderr]     Checking libp2p-wasm-ext v0.20.1
[INFO] [stderr]     Checking libp2p-tcp v0.20.0
[INFO] [stderr]     Checking sc-executor-common v0.8.0-rc6
[INFO] [stderr]     Checking sp-state-machine v0.8.0-rc6
[INFO] [stderr]     Checking hyper v0.13.7
[INFO] [stderr]     Checking sc-executor-wasmi v0.8.0-rc6
[INFO] [stderr]     Checking libp2p v0.23.0
[INFO] [stderr]     Checking sc-telemetry v2.0.0-rc6
[INFO] [stderr]     Checking sp-io v2.0.0-rc6
[INFO] [stderr]     Checking substrate-prometheus-endpoint v0.8.0-rc6
[INFO] [stderr]     Checking sp-application-crypto v2.0.0-rc6
[INFO] [stderr]     Checking sp-runtime v2.0.0-rc6
[INFO] [stderr]     Checking sc-keystore v2.0.0-rc6
[INFO] [stderr]     Checking sp-version v2.0.0-rc6
[INFO] [stderr]     Checking sp-keyring v2.0.0-rc6
[INFO] [stderr]     Checking sp-consensus-slots v0.8.0-rc6
[INFO] [stderr]     Checking sp-consensus-vrf v0.8.0-rc6
[INFO] [stderr]     Checking sp-authorship v2.0.0-rc6
[INFO] [stderr]     Checking sp-api v2.0.0-rc6
[INFO] [stderr]     Checking sp-consensus v0.8.0-rc6
[INFO] [stderr]     Checking sp-block-builder v2.0.0-rc6
[INFO] [stderr]     Checking sc-executor v0.8.0-rc6
[INFO] [stderr]     Checking sp-timestamp v2.0.0-rc6
[INFO] [stderr]     Checking sp-blockchain v2.0.0-rc6
[INFO] [stderr]     Checking sp-consensus-babe v0.8.0-rc6
[INFO] [stderr]     Checking sp-transaction-pool v2.0.0-rc6
[INFO] [stderr]     Checking sc-client-api v2.0.0-rc6
[INFO] [stderr]     Checking sc-rpc-api v0.8.0-rc6
[INFO] [stderr]     Checking sc-consensus-uncles v0.8.0-rc6
[INFO] [stderr]     Checking sc-consensus-epochs v0.8.0-rc6
[INFO] [stderr]     Checking sc-consensus-babe v0.8.0-rc6
[INFO] [stderr]     Checking sc-consensus-babe-rpc v0.8.0-rc6 (/opt/rustwide/workdir)
[INFO] [stdout] error[E0433]: failed to resolve: use of undeclared type or module `substrate_test_runtime_client`
[INFO] [stdout]    --> src/lib.rs:230:6
[INFO] [stdout]     |
[INFO] [stdout] 230 |     use substrate_test_runtime_client::{
[INFO] [stdout]     |         ^^^^^^^^^^^^^^^^^^^^^^^^^^^^^ use of undeclared type or module `substrate_test_runtime_client`
[INFO] [stdout] 
[INFO] [stdout] 
[INFO] [stdout] error[E0432]: unresolved import `substrate_test_runtime_client`
[INFO] [stdout]    --> src/lib.rs:230:6
[INFO] [stdout]     |
[INFO] [stdout] 230 |     use substrate_test_runtime_client::{
[INFO] [stdout]     |         ^^^^^^^^^^^^^^^^^^^^^^^^^^^^^ use of undeclared type or module `substrate_test_runtime_client`
[INFO] [stdout] 
[INFO] [stdout] 
[INFO] [stdout] error[E0432]: unresolved import `sp_keyring`
[INFO] [stdout]    --> src/lib.rs:239:6
[INFO] [stdout]     |
[INFO] [stdout] 239 |     use sp_keyring::Ed25519Keyring;
[INFO] [stdout]     |         ^^^^^^^^^^ use of undeclared type or module `sp_keyring`
[INFO] [stdout] 
[INFO] [stdout] 
[INFO] [stdout] error[E0433]: failed to resolve: use of undeclared type or module `tempfile`
[INFO] [stdout]    --> src/lib.rs:247:82
[INFO] [stdout]     |
[INFO] [stdout] 247 |     fn create_temp_keystore<P: AppPair>(authority: Ed25519Keyring) -> (KeyStorePtr, tempfile::TempDir) {
[INFO] [stdout]     |                                                                                     ^^^^^^^^ use of undeclared type or module `tempfile`
[INFO] [stdout] 
[INFO] [stdout] 
[INFO] [stdout] error[E0433]: failed to resolve: use of undeclared type or module `tempfile`
[INFO] [stdout]    --> src/lib.rs:248:23
[INFO] [stdout]     |
[INFO] [stdout] 248 |         let keystore_path = tempfile::tempdir().expect("Creates keystore path");
[INFO] [stdout]     |                             ^^^^^^^^ use of undeclared type or module `tempfile`
[INFO] [stdout] 
[INFO] [stdout] 
[INFO] [stdout] error[E0433]: failed to resolve: use of undeclared type or module `sc_consensus`
[INFO] [stdout]    --> src/lib.rs:258:41
[INFO] [stdout]     |
[INFO] [stdout] 258 |     ) -> BabeRpcHandler<Block, TestClient, sc_consensus::LongestChain<Backend, Block>> {
[INFO] [stdout]     |                                            ^^^^^^^^^^^^ use of undeclared type or module `sc_consensus`
[INFO] [stdout] 
[INFO] [stdout] 
[INFO] [stdout] error[E0433]: failed to resolve: use of undeclared type or module `serde_json`
[INFO] [stdout]    --> src/lib.rs:303:21
[INFO] [stdout]     |
[INFO] [stdout] 303 |         let mut response: serde_json::Value = serde_json::from_str(&response).unwrap();
[INFO] [stdout]     |                           ^^^^^^^^^^ use of undeclared type or module `serde_json`
[INFO] [stdout] 
[INFO] [stdout] 
[INFO] [stdout] error[E0433]: failed to resolve: use of undeclared type or module `serde_json`
[INFO] [stdout]    --> src/lib.rs:303:41
[INFO] [stdout]     |
[INFO] [stdout] 303 |         let mut response: serde_json::Value = serde_json::from_str(&response).unwrap();
[INFO] [stdout]     |                                               ^^^^^^^^^^ use of undeclared type or module `serde_json`
[INFO] [stdout] 
[INFO] [stdout] 
[INFO] [stdout] error[E0433]: failed to resolve: use of undeclared type or module `serde_json`
[INFO] [stdout]    --> src/lib.rs:304:25
[INFO] [stdout]     |
[INFO] [stdout] 304 |         let error: RpcError = serde_json::from_value(response["error"].take()).unwrap();
[INFO] [stdout]     |                               ^^^^^^^^^^ use of undeclared type or module `serde_json`
[INFO] [stdout] 
[INFO] [stdout] 
[INFO] [stdout] error[E0412]: cannot find type `Block` in this scope
[INFO] [stdout]    --> src/lib.rs:258:22
[INFO] [stdout]     |
[INFO] [stdout] 258 |     ) -> BabeRpcHandler<Block, TestClient, sc_consensus::LongestChain<Backend, Block>> {
[INFO] [stdout]     |                         ^^^^^
[INFO] [stdout]     | 
[INFO] [stdout]    ::: /opt/rustwide/cargo-home/registry/src/github.com-1ecc6299db9ec823/sp-runtime-2.0.0-rc6/src/traits.rs:546:1
[INFO] [stdout]     |
[INFO] [stdout] 546 | pub trait Block: Clone + Send + Sync + Codec + Eq + MaybeSerialize + Debug + MaybeMallocSizeOf + 'static {
[INFO] [stdout]     | -------------------------------------------------------------------------------------------------------- similarly named trait `BlockT` defined here
[INFO] [stdout]     |
[INFO] [stdout] help: a trait with a similar name exists
[INFO] [stdout]     |
[INFO] [stdout] 258 |     ) -> BabeRpcHandler<BlockT, TestClient, sc_consensus::LongestChain<Backend, Block>> {
[INFO] [stdout]     |                         ^^^^^^
[INFO] [stdout] help: consider importing one of these items
[INFO] [stdout]     |
[INFO] [stdout] 229 |     use sp_runtime::generic::Block;
[INFO] [stdout]     |
[INFO] [stdout] 229 |     use sp_runtime::testing::Block;
[INFO] [stdout]     |
[INFO] [stdout] 229 |     use sp_runtime::traits::Block;
[INFO] [stdout]     |
[INFO] [stdout] 
[INFO] [stdout] 
[INFO] [stdout] error[E0412]: cannot find type `Block` in this scope
[INFO] [stdout]    --> src/lib.rs:258:77
[INFO] [stdout]     |
[INFO] [stdout] 258 |     ) -> BabeRpcHandler<Block, TestClient, sc_consensus::LongestChain<Backend, Block>> {
[INFO] [stdout]     |                                                                                ^^^^^
[INFO] [stdout]     | 
[INFO] [stdout]    ::: /opt/rustwide/cargo-home/registry/src/github.com-1ecc6299db9ec823/sp-runtime-2.0.0-rc6/src/traits.rs:546:1
[INFO] [stdout]     |
[INFO] [stdout] 546 | pub trait Block: Clone + Send + Sync + Codec + Eq + MaybeSerialize + Debug + MaybeMallocSizeOf + 'static {
[INFO] [stdout]     | -------------------------------------------------------------------------------------------------------- similarly named trait `BlockT` defined here
[INFO] [stdout]     |
[INFO] [stdout] help: a trait with a similar name exists
[INFO] [stdout]     |
[INFO] [stdout] 258 |     ) -> BabeRpcHandler<Block, TestClient, sc_consensus::LongestChain<Backend, BlockT>> {
[INFO] [stdout]     |                                                                                ^^^^^^
[INFO] [stdout] help: consider importing one of these items
[INFO] [stdout]     |
[INFO] [stdout] 229 |     use sp_runtime::generic::Block;
[INFO] [stdout]     |
[INFO] [stdout] 229 |     use sp_runtime::testing::Block;
[INFO] [stdout]     |
[INFO] [stdout] 229 |     use sp_runtime::traits::Block;
[INFO] [stdout]     |
[INFO] [stdout] 
[INFO] [stdout] 
[INFO] [stdout] error[E0599]: no method named `clone` found for struct `std::sync::Arc<_>` in the current scope
[INFO] [stdout]    --> src/lib.rs:265:11
[INFO] [stdout]     |
[INFO] [stdout] 265 |             client.clone(),
[INFO] [stdout]     |                    ^^^^^ method not found in `std::sync::Arc<_>`
[INFO] [stdout]     |
[INFO] [stdout]     = note: `client` is a function, perhaps you wish to call it
[INFO] [stdout] 
[INFO] [stdout] 
[INFO] [stdout] error[E0599]: no method named `clone` found for struct `std::sync::Arc<_>` in the current scope
[INFO] [stdout]    --> src/lib.rs:266:11
[INFO] [stdout]     |
[INFO] [stdout] 266 |             client.clone(),
[INFO] [stdout]     |                    ^^^^^ method not found in `std::sync::Arc<_>`
[INFO] [stdout]     |
[INFO] [stdout]     = note: `client` is a function, perhaps you wish to call it
[INFO] [stdout] 
[INFO] [stdout] 
[INFO] [stdout] error[E0599]: no method named `clone` found for struct `std::sync::Arc<_>` in the current scope
[INFO] [stdout]    --> src/lib.rs:273:11
[INFO] [stdout]     |
[INFO] [stdout] 273 |             client.clone(),
[INFO] [stdout]     |                    ^^^^^ method not found in `std::sync::Arc<_>`
[INFO] [stdout]     |
[INFO] [stdout]     = note: `client` is a function, perhaps you wish to call it
[INFO] [stdout] 
[INFO] [stdout] 
[INFO] [stdout] error: aborting due to 14 previous errors
[INFO] [stdout] 
[INFO] [stdout] 
[INFO] [stdout] Some errors have detailed explanations: E0412, E0432, E0433, E0599.
[INFO] [stdout] 
[INFO] [stdout] For more information about an error, try `rustc --explain E0412`.
[INFO] [stdout] 
[INFO] [stderr] error: could not compile `sc-consensus-babe-rpc`.
[INFO] [stderr] 
[INFO] [stderr] To learn more, run the command again with --verbose.
[INFO] running `Command { std: "docker" "inspect" "df2bafbe542fe8d2fc93239705da40e154f8efc1c5de509a6a6d6d818f095e0e", kill_on_drop: false }`
[INFO] running `Command { std: "docker" "rm" "-f" "df2bafbe542fe8d2fc93239705da40e154f8efc1c5de509a6a6d6d818f095e0e", kill_on_drop: false }`
[INFO] [stdout] df2bafbe542fe8d2fc93239705da40e154f8efc1c5de509a6a6d6d818f095e0e
