[INFO] fetching crate sc-client-db 0.8.0-rc6...
[INFO] checking sc-client-db-0.8.0-rc6 against beta-2020-07-24 for pr-75494-beta
[INFO] extracting crate sc-client-db 0.8.0-rc6 into /workspace/builds/worker-0/source
[INFO] validating manifest of crates.io crate sc-client-db 0.8.0-rc6 on toolchain beta-2020-07-24
[INFO] running `Command { std: "/workspace/cargo-home/bin/cargo" "+beta-2020-07-24" "read-manifest" "--manifest-path" "Cargo.toml", kill_on_drop: false }`
[INFO] started tweaking crates.io crate sc-client-db 0.8.0-rc6
[INFO] finished tweaking crates.io crate sc-client-db 0.8.0-rc6
[INFO] tweaked toml for crates.io crate sc-client-db 0.8.0-rc6 written to /workspace/builds/worker-0/source/Cargo.toml
[INFO] running `Command { std: "/workspace/cargo-home/bin/cargo" "+beta-2020-07-24" "generate-lockfile" "--manifest-path" "Cargo.toml" "-Zno-index-update", kill_on_drop: false }`
[INFO] running `Command { std: "/workspace/cargo-home/bin/cargo" "+beta-2020-07-24" "fetch" "--locked" "--manifest-path" "Cargo.toml", kill_on_drop: false }`
[INFO] running `Command { std: "docker" "create" "-v" "/var/lib/crater-agent-workspace/builds/worker-0/target:/opt/rustwide/target:rw,Z" "-v" "/var/lib/crater-agent-workspace/builds/worker-0/source:/opt/rustwide/workdir:ro,Z" "-v" "/var/lib/crater-agent-workspace/cargo-home:/opt/rustwide/cargo-home:ro,Z" "-v" "/var/lib/crater-agent-workspace/rustup-home:/opt/rustwide/rustup-home:ro,Z" "-e" "SOURCE_DIR=/opt/rustwide/workdir" "-e" "CARGO_TARGET_DIR=/opt/rustwide/target" "-e" "CARGO_HOME=/opt/rustwide/cargo-home" "-e" "RUSTUP_HOME=/opt/rustwide/rustup-home" "-w" "/opt/rustwide/workdir" "-m" "1610612736" "--user" "0:0" "--network" "none" "rustops/crates-build-env@sha256:a636fd89d022f18117e1dc8fb37a0a009933cdbbe082814857f0e2024962d47c" "/opt/rustwide/cargo-home/bin/cargo" "+beta-2020-07-24" "metadata" "--no-deps" "--format-version=1", kill_on_drop: false }`
[INFO] [stdout] b196672725d5af2573fe6012be52aa0ed8a6db0510f1355ae0c65da0ee3c8684
[INFO] [stderr] WARNING: Your kernel does not support swap limit capabilities or the cgroup is not mounted. Memory limited without swap.
[INFO] running `Command { std: "docker" "start" "-a" "b196672725d5af2573fe6012be52aa0ed8a6db0510f1355ae0c65da0ee3c8684", kill_on_drop: false }`
[INFO] running `Command { std: "docker" "inspect" "b196672725d5af2573fe6012be52aa0ed8a6db0510f1355ae0c65da0ee3c8684", kill_on_drop: false }`
[INFO] running `Command { std: "docker" "rm" "-f" "b196672725d5af2573fe6012be52aa0ed8a6db0510f1355ae0c65da0ee3c8684", kill_on_drop: false }`
[INFO] [stdout] b196672725d5af2573fe6012be52aa0ed8a6db0510f1355ae0c65da0ee3c8684
[INFO] running `Command { std: "docker" "create" "-v" "/var/lib/crater-agent-workspace/builds/worker-0/target:/opt/rustwide/target:rw,Z" "-v" "/var/lib/crater-agent-workspace/builds/worker-0/source:/opt/rustwide/workdir:ro,Z" "-v" "/var/lib/crater-agent-workspace/cargo-home:/opt/rustwide/cargo-home:ro,Z" "-v" "/var/lib/crater-agent-workspace/rustup-home:/opt/rustwide/rustup-home:ro,Z" "-e" "SOURCE_DIR=/opt/rustwide/workdir" "-e" "CARGO_TARGET_DIR=/opt/rustwide/target" "-e" "CARGO_INCREMENTAL=0" "-e" "RUST_BACKTRACE=full" "-e" "RUSTFLAGS=--cap-lints=forbid" "-e" "CARGO_HOME=/opt/rustwide/cargo-home" "-e" "RUSTUP_HOME=/opt/rustwide/rustup-home" "-w" "/opt/rustwide/workdir" "-m" "1610612736" "--user" "0:0" "--network" "none" "rustops/crates-build-env@sha256:a636fd89d022f18117e1dc8fb37a0a009933cdbbe082814857f0e2024962d47c" "/opt/rustwide/cargo-home/bin/cargo" "+beta-2020-07-24" "check" "--frozen" "--all" "--all-targets" "--message-format=json", kill_on_drop: false }`
[INFO] [stdout] 86e390da7928f904de4f2d78315601e3890fd817e9344a89567adbd32ae43cf8
[INFO] [stderr] WARNING: Your kernel does not support swap limit capabilities or the cgroup is not mounted. Memory limited without swap.
[INFO] running `Command { std: "docker" "start" "-a" "86e390da7928f904de4f2d78315601e3890fd817e9344a89567adbd32ae43cf8", kill_on_drop: false }`
[INFO] [stderr]    Compiling log v0.4.11
[INFO] [stderr]    Compiling byteorder v1.3.4
[INFO] [stderr]     Checking futures-core v0.3.5
[INFO] [stderr]     Checking futures-sink v0.3.5
[INFO] [stderr]     Checking futures-io v0.3.5
[INFO] [stderr]     Checking either v1.6.0
[INFO] [stderr]    Compiling cfg-if v0.1.10
[INFO] [stderr]     Checking block-padding v0.2.1
[INFO] [stderr]    Compiling cc v1.0.59
[INFO] [stderr]    Compiling wasm-bindgen-shared v0.2.67
[INFO] [stderr]    Compiling bumpalo v3.4.0
[INFO] [stderr]     Checking spin v0.5.2
[INFO] [stderr]     Checking bytes v0.5.6
[INFO] [stderr]    Compiling wasm-bindgen v0.2.67
[INFO] [stderr]    Compiling anyhow v1.0.32
[INFO] [stderr]     Checking fnv v1.0.7
[INFO] [stderr]    Compiling unicode-segmentation v1.6.0
[INFO] [stderr]     Checking pin-project-lite v0.1.7
[INFO] [stderr]     Checking untrusted v0.7.1
[INFO] [stderr]    Compiling ppv-lite86 v0.2.9
[INFO] [stderr]    Compiling ahash v0.3.8
[INFO] [stderr]    Compiling semver-parser v0.7.0
[INFO] [stderr]    Compiling remove_dir_all v0.5.3
[INFO] [stderr]    Compiling fixedbitset v0.2.0
[INFO] [stderr]     Checking matches v0.1.8
[INFO] [stderr]     Checking send_wrapper v0.4.0
[INFO] [stderr]     Checking itoa v0.4.6
[INFO] [stderr]     Checking cache-padded v1.1.1
[INFO] [stderr]    Compiling multimap v0.8.1
[INFO] [stderr]     Checking percent-encoding v2.1.0
[INFO] [stderr]     Checking unsigned-varint v0.5.0
[INFO] [stderr]     Checking fastrand v1.3.4
[INFO] [stderr]     Checking parking v2.0.0
[INFO] [stderr]     Checking waker-fn v1.0.0
[INFO] [stderr]     Checking data-encoding v2.3.0
[INFO] [stderr]    Compiling maybe-uninit v2.0.0
[INFO] [stderr]     Checking bs58 v0.3.1
[INFO] [stderr]    Compiling httparse v1.3.4
[INFO] [stderr]     Checking event-listener v2.4.0
[INFO] [stderr]     Checking void v1.0.2
[INFO] [stderr]    Compiling pkg-config v0.3.18
[INFO] [stderr]     Checking vec-arena v0.5.2
[INFO] [stderr]    Compiling crc32fast v1.2.0
[INFO] [stderr]     Checking async-task v3.0.0
[INFO] [stderr]     Checking atomic-waker v1.0.0
[INFO] [stderr]     Checking parking v1.0.6
[INFO] [stderr]     Checking scoped-tls v1.0.0
[INFO] [stderr]     Checking base64 v0.12.3
[INFO] [stderr]     Checking c_linked_list v1.1.1
[INFO] [stderr]    Compiling prometheus v0.9.0
[INFO] [stderr]     Checking ipnet v2.3.0
[INFO] [stderr]    Compiling autocfg v0.1.7
[INFO] [stderr]     Checking parity-send-wrapper v0.1.0
[INFO] [stderr]     Checking try-lock v0.2.3
[INFO] [stderr]     Checking atomic v0.4.6
[INFO] [stderr]    Compiling slog v2.5.2
[INFO] [stderr]     Checking tower-service v0.3.0
[INFO] [stderr]     Checking arc-swap v0.4.7
[INFO] [stderr]     Checking take_mut v0.2.2
[INFO] [stderr]     Checking linked-hash-map v0.5.3
[INFO] [stderr]    Compiling hashbrown v0.8.2
[INFO] [stderr]    Compiling indexmap v1.5.1
[INFO] [stderr]    Compiling crossbeam-utils v0.7.2
[INFO] [stderr]    Compiling hex-literal-impl v0.2.2
[INFO] [stderr]     Checking blake2s_simd v0.5.10
[INFO] [stderr]     Checking blake2b_simd v0.5.10
[INFO] [stderr]     Checking futures-channel v0.3.5
[INFO] [stderr]     Checking bitvec v0.17.4
[INFO] [stderr]     Checking itertools v0.9.0
[INFO] [stderr]     Checking quicksink v0.1.2
[INFO] [stderr]     Checking unicode-bidi v0.3.4
[INFO] [stderr]    Compiling itertools v0.8.2
[INFO] [stderr]     Checking concurrent-queue v1.2.2
[INFO] [stderr]    Compiling semver v0.9.0
[INFO] [stderr]     Checking http v0.2.1
[INFO] [stderr]     Checking async-mutex v1.1.5
[INFO] [stderr]    Compiling heck v0.3.1
[INFO] [stderr]    Compiling libc v0.2.76
[INFO] [stderr]     Checking futures-lite v0.1.11
[INFO] [stderr]     Checking tokio v0.2.22
[INFO] [stderr]     Checking polling v0.1.5
[INFO] [stderr]     Checking socket2 v0.3.12
[INFO] [stderr]     Checking time v0.1.43
[INFO] [stderr]     Checking get_if_addrs v0.5.3
[INFO] [stderr]     Checking blake2-rfc v0.2.18
[INFO] [stderr]    Compiling hashbrown v0.6.3
[INFO] [stderr]     Checking async-channel v1.4.0
[INFO] [stderr]     Checking multitask v0.2.0
[INFO] [stderr]     Checking idna v0.2.0
[INFO] [stderr]    Compiling rustc_version v0.2.3
[INFO] [stderr]     Checking hex-literal v0.2.1
[INFO] [stderr]     Checking sp-panic-handler v2.0.0-rc6
[INFO] [stderr]     Checking kv-log-macro v1.0.7
[INFO] [stderr]     Checking want v0.3.0
[INFO] [stderr]     Checking block-buffer v0.9.0
[INFO] [stderr]     Checking crypto-mac v0.8.0
[INFO] [stderr]     Checking block-buffer v0.7.3
[INFO] [stderr]     Checking uint v0.8.5
[INFO] [stderr]     Checking smallvec v0.6.13
[INFO] [stderr]    Compiling getrandom v0.1.14
[INFO] [stderr]    Compiling which v3.1.1
[INFO] [stderr]    Compiling wasm-bindgen-backend v0.2.67
[INFO] [stderr]    Compiling thiserror-impl v1.0.20
[INFO] [stderr]    Compiling asn1_der_derive v0.1.2
[INFO] [stderr]    Compiling libp2p-core-derive v0.20.2
[INFO] [stderr]    Compiling strum_macros v0.16.0
[INFO] [stderr]     Checking chrono v0.4.15
[INFO] [stderr]     Checking pbkdf2 v0.3.0
[INFO] [stderr]     Checking sha2 v0.9.1
[INFO] [stderr]     Checking sha3 v0.9.1
[INFO] [stderr]     Checking sha-1 v0.9.1
[INFO] [stderr]    Compiling prost-derive v0.6.1
[INFO] [stderr]     Checking tracing v0.1.19
[INFO] [stderr]     Checking sha2 v0.8.2
[INFO] [stderr]     Checking sha-1 v0.8.2
[INFO] [stderr]    Compiling rand_core v0.5.1
[INFO] [stderr]     Checking trie-db v0.22.1
[INFO] [stderr]    Compiling ring v0.16.15
[INFO] [stderr]    Compiling blake3 v0.3.6
[INFO] [stderr]    Compiling libz-sys v1.1.0
[INFO] [stderr]     Checking futures-task v0.3.5
[INFO] [stderr]     Checking async-io v0.1.11
[INFO] [stderr]     Checking blocking v0.5.2
[INFO] [stderr]    Compiling parking_lot_core v0.6.2
[INFO] [stderr]    Compiling parking_lot v0.9.0
[INFO] [stderr]     Checking url v2.1.1
[INFO] [stderr]    Compiling prost-build v0.6.1
[INFO] [stderr]    Compiling const-random-macro v0.1.8
[INFO] [stderr]     Checking zeroize v1.1.0
[INFO] [stderr]     Checking serde_json v1.0.57
[INFO] [stderr]     Checking erased-serde v0.3.12
[INFO] [stderr]     Checking sp-tracing v2.0.0-rc6
[INFO] [stderr]    Compiling rand_pcg v0.2.1
[INFO] [stderr]    Compiling rand_chacha v0.2.2
[INFO] [stderr]     Checking futures-util v0.3.5
[INFO] [stderr]     Checking fixed-hash v0.6.1
[INFO] [stderr]     Checking http-body v0.3.1
[INFO] [stderr]     Checking libsecp256k1 v0.3.5
[INFO] [stderr]     Checking async-executor v0.1.2
[INFO] [stderr]     Checking tiny-bip39 v0.7.3
[INFO] [stderr]     Checking curve25519-dalek v3.0.0
[INFO] [stderr]     Checking merlin v2.0.0
[INFO] [stderr]     Checking curve25519-dalek v2.1.0
[INFO] [stderr]     Checking secrecy v0.6.0
[INFO] [stderr]     Checking tokio-util v0.3.1
[INFO] [stderr]    Compiling wasm-bindgen-macro-support v0.2.67
[INFO] [stderr]     Checking asn1_der v0.6.3
[INFO] [stderr]    Compiling petgraph v0.5.1
[INFO] [stderr]    Compiling rand v0.7.3
[INFO] [stderr]     Checking const-random v0.1.8
[INFO] [stderr]    Compiling sp-api-proc-macro v2.0.0-rc6
[INFO] [stderr]     Checking flate2 v1.0.17
[INFO] [stderr]     Checking ahash v0.2.18
[INFO] [stderr]     Checking parity-scale-codec v1.3.4
[INFO] [stderr]     Checking ed25519-dalek v1.0.0
[INFO] [stderr]     Checking strum v0.16.0
[INFO] [stderr]     Checking schnorrkel v0.9.1
[INFO] [stderr]     Checking multihash v0.11.3
[INFO] [stderr]     Checking sp-serializer v2.0.0-rc6
[INFO] [stderr]     Checking thiserror v1.0.20
[INFO] [stderr]     Checking slog-json v2.3.0
[INFO] [stderr]     Checking slog-scope v4.3.0
[INFO] [stderr]     Checking parity-multiaddr v0.9.1
[INFO] [stderr]    Compiling tempfile v3.1.0
[INFO] [stderr]     Checking lru v0.4.3
[INFO] [stderr]     Checking substrate-bip39 v0.4.1
[INFO] [stderr]    Compiling wasm-bindgen-macro v0.2.67
[INFO] [stderr]     Checking webpki v0.21.3
[INFO] [stderr]     Checking sct v0.6.0
[INFO] [stderr]    Compiling prost v0.6.1
[INFO] [stderr]     Checking rustls v0.18.1
[INFO] [stderr]     Checking webpki-roots v0.19.0
[INFO] [stderr]     Checking webpki-roots v0.18.0
[INFO] [stderr]    Compiling prost-types v0.6.1
[INFO] [stderr]     Checking futures-executor v0.3.5
[INFO] [stderr]     Checking h2 v0.2.6
[INFO] [stderr]     Checking js-sys v0.3.44
[INFO] [stderr]     Checking futures v0.3.5
[INFO] [stderr]     Checking rw-stream-sink v0.2.1
[INFO] [stderr]     Checking multistream-select v0.8.2
[INFO] [stderr]     Checking wasm-timer v0.2.4
[INFO] [stderr]     Checking soketto v0.4.1
[INFO] [stderr]     Checking async-tls v0.8.0
[INFO] [stderr]     Checking impl-codec v0.4.2
[INFO] [stderr]     Checking sp-storage v2.0.0-rc6
[INFO] [stderr]     Checking sp-wasm-interface v2.0.0-rc6
[INFO] [stderr]     Checking sp-arithmetic v2.0.0-rc6
[INFO] [stderr]    Compiling libp2p-core v0.20.1
[INFO] [stderr]     Checking primitive-types v0.7.2
[INFO] [stderr]     Checking sp-externalities v0.8.0-rc6
[INFO] [stderr]     Checking web-sys v0.3.44
[INFO] [stderr]     Checking wasm-bindgen-futures v0.4.17
[INFO] [stderr]     Checking parity-util-mem v0.7.0
[INFO] [stderr]     Checking sp-runtime-interface v2.0.0-rc6
[INFO] [stderr]     Checking hyper v0.13.7
[INFO] [stderr]     Checking memory-db v0.24.1
[INFO] [stderr]     Checking kvdb v0.7.0
[INFO] [stderr]     Checking sp-database v2.0.0-rc6
[INFO] [stderr]     Checking kvdb-memorydb v0.7.0
[INFO] [stderr]     Checking sp-core v2.0.0-rc6
[INFO] [stderr]     Checking gloo-timers v0.2.1
[INFO] [stderr]     Checking futures-timer v3.0.2
[INFO] [stderr]     Checking async-std v1.6.3
[INFO] [stderr]     Checking sp-utils v2.0.0-rc6
[INFO] [stderr]     Checking sp-trie v2.0.0-rc6
[INFO] [stderr]     Checking sp-inherents v2.0.0-rc6
[INFO] [stderr]     Checking sp-allocator v2.0.0-rc6
[INFO] [stderr]     Checking sc-executor-common v0.8.0-rc6
[INFO] [stderr]     Checking sp-state-machine v0.8.0-rc6
[INFO] [stderr]     Checking libp2p-swarm v0.20.1
[INFO] [stderr]     Checking libp2p-websocket v0.21.1
[INFO] [stderr]     Checking libp2p-dns v0.20.0
[INFO] [stderr]     Checking libp2p-wasm-ext v0.20.1
[INFO] [stderr]     Checking sc-executor-wasmi v0.8.0-rc6
[INFO] [stderr]     Checking sp-io v2.0.0-rc6
[INFO] [stderr]     Checking libp2p-tcp v0.20.0
[INFO] [stderr]     Checking substrate-prometheus-endpoint v0.8.0-rc6
[INFO] [stderr]     Checking libp2p v0.23.0
[INFO] [stderr]     Checking sc-telemetry v2.0.0-rc6
[INFO] [stderr]     Checking sp-application-crypto v2.0.0-rc6
[INFO] [stderr]     Checking sp-runtime v2.0.0-rc6
[INFO] [stderr]     Checking sp-version v2.0.0-rc6
[INFO] [stderr]     Checking sp-keyring v2.0.0-rc6
[INFO] [stderr]     Checking sp-api v2.0.0-rc6
[INFO] [stderr]     Checking sp-block-builder v2.0.0-rc6
[INFO] [stderr]     Checking sp-consensus v0.8.0-rc6
[INFO] [stderr]     Checking sc-executor v0.8.0-rc6
[INFO] [stderr]     Checking sp-blockchain v2.0.0-rc6
[INFO] [stderr]     Checking sp-transaction-pool v2.0.0-rc6
[INFO] [stderr]     Checking sc-client-api v2.0.0-rc6
[INFO] [stderr]     Checking sc-state-db v0.8.0-rc6
[INFO] [stderr]     Checking sc-client-db v0.8.0-rc6 (/opt/rustwide/workdir)
[INFO] [stdout] error[E0433]: failed to resolve: use of undeclared type or module `substrate_test_runtime_client`
[INFO] [stdout]    --> src/cache/list_cache.rs:864:6
[INFO] [stdout]     |
[INFO] [stdout] 864 |     use substrate_test_runtime_client::runtime::H256;
[INFO] [stdout]     |         ^^^^^^^^^^^^^^^^^^^^^^^^^^^^^ use of undeclared type or module `substrate_test_runtime_client`
[INFO] [stdout] 
[INFO] [stdout] 
[INFO] [stdout] error[E0433]: failed to resolve: use of undeclared type or module `substrate_test_runtime_client`
[INFO] [stdout]    --> src/cache/list_entry.rs:121:6
[INFO] [stdout]     |
[INFO] [stdout] 121 |     use substrate_test_runtime_client::runtime::{H256, Block};
[INFO] [stdout]     |         ^^^^^^^^^^^^^^^^^^^^^^^^^^^^^ use of undeclared type or module `substrate_test_runtime_client`
[INFO] [stdout] 
[INFO] [stdout] 
[INFO] [stdout] error[E0432]: unresolved imports `quickcheck`, `quickcheck::TestResult`, `quickcheck::Arbitrary`
[INFO] [stdout]     --> src/storage_cache.rs:1323:6
[INFO] [stdout]      |
[INFO] [stdout] 1323 |     use quickcheck::{quickcheck, TestResult, Arbitrary};
[INFO] [stdout]      |         ^^^^^^^^^^               ^^^^^^^^^^  ^^^^^^^^^
[INFO] [stdout]      |         |
[INFO] [stdout]      |         use of undeclared type or module `quickcheck`
[INFO] [stdout] 
[INFO] [stdout] 
[INFO] [stdout] error: cannot determine resolution for the macro `quickcheck`
[INFO] [stdout]     --> src/storage_cache.rs:1833:2
[INFO] [stdout]      |
[INFO] [stdout] 1833 |     quickcheck! {
[INFO] [stdout]      |     ^^^^^^^^^^
[INFO] [stdout]      |
[INFO] [stdout]      = note: import resolution is stuck, try simplifying macro imports
[INFO] [stdout] 
[INFO] [stdout] 
[INFO] [stdout] error[E0433]: failed to resolve: could not find `env_logger` in `{{root}}`
[INFO] [stdout]     --> src/storage_cache.rs:1027:13
[INFO] [stdout]      |
[INFO] [stdout] 1027 |         let _ = ::env_logger::try_init();
[INFO] [stdout]      |                   ^^^^^^^^^^ could not find `env_logger` in `{{root}}`
[INFO] [stdout] 
[INFO] [stdout] 
[INFO] [stdout] error[E0433]: failed to resolve: could not find `env_logger` in `{{root}}`
[INFO] [stdout]     --> src/storage_cache.rs:1248:13
[INFO] [stdout]      |
[INFO] [stdout] 1248 |         let _ = ::env_logger::try_init();
[INFO] [stdout]      |                   ^^^^^^^^^^ could not find `env_logger` in `{{root}}`
[INFO] [stdout] 
[INFO] [stdout] 
[INFO] [stdout] error[E0433]: failed to resolve: use of undeclared type or module `tempfile`
[INFO] [stdout]    --> src/upgrade.rs:111:16
[INFO] [stdout]     |
[INFO] [stdout] 111 |         let db_dir = tempfile::TempDir::new().unwrap();
[INFO] [stdout]     |                      ^^^^^^^^ use of undeclared type or module `tempfile`
[INFO] [stdout] 
[INFO] [stdout] 
[INFO] [stdout] error[E0433]: failed to resolve: use of undeclared type or module `tempfile`
[INFO] [stdout]    --> src/upgrade.rs:118:16
[INFO] [stdout]     |
[INFO] [stdout] 118 |         let db_dir = tempfile::TempDir::new().unwrap();
[INFO] [stdout]     |                      ^^^^^^^^ use of undeclared type or module `tempfile`
[INFO] [stdout] 
[INFO] [stdout] 
[INFO] [stdout] error[E0433]: failed to resolve: use of undeclared type or module `kvdb_rocksdb`
[INFO] [stdout]    --> src/utils.rs:228:24
[INFO] [stdout]     |
[INFO] [stdout] 228 |             let mut db_config = kvdb_rocksdb::DatabaseConfig::with_columns(NUM_COLUMNS);
[INFO] [stdout]     |                                 ^^^^^^^^^^^^ use of undeclared type or module `kvdb_rocksdb`
[INFO] [stdout] 
[INFO] [stdout] 
[INFO] [stdout] error[E0433]: failed to resolve: could not find `env_logger` in `{{root}}`
[INFO] [stdout]     --> src/lib.rs:1911:13
[INFO] [stdout]      |
[INFO] [stdout] 1911 |         let _ = ::env_logger::try_init();
[INFO] [stdout]      |                   ^^^^^^^^^^ could not find `env_logger` in `{{root}}`
[INFO] [stdout] 
[INFO] [stdout] 
[INFO] [stdout] error[E0433]: failed to resolve: use of undeclared type or module `substrate_test_runtime_client`
[INFO] [stdout]     --> src/lib.rs:2225:28
[INFO] [stdout]      |
[INFO] [stdout] 2225 |         let backend: Arc<Backend<substrate_test_runtime_client::runtime::Block>> = Arc::new(Backend::new_test(20, 20));
[INFO] [stdout]      |                                  ^^^^^^^^^^^^^^^^^^^^^^^^^^^^^ use of undeclared type or module `substrate_test_runtime_client`
[INFO] [stdout] 
[INFO] [stdout] 
[INFO] [stdout] error[E0433]: failed to resolve: use of undeclared type or module `substrate_test_runtime_client`
[INFO] [stdout]     --> src/lib.rs:2226:3
[INFO] [stdout]      |
[INFO] [stdout] 2226 |         substrate_test_runtime_client::trait_tests::test_leaves_for_backend(backend);
[INFO] [stdout]      |         ^^^^^^^^^^^^^^^^^^^^^^^^^^^^^ use of undeclared type or module `substrate_test_runtime_client`
[INFO] [stdout] 
[INFO] [stdout] 
[INFO] [stdout] error[E0433]: failed to resolve: use of undeclared type or module `substrate_test_runtime_client`
[INFO] [stdout]     --> src/lib.rs:2231:28
[INFO] [stdout]      |
[INFO] [stdout] 2231 |         let backend: Arc<Backend<substrate_test_runtime_client::runtime::Block>> = Arc::new(Backend::new_test(20, 20));
[INFO] [stdout]      |                                  ^^^^^^^^^^^^^^^^^^^^^^^^^^^^^ use of undeclared type or module `substrate_test_runtime_client`
[INFO] [stdout] 
[INFO] [stdout] 
[INFO] [stdout] error[E0433]: failed to resolve: use of undeclared type or module `substrate_test_runtime_client`
[INFO] [stdout]     --> src/lib.rs:2232:3
[INFO] [stdout]      |
[INFO] [stdout] 2232 |         substrate_test_runtime_client::trait_tests::test_children_for_backend(backend);
[INFO] [stdout]      |         ^^^^^^^^^^^^^^^^^^^^^^^^^^^^^ use of undeclared type or module `substrate_test_runtime_client`
[INFO] [stdout] 
[INFO] [stdout] 
[INFO] [stdout] error[E0433]: failed to resolve: use of undeclared type or module `substrate_test_runtime_client`
[INFO] [stdout]     --> src/lib.rs:2237:28
[INFO] [stdout]      |
[INFO] [stdout] 2237 |         let backend: Arc<Backend<substrate_test_runtime_client::runtime::Block>> = Arc::new(Backend::new_test(20, 20));
[INFO] [stdout]      |                                  ^^^^^^^^^^^^^^^^^^^^^^^^^^^^^ use of undeclared type or module `substrate_test_runtime_client`
[INFO] [stdout] 
[INFO] [stdout] 
[INFO] [stdout] error[E0433]: failed to resolve: use of undeclared type or module `substrate_test_runtime_client`
[INFO] [stdout]     --> src/lib.rs:2238:3
[INFO] [stdout]      |
[INFO] [stdout] 2238 |         substrate_test_runtime_client::trait_tests::test_blockchain_query_by_number_gets_canonical(backend);
[INFO] [stdout]      |         ^^^^^^^^^^^^^^^^^^^^^^^^^^^^^ use of undeclared type or module `substrate_test_runtime_client`
[INFO] [stdout] 
[INFO] [stdout] 
[INFO] [stdout] error[E0433]: failed to resolve: use of undeclared type or module `substrate_test_runtime_client`
[INFO] [stdout]     --> src/lib.rs:2267:24
[INFO] [stdout]      |
[INFO] [stdout] 2267 |         let backend: Backend<substrate_test_runtime_client::runtime::Block> = Backend::new_test(0, 0);
[INFO] [stdout]      |                              ^^^^^^^^^^^^^^^^^^^^^^^^^^^^^ use of undeclared type or module `substrate_test_runtime_client`
[INFO] [stdout] 
[INFO] [stdout] 
[INFO] [stdout] error[E0433]: failed to resolve: use of undeclared type or module `H256`
[INFO] [stdout]    --> src/cache/list_cache.rs:872:23
[INFO] [stdout]     |
[INFO] [stdout] 872 |         ComplexBlockId::new(H256::from_low_u64_be(number), number)
[INFO] [stdout]     |                             ^^^^ not found in this scope
[INFO] [stdout]     |
[INFO] [stdout] help: consider importing one of these items
[INFO] [stdout]     |
[INFO] [stdout] 864 |     use crate::tests::H256;
[INFO] [stdout]     |
[INFO] [stdout] 864 |     use sp_core::H256;
[INFO] [stdout]     |
[INFO] [stdout] 864 |     use sp_runtime::testing::H256;
[INFO] [stdout]     |
[INFO] [stdout] 
[INFO] [stdout] 
[INFO] [stdout] error[E0433]: failed to resolve: use of undeclared type or module `H256`
[INFO] [stdout]    --> src/cache/list_cache.rs:900:17
[INFO] [stdout]     |
[INFO] [stdout] 900 |                 state_root: H256::from_low_u64_be(1 + fork_nonce),
[INFO] [stdout]     |                             ^^^^ not found in this scope
[INFO] [stdout]     |
[INFO] [stdout] help: consider importing one of these items
[INFO] [stdout]     |
[INFO] [stdout] 864 |     use crate::tests::H256;
[INFO] [stdout]     |
[INFO] [stdout] 864 |     use sp_core::H256;
[INFO] [stdout]     |
[INFO] [stdout] 864 |     use sp_runtime::testing::H256;
[INFO] [stdout]     |
[INFO] [stdout] 
[INFO] [stdout] 
[INFO] [stdout] error[E0433]: failed to resolve: use of undeclared type or module `H256`
[INFO] [stdout]    --> src/cache/list_cache.rs:919:18
[INFO] [stdout]     |
[INFO] [stdout] 919 |                 .with_id(50, H256::from_low_u64_be(50))
[INFO] [stdout]     |                              ^^^^ not found in this scope
[INFO] [stdout]     |
[INFO] [stdout] help: consider importing one of these items
[INFO] [stdout]     |
[INFO] [stdout] 864 |     use crate::tests::H256;
[INFO] [stdout]     |
[INFO] [stdout] 864 |     use sp_core::H256;
[INFO] [stdout]     |
[INFO] [stdout] 864 |     use sp_runtime::testing::H256;
[INFO] [stdout]     |
[INFO] [stdout] 
[INFO] [stdout] 
[INFO] [stdout] error[E0433]: failed to resolve: use of undeclared type or module `H256`
[INFO] [stdout]    --> src/cache/list_cache.rs:929:19
[INFO] [stdout]     |
[INFO] [stdout] 929 |                 .with_id(100, H256::from_low_u64_be(100))
[INFO] [stdout]     |                               ^^^^ not found in this scope
[INFO] [stdout]     |
[INFO] [stdout] help: consider importing one of these items
[INFO] [stdout]     |
[INFO] [stdout] 864 |     use crate::tests::H256;
[INFO] [stdout]     |
[INFO] [stdout] 864 |     use sp_core::H256;
[INFO] [stdout]     |
[INFO] [stdout] 864 |     use sp_runtime::testing::H256;
[INFO] [stdout]     |
[INFO] [stdout] 
[INFO] [stdout] 
[INFO] [stdout] error[E0433]: failed to resolve: use of undeclared type or module `H256`
[INFO] [stdout]    --> src/cache/list_cache.rs:940:18
[INFO] [stdout]     |
[INFO] [stdout] 940 |                 .with_id(50, H256::from_low_u64_be(50))
[INFO] [stdout]     |                              ^^^^ not found in this scope
[INFO] [stdout]     |
[INFO] [stdout] help: consider importing one of these items
[INFO] [stdout]     |
[INFO] [stdout] 864 |     use crate::tests::H256;
[INFO] [stdout]     |
[INFO] [stdout] 864 |     use sp_core::H256;
[INFO] [stdout]     |
[INFO] [stdout] 864 |     use sp_runtime::testing::H256;
[INFO] [stdout]     |
[INFO] [stdout] 
[INFO] [stdout] 
[INFO] [stdout] error[E0433]: failed to resolve: use of undeclared type or module `H256`
[INFO] [stdout]    --> src/cache/list_cache.rs:944:50
[INFO] [stdout]     |
[INFO] [stdout] 944 |         ).unwrap().value_at_block(&ComplexBlockId::new(H256::from_low_u64_be(2), 100)).is_err());
[INFO] [stdout]     |                                                        ^^^^ not found in this scope
[INFO] [stdout]     |
[INFO] [stdout] help: consider importing one of these items
[INFO] [stdout]     |
[INFO] [stdout] 864 |     use crate::tests::H256;
[INFO] [stdout]     |
[INFO] [stdout] 864 |     use sp_core::H256;
[INFO] [stdout]     |
[INFO] [stdout] 864 |     use sp_runtime::testing::H256;
[INFO] [stdout]     |
[INFO] [stdout] 
[INFO] [stdout] 
[INFO] [stdout] error[E0433]: failed to resolve: use of undeclared type or module `H256`
[INFO] [stdout]    --> src/cache/list_cache.rs:951:18
[INFO] [stdout]     |
[INFO] [stdout] 951 |                 .with_id(50, H256::from_low_u64_be(50))
[INFO] [stdout]     |                              ^^^^ not found in this scope
[INFO] [stdout]     |
[INFO] [stdout] help: consider importing one of these items
[INFO] [stdout]     |
[INFO] [stdout] 864 |     use crate::tests::H256;
[INFO] [stdout]     |
[INFO] [stdout] 864 |     use sp_core::H256;
[INFO] [stdout]     |
[INFO] [stdout] 864 |     use sp_runtime::testing::H256;
[INFO] [stdout]     |
[INFO] [stdout] 
[INFO] [stdout] 
[INFO] [stdout] error[E0433]: failed to resolve: use of undeclared type or module `H256`
[INFO] [stdout]     --> src/cache/list_cache.rs:1495:50
[INFO] [stdout]      |
[INFO] [stdout] 1495 |         let storage = DummyStorage::new().with_id(100, H256::from_low_u64_be(100));
[INFO] [stdout]      |                                                        ^^^^ not found in this scope
[INFO] [stdout]      |
[INFO] [stdout] help: consider importing one of these items
[INFO] [stdout]      |
[INFO] [stdout] 864  |     use crate::tests::H256;
[INFO] [stdout]      |
[INFO] [stdout] 864  |     use sp_core::H256;
[INFO] [stdout]      |
[INFO] [stdout] 864  |     use sp_runtime::testing::H256;
[INFO] [stdout]      |
[INFO] [stdout] 
[INFO] [stdout] 
[INFO] [stdout] error[E0433]: failed to resolve: use of undeclared type or module `H256`
[INFO] [stdout]     --> src/cache/list_cache.rs:1502:17
[INFO] [stdout]      |
[INFO] [stdout] 1502 |             .with_id(10, H256::from_low_u64_be(10))
[INFO] [stdout]      |                          ^^^^ not found in this scope
[INFO] [stdout]      |
[INFO] [stdout] help: consider importing one of these items
[INFO] [stdout]      |
[INFO] [stdout] 864  |     use crate::tests::H256;
[INFO] [stdout]      |
[INFO] [stdout] 864  |     use sp_core::H256;
[INFO] [stdout]      |
[INFO] [stdout] 864  |     use sp_runtime::testing::H256;
[INFO] [stdout]      |
[INFO] [stdout] 
[INFO] [stdout] 
[INFO] [stdout] error[E0433]: failed to resolve: use of undeclared type or module `H256`
[INFO] [stdout]     --> src/cache/list_cache.rs:1516:17
[INFO] [stdout]      |
[INFO] [stdout] 1516 |             .with_id(10, H256::from_low_u64_be(10))
[INFO] [stdout]      |                          ^^^^ not found in this scope
[INFO] [stdout]      |
[INFO] [stdout] help: consider importing one of these items
[INFO] [stdout]      |
[INFO] [stdout] 864  |     use crate::tests::H256;
[INFO] [stdout]      |
[INFO] [stdout] 864  |     use sp_core::H256;
[INFO] [stdout]      |
[INFO] [stdout] 864  |     use sp_runtime::testing::H256;
[INFO] [stdout]      |
[INFO] [stdout] 
[INFO] [stdout] 
[INFO] [stdout] error[E0433]: failed to resolve: use of undeclared type or module `H256`
[INFO] [stdout]     --> src/cache/list_cache.rs:1597:16
[INFO] [stdout]      |
[INFO] [stdout] 1597 |             .with_id(1, H256::from_low_u64_be(2)), &test_id(1), 100).unwrap(), false);
[INFO] [stdout]      |                         ^^^^ not found in this scope
[INFO] [stdout]      |
[INFO] [stdout] help: consider importing one of these items
[INFO] [stdout]      |
[INFO] [stdout] 864  |     use crate::tests::H256;
[INFO] [stdout]      |
[INFO] [stdout] 864  |     use sp_core::H256;
[INFO] [stdout]      |
[INFO] [stdout] 864  |     use sp_runtime::testing::H256;
[INFO] [stdout]      |
[INFO] [stdout] 
[INFO] [stdout] 
[INFO] [stdout] error[E0433]: failed to resolve: use of undeclared type or module `H256`
[INFO] [stdout]     --> src/cache/list_cache.rs:1600:16
[INFO] [stdout]      |
[INFO] [stdout] 1600 |             .with_id(1, H256::from_low_u64_be(1)), &test_id(1), 100).unwrap(), true);
[INFO] [stdout]      |                         ^^^^ not found in this scope
[INFO] [stdout]      |
[INFO] [stdout] help: consider importing one of these items
[INFO] [stdout]      |
[INFO] [stdout] 864  |     use crate::tests::H256;
[INFO] [stdout]      |
[INFO] [stdout] 864  |     use sp_core::H256;
[INFO] [stdout]      |
[INFO] [stdout] 864  |     use sp_runtime::testing::H256;
[INFO] [stdout]      |
[INFO] [stdout] 
[INFO] [stdout] 
[INFO] [stdout] error[E0433]: failed to resolve: use of undeclared type or module `H256`
[INFO] [stdout]     --> src/cache/list_cache.rs:1651:18
[INFO] [stdout]      |
[INFO] [stdout] 1651 |                 .with_id(10, H256::from_low_u64_be(10))
[INFO] [stdout]      |                              ^^^^ not found in this scope
[INFO] [stdout]      |
[INFO] [stdout] help: consider importing one of these items
[INFO] [stdout]      |
[INFO] [stdout] 864  |     use crate::tests::H256;
[INFO] [stdout]      |
[INFO] [stdout] 864  |     use sp_core::H256;
[INFO] [stdout]      |
[INFO] [stdout] 864  |     use sp_runtime::testing::H256;
[INFO] [stdout]      |
[INFO] [stdout] 
[INFO] [stdout] 
[INFO] [stdout] error[E0433]: failed to resolve: use of undeclared type or module `H256`
[INFO] [stdout]     --> src/cache/list_cache.rs:1652:18
[INFO] [stdout]      |
[INFO] [stdout] 1652 |                 .with_id(20, H256::from_low_u64_be(20))
[INFO] [stdout]      |                              ^^^^ not found in this scope
[INFO] [stdout]      |
[INFO] [stdout] help: consider importing one of these items
[INFO] [stdout]      |
[INFO] [stdout] 864  |     use crate::tests::H256;
[INFO] [stdout]      |
[INFO] [stdout] 864  |     use sp_core::H256;
[INFO] [stdout]      |
[INFO] [stdout] 864  |     use sp_runtime::testing::H256;
[INFO] [stdout]      |
[INFO] [stdout] 
[INFO] [stdout] 
[INFO] [stdout] error[E0433]: failed to resolve: use of undeclared type or module `H256`
[INFO] [stdout]     --> src/cache/list_cache.rs:1653:18
[INFO] [stdout]      |
[INFO] [stdout] 1653 |                 .with_id(30, H256::from_low_u64_be(30))
[INFO] [stdout]      |                              ^^^^ not found in this scope
[INFO] [stdout]      |
[INFO] [stdout] help: consider importing one of these items
[INFO] [stdout]      |
[INFO] [stdout] 864  |     use crate::tests::H256;
[INFO] [stdout]      |
[INFO] [stdout] 864  |     use sp_core::H256;
[INFO] [stdout]      |
[INFO] [stdout] 864  |     use sp_runtime::testing::H256;
[INFO] [stdout]      |
[INFO] [stdout] 
[INFO] [stdout] 
[INFO] [stdout] error[E0412]: cannot find type `Block` in this scope
[INFO] [stdout]    --> src/cache/list_entry.rs:124:44
[INFO] [stdout]     |
[INFO] [stdout] 124 |     fn test_id(number: u64) -> ComplexBlockId<Block> {
[INFO] [stdout]     |                                               ^^^^^
[INFO] [stdout]     | 
[INFO] [stdout]    ::: /opt/rustwide/cargo-home/registry/src/github.com-1ecc6299db9ec823/sp-runtime-2.0.0-rc6/src/traits.rs:546:1
[INFO] [stdout]     |
[INFO] [stdout] 546 | pub trait Block: Clone + Send + Sync + Codec + Eq + MaybeSerialize + Debug + MaybeMallocSizeOf + 'static {
[INFO] [stdout]     | -------------------------------------------------------------------------------------------------------- similarly named trait `BlockT` defined here
[INFO] [stdout]     |
[INFO] [stdout] help: a trait with a similar name exists
[INFO] [stdout]     |
[INFO] [stdout] 124 |     fn test_id(number: u64) -> ComplexBlockId<BlockT> {
[INFO] [stdout]     |                                               ^^^^^^
[INFO] [stdout] help: consider importing one of these items
[INFO] [stdout]     |
[INFO] [stdout] 120 |     use crate::tests::Block;
[INFO] [stdout]     |
[INFO] [stdout] 120 |     use sp_runtime::generic::Block;
[INFO] [stdout]     |
[INFO] [stdout] 120 |     use sp_runtime::testing::Block;
[INFO] [stdout]     |
[INFO] [stdout] 120 |     use sp_runtime::traits::Block;
[INFO] [stdout]     |
[INFO] [stdout] 
[INFO] [stdout] 
[INFO] [stdout] error[E0433]: failed to resolve: use of undeclared type or module `H256`
[INFO] [stdout]    --> src/cache/list_entry.rs:125:23
[INFO] [stdout]     |
[INFO] [stdout] 125 |         ComplexBlockId::new(H256::from_low_u64_be(number), number)
[INFO] [stdout]     |                             ^^^^ not found in this scope
[INFO] [stdout]     |
[INFO] [stdout] help: consider importing one of these items
[INFO] [stdout]     |
[INFO] [stdout] 120 |     use crate::tests::H256;
[INFO] [stdout]     |
[INFO] [stdout] 120 |     use sp_core::H256;
[INFO] [stdout]     |
[INFO] [stdout] 120 |     use sp_runtime::testing::H256;
[INFO] [stdout]     |
[INFO] [stdout] 
[INFO] [stdout] 
[INFO] [stdout] error[E0405]: cannot find trait `Arbitrary` in this scope
[INFO] [stdout]     --> src/storage_cache.rs:1389:7
[INFO] [stdout]      |
[INFO] [stdout] 1389 |     impl Arbitrary for Action {
[INFO] [stdout]      |          ^^^^^^^^^ not found in this scope
[INFO] [stdout] 
[INFO] [stdout] 
[INFO] [stdout] error[E0433]: failed to resolve: use of undeclared type or module `kvdb_rocksdb`
[INFO] [stdout]    --> src/utils.rs:254:27
[INFO] [stdout]     |
[INFO] [stdout] 254 |             let db = kvdb_rocksdb::Database::open(&db_config, &path)
[INFO] [stdout]     |                                    ^^^^^^^^ not found in `kvdb_rocksdb`
[INFO] [stdout]     |
[INFO] [stdout] help: consider importing one of these items
[INFO] [stdout]     |
[INFO] [stdout] 22  | use crate::Database;
[INFO] [stdout]     |
[INFO] [stdout] 22  | use sp_database::Database;
[INFO] [stdout]     |
[INFO] [stdout] 
[INFO] [stdout] 
[INFO] [stderr] error: could not compile `sc-client-db`.
[INFO] [stdout] error: aborting due to 36 previous errors
[INFO] [stdout] 
[INFO] [stdout] 
[INFO] [stderr] 
[INFO] [stdout] Some errors have detailed explanations: E0405, E0412, E0432, E0433.
[INFO] [stdout] 
[INFO] [stderr] To learn more, run the command again with --verbose.
[INFO] [stdout] For more information about an error, try `rustc --explain E0405`.
[INFO] [stdout] 
[INFO] [stderr] warning: build failed, waiting for other jobs to finish...
[INFO] [stderr] error: build failed
[INFO] running `Command { std: "docker" "inspect" "86e390da7928f904de4f2d78315601e3890fd817e9344a89567adbd32ae43cf8", kill_on_drop: false }`
[INFO] running `Command { std: "docker" "rm" "-f" "86e390da7928f904de4f2d78315601e3890fd817e9344a89567adbd32ae43cf8", kill_on_drop: false }`
[INFO] [stdout] 86e390da7928f904de4f2d78315601e3890fd817e9344a89567adbd32ae43cf8
