[INFO] fetching crate sass-rs 0.2.2...
[INFO] checking sass-rs-0.2.2 against beta-2020-07-24 for pr-75494-beta
[INFO] extracting crate sass-rs 0.2.2 into /workspace/builds/worker-3/source
[INFO] validating manifest of crates.io crate sass-rs 0.2.2 on toolchain beta-2020-07-24
[INFO] running `Command { std: "/workspace/cargo-home/bin/cargo" "+beta-2020-07-24" "read-manifest" "--manifest-path" "Cargo.toml", kill_on_drop: false }`
[INFO] started tweaking crates.io crate sass-rs 0.2.2
[INFO] finished tweaking crates.io crate sass-rs 0.2.2
[INFO] tweaked toml for crates.io crate sass-rs 0.2.2 written to /workspace/builds/worker-3/source/Cargo.toml
[INFO] running `Command { std: "/workspace/cargo-home/bin/cargo" "+beta-2020-07-24" "generate-lockfile" "--manifest-path" "Cargo.toml" "-Zno-index-update", kill_on_drop: false }`
[INFO] running `Command { std: "/workspace/cargo-home/bin/cargo" "+beta-2020-07-24" "fetch" "--locked" "--manifest-path" "Cargo.toml", kill_on_drop: false }`
[INFO] [stderr]     Blocking waiting for file lock on package cache
[INFO] running `Command { std: "docker" "create" "-v" "/var/lib/crater-agent-workspace/builds/worker-3/target:/opt/rustwide/target:rw,Z" "-v" "/var/lib/crater-agent-workspace/builds/worker-3/source:/opt/rustwide/workdir:ro,Z" "-v" "/var/lib/crater-agent-workspace/cargo-home:/opt/rustwide/cargo-home:ro,Z" "-v" "/var/lib/crater-agent-workspace/rustup-home:/opt/rustwide/rustup-home:ro,Z" "-e" "SOURCE_DIR=/opt/rustwide/workdir" "-e" "CARGO_TARGET_DIR=/opt/rustwide/target" "-e" "CARGO_HOME=/opt/rustwide/cargo-home" "-e" "RUSTUP_HOME=/opt/rustwide/rustup-home" "-w" "/opt/rustwide/workdir" "-m" "1610612736" "--user" "0:0" "--network" "none" "rustops/crates-build-env@sha256:a636fd89d022f18117e1dc8fb37a0a009933cdbbe082814857f0e2024962d47c" "/opt/rustwide/cargo-home/bin/cargo" "+beta-2020-07-24" "metadata" "--no-deps" "--format-version=1", kill_on_drop: false }`
[INFO] [stdout] eac0715983748d18eb824a16df63b5bd758714a6caee0db755c7411f977e54bb
[INFO] [stderr] WARNING: Your kernel does not support swap limit capabilities or the cgroup is not mounted. Memory limited without swap.
[INFO] running `Command { std: "docker" "start" "-a" "eac0715983748d18eb824a16df63b5bd758714a6caee0db755c7411f977e54bb", kill_on_drop: false }`
[INFO] running `Command { std: "docker" "inspect" "eac0715983748d18eb824a16df63b5bd758714a6caee0db755c7411f977e54bb", kill_on_drop: false }`
[INFO] running `Command { std: "docker" "rm" "-f" "eac0715983748d18eb824a16df63b5bd758714a6caee0db755c7411f977e54bb", kill_on_drop: false }`
[INFO] [stdout] eac0715983748d18eb824a16df63b5bd758714a6caee0db755c7411f977e54bb
[INFO] running `Command { std: "docker" "create" "-v" "/var/lib/crater-agent-workspace/builds/worker-3/target:/opt/rustwide/target:rw,Z" "-v" "/var/lib/crater-agent-workspace/builds/worker-3/source:/opt/rustwide/workdir:ro,Z" "-v" "/var/lib/crater-agent-workspace/cargo-home:/opt/rustwide/cargo-home:ro,Z" "-v" "/var/lib/crater-agent-workspace/rustup-home:/opt/rustwide/rustup-home:ro,Z" "-e" "SOURCE_DIR=/opt/rustwide/workdir" "-e" "CARGO_TARGET_DIR=/opt/rustwide/target" "-e" "CARGO_INCREMENTAL=0" "-e" "RUST_BACKTRACE=full" "-e" "RUSTFLAGS=--cap-lints=forbid" "-e" "CARGO_HOME=/opt/rustwide/cargo-home" "-e" "RUSTUP_HOME=/opt/rustwide/rustup-home" "-w" "/opt/rustwide/workdir" "-m" "1610612736" "--user" "0:0" "--network" "none" "rustops/crates-build-env@sha256:a636fd89d022f18117e1dc8fb37a0a009933cdbbe082814857f0e2024962d47c" "/opt/rustwide/cargo-home/bin/cargo" "+beta-2020-07-24" "check" "--frozen" "--all" "--all-targets" "--message-format=json", kill_on_drop: false }`
[INFO] [stdout] ee36e479ada173c0d3d745d0c96a951653c9bc68369b7552c2a8260b3ae9b410
[INFO] [stderr] WARNING: Your kernel does not support swap limit capabilities or the cgroup is not mounted. Memory limited without swap.
[INFO] running `Command { std: "docker" "start" "-a" "ee36e479ada173c0d3d745d0c96a951653c9bc68369b7552c2a8260b3ae9b410", kill_on_drop: false }`
[INFO] [stderr]    Compiling libc v0.2.76
[INFO] [stderr]    Compiling num_cpus v1.13.0
[INFO] [stderr]    Compiling sass-sys v0.4.21
[INFO] [stderr] error: failed to run custom build command for `sass-sys v0.4.21`
[INFO] [stderr] 
[INFO] [stderr] Caused by:
[INFO] [stderr]   process didn't exit successfully: `/opt/rustwide/target/debug/build/sass-sys-f3a50f2964c6a255/build-script-build` (exit code: 101)
[INFO] [stderr]   --- stdout
[INFO] [stderr]   cargo:rerun-if-env-changed=LIBSASS_NO_PKG_CONFIG
[INFO] [stderr]   cargo:rerun-if-env-changed=PKG_CONFIG
[INFO] [stderr]   cargo:rerun-if-env-changed=LIBSASS_STATIC
[INFO] [stderr]   cargo:rerun-if-env-changed=LIBSASS_DYNAMIC
[INFO] [stderr]   cargo:rerun-if-env-changed=PKG_CONFIG_ALL_STATIC
[INFO] [stderr]   cargo:rerun-if-env-changed=PKG_CONFIG_ALL_DYNAMIC
[INFO] [stderr]   cargo:rerun-if-env-changed=PKG_CONFIG_PATH_x86_64-unknown-linux-gnu
[INFO] [stderr]   cargo:rerun-if-env-changed=PKG_CONFIG_PATH_x86_64_unknown_linux_gnu
[INFO] [stderr]   cargo:rerun-if-env-changed=HOST_PKG_CONFIG_PATH
[INFO] [stderr]   cargo:rerun-if-env-changed=PKG_CONFIG_PATH
[INFO] [stderr]   cargo:rerun-if-env-changed=PKG_CONFIG_LIBDIR_x86_64-unknown-linux-gnu
[INFO] [stderr]   cargo:rerun-if-env-changed=PKG_CONFIG_LIBDIR_x86_64_unknown_linux_gnu
[INFO] [stderr]   cargo:rerun-if-env-changed=HOST_PKG_CONFIG_LIBDIR
[INFO] [stderr]   cargo:rerun-if-env-changed=PKG_CONFIG_LIBDIR
[INFO] [stderr]   cargo:rerun-if-env-changed=PKG_CONFIG_SYSROOT_DIR_x86_64-unknown-linux-gnu
[INFO] [stderr]   cargo:rerun-if-env-changed=PKG_CONFIG_SYSROOT_DIR_x86_64_unknown_linux_gnu
[INFO] [stderr]   cargo:rerun-if-env-changed=HOST_PKG_CONFIG_SYSROOT_DIR
[INFO] [stderr]   cargo:rerun-if-env-changed=PKG_CONFIG_SYSROOT_DIR
[INFO] [stderr] 
[INFO] [stderr]   --- stderr
[INFO] [stderr]   thread 'main' panicked at 'Build error:
[INFO] [stderr]   STDERR:g++: fatal error: Killed signal terminated program cc1plus
[INFO] [stderr]   compilation terminated.
[INFO] [stderr]   g++: fatal error: Killed signal terminated program cc1plus
[INFO] [stderr]   compilation terminated.
[INFO] [stderr]   make: *** [Makefile:228: src/context.o] Error 1
[INFO] [stderr]   make: *** Waiting for unfinished jobs....
[INFO] [stderr]   make: *** [Makefile:228: src/ast_selectors.o] Error 1
[INFO] [stderr]   g++: fatal error: Killed signal terminated program cc1plus
[INFO] [stderr]   compilation terminated.
[INFO] [stderr]   make: *** [Makefile:228: src/ast.o] Error 1
[INFO] [stderr]   g++: fatal error: Killed signal terminated program cc1plus
[INFO] [stderr]   compilation terminated.
[INFO] [stderr]   make: *** [Makefile:228: src/fn_lists.o] Error 1
[INFO] [stderr]   g++: fatal error: Killed signal terminated program cc1plus
[INFO] [stderr]   compilation terminated.
[INFO] [stderr]   make: *** [Makefile:228: src/fn_numbers.o] Error 1
[INFO] [stderr]   g++: fatal error: Killed signal terminated program cc1plus
[INFO] [stderr]   compilation terminated.
[INFO] [stderr]   make: *** [Makefile:228: src/fn_utils.o] Error 1
[INFO] [stderr]   g++: fatal error: Killed signal terminated program cc1plus
[INFO] [stderr]   compilation terminated.
[INFO] [stderr]   make: *** [Makefile:228: src/fn_miscs.o] Error 1
[INFO] [stderr]   g++: fatal error: Killed signal terminated program cc1plus
[INFO] [stderr]   compilation terminated.
[INFO] [stderr]   make: *** [Makefile:228: src/ast_values.o] Error 1
[INFO] [stderr]   g++: fatal error: Killed signal terminated program cc1plus
[INFO] [stderr]   compilation terminated.
[INFO] [stderr]   make: *** [Makefile:228: src/fn_maps.o] Error 1
[INFO] [stderr] 
[INFO] [stderr]   STDOUT:cc -Wall -O2 -I /opt/rustwide/target/debug/build/sass-sys-63868e3abb26b085/out/build/include  -fPIC -c -o src/cencode.o src/cencode.c
[INFO] [stderr]   g++ -Wall -O2 -std=c++11 -I /opt/rustwide/target/debug/build/sass-sys-63868e3abb26b085/out/build/include  -fPIC -c -o src/ast.o src/ast.cpp
[INFO] [stderr]   g++ -Wall -O2 -std=c++11 -I /opt/rustwide/target/debug/build/sass-sys-63868e3abb26b085/out/build/include  -fPIC -c -o src/ast_values.o src/ast_values.cpp
[INFO] [stderr]   g++ -Wall -O2 -std=c++11 -I /opt/rustwide/target/debug/build/sass-sys-63868e3abb26b085/out/build/include  -fPIC -c -o src/ast_supports.o src/ast_supports.cpp
[INFO] [stderr]   g++ -Wall -O2 -std=c++11 -I /opt/rustwide/target/debug/build/sass-sys-63868e3abb26b085/out/build/include  -fPIC -c -o src/ast_sel_cmp.o src/ast_sel_cmp.cpp
[INFO] [stderr]   g++ -Wall -O2 -std=c++11 -I /opt/rustwide/target/debug/build/sass-sys-63868e3abb26b085/out/build/include  -fPIC -c -o src/ast_sel_unify.o src/ast_sel_unify.cpp
[INFO] [stderr]   g++ -Wall -O2 -std=c++11 -I /opt/rustwide/target/debug/build/sass-sys-63868e3abb26b085/out/build/include  -fPIC -c -o src/ast_sel_super.o src/ast_sel_super.cpp
[INFO] [stderr]   g++ -Wall -O2 -std=c++11 -I /opt/rustwide/target/debug/build/sass-sys-63868e3abb26b085/out/build/include  -fPIC -c -o src/ast_sel_weave.o src/ast_sel_weave.cpp
[INFO] [stderr]   g++ -Wall -O2 -std=c++11 -I /opt/rustwide/target/debug/build/sass-sys-63868e3abb26b085/out/build/include  -fPIC -c -o src/ast_selectors.o src/ast_selectors.cpp
[INFO] [stderr]   g++ -Wall -O2 -std=c++11 -I /opt/rustwide/target/debug/build/sass-sys-63868e3abb26b085/out/build/include  -fPIC -c -o src/context.o src/context.cpp
[INFO] [stderr]   g++ -Wall -O2 -std=c++11 -I /opt/rustwide/target/debug/build/sass-sys-63868e3abb26b085/out/build/include  -fPIC -c -o src/constants.o src/constants.cpp
[INFO] [stderr]   g++ -Wall -O2 -std=c++11 -I /opt/rustwide/target/debug/build/sass-sys-63868e3abb26b085/out/build/include  -fPIC -c -o src/fn_utils.o src/fn_utils.cpp
[INFO] [stderr]   g++ -Wall -O2 -std=c++11 -I /opt/rustwide/target/debug/build/sass-sys-63868e3abb26b085/out/build/include  -fPIC -c -o src/fn_miscs.o src/fn_miscs.cpp
[INFO] [stderr]   g++ -Wall -O2 -std=c++11 -I /opt/rustwide/target/debug/build/sass-sys-63868e3abb26b085/out/build/include  -fPIC -c -o src/fn_maps.o src/fn_maps.cpp
[INFO] [stderr]   g++ -Wall -O2 -std=c++11 -I /opt/rustwide/target/debug/build/sass-sys-63868e3abb26b085/out/build/include  -fPIC -c -o src/fn_lists.o src/fn_lists.cpp
[INFO] [stderr]   g++ -Wall -O2 -std=c++11 -I /opt/rustwide/target/debug/build/sass-sys-63868e3abb26b085/out/build/include  -fPIC -c -o src/fn_colors.o src/fn_colors.cpp
[INFO] [stderr]   g++ -Wall -O2 -std=c++11 -I /opt/rustwide/target/debug/build/sass-sys-63868e3abb26b085/out/build/include  -fPIC -c -o src/fn_numbers.o src/fn_numbers.cpp
[INFO] [stderr]   g++ -Wall -O2 -std=c++11 -I /opt/rustwide/target/debug/build/sass-sys-63868e3abb26b085/out/build/include  -fPIC -c -o src/fn_strings.o src/fn_strings.cpp
[INFO] [stderr]   ', /opt/rustwide/cargo-home/registry/src/github.com-1ecc6299db9ec823/sass-sys-0.4.21/build.rs:107:9
[INFO] [stderr]   stack backtrace:
[INFO] [stderr]      0:     0x55e2eb336375 - backtrace::backtrace::libunwind::trace::h5e2646fa3eddf2ea
[INFO] [stderr]                                  at /cargo/registry/src/github.com-1ecc6299db9ec823/backtrace-0.3.46/src/backtrace/libunwind.rs:86
[INFO] [stderr]      1:     0x55e2eb336375 - backtrace::backtrace::trace_unsynchronized::hb95dd7f77ce47877
[INFO] [stderr]                                  at /cargo/registry/src/github.com-1ecc6299db9ec823/backtrace-0.3.46/src/backtrace/mod.rs:66
[INFO] [stderr]      2:     0x55e2eb336375 - std::sys_common::backtrace::_print_fmt::h5e71b67af43fd70d
[INFO] [stderr]                                  at src/libstd/sys_common/backtrace.rs:78
[INFO] [stderr]      3:     0x55e2eb336375 - <std::sys_common::backtrace::_print::DisplayBacktrace as core::fmt::Display>::fmt::hdb4a83d2b61107e5
[INFO] [stderr]                                  at src/libstd/sys_common/backtrace.rs:59
[INFO] [stderr]      4:     0x55e2eb35a35c - core::fmt::write::ha20e7262fa3e8a7a
[INFO] [stderr]                                  at src/libcore/fmt/mod.rs:1076
[INFO] [stderr]      5:     0x55e2eb332cb2 - std::io::Write::write_fmt::h1aebfe8a5a79e36d
[INFO] [stderr]                                  at src/libstd/io/mod.rs:1537
[INFO] [stderr]      6:     0x55e2eb3388b0 - std::sys_common::backtrace::_print::h9c07314cc66ba539
[INFO] [stderr]                                  at src/libstd/sys_common/backtrace.rs:62
[INFO] [stderr]      7:     0x55e2eb3388b0 - std::sys_common::backtrace::print::hd1fd65f49a2d8544
[INFO] [stderr]                                  at src/libstd/sys_common/backtrace.rs:49
[INFO] [stderr]      8:     0x55e2eb3388b0 - std::panicking::default_hook::{{closure}}::h222da46485ab36fc
[INFO] [stderr]                                  at src/libstd/panicking.rs:198
[INFO] [stderr]      9:     0x55e2eb3385fc - std::panicking::default_hook::hc5868949d129ed00
[INFO] [stderr]                                  at src/libstd/panicking.rs:217
[INFO] [stderr]     10:     0x55e2eb338ef3 - std::panicking::rust_panic_with_hook::h26a6ab8b0993c0c8
[INFO] [stderr]                                  at src/libstd/panicking.rs:526
[INFO] [stderr]     11:     0x55e2eb338aeb - rust_begin_unwind
[INFO] [stderr]                                  at src/libstd/panicking.rs:437
[INFO] [stderr]     12:     0x55e2eb338a5b - std::panicking::begin_panic_fmt::h2ff295231415d4a6
[INFO] [stderr]                                  at src/libstd/panicking.rs:391
[INFO] [stderr]     13:     0x55e2eb2ead6b - build_script_build::compile::h3890e6c0f08362e3
[INFO] [stderr]                                  at /opt/rustwide/cargo-home/registry/src/github.com-1ecc6299db9ec823/sass-sys-0.4.21/build.rs:107
[INFO] [stderr]     14:     0x55e2eb2eb47f - build_script_build::main::he10e3d42265fafe6
[INFO] [stderr]                                  at /opt/rustwide/cargo-home/registry/src/github.com-1ecc6299db9ec823/sass-sys-0.4.21/build.rs:218
[INFO] [stderr]     15:     0x55e2eb2ebd1b - std::rt::lang_start::{{closure}}::h5888b8a31907e4b4
[INFO] [stderr]                                  at /rustc/6f959902b3103c49ca981fbc01871589c3498489/src/libstd/rt.rs:67
[INFO] [stderr]     16:     0x55e2eb3392c3 - std::rt::lang_start_internal::{{closure}}::h84a998219831fa70
[INFO] [stderr]                                  at src/libstd/rt.rs:52
[INFO] [stderr]     17:     0x55e2eb3392c3 - std::panicking::try::do_call::he8e1d689a3e26def
[INFO] [stderr]                                  at src/libstd/panicking.rs:348
[INFO] [stderr]     18:     0x55e2eb3392c3 - std::panicking::try::h264b6eebc2fa7bbf
[INFO] [stderr]                                  at src/libstd/panicking.rs:325
[INFO] [stderr]     19:     0x55e2eb3392c3 - std::panic::catch_unwind::hbf28fafa723b2128
[INFO] [stderr]                                  at src/libstd/panic.rs:394
[INFO] [stderr]     20:     0x55e2eb3392c3 - std::rt::lang_start_internal::he959aa59bc3ec202
[INFO] [stderr]                                  at src/libstd/rt.rs:51
[INFO] [stderr]     21:     0x55e2eb2ebcf7 - std::rt::lang_start::h058af5270f590f9b
[INFO] [stderr]                                  at /rustc/6f959902b3103c49ca981fbc01871589c3498489/src/libstd/rt.rs:67
[INFO] [stderr]     22:     0x55e2eb2eb54a - main
[INFO] [stderr]     23:     0x7f24ced7b0b3 - __libc_start_main
[INFO] [stderr]     24:     0x55e2eb2e919e - _start
[INFO] [stderr]     25:                0x0 - <unknown>
[INFO] running `Command { std: "docker" "inspect" "ee36e479ada173c0d3d745d0c96a951653c9bc68369b7552c2a8260b3ae9b410", kill_on_drop: false }`
[INFO] running `Command { std: "docker" "rm" "-f" "ee36e479ada173c0d3d745d0c96a951653c9bc68369b7552c2a8260b3ae9b410", kill_on_drop: false }`
[INFO] [stdout] ee36e479ada173c0d3d745d0c96a951653c9bc68369b7552c2a8260b3ae9b410
