[INFO] fetching crate rustplot 0.1.0...
[INFO] checking rustplot-0.1.0 against beta-2020-07-24 for pr-75494-beta
[INFO] extracting crate rustplot 0.1.0 into /workspace/builds/worker-5/source
[INFO] validating manifest of crates.io crate rustplot 0.1.0 on toolchain beta-2020-07-24
[INFO] running `Command { std: "/workspace/cargo-home/bin/cargo" "+beta-2020-07-24" "read-manifest" "--manifest-path" "Cargo.toml", kill_on_drop: false }`
[INFO] started tweaking crates.io crate rustplot 0.1.0
[INFO] finished tweaking crates.io crate rustplot 0.1.0
[INFO] tweaked toml for crates.io crate rustplot 0.1.0 written to /workspace/builds/worker-5/source/Cargo.toml
[INFO] running `Command { std: "/workspace/cargo-home/bin/cargo" "+beta-2020-07-24" "generate-lockfile" "--manifest-path" "Cargo.toml" "-Zno-index-update", kill_on_drop: false }`
[INFO] running `Command { std: "/workspace/cargo-home/bin/cargo" "+beta-2020-07-24" "fetch" "--locked" "--manifest-path" "Cargo.toml", kill_on_drop: false }`
[INFO] running `Command { std: "docker" "create" "-v" "/var/lib/crater-agent-workspace/builds/worker-5/target:/opt/rustwide/target:rw,Z" "-v" "/var/lib/crater-agent-workspace/builds/worker-5/source:/opt/rustwide/workdir:ro,Z" "-v" "/var/lib/crater-agent-workspace/cargo-home:/opt/rustwide/cargo-home:ro,Z" "-v" "/var/lib/crater-agent-workspace/rustup-home:/opt/rustwide/rustup-home:ro,Z" "-e" "SOURCE_DIR=/opt/rustwide/workdir" "-e" "CARGO_TARGET_DIR=/opt/rustwide/target" "-e" "CARGO_HOME=/opt/rustwide/cargo-home" "-e" "RUSTUP_HOME=/opt/rustwide/rustup-home" "-w" "/opt/rustwide/workdir" "-m" "1610612736" "--user" "0:0" "--network" "none" "rustops/crates-build-env@sha256:a636fd89d022f18117e1dc8fb37a0a009933cdbbe082814857f0e2024962d47c" "/opt/rustwide/cargo-home/bin/cargo" "+beta-2020-07-24" "metadata" "--no-deps" "--format-version=1", kill_on_drop: false }`
[INFO] [stdout] 1035774005d1f4f3216a06f7d0cc3f9cceb278b0a54543555a0423dfe1df6ad4
[INFO] [stderr] WARNING: Your kernel does not support swap limit capabilities or the cgroup is not mounted. Memory limited without swap.
[INFO] running `Command { std: "docker" "start" "-a" "1035774005d1f4f3216a06f7d0cc3f9cceb278b0a54543555a0423dfe1df6ad4", kill_on_drop: false }`
[INFO] running `Command { std: "docker" "inspect" "1035774005d1f4f3216a06f7d0cc3f9cceb278b0a54543555a0423dfe1df6ad4", kill_on_drop: false }`
[INFO] running `Command { std: "docker" "rm" "-f" "1035774005d1f4f3216a06f7d0cc3f9cceb278b0a54543555a0423dfe1df6ad4", kill_on_drop: false }`
[INFO] [stdout] 1035774005d1f4f3216a06f7d0cc3f9cceb278b0a54543555a0423dfe1df6ad4
[INFO] running `Command { std: "docker" "create" "-v" "/var/lib/crater-agent-workspace/builds/worker-5/target:/opt/rustwide/target:rw,Z" "-v" "/var/lib/crater-agent-workspace/builds/worker-5/source:/opt/rustwide/workdir:ro,Z" "-v" "/var/lib/crater-agent-workspace/cargo-home:/opt/rustwide/cargo-home:ro,Z" "-v" "/var/lib/crater-agent-workspace/rustup-home:/opt/rustwide/rustup-home:ro,Z" "-e" "SOURCE_DIR=/opt/rustwide/workdir" "-e" "CARGO_TARGET_DIR=/opt/rustwide/target" "-e" "CARGO_INCREMENTAL=0" "-e" "RUST_BACKTRACE=full" "-e" "RUSTFLAGS=--cap-lints=forbid" "-e" "CARGO_HOME=/opt/rustwide/cargo-home" "-e" "RUSTUP_HOME=/opt/rustwide/rustup-home" "-w" "/opt/rustwide/workdir" "-m" "1610612736" "--user" "0:0" "--network" "none" "rustops/crates-build-env@sha256:a636fd89d022f18117e1dc8fb37a0a009933cdbbe082814857f0e2024962d47c" "/opt/rustwide/cargo-home/bin/cargo" "+beta-2020-07-24" "check" "--frozen" "--all" "--all-targets" "--message-format=json", kill_on_drop: false }`
[INFO] [stdout] 35fc1517639b86f910386fa03660050c8455b50d688992ea5f00b61862a63de5
[INFO] [stderr] WARNING: Your kernel does not support swap limit capabilities or the cgroup is not mounted. Memory limited without swap.
[INFO] running `Command { std: "docker" "start" "-a" "35fc1517639b86f910386fa03660050c8455b50d688992ea5f00b61862a63de5", kill_on_drop: false }`
[INFO] [stderr]    Compiling syn v1.0.39
[INFO] [stderr]    Compiling pin-project-internal v0.4.23
[INFO] [stderr]    Compiling proc-macro-nested v0.1.6
[INFO] [stderr]     Checking futures-sink v0.3.5
[INFO] [stderr]     Checking futures-core v0.3.5
[INFO] [stderr]    Compiling proc-macro-hack v0.5.18
[INFO] [stderr]     Checking pin-utils v0.1.0
[INFO] [stderr]    Compiling cairo-rs v0.9.1
[INFO] [stderr]    Compiling pango v0.9.1
[INFO] [stderr]    Compiling gdk-pixbuf v0.9.0
[INFO] [stderr]    Compiling gdk v0.13.1
[INFO] [stderr]    Compiling atk v0.9.0
[INFO] [stderr]    Compiling proc-macro-error-attr v1.0.4
[INFO] [stderr]    Compiling proc-macro-error v1.0.4
[INFO] [stderr]    Compiling gtk v0.9.1
[INFO] [stderr]     Checking futures-task v0.3.5
[INFO] [stderr]    Compiling itertools v0.9.0
[INFO] [stderr]     Checking thread_local v0.3.6
[INFO] [stderr]    Compiling serde v1.0.115
[INFO] [stderr]     Checking memchr v2.3.3
[INFO] [stderr]     Checking libc v0.2.76
[INFO] [stderr]     Checking futures-channel v0.3.5
[INFO] [stderr]     Checking aho-corasick v0.6.10
[INFO] [stderr]     Checking regex v0.2.11
[INFO] [stderr]     Checking memchr v1.0.2
[INFO] [stderr]     Checking csv v0.15.0
[INFO] [stderr]    Compiling toml v0.5.6
[INFO] [stderr]    Compiling proc-macro-crate v0.1.5
[INFO] [stderr]    Compiling thiserror-impl v1.0.20
[INFO] [stderr]    Compiling strum_macros v0.18.0
[INFO] [stderr]    Compiling futures-macro v0.3.5
[INFO] [stderr]    Compiling glib-macros v0.10.1
[INFO] [stderr]    Compiling thiserror v1.0.20
[INFO] [stderr]    Compiling system-deps v1.3.2
[INFO] [stderr]     Checking pin-project v0.4.23
[INFO] [stderr]     Checking futures-util v0.3.5
[INFO] [stderr]    Compiling glib-sys v0.10.0
[INFO] [stderr]    Compiling gobject-sys v0.10.0
[INFO] [stderr]    Compiling gio-sys v0.10.0
[INFO] [stderr]    Compiling cairo-sys-rs v0.10.0
[INFO] [stderr]    Compiling pango-sys v0.10.0
[INFO] [stderr]    Compiling gdk-pixbuf-sys v0.10.0
[INFO] [stderr]    Compiling atk-sys v0.10.0
[INFO] [stderr]    Compiling gdk-sys v0.10.0
[INFO] [stderr]    Compiling gtk-sys v0.10.0
[INFO] [stderr]    Compiling gio v0.9.0
[INFO] [stderr]     Checking futures-executor v0.3.5
[INFO] [stderr]     Checking glib v0.10.1
[INFO] [stderr]     Checking futures v0.3.5
[INFO] [stderr]     Checking rustplot v0.1.0 (/opt/rustwide/workdir)
[INFO] [stdout] error[E0432]: unresolved import `self::cairo::MatrixTrait`
[INFO] [stdout]   --> src/chart_builder/mod.rs:59:5
[INFO] [stdout]    |
[INFO] [stdout] 59 | use self::cairo::MatrixTrait;
[INFO] [stdout]    |     ^^^^^^^^^^^^^^^^^^^^^^^^ no `MatrixTrait` in the root
[INFO] [stdout] 
[INFO] [stdout] 
[INFO] [stdout] error[E0432]: unresolved import `self::cairo::MatrixTrait`
[INFO] [stdout]   --> src/chart_builder/mod.rs:59:5
[INFO] [stdout]    |
[INFO] [stdout] 59 | use self::cairo::MatrixTrait;
[INFO] [stdout]    |     ^^^^^^^^^^^^^^^^^^^^^^^^ no `MatrixTrait` in the root
[INFO] [stdout] 
[INFO] [stdout] 
[INFO] [stdout] error[E0603]: module `enums` is private
[INFO] [stdout]    --> src/chart_builder/mod.rs:57:18
[INFO] [stdout]     |
[INFO] [stdout] 57  | use self::cairo::enums::{FontSlant, FontWeight};
[INFO] [stdout]     |                  ^^^^^ private module
[INFO] [stdout]     |
[INFO] [stdout] note: the module `enums` is defined here
[INFO] [stdout]    --> /opt/rustwide/cargo-home/registry/src/github.com-1ecc6299db9ec823/cairo-rs-0.9.1/src/lib.rs:172:1
[INFO] [stdout]     |
[INFO] [stdout] 172 | mod enums;
[INFO] [stdout]     | ^^^^^^^^^^
[INFO] [stdout] 
[INFO] [stdout] 
[INFO] [stdout] error[E0603]: module `enums` is private
[INFO] [stdout]    --> src/chart_builder/mod.rs:57:18
[INFO] [stdout]     |
[INFO] [stdout] 57  | use self::cairo::enums::{FontSlant, FontWeight};
[INFO] [stdout]     |                  ^^^^^ private module
[INFO] [stdout]     |
[INFO] [stdout] note: the module `enums` is defined here
[INFO] [stdout]    --> /opt/rustwide/cargo-home/registry/src/github.com-1ecc6299db9ec823/cairo-rs-0.9.1/src/lib.rs:172:1
[INFO] [stdout]     |
[INFO] [stdout] 172 | mod enums;
[INFO] [stdout]     | ^^^^^^^^^^
[INFO] [stdout] 
[INFO] [stdout] 
[INFO] [stdout] warning: unnecessary trailing semicolon
[INFO] [stdout]    --> src/chart_builder/charts/xy_scatter_plot.rs:199:81
[INFO] [stdout]     |
[INFO] [stdout] 199 |                     start_x = _left_bound - (start_x_val * _horizontal_scaling);;
[INFO] [stdout]     |                                                                                 ^ help: remove this semicolon
[INFO] [stdout]     |
[INFO] [stdout]     = note: `#[warn(redundant_semicolons)]` on by default
[INFO] [stdout] 
[INFO] [stdout] 
[INFO] [stdout] warning: unnecessary trailing semicolon
[INFO] [stdout]    --> src/chart_builder/charts/xy_scatter_plot.rs:199:81
[INFO] [stdout]     |
[INFO] [stdout] 199 |                     start_x = _left_bound - (start_x_val * _horizontal_scaling);;
[INFO] [stdout]     |                                                                                 ^ help: remove this semicolon
[INFO] [stdout]     |
[INFO] [stdout]     = note: `#[warn(redundant_semicolons)]` on by default
[INFO] [stdout] 
[INFO] [stdout] 
[INFO] [stdout] error[E0308]: mismatched types
[INFO] [stdout]   --> src/chart_builder/window.rs:95:45
[INFO] [stdout]    |
[INFO] [stdout] 95 |     let application = gtk::Application::new("com.github.rustlib_app",
[INFO] [stdout]    |                                             ^^^^^^^^^^^^^^^^^^^^^^^^
[INFO] [stdout]    |                                             |
[INFO] [stdout]    |                                             expected enum `std::option::Option`, found `&str`
[INFO] [stdout]    |                                             help: try using a variant of the expected enum: `Some("com.github.rustlib_app")`
[INFO] [stdout]    |
[INFO] [stdout]    = note:   expected enum `std::option::Option<&str>`
[INFO] [stdout]            found reference `&'static str`
[INFO] [stdout] 
[INFO] [stdout] 
[INFO] [stdout] error[E0308]: mismatched types
[INFO] [stdout]   --> src/chart_builder/window.rs:95:45
[INFO] [stdout]    |
[INFO] [stdout] 95 |     let application = gtk::Application::new("com.github.rustlib_app",
[INFO] [stdout]    |                                             ^^^^^^^^^^^^^^^^^^^^^^^^
[INFO] [stdout]    |                                             |
[INFO] [stdout]    |                                             expected enum `std::option::Option`, found `&str`
[INFO] [stdout]    |                                             help: try using a variant of the expected enum: `Some("com.github.rustlib_app")`
[INFO] [stdout]    |
[INFO] [stdout]    = note:   expected enum `std::option::Option<&str>`
[INFO] [stdout]            found reference `&'static str`
[INFO] [stdout] 
[INFO] [stdout] 
[INFO] [stdout] error: aborting due to 3 previous errors; 1 warning emitted
[INFO] [stdout] 
[INFO] [stdout] 
[INFO] [stdout] Some errors have detailed explanations: E0308, E0432, E0603.
[INFO] [stdout] 
[INFO] [stdout] For more information about an error, try `rustc --explain E0308`.
[INFO] [stdout] 
[INFO] [stderr] error: could not compile `rustplot`.
[INFO] [stderr] 
[INFO] [stderr] To learn more, run the command again with --verbose.
[INFO] [stderr] warning: build failed, waiting for other jobs to finish...
[INFO] [stdout] error: aborting due to 3 previous errors; 1 warning emitted
[INFO] [stdout] 
[INFO] [stdout] 
[INFO] [stdout] Some errors have detailed explanations: E0308, E0432, E0603.
[INFO] [stdout] 
[INFO] [stdout] For more information about an error, try `rustc --explain E0308`.
[INFO] [stdout] 
[INFO] [stderr] error: build failed
[INFO] running `Command { std: "docker" "inspect" "35fc1517639b86f910386fa03660050c8455b50d688992ea5f00b61862a63de5", kill_on_drop: false }`
[INFO] running `Command { std: "docker" "rm" "-f" "35fc1517639b86f910386fa03660050c8455b50d688992ea5f00b61862a63de5", kill_on_drop: false }`
[INFO] [stdout] 35fc1517639b86f910386fa03660050c8455b50d688992ea5f00b61862a63de5
