[INFO] fetching crate rust_multicodec 0.2.0...
[INFO] checking rust_multicodec-0.2.0 against beta-2020-07-24 for pr-75494-beta
[INFO] extracting crate rust_multicodec 0.2.0 into /workspace/builds/worker-2/source
[INFO] validating manifest of crates.io crate rust_multicodec 0.2.0 on toolchain beta-2020-07-24
[INFO] running `Command { std: "/workspace/cargo-home/bin/cargo" "+beta-2020-07-24" "read-manifest" "--manifest-path" "Cargo.toml", kill_on_drop: false }`
[INFO] started tweaking crates.io crate rust_multicodec 0.2.0
[INFO] finished tweaking crates.io crate rust_multicodec 0.2.0
[INFO] tweaked toml for crates.io crate rust_multicodec 0.2.0 written to /workspace/builds/worker-2/source/Cargo.toml
[INFO] running `Command { std: "/workspace/cargo-home/bin/cargo" "+beta-2020-07-24" "generate-lockfile" "--manifest-path" "Cargo.toml" "-Zno-index-update", kill_on_drop: false }`
[INFO] running `Command { std: "/workspace/cargo-home/bin/cargo" "+beta-2020-07-24" "fetch" "--locked" "--manifest-path" "Cargo.toml", kill_on_drop: false }`
[INFO] running `Command { std: "docker" "create" "-v" "/var/lib/crater-agent-workspace/builds/worker-2/target:/opt/rustwide/target:rw,Z" "-v" "/var/lib/crater-agent-workspace/builds/worker-2/source:/opt/rustwide/workdir:ro,Z" "-v" "/var/lib/crater-agent-workspace/cargo-home:/opt/rustwide/cargo-home:ro,Z" "-v" "/var/lib/crater-agent-workspace/rustup-home:/opt/rustwide/rustup-home:ro,Z" "-e" "SOURCE_DIR=/opt/rustwide/workdir" "-e" "CARGO_TARGET_DIR=/opt/rustwide/target" "-e" "CARGO_HOME=/opt/rustwide/cargo-home" "-e" "RUSTUP_HOME=/opt/rustwide/rustup-home" "-w" "/opt/rustwide/workdir" "-m" "1610612736" "--user" "0:0" "--network" "none" "rustops/crates-build-env@sha256:a636fd89d022f18117e1dc8fb37a0a009933cdbbe082814857f0e2024962d47c" "/opt/rustwide/cargo-home/bin/cargo" "+beta-2020-07-24" "metadata" "--no-deps" "--format-version=1", kill_on_drop: false }`
[INFO] [stdout] dfc7c0f3a85cd53d663ca5982e6de683e01f757ae5bc76ed03b4cbe0c2b46d4f
[INFO] [stderr] WARNING: Your kernel does not support swap limit capabilities or the cgroup is not mounted. Memory limited without swap.
[INFO] running `Command { std: "docker" "start" "-a" "dfc7c0f3a85cd53d663ca5982e6de683e01f757ae5bc76ed03b4cbe0c2b46d4f", kill_on_drop: false }`
[INFO] running `Command { std: "docker" "inspect" "dfc7c0f3a85cd53d663ca5982e6de683e01f757ae5bc76ed03b4cbe0c2b46d4f", kill_on_drop: false }`
[INFO] running `Command { std: "docker" "rm" "-f" "dfc7c0f3a85cd53d663ca5982e6de683e01f757ae5bc76ed03b4cbe0c2b46d4f", kill_on_drop: false }`
[INFO] [stdout] dfc7c0f3a85cd53d663ca5982e6de683e01f757ae5bc76ed03b4cbe0c2b46d4f
[INFO] running `Command { std: "docker" "create" "-v" "/var/lib/crater-agent-workspace/builds/worker-2/target:/opt/rustwide/target:rw,Z" "-v" "/var/lib/crater-agent-workspace/builds/worker-2/source:/opt/rustwide/workdir:ro,Z" "-v" "/var/lib/crater-agent-workspace/cargo-home:/opt/rustwide/cargo-home:ro,Z" "-v" "/var/lib/crater-agent-workspace/rustup-home:/opt/rustwide/rustup-home:ro,Z" "-e" "SOURCE_DIR=/opt/rustwide/workdir" "-e" "CARGO_TARGET_DIR=/opt/rustwide/target" "-e" "CARGO_INCREMENTAL=0" "-e" "RUST_BACKTRACE=full" "-e" "RUSTFLAGS=--cap-lints=forbid" "-e" "CARGO_HOME=/opt/rustwide/cargo-home" "-e" "RUSTUP_HOME=/opt/rustwide/rustup-home" "-w" "/opt/rustwide/workdir" "-m" "1610612736" "--user" "0:0" "--network" "none" "rustops/crates-build-env@sha256:a636fd89d022f18117e1dc8fb37a0a009933cdbbe082814857f0e2024962d47c" "/opt/rustwide/cargo-home/bin/cargo" "+beta-2020-07-24" "check" "--frozen" "--all" "--all-targets" "--message-format=json", kill_on_drop: false }`
[INFO] [stdout] 6cc054fcf473c5444519b440a80366dbfee666847686308c312260d03f52bced
[INFO] [stderr] WARNING: Your kernel does not support swap limit capabilities or the cgroup is not mounted. Memory limited without swap.
[INFO] running `Command { std: "docker" "start" "-a" "6cc054fcf473c5444519b440a80366dbfee666847686308c312260d03f52bced", kill_on_drop: false }`
[INFO] [stderr]     Checking hex-slice v0.1.4
[INFO] [stderr]     Checking integer-encoding v1.1.5
[INFO] [stderr]     Checking rust_multicodec v0.2.0 (/opt/rustwide/workdir)
[INFO] [stdout] warning: unused `#[macro_use]` import
[INFO] [stdout]  --> src/lib.rs:9:1
[INFO] [stdout]   |
[INFO] [stdout] 9 | #[macro_use]
[INFO] [stdout]   | ^^^^^^^^^^^^
[INFO] [stdout]   |
[INFO] [stdout]   = note: `#[warn(unused_imports)]` on by default
[INFO] [stdout] 
[INFO] [stdout] 
[INFO] [stdout] warning: unused import: `std::str`
[INFO] [stdout]   --> src/lib.rs:12:5
[INFO] [stdout]    |
[INFO] [stdout] 12 | use std::str;
[INFO] [stdout]    |     ^^^^^^^^
[INFO] [stdout] 
[INFO] [stdout] 
[INFO] [stdout] error[E0599]: no function or associated item named `decode_var_vec` found for type `u64` in the current scope
[INFO] [stdout]   --> src/codec_prefix.rs:65:34
[INFO] [stdout]    |
[INFO] [stdout] 65 |     let decoded:(u64,usize)=u64::decode_var_vec(&Vec::from(data));
[INFO] [stdout]    |                                  ^^^^^^^^^^^^^^ function or associated item not found in `u64`
[INFO] [stdout] 
[INFO] [stdout] 
[INFO] [stdout] error[E0599]: no function or associated item named `decode_var_vec` found for type `u64` in the current scope
[INFO] [stdout]   --> src/codec_prefix.rs:97:34
[INFO] [stdout]    |
[INFO] [stdout] 97 |     let decoded:(u64,usize)=u64::decode_var_vec(&Vec::from(data));
[INFO] [stdout]    |                                  ^^^^^^^^^^^^^^ function or associated item not found in `u64`
[INFO] [stdout] 
[INFO] [stdout] 
[INFO] [stdout] error: aborting due to 2 previous errors; 2 warnings emitted
[INFO] [stdout] 
[INFO] [stdout] 
[INFO] [stdout] For more information about this error, try `rustc --explain E0599`.
[INFO] [stdout] 
[INFO] [stderr] error: could not compile `rust_multicodec`.
[INFO] [stderr] 
[INFO] [stderr] To learn more, run the command again with --verbose.
[INFO] [stderr] warning: build failed, waiting for other jobs to finish...
[INFO] [stdout] error[E0599]: no function or associated item named `decode_var_vec` found for type `u64` in the current scope
[INFO] [stdout]   --> src/codec_prefix.rs:65:34
[INFO] [stdout]    |
[INFO] [stdout] 65 |     let decoded:(u64,usize)=u64::decode_var_vec(&Vec::from(data));
[INFO] [stdout]    |                                  ^^^^^^^^^^^^^^ function or associated item not found in `u64`
[INFO] [stdout] 
[INFO] [stdout] 
[INFO] [stdout] error[E0599]: no function or associated item named `decode_var_vec` found for type `u64` in the current scope
[INFO] [stdout]   --> src/codec_prefix.rs:97:34
[INFO] [stdout]    |
[INFO] [stdout] 97 |     let decoded:(u64,usize)=u64::decode_var_vec(&Vec::from(data));
[INFO] [stdout]    |                                  ^^^^^^^^^^^^^^ function or associated item not found in `u64`
[INFO] [stdout] 
[INFO] [stdout] 
[INFO] [stdout] error: aborting due to 2 previous errors
[INFO] [stdout] 
[INFO] [stdout] 
[INFO] [stdout] For more information about this error, try `rustc --explain E0599`.
[INFO] [stdout] 
[INFO] [stderr] error: build failed
[INFO] running `Command { std: "docker" "inspect" "6cc054fcf473c5444519b440a80366dbfee666847686308c312260d03f52bced", kill_on_drop: false }`
[INFO] running `Command { std: "docker" "rm" "-f" "6cc054fcf473c5444519b440a80366dbfee666847686308c312260d03f52bced", kill_on_drop: false }`
[INFO] [stdout] 6cc054fcf473c5444519b440a80366dbfee666847686308c312260d03f52bced
