[INFO] fetching crate rust-rethinkdb 0.0.1...
[INFO] checking rust-rethinkdb-0.0.1 against beta-2020-07-24 for pr-75494-beta
[INFO] extracting crate rust-rethinkdb 0.0.1 into /workspace/builds/worker-4/source
[INFO] validating manifest of crates.io crate rust-rethinkdb 0.0.1 on toolchain beta-2020-07-24
[INFO] running `Command { std: "/workspace/cargo-home/bin/cargo" "+beta-2020-07-24" "read-manifest" "--manifest-path" "Cargo.toml", kill_on_drop: false }`
[INFO] started tweaking crates.io crate rust-rethinkdb 0.0.1
[INFO] finished tweaking crates.io crate rust-rethinkdb 0.0.1
[INFO] tweaked toml for crates.io crate rust-rethinkdb 0.0.1 written to /workspace/builds/worker-4/source/Cargo.toml
[INFO] running `Command { std: "/workspace/cargo-home/bin/cargo" "+beta-2020-07-24" "generate-lockfile" "--manifest-path" "Cargo.toml" "-Zno-index-update", kill_on_drop: false }`
[INFO] running `Command { std: "/workspace/cargo-home/bin/cargo" "+beta-2020-07-24" "fetch" "--locked" "--manifest-path" "Cargo.toml", kill_on_drop: false }`
[INFO] running `Command { std: "docker" "create" "-v" "/var/lib/crater-agent-workspace/builds/worker-4/target:/opt/rustwide/target:rw,Z" "-v" "/var/lib/crater-agent-workspace/builds/worker-4/source:/opt/rustwide/workdir:ro,Z" "-v" "/var/lib/crater-agent-workspace/cargo-home:/opt/rustwide/cargo-home:ro,Z" "-v" "/var/lib/crater-agent-workspace/rustup-home:/opt/rustwide/rustup-home:ro,Z" "-e" "SOURCE_DIR=/opt/rustwide/workdir" "-e" "CARGO_TARGET_DIR=/opt/rustwide/target" "-e" "CARGO_HOME=/opt/rustwide/cargo-home" "-e" "RUSTUP_HOME=/opt/rustwide/rustup-home" "-w" "/opt/rustwide/workdir" "-m" "1610612736" "--user" "0:0" "--network" "none" "rustops/crates-build-env@sha256:a636fd89d022f18117e1dc8fb37a0a009933cdbbe082814857f0e2024962d47c" "/opt/rustwide/cargo-home/bin/cargo" "+beta-2020-07-24" "metadata" "--no-deps" "--format-version=1", kill_on_drop: false }`
[INFO] [stdout] 5ab81664ca3fb3372cbae77bf981fece4d130e7ea6df013bccef3cae819b3f45
[INFO] [stderr] WARNING: Your kernel does not support swap limit capabilities or the cgroup is not mounted. Memory limited without swap.
[INFO] running `Command { std: "docker" "start" "-a" "5ab81664ca3fb3372cbae77bf981fece4d130e7ea6df013bccef3cae819b3f45", kill_on_drop: false }`
[INFO] running `Command { std: "docker" "inspect" "5ab81664ca3fb3372cbae77bf981fece4d130e7ea6df013bccef3cae819b3f45", kill_on_drop: false }`
[INFO] running `Command { std: "docker" "rm" "-f" "5ab81664ca3fb3372cbae77bf981fece4d130e7ea6df013bccef3cae819b3f45", kill_on_drop: false }`
[INFO] [stdout] 5ab81664ca3fb3372cbae77bf981fece4d130e7ea6df013bccef3cae819b3f45
[INFO] running `Command { std: "docker" "create" "-v" "/var/lib/crater-agent-workspace/builds/worker-4/target:/opt/rustwide/target:rw,Z" "-v" "/var/lib/crater-agent-workspace/builds/worker-4/source:/opt/rustwide/workdir:ro,Z" "-v" "/var/lib/crater-agent-workspace/cargo-home:/opt/rustwide/cargo-home:ro,Z" "-v" "/var/lib/crater-agent-workspace/rustup-home:/opt/rustwide/rustup-home:ro,Z" "-e" "SOURCE_DIR=/opt/rustwide/workdir" "-e" "CARGO_TARGET_DIR=/opt/rustwide/target" "-e" "CARGO_INCREMENTAL=0" "-e" "RUST_BACKTRACE=full" "-e" "RUSTFLAGS=--cap-lints=forbid" "-e" "CARGO_HOME=/opt/rustwide/cargo-home" "-e" "RUSTUP_HOME=/opt/rustwide/rustup-home" "-w" "/opt/rustwide/workdir" "-m" "1610612736" "--user" "0:0" "--network" "none" "rustops/crates-build-env@sha256:a636fd89d022f18117e1dc8fb37a0a009933cdbbe082814857f0e2024962d47c" "/opt/rustwide/cargo-home/bin/cargo" "+beta-2020-07-24" "check" "--frozen" "--all" "--all-targets" "--message-format=json", kill_on_drop: false }`
[INFO] [stderr] WARNING: Your kernel does not support swap limit capabilities or the cgroup is not mounted. Memory limited without swap.
[INFO] [stdout] e20b664ac6cfe7c27d5fbcd9d79875050efb425d66536b5a4ada328c0cc3fb8c
[INFO] running `Command { std: "docker" "start" "-a" "e20b664ac6cfe7c27d5fbcd9d79875050efb425d66536b5a4ada328c0cc3fb8c", kill_on_drop: false }`
[INFO] [stderr]     Checking rustc-serialize v0.3.24
[INFO] [stderr]     Checking rust-rethinkdb v0.0.1 (/opt/rustwide/workdir)
[INFO] [stdout] error[E0432]: unresolved import `std::io::BufStream`
[INFO] [stdout]  --> src/lib/client.rs:7:15
[INFO] [stdout]   |
[INFO] [stdout] 7 | use std::io::{BufStream, Error, Write, Read, BufRead};
[INFO] [stdout]   |               ^^^^^^^^^ no `BufStream` in `io`
[INFO] [stdout] 
[INFO] [stdout] 
[INFO] [stdout] error[E0554]: `#![feature]` may not be used on the beta release channel
[INFO] [stdout]  --> src/lib/mod.rs:1:2
[INFO] [stdout]   |
[INFO] [stdout] 1 |  #![feature(core)]
[INFO] [stdout]   |  ^^^^^^^^^^^^^^^^^
[INFO] [stdout] 
[INFO] [stdout] 
[INFO] [stdout] warning: unused import: `std::thread`
[INFO] [stdout]  --> src/lib/client.rs:3:5
[INFO] [stdout]   |
[INFO] [stdout] 3 | use std::thread;
[INFO] [stdout]   |     ^^^^^^^^^^^
[INFO] [stdout]   |
[INFO] [stdout]   = note: `#[warn(unused_imports)]` on by default
[INFO] [stdout] 
[INFO] [stdout] 
[INFO] [stdout] warning: unused imports: `Arc`, `Mutex`
[INFO] [stdout]  --> src/lib/client.rs:4:17
[INFO] [stdout]   |
[INFO] [stdout] 4 | use std::sync::{Arc, Mutex};
[INFO] [stdout]   |                 ^^^  ^^^^^
[INFO] [stdout] 
[INFO] [stdout] 
[INFO] [stdout] warning: unused import: `rustc_serialize::json::Json`
[INFO] [stdout]  --> src/lib/test.rs:5:5
[INFO] [stdout]   |
[INFO] [stdout] 5 | use rustc_serialize::json::Json;
[INFO] [stdout]   |     ^^^^^^^^^^^^^^^^^^^^^^^^^^^
[INFO] [stdout] 
[INFO] [stdout] 
[INFO] [stdout] warning: unused import: `std::string::String`
[INFO] [stdout]  --> src/lib/test.rs:6:5
[INFO] [stdout]   |
[INFO] [stdout] 6 | use std::string::String;
[INFO] [stdout]   |     ^^^^^^^^^^^^^^^^^^^
[INFO] [stdout] 
[INFO] [stdout] 
[INFO] [stdout] warning: unused import: `std::collections::BTreeMap`
[INFO] [stdout]  --> src/lib/test.rs:7:5
[INFO] [stdout]   |
[INFO] [stdout] 7 | use std::collections::BTreeMap;
[INFO] [stdout]   |     ^^^^^^^^^^^^^^^^^^^^^^^^^^
[INFO] [stdout] 
[INFO] [stdout] 
[INFO] [stdout] warning: unused import: `RethinkDB`
[INFO] [stdout]  --> src/lib/test.rs:8:5
[INFO] [stdout]   |
[INFO] [stdout] 8 | use RethinkDB;
[INFO] [stdout]   |     ^^^^^^^^^
[INFO] [stdout] 
[INFO] [stdout] 
[INFO] [stdout] warning: unused import: `api::*`
[INFO] [stdout]  --> src/lib/test.rs:9:5
[INFO] [stdout]   |
[INFO] [stdout] 9 | use api::*;
[INFO] [stdout]   |     ^^^^^^
[INFO] [stdout] 
[INFO] [stdout] 
[INFO] [stdout] error[E0432]: unresolved import `std::io::BufStream`
[INFO] [stdout]  --> src/lib/client.rs:7:15
[INFO] [stdout]   |
[INFO] [stdout] 7 | use std::io::{BufStream, Error, Write, Read, BufRead};
[INFO] [stdout]   |               ^^^^^^^^^ no `BufStream` in `io`
[INFO] [stdout] 
[INFO] [stdout] 
[INFO] [stdout] error[E0554]: `#![feature]` may not be used on the beta release channel
[INFO] [stdout]  --> src/lib/mod.rs:1:2
[INFO] [stdout]   |
[INFO] [stdout] 1 |  #![feature(core)]
[INFO] [stdout]   |  ^^^^^^^^^^^^^^^^^
[INFO] [stdout] 
[INFO] [stdout] 
[INFO] [stdout] warning: unused import: `std::thread`
[INFO] [stdout]  --> src/lib/client.rs:3:5
[INFO] [stdout]   |
[INFO] [stdout] 3 | use std::thread;
[INFO] [stdout]   |     ^^^^^^^^^^^
[INFO] [stdout]   |
[INFO] [stdout]   = note: `#[warn(unused_imports)]` on by default
[INFO] [stdout] 
[INFO] [stdout] 
[INFO] [stdout] warning: unused imports: `Arc`, `Mutex`
[INFO] [stdout]  --> src/lib/client.rs:4:17
[INFO] [stdout]   |
[INFO] [stdout] 4 | use std::sync::{Arc, Mutex};
[INFO] [stdout]   |                 ^^^  ^^^^^
[INFO] [stdout] 
[INFO] [stdout] 
[INFO] [stdout] warning: unused import: `rustc_serialize::json`
[INFO] [stdout]  --> src/lib/test.rs:4:5
[INFO] [stdout]   |
[INFO] [stdout] 4 | use rustc_serialize::json;
[INFO] [stdout]   |     ^^^^^^^^^^^^^^^^^^^^^
[INFO] [stdout]   |
[INFO] [stdout] note: the lint level is defined here
[INFO] [stdout]  --> src/lib/test.rs:2:8
[INFO] [stdout]   |
[INFO] [stdout] 2 | #[warn(unused_imports)]
[INFO] [stdout]   |        ^^^^^^^^^^^^^^
[INFO] [stdout] 
[INFO] [stdout] 
[INFO] [stdout] warning: unused import: `std::string::String`
[INFO] [stdout]  --> src/lib/test.rs:6:5
[INFO] [stdout]   |
[INFO] [stdout] 6 | use std::string::String;
[INFO] [stdout]   |     ^^^^^^^^^^^^^^^^^^^
[INFO] [stdout] 
[INFO] [stdout] 
[INFO] [stdout] warning: unused import: `Read`
[INFO] [stdout]  --> src/lib/client.rs:7:40
[INFO] [stdout]   |
[INFO] [stdout] 7 | use std::io::{BufStream, Error, Write, Read, BufRead};
[INFO] [stdout]   |                                        ^^^^
[INFO] [stdout] 
[INFO] [stdout] 
[INFO] [stdout] warning: unused import: `BufRead`
[INFO] [stdout]  --> src/lib/client.rs:7:46
[INFO] [stdout]   |
[INFO] [stdout] 7 | use std::io::{BufStream, Error, Write, Read, BufRead};
[INFO] [stdout]   |                                              ^^^^^^^
[INFO] [stdout] 
[INFO] [stdout] 
[INFO] [stdout] error: aborting due to 2 previous errors; 9 warnings emitted
[INFO] [stdout] 
[INFO] [stdout] 
[INFO] [stdout] Some errors have detailed explanations: E0432, E0554.
[INFO] [stdout] 
[INFO] [stdout] For more information about an error, try `rustc --explain E0432`.
[INFO] [stdout] 
[INFO] [stderr] error: could not compile `rust-rethinkdb`.
[INFO] [stderr] 
[INFO] [stderr] To learn more, run the command again with --verbose.
[INFO] [stderr] warning: build failed, waiting for other jobs to finish...
[INFO] [stdout] warning: unused import: `Read`
[INFO] [stdout]  --> src/lib/client.rs:7:40
[INFO] [stdout]   |
[INFO] [stdout] 7 | use std::io::{BufStream, Error, Write, Read, BufRead};
[INFO] [stdout]   |                                        ^^^^
[INFO] [stdout] 
[INFO] [stdout] 
[INFO] [stdout] warning: unused import: `BufRead`
[INFO] [stdout]  --> src/lib/client.rs:7:46
[INFO] [stdout]   |
[INFO] [stdout] 7 | use std::io::{BufStream, Error, Write, Read, BufRead};
[INFO] [stdout]   |                                              ^^^^^^^
[INFO] [stdout] 
[INFO] [stdout] 
[INFO] [stdout] error: aborting due to 2 previous errors; 6 warnings emitted
[INFO] [stdout] 
[INFO] [stdout] 
[INFO] [stdout] Some errors have detailed explanations: E0432, E0554.
[INFO] [stdout] 
[INFO] [stdout] For more information about an error, try `rustc --explain E0432`.
[INFO] [stdout] 
[INFO] [stderr] error: build failed
[INFO] running `Command { std: "docker" "inspect" "e20b664ac6cfe7c27d5fbcd9d79875050efb425d66536b5a4ada328c0cc3fb8c", kill_on_drop: false }`
[INFO] running `Command { std: "docker" "rm" "-f" "e20b664ac6cfe7c27d5fbcd9d79875050efb425d66536b5a4ada328c0cc3fb8c", kill_on_drop: false }`
[INFO] [stdout] e20b664ac6cfe7c27d5fbcd9d79875050efb425d66536b5a4ada328c0cc3fb8c
