[INFO] fetching crate rust-pm 0.0.2...
[INFO] checking rust-pm-0.0.2 against beta-2020-07-24 for pr-75494-beta
[INFO] extracting crate rust-pm 0.0.2 into /workspace/builds/worker-8/source
[INFO] validating manifest of crates.io crate rust-pm 0.0.2 on toolchain beta-2020-07-24
[INFO] running `Command { std: "/workspace/cargo-home/bin/cargo" "+beta-2020-07-24" "read-manifest" "--manifest-path" "Cargo.toml", kill_on_drop: false }`
[INFO] started tweaking crates.io crate rust-pm 0.0.2
[INFO] finished tweaking crates.io crate rust-pm 0.0.2
[INFO] tweaked toml for crates.io crate rust-pm 0.0.2 written to /workspace/builds/worker-8/source/Cargo.toml
[INFO] running `Command { std: "/workspace/cargo-home/bin/cargo" "+beta-2020-07-24" "generate-lockfile" "--manifest-path" "Cargo.toml" "-Zno-index-update", kill_on_drop: false }`
[INFO] [stderr]     Blocking waiting for file lock on package cache
[INFO] running `Command { std: "/workspace/cargo-home/bin/cargo" "+beta-2020-07-24" "fetch" "--locked" "--manifest-path" "Cargo.toml", kill_on_drop: false }`
[INFO] [stderr]     Blocking waiting for file lock on package cache
[INFO] running `Command { std: "docker" "create" "-v" "/var/lib/crater-agent-workspace/builds/worker-8/target:/opt/rustwide/target:rw,Z" "-v" "/var/lib/crater-agent-workspace/builds/worker-8/source:/opt/rustwide/workdir:ro,Z" "-v" "/var/lib/crater-agent-workspace/cargo-home:/opt/rustwide/cargo-home:ro,Z" "-v" "/var/lib/crater-agent-workspace/rustup-home:/opt/rustwide/rustup-home:ro,Z" "-e" "SOURCE_DIR=/opt/rustwide/workdir" "-e" "CARGO_TARGET_DIR=/opt/rustwide/target" "-e" "CARGO_HOME=/opt/rustwide/cargo-home" "-e" "RUSTUP_HOME=/opt/rustwide/rustup-home" "-w" "/opt/rustwide/workdir" "-m" "1610612736" "--user" "0:0" "--network" "none" "rustops/crates-build-env@sha256:a636fd89d022f18117e1dc8fb37a0a009933cdbbe082814857f0e2024962d47c" "/opt/rustwide/cargo-home/bin/cargo" "+beta-2020-07-24" "metadata" "--no-deps" "--format-version=1", kill_on_drop: false }`
[INFO] [stdout] d67ef378ddb0d8b4c000095072b39f72706bcfcd8f76a5bef832a7ac2f2b4bff
[INFO] [stderr] WARNING: Your kernel does not support swap limit capabilities or the cgroup is not mounted. Memory limited without swap.
[INFO] running `Command { std: "docker" "start" "-a" "d67ef378ddb0d8b4c000095072b39f72706bcfcd8f76a5bef832a7ac2f2b4bff", kill_on_drop: false }`
[INFO] running `Command { std: "docker" "inspect" "d67ef378ddb0d8b4c000095072b39f72706bcfcd8f76a5bef832a7ac2f2b4bff", kill_on_drop: false }`
[INFO] running `Command { std: "docker" "rm" "-f" "d67ef378ddb0d8b4c000095072b39f72706bcfcd8f76a5bef832a7ac2f2b4bff", kill_on_drop: false }`
[INFO] [stdout] d67ef378ddb0d8b4c000095072b39f72706bcfcd8f76a5bef832a7ac2f2b4bff
[INFO] running `Command { std: "docker" "create" "-v" "/var/lib/crater-agent-workspace/builds/worker-8/target:/opt/rustwide/target:rw,Z" "-v" "/var/lib/crater-agent-workspace/builds/worker-8/source:/opt/rustwide/workdir:ro,Z" "-v" "/var/lib/crater-agent-workspace/cargo-home:/opt/rustwide/cargo-home:ro,Z" "-v" "/var/lib/crater-agent-workspace/rustup-home:/opt/rustwide/rustup-home:ro,Z" "-e" "SOURCE_DIR=/opt/rustwide/workdir" "-e" "CARGO_TARGET_DIR=/opt/rustwide/target" "-e" "CARGO_INCREMENTAL=0" "-e" "RUST_BACKTRACE=full" "-e" "RUSTFLAGS=--cap-lints=forbid" "-e" "CARGO_HOME=/opt/rustwide/cargo-home" "-e" "RUSTUP_HOME=/opt/rustwide/rustup-home" "-w" "/opt/rustwide/workdir" "-m" "1610612736" "--user" "0:0" "--network" "none" "rustops/crates-build-env@sha256:a636fd89d022f18117e1dc8fb37a0a009933cdbbe082814857f0e2024962d47c" "/opt/rustwide/cargo-home/bin/cargo" "+beta-2020-07-24" "check" "--frozen" "--all" "--all-targets" "--message-format=json", kill_on_drop: false }`
[INFO] [stdout] aea81ea925de2af9b5883dc3b23a619285fe27fd56c67f29f9002e1e9ce893c4
[INFO] [stderr] WARNING: Your kernel does not support swap limit capabilities or the cgroup is not mounted. Memory limited without swap.
[INFO] running `Command { std: "docker" "start" "-a" "aea81ea925de2af9b5883dc3b23a619285fe27fd56c67f29f9002e1e9ce893c4", kill_on_drop: false }`
[INFO] [stderr]    Compiling libc v0.2.76
[INFO] [stderr]    Compiling rand_core v0.4.2
[INFO] [stderr]    Compiling version_check v0.1.5
[INFO] [stderr]    Compiling autocfg v0.1.7
[INFO] [stderr]    Compiling siphasher v0.2.3
[INFO] [stderr]     Checking cfg-if v0.1.10
[INFO] [stderr]     Checking traitobject v0.1.0
[INFO] [stderr]     Checking matches v0.1.8
[INFO] [stderr]    Compiling httparse v1.3.4
[INFO] [stderr]     Checking safemem v0.3.3
[INFO] [stderr]     Checking percent-encoding v1.0.1
[INFO] [stderr]     Checking language-tags v0.2.2
[INFO] [stderr]    Compiling serde v1.0.115
[INFO] [stderr]     Checking typeable v0.1.2
[INFO] [stderr]     Checking modifier v0.1.0
[INFO] [stderr]     Checking route-recognizer v0.1.13
[INFO] [stderr]     Checking unicode-bidi v0.3.4
[INFO] [stderr]     Checking log v0.4.11
[INFO] [stderr]     Checking unsafe-any v0.4.2
[INFO] [stderr]     Checking base64 v0.9.3
[INFO] [stderr]     Checking typemap v0.3.3
[INFO] [stderr]    Compiling rand_core v0.3.1
[INFO] [stderr]    Compiling rand_jitter v0.1.4
[INFO] [stderr]     Checking log v0.3.9
[INFO] [stderr]    Compiling rand_isaac v0.1.1
[INFO] [stderr]    Compiling rand_xorshift v0.1.1
[INFO] [stderr]    Compiling rand_hc v0.1.0
[INFO] [stderr]     Checking plugin v0.2.6
[INFO] [stderr]    Compiling unicase v1.4.2
[INFO] [stderr]     Checking mime v0.2.6
[INFO] [stderr]     Checking idna v0.1.5
[INFO] [stderr]    Compiling rand_pcg v0.1.2
[INFO] [stderr]    Compiling rand_chacha v0.1.1
[INFO] [stderr]    Compiling rand v0.6.5
[INFO] [stderr]     Checking phf_shared v0.7.24
[INFO] [stderr]    Compiling rand_os v0.1.3
[INFO] [stderr]     Checking phf v0.7.24
[INFO] [stderr]     Checking url v1.7.2
[INFO] [stderr]     Checking time v0.1.43
[INFO] [stderr]     Checking num_cpus v1.13.0
[INFO] [stderr]     Checking dirs-sys v0.3.5
[INFO] [stderr]     Checking dirs v2.0.2
[INFO] [stderr]     Checking term v0.6.1
[INFO] [stderr]     Checking hyper v0.10.16
[INFO] [stderr]    Compiling phf_generator v0.7.24
[INFO] [stderr]    Compiling phf_codegen v0.7.24
[INFO] [stderr]    Compiling mime_guess v1.8.8
[INFO] [stderr]     Checking iron v0.6.1
[INFO] [stderr]     Checking router v0.6.0
[INFO] [stderr]     Checking toml v0.5.6
[INFO] [stderr]     Checking rust-pm v0.0.2 (/opt/rustwide/workdir)
[INFO] [stdout] error[E0432]: unresolved import `toml::Parser`
[INFO] [stdout]  --> src/main.rs:8:12
[INFO] [stdout]   |
[INFO] [stdout] 8 | use toml::{Parser, Value};
[INFO] [stdout]   |            ^^^^^^ no `Parser` in the root
[INFO] [stdout] 
[INFO] [stdout] 
[INFO] [stdout] error[E0425]: cannot find function `scoped` in module `thread`
[INFO] [stdout]   --> src/logger.rs:35:29
[INFO] [stdout]    |
[INFO] [stdout] 35 |             let _ = thread::scoped(move || {
[INFO] [stdout]    |                             ^^^^^^ not found in `thread`
[INFO] [stdout] 
[INFO] [stdout] 
[INFO] [stdout] error[E0554]: `#![feature]` may not be used on the beta release channel
[INFO] [stdout]  --> src/main.rs:1:1
[INFO] [stdout]   |
[INFO] [stdout] 1 | #![feature(scoped)]
[INFO] [stdout]   | ^^^^^^^^^^^^^^^^^^^
[INFO] [stdout] 
[INFO] [stdout] 
[INFO] [stdout] error[E0432]: unresolved import `toml::Parser`
[INFO] [stdout]  --> src/main.rs:8:12
[INFO] [stdout]   |
[INFO] [stdout] 8 | use toml::{Parser, Value};
[INFO] [stdout]   |            ^^^^^^ no `Parser` in the root
[INFO] [stdout] 
[INFO] [stdout] 
[INFO] [stdout] error[E0425]: cannot find function `scoped` in module `thread`
[INFO] [stdout]   --> src/logger.rs:35:29
[INFO] [stdout]    |
[INFO] [stdout] 35 |             let _ = thread::scoped(move || {
[INFO] [stdout]    |                             ^^^^^^ not found in `thread`
[INFO] [stdout] 
[INFO] [stdout] 
[INFO] [stdout] error[E0554]: `#![feature]` may not be used on the beta release channel
[INFO] [stdout]  --> src/main.rs:1:1
[INFO] [stdout]   |
[INFO] [stdout] 1 | #![feature(scoped)]
[INFO] [stdout]   | ^^^^^^^^^^^^^^^^^^^
[INFO] [stdout] 
[INFO] [stdout] 
[INFO] [stdout] error[E0061]: this function takes 3 arguments but 2 arguments were supplied
[INFO] [stdout]    --> src/main.rs:278:12
[INFO] [stdout]     |
[INFO] [stdout] 278 |     router.get("/", IndexHandler::new(&arc_pm));
[INFO] [stdout]     |            ^^^ ---  -------------------------- supplied 2 arguments
[INFO] [stdout]     |            |
[INFO] [stdout]     |            expected 3 arguments
[INFO] [stdout] 
[INFO] [stdout] 
[INFO] [stdout] error[E0061]: this function takes 3 arguments but 2 arguments were supplied
[INFO] [stdout]    --> src/main.rs:279:12
[INFO] [stdout]     |
[INFO] [stdout] 279 |     router.get("/:query", handler);
[INFO] [stdout]     |            ^^^ ---------  ------- supplied 2 arguments
[INFO] [stdout]     |            |
[INFO] [stdout]     |            expected 3 arguments
[INFO] [stdout] 
[INFO] [stdout] 
[INFO] [stdout] error: aborting due to 5 previous errors
[INFO] [stdout] 
[INFO] [stdout] 
[INFO] [stdout] Some errors have detailed explanations: E0061, E0425, E0432, E0554.
[INFO] [stdout] 
[INFO] [stdout] For more information about an error, try `rustc --explain E0061`.
[INFO] [stdout] 
[INFO] [stderr] error: could not compile `rust-pm`.
[INFO] [stderr] 
[INFO] [stderr] To learn more, run the command again with --verbose.
[INFO] [stderr] warning: build failed, waiting for other jobs to finish...
[INFO] [stdout] error[E0061]: this function takes 3 arguments but 2 arguments were supplied
[INFO] [stdout]    --> src/main.rs:278:12
[INFO] [stdout]     |
[INFO] [stdout] 278 |     router.get("/", IndexHandler::new(&arc_pm));
[INFO] [stdout]     |            ^^^ ---  -------------------------- supplied 2 arguments
[INFO] [stdout]     |            |
[INFO] [stdout]     |            expected 3 arguments
[INFO] [stdout] 
[INFO] [stdout] 
[INFO] [stdout] error[E0061]: this function takes 3 arguments but 2 arguments were supplied
[INFO] [stdout]    --> src/main.rs:279:12
[INFO] [stdout]     |
[INFO] [stdout] 279 |     router.get("/:query", handler);
[INFO] [stdout]     |            ^^^ ---------  ------- supplied 2 arguments
[INFO] [stdout]     |            |
[INFO] [stdout]     |            expected 3 arguments
[INFO] [stdout] 
[INFO] [stdout] 
[INFO] [stdout] error: aborting due to 5 previous errors
[INFO] [stdout] 
[INFO] [stdout] 
[INFO] [stdout] Some errors have detailed explanations: E0061, E0425, E0432, E0554.
[INFO] [stdout] 
[INFO] [stdout] For more information about an error, try `rustc --explain E0061`.
[INFO] [stdout] 
[INFO] [stderr] error: build failed
[INFO] running `Command { std: "docker" "inspect" "aea81ea925de2af9b5883dc3b23a619285fe27fd56c67f29f9002e1e9ce893c4", kill_on_drop: false }`
[INFO] running `Command { std: "docker" "rm" "-f" "aea81ea925de2af9b5883dc3b23a619285fe27fd56c67f29f9002e1e9ce893c4", kill_on_drop: false }`
[INFO] [stdout] aea81ea925de2af9b5883dc3b23a619285fe27fd56c67f29f9002e1e9ce893c4
