[INFO] fetching crate rust-netmap 0.0.7...
[INFO] checking rust-netmap-0.0.7 against beta-2020-07-24 for pr-75494-beta
[INFO] extracting crate rust-netmap 0.0.7 into /workspace/builds/worker-4/source
[INFO] validating manifest of crates.io crate rust-netmap 0.0.7 on toolchain beta-2020-07-24
[INFO] running `Command { std: "/workspace/cargo-home/bin/cargo" "+beta-2020-07-24" "read-manifest" "--manifest-path" "Cargo.toml", kill_on_drop: false }`
[INFO] started tweaking crates.io crate rust-netmap 0.0.7
[INFO] finished tweaking crates.io crate rust-netmap 0.0.7
[INFO] tweaked toml for crates.io crate rust-netmap 0.0.7 written to /workspace/builds/worker-4/source/Cargo.toml
[INFO] running `Command { std: "/workspace/cargo-home/bin/cargo" "+beta-2020-07-24" "generate-lockfile" "--manifest-path" "Cargo.toml" "-Zno-index-update", kill_on_drop: false }`
[INFO] running `Command { std: "/workspace/cargo-home/bin/cargo" "+beta-2020-07-24" "fetch" "--locked" "--manifest-path" "Cargo.toml", kill_on_drop: false }`
[INFO] running `Command { std: "docker" "create" "-v" "/var/lib/crater-agent-workspace/builds/worker-4/target:/opt/rustwide/target:rw,Z" "-v" "/var/lib/crater-agent-workspace/builds/worker-4/source:/opt/rustwide/workdir:ro,Z" "-v" "/var/lib/crater-agent-workspace/cargo-home:/opt/rustwide/cargo-home:ro,Z" "-v" "/var/lib/crater-agent-workspace/rustup-home:/opt/rustwide/rustup-home:ro,Z" "-e" "SOURCE_DIR=/opt/rustwide/workdir" "-e" "CARGO_TARGET_DIR=/opt/rustwide/target" "-e" "CARGO_HOME=/opt/rustwide/cargo-home" "-e" "RUSTUP_HOME=/opt/rustwide/rustup-home" "-w" "/opt/rustwide/workdir" "-m" "1610612736" "--user" "0:0" "--network" "none" "rustops/crates-build-env@sha256:a636fd89d022f18117e1dc8fb37a0a009933cdbbe082814857f0e2024962d47c" "/opt/rustwide/cargo-home/bin/cargo" "+beta-2020-07-24" "metadata" "--no-deps" "--format-version=1", kill_on_drop: false }`
[INFO] [stdout] 6260ab0f7194eb93df7d1c8a8c55790208d8e5efdc8f0927c0e9e836022d8ebf
[INFO] [stderr] WARNING: Your kernel does not support swap limit capabilities or the cgroup is not mounted. Memory limited without swap.
[INFO] running `Command { std: "docker" "start" "-a" "6260ab0f7194eb93df7d1c8a8c55790208d8e5efdc8f0927c0e9e836022d8ebf", kill_on_drop: false }`
[INFO] running `Command { std: "docker" "inspect" "6260ab0f7194eb93df7d1c8a8c55790208d8e5efdc8f0927c0e9e836022d8ebf", kill_on_drop: false }`
[INFO] running `Command { std: "docker" "rm" "-f" "6260ab0f7194eb93df7d1c8a8c55790208d8e5efdc8f0927c0e9e836022d8ebf", kill_on_drop: false }`
[INFO] [stdout] 6260ab0f7194eb93df7d1c8a8c55790208d8e5efdc8f0927c0e9e836022d8ebf
[INFO] running `Command { std: "docker" "create" "-v" "/var/lib/crater-agent-workspace/builds/worker-4/target:/opt/rustwide/target:rw,Z" "-v" "/var/lib/crater-agent-workspace/builds/worker-4/source:/opt/rustwide/workdir:ro,Z" "-v" "/var/lib/crater-agent-workspace/cargo-home:/opt/rustwide/cargo-home:ro,Z" "-v" "/var/lib/crater-agent-workspace/rustup-home:/opt/rustwide/rustup-home:ro,Z" "-e" "SOURCE_DIR=/opt/rustwide/workdir" "-e" "CARGO_TARGET_DIR=/opt/rustwide/target" "-e" "CARGO_INCREMENTAL=0" "-e" "RUST_BACKTRACE=full" "-e" "RUSTFLAGS=--cap-lints=forbid" "-e" "CARGO_HOME=/opt/rustwide/cargo-home" "-e" "RUSTUP_HOME=/opt/rustwide/rustup-home" "-w" "/opt/rustwide/workdir" "-m" "1610612736" "--user" "0:0" "--network" "none" "rustops/crates-build-env@sha256:a636fd89d022f18117e1dc8fb37a0a009933cdbbe082814857f0e2024962d47c" "/opt/rustwide/cargo-home/bin/cargo" "+beta-2020-07-24" "check" "--frozen" "--all" "--all-targets" "--message-format=json", kill_on_drop: false }`
[INFO] [stderr] WARNING: Your kernel does not support swap limit capabilities or the cgroup is not mounted. Memory limited without swap.
[INFO] [stdout] d915343884d0e3bf5257750335bffed822cfa393c8ce6d9d12961c5c746e88b4
[INFO] running `Command { std: "docker" "start" "-a" "d915343884d0e3bf5257750335bffed822cfa393c8ce6d9d12961c5c746e88b4", kill_on_drop: false }`
[INFO] [stderr]    Compiling rust-netmap v0.0.7 (/opt/rustwide/workdir)
[INFO] [stdout] warning: unknown lint: `unstable`
[INFO] [stdout]  --> build.rs:4:10
[INFO] [stdout]   |
[INFO] [stdout] 4 | #![allow(unstable)]
[INFO] [stdout]   |          ^^^^^^^^
[INFO] [stdout]   |
[INFO] [stdout]   = note: `#[warn(unknown_lints)]` on by default
[INFO] [stdout] 
[INFO] [stdout] 
[INFO] [stdout] error[E0432]: unresolved import `std::old_io`
[INFO] [stdout]  --> build.rs:5:10
[INFO] [stdout]   |
[INFO] [stdout] 5 | use std::old_io::Command;
[INFO] [stdout]   |          ^^^^^^ could not find `old_io` in `std`
[INFO] [stdout] 
[INFO] [stdout] 
[INFO] [stdout] error[E0425]: cannot find function `getenv` in module `os`
[INFO] [stdout]  --> build.rs:9:23
[INFO] [stdout]   |
[INFO] [stdout] 9 |     let out_dir = os::getenv("OUT_DIR").unwrap();
[INFO] [stdout]   |                       ^^^^^^ not found in `os`
[INFO] [stdout]   |
[INFO] [stdout] help: consider importing this function
[INFO] [stdout]   |
[INFO] [stdout] 5 | use os::unix::process::sys::os::getenv;
[INFO] [stdout]   |
[INFO] [stdout] 
[INFO] [stdout] 
[INFO] [stdout] error[E0425]: cannot find function `getenv` in module `os`
[INFO] [stdout]   --> build.rs:11:26
[INFO] [stdout]    |
[INFO] [stdout] 11 |     if let Some(_) = os::getenv("CARGO_FEATURE_NETMAP_WITH_LIBS") {
[INFO] [stdout]    |                          ^^^^^^ not found in `os`
[INFO] [stdout]    |
[INFO] [stdout] help: consider importing this function
[INFO] [stdout]    |
[INFO] [stdout] 5  | use os::unix::process::sys::os::getenv;
[INFO] [stdout]    |
[INFO] [stdout] 
[INFO] [stdout] 
[INFO] [stdout] error[E0554]: `#![feature]` may not be used on the beta release channel
[INFO] [stdout]  --> build.rs:3:1
[INFO] [stdout]   |
[INFO] [stdout] 3 | #![feature(old_io, os)]
[INFO] [stdout]   | ^^^^^^^^^^^^^^^^^^^^^^^
[INFO] [stdout] 
[INFO] [stdout] 
[INFO] [stdout] error: aborting due to 4 previous errors; 1 warning emitted
[INFO] [stdout] 
[INFO] [stdout] 
[INFO] [stdout] Some errors have detailed explanations: E0425, E0432, E0554.
[INFO] [stdout] 
[INFO] [stdout] For more information about an error, try `rustc --explain E0425`.
[INFO] [stdout] 
[INFO] [stderr] error: could not compile `rust-netmap`.
[INFO] [stderr] 
[INFO] [stderr] To learn more, run the command again with --verbose.
[INFO] running `Command { std: "docker" "inspect" "d915343884d0e3bf5257750335bffed822cfa393c8ce6d9d12961c5c746e88b4", kill_on_drop: false }`
[INFO] running `Command { std: "docker" "rm" "-f" "d915343884d0e3bf5257750335bffed822cfa393c8ce6d9d12961c5c746e88b4", kill_on_drop: false }`
[INFO] [stdout] d915343884d0e3bf5257750335bffed822cfa393c8ce6d9d12961c5c746e88b4
