[INFO] fetching crate ridb-jwt-client 0.1.0...
[INFO] checking ridb-jwt-client-0.1.0 against beta-2020-07-24 for pr-75494-beta
[INFO] extracting crate ridb-jwt-client 0.1.0 into /workspace/builds/worker-0/source
[INFO] validating manifest of crates.io crate ridb-jwt-client 0.1.0 on toolchain beta-2020-07-24
[INFO] running `Command { std: "/workspace/cargo-home/bin/cargo" "+beta-2020-07-24" "read-manifest" "--manifest-path" "Cargo.toml", kill_on_drop: false }`
[INFO] started tweaking crates.io crate ridb-jwt-client 0.1.0
[INFO] finished tweaking crates.io crate ridb-jwt-client 0.1.0
[INFO] tweaked toml for crates.io crate ridb-jwt-client 0.1.0 written to /workspace/builds/worker-0/source/Cargo.toml
[INFO] running `Command { std: "/workspace/cargo-home/bin/cargo" "+beta-2020-07-24" "generate-lockfile" "--manifest-path" "Cargo.toml" "-Zno-index-update", kill_on_drop: false }`
[INFO] running `Command { std: "/workspace/cargo-home/bin/cargo" "+beta-2020-07-24" "fetch" "--locked" "--manifest-path" "Cargo.toml", kill_on_drop: false }`
[INFO] running `Command { std: "docker" "create" "-v" "/var/lib/crater-agent-workspace/builds/worker-0/target:/opt/rustwide/target:rw,Z" "-v" "/var/lib/crater-agent-workspace/builds/worker-0/source:/opt/rustwide/workdir:ro,Z" "-v" "/var/lib/crater-agent-workspace/cargo-home:/opt/rustwide/cargo-home:ro,Z" "-v" "/var/lib/crater-agent-workspace/rustup-home:/opt/rustwide/rustup-home:ro,Z" "-e" "SOURCE_DIR=/opt/rustwide/workdir" "-e" "CARGO_TARGET_DIR=/opt/rustwide/target" "-e" "CARGO_HOME=/opt/rustwide/cargo-home" "-e" "RUSTUP_HOME=/opt/rustwide/rustup-home" "-w" "/opt/rustwide/workdir" "-m" "1610612736" "--user" "0:0" "--network" "none" "rustops/crates-build-env@sha256:a636fd89d022f18117e1dc8fb37a0a009933cdbbe082814857f0e2024962d47c" "/opt/rustwide/cargo-home/bin/cargo" "+beta-2020-07-24" "metadata" "--no-deps" "--format-version=1", kill_on_drop: false }`
[INFO] [stderr] WARNING: Your kernel does not support swap limit capabilities or the cgroup is not mounted. Memory limited without swap.
[INFO] [stdout] 8c0095d0d20ae852344735301af1bf9f11926031a066d8afc234e0518df1bf17
[INFO] running `Command { std: "docker" "start" "-a" "8c0095d0d20ae852344735301af1bf9f11926031a066d8afc234e0518df1bf17", kill_on_drop: false }`
[INFO] running `Command { std: "docker" "inspect" "8c0095d0d20ae852344735301af1bf9f11926031a066d8afc234e0518df1bf17", kill_on_drop: false }`
[INFO] running `Command { std: "docker" "rm" "-f" "8c0095d0d20ae852344735301af1bf9f11926031a066d8afc234e0518df1bf17", kill_on_drop: false }`
[INFO] [stdout] 8c0095d0d20ae852344735301af1bf9f11926031a066d8afc234e0518df1bf17
[INFO] running `Command { std: "docker" "create" "-v" "/var/lib/crater-agent-workspace/builds/worker-0/target:/opt/rustwide/target:rw,Z" "-v" "/var/lib/crater-agent-workspace/builds/worker-0/source:/opt/rustwide/workdir:ro,Z" "-v" "/var/lib/crater-agent-workspace/cargo-home:/opt/rustwide/cargo-home:ro,Z" "-v" "/var/lib/crater-agent-workspace/rustup-home:/opt/rustwide/rustup-home:ro,Z" "-e" "SOURCE_DIR=/opt/rustwide/workdir" "-e" "CARGO_TARGET_DIR=/opt/rustwide/target" "-e" "CARGO_INCREMENTAL=0" "-e" "RUST_BACKTRACE=full" "-e" "RUSTFLAGS=--cap-lints=forbid" "-e" "CARGO_HOME=/opt/rustwide/cargo-home" "-e" "RUSTUP_HOME=/opt/rustwide/rustup-home" "-w" "/opt/rustwide/workdir" "-m" "1610612736" "--user" "0:0" "--network" "none" "rustops/crates-build-env@sha256:a636fd89d022f18117e1dc8fb37a0a009933cdbbe082814857f0e2024962d47c" "/opt/rustwide/cargo-home/bin/cargo" "+beta-2020-07-24" "check" "--frozen" "--all" "--all-targets" "--message-format=json", kill_on_drop: false }`
[INFO] [stderr] WARNING: Your kernel does not support swap limit capabilities or the cgroup is not mounted. Memory limited without swap.
[INFO] [stdout] 88b77e2cae32df55677f965319be5fd37152cc3450e5c1dd6cf7792ff55e6a15
[INFO] running `Command { std: "docker" "start" "-a" "88b77e2cae32df55677f965319be5fd37152cc3450e5c1dd6cf7792ff55e6a15", kill_on_drop: false }`
[INFO] [stderr]    Compiling libc v0.2.76
[INFO] [stderr]    Compiling proc-macro2 v1.0.19
[INFO] [stderr]    Compiling unicode-xid v0.2.1
[INFO] [stderr]    Compiling syn v1.0.39
[INFO] [stderr]    Compiling log v0.4.11
[INFO] [stderr]    Compiling memchr v2.3.3
[INFO] [stderr]    Compiling cc v1.0.59
[INFO] [stderr]    Compiling pkg-config v0.3.18
[INFO] [stderr]     Checking futures-core v0.3.5
[INFO] [stderr]     Checking bytes v0.5.6
[INFO] [stderr]     Checking slab v0.4.2
[INFO] [stderr]     Checking fnv v1.0.7
[INFO] [stderr]    Compiling pin-project-internal v0.4.23
[INFO] [stderr]    Compiling version_check v0.9.2
[INFO] [stderr]     Checking arc-swap v0.4.7
[INFO] [stderr]     Checking pin-project-lite v0.1.7
[INFO] [stderr]     Checking foreign-types-shared v0.1.1
[INFO] [stderr]     Checking pin-utils v0.1.0
[INFO] [stderr]     Checking matches v0.1.8
[INFO] [stderr]    Compiling httparse v1.3.4
[INFO] [stderr]     Checking tinyvec v0.3.4
[INFO] [stderr]     Checking futures-sink v0.3.5
[INFO] [stderr]     Checking regex-syntax v0.6.18
[INFO] [stderr]     Checking once_cell v1.4.1
[INFO] [stderr]     Checking dtoa v0.4.6
[INFO] [stderr]     Checking tower-service v0.3.0
[INFO] [stderr]     Checking base64 v0.12.3
[INFO] [stderr]     Checking linked-hash-map v0.5.3
[INFO] [stderr]     Checking quick-error v1.2.3
[INFO] [stderr]     Checking mime v0.3.16
[INFO] [stderr]     Checking untrusted v0.7.1
[INFO] [stderr]     Checking spin v0.5.2
[INFO] [stderr]     Checking ipnet v2.3.0
[INFO] [stderr]     Checking termcolor v1.1.0
[INFO] [stderr]    Compiling hashbrown v0.8.2
[INFO] [stderr]    Compiling num-integer v0.1.43
[INFO] [stderr]    Compiling indexmap v1.5.1
[INFO] [stderr]     Checking tracing-core v0.1.14
[INFO] [stderr]    Compiling num-bigint v0.2.6
[INFO] [stderr]     Checking thread_local v1.0.1
[INFO] [stderr]     Checking futures-channel v0.3.5
[INFO] [stderr]     Checking foreign-types v0.3.2
[INFO] [stderr]     Checking unicode-bidi v0.3.4
[INFO] [stderr]     Checking humantime v1.3.0
[INFO] [stderr]     Checking unicode-normalization v0.1.13
[INFO] [stderr]     Checking http v0.2.1
[INFO] [stderr]     Checking encoding_rs v0.8.23
[INFO] [stderr]     Checking yaml-rust v0.4.4
[INFO] [stderr]    Compiling unicase v2.6.0
[INFO] [stderr]     Checking tracing v0.1.19
[INFO] [stderr]     Checking want v0.3.0
[INFO] [stderr]     Checking aho-corasick v0.7.13
[INFO] [stderr]    Compiling mime_guess v2.0.3
[INFO] [stderr]     Checking iovec v0.1.4
[INFO] [stderr]     Checking net2 v0.2.34
[INFO] [stderr]     Checking num_cpus v1.13.0
[INFO] [stderr]     Checking signal-hook-registry v1.2.1
[INFO] [stderr]     Checking time v0.1.43
[INFO] [stderr]     Checking getrandom v0.1.14
[INFO] [stderr]     Checking socket2 v0.3.12
[INFO] [stderr]     Checking atty v0.2.14
[INFO] [stderr]     Checking dirs-sys v0.3.5
[INFO] [stderr]    Compiling quote v1.0.7
[INFO] [stderr]    Compiling openssl-sys v0.9.58
[INFO] [stderr]    Compiling ring v0.16.15
[INFO] [stderr]     Checking rand_core v0.5.1
[INFO] [stderr]     Checking mio v0.6.22
[INFO] [stderr]     Checking dirs v2.0.2
[INFO] [stderr]     Checking idna v0.2.0
[INFO] [stderr]     Checking chrono v0.4.15
[INFO] [stderr]     Checking rand_chacha v0.2.2
[INFO] [stderr]     Checking rand v0.7.3
[INFO] [stderr]     Checking url v2.1.1
[INFO] [stderr]     Checking mio-uds v0.6.8
[INFO] [stderr]    Compiling openssl v0.10.30
[INFO] [stderr]    Compiling native-tls v0.2.4
[INFO] [stderr]     Checking regex v1.3.9
[INFO] [stderr]     Checking simple_asn1 v0.4.1
[INFO] [stderr]     Checking http-body v0.3.1
[INFO] [stderr]     Checking tempfile v3.1.0
[INFO] [stderr]     Checking pem v0.8.1
[INFO] [stderr]     Checking env_logger v0.7.1
[INFO] [stderr]    Compiling tokio-macros v0.2.5
[INFO] [stderr]    Compiling serde_derive v1.0.115
[INFO] [stderr]     Checking tokio v0.2.22
[INFO] [stderr]     Checking pin-project v0.4.23
[INFO] [stderr]     Checking futures-util v0.3.5
[INFO] [stderr]     Checking tokio-util v0.3.1
[INFO] [stderr]     Checking tokio-tls v0.3.1
[INFO] [stderr]     Checking h2 v0.2.6
[INFO] [stderr]     Checking serde v1.0.115
[INFO] [stderr]     Checking hyper v0.13.7
[INFO] [stderr]     Checking serde_json v1.0.57
[INFO] [stderr]     Checking serde_urlencoded v0.6.1
[INFO] [stderr]     Checking serde_yaml v0.8.13
[INFO] [stderr]     Checking jsonwebtoken v7.2.0
[INFO] [stderr]     Checking hyper-tls v0.4.3
[INFO] [stderr]     Checking reqwest v0.10.7
[INFO] [stderr]     Checking ridb-jwt-client v0.1.0 (/opt/rustwide/workdir)
[INFO] [stdout] error: cannot find macro `json` in this scope
[INFO] [stdout]    --> src/cache.rs:260:13
[INFO] [stdout]     |
[INFO] [stdout] 260 |             json!({
[INFO] [stdout]     |             ^^^^
[INFO] [stdout] 
[INFO] [stdout] 
[INFO] [stdout] error[E0308]: mismatched types
[INFO] [stdout]    --> src/cache.rs:233:35
[INFO] [stdout]     |
[INFO] [stdout] 233 |         match cache.get_idb_token(&key).await {
[INFO] [stdout]     |                                   ^^^^ expected `str`, found tuple
[INFO] [stdout]     |
[INFO] [stdout]     = note: expected reference `&str`
[INFO] [stdout]                found reference `&(_, _, _)`
[INFO] [stdout] 
[INFO] [stdout] 
[INFO] [stdout] error[E0061]: this function takes 2 arguments but 1 argument was supplied
[INFO] [stdout]    --> src/jwt_client.rs:172:21
[INFO] [stdout]     |
[INFO] [stdout] 132 | /     pub async fn generate_idb_token(
[INFO] [stdout] 133 | |         &self,
[INFO] [stdout] 134 | |         env: &str,
[INFO] [stdout] 135 | |     ) -> Result<String, Box<dyn std::error::Error>> {
[INFO] [stdout] ...   |
[INFO] [stdout] 162 | |         }
[INFO] [stdout] 163 | |     }
[INFO] [stdout]     | |_____- defined here
[INFO] [stdout] ...
[INFO] [stdout] 172 |           let token = RidbJwtClient::generate_idb_token("dev").await.unwrap();
[INFO] [stdout]     |                       ^^^^^^^^^^^^^^^^^^^^^^^^^^^^^^^^^ ----- supplied 1 argument
[INFO] [stdout]     |                       |
[INFO] [stdout]     |                       expected 2 arguments
[INFO] [stdout] 
[INFO] [stdout] 
[INFO] [stdout] error[E0599]: no function or associated item named `jwt_pubkey_url` found for struct `jwt_client::RidbJwtClient` in the current scope
[INFO] [stdout]    --> src/jwt_client.rs:220:34
[INFO] [stdout]     |
[INFO] [stdout] 6   | pub struct RidbJwtClient {
[INFO] [stdout]     | ------------------------ function or associated item `jwt_pubkey_url` not found for this
[INFO] [stdout] ...
[INFO] [stdout] 220 |         let url = RidbJwtClient::jwt_pubkey_url();
[INFO] [stdout]     |                                  ^^^^^^^^^^^^^^ function or associated item not found in `jwt_client::RidbJwtClient`
[INFO] [stdout] 
[INFO] [stdout] 
[INFO] [stdout] error: aborting due to 4 previous errors
[INFO] [stdout] 
[INFO] [stdout] 
[INFO] [stdout] Some errors have detailed explanations: E0061, E0308, E0599.
[INFO] [stdout] 
[INFO] [stdout] For more information about an error, try `rustc --explain E0061`.
[INFO] [stdout] 
[INFO] [stderr] error: could not compile `ridb-jwt-client`.
[INFO] [stderr] 
[INFO] [stderr] To learn more, run the command again with --verbose.
[INFO] running `Command { std: "docker" "inspect" "88b77e2cae32df55677f965319be5fd37152cc3450e5c1dd6cf7792ff55e6a15", kill_on_drop: false }`
[INFO] running `Command { std: "docker" "rm" "-f" "88b77e2cae32df55677f965319be5fd37152cc3450e5c1dd6cf7792ff55e6a15", kill_on_drop: false }`
[INFO] [stdout] 88b77e2cae32df55677f965319be5fd37152cc3450e5c1dd6cf7792ff55e6a15
