[INFO] fetching crate requiem-session 0.3.0-r1...
[INFO] checking requiem-session-0.3.0-r1 against beta-2020-07-24 for pr-75494-beta
[INFO] extracting crate requiem-session 0.3.0-r1 into /workspace/builds/worker-8/source
[INFO] validating manifest of crates.io crate requiem-session 0.3.0-r1 on toolchain beta-2020-07-24
[INFO] running `Command { std: "/workspace/cargo-home/bin/cargo" "+beta-2020-07-24" "read-manifest" "--manifest-path" "Cargo.toml", kill_on_drop: false }`
[INFO] started tweaking crates.io crate requiem-session 0.3.0-r1
[INFO] finished tweaking crates.io crate requiem-session 0.3.0-r1
[INFO] tweaked toml for crates.io crate requiem-session 0.3.0-r1 written to /workspace/builds/worker-8/source/Cargo.toml
[INFO] running `Command { std: "/workspace/cargo-home/bin/cargo" "+beta-2020-07-24" "generate-lockfile" "--manifest-path" "Cargo.toml" "-Zno-index-update", kill_on_drop: false }`
[INFO] running `Command { std: "/workspace/cargo-home/bin/cargo" "+beta-2020-07-24" "fetch" "--locked" "--manifest-path" "Cargo.toml", kill_on_drop: false }`
[INFO] running `Command { std: "docker" "create" "-v" "/var/lib/crater-agent-workspace/builds/worker-8/target:/opt/rustwide/target:rw,Z" "-v" "/var/lib/crater-agent-workspace/builds/worker-8/source:/opt/rustwide/workdir:ro,Z" "-v" "/var/lib/crater-agent-workspace/cargo-home:/opt/rustwide/cargo-home:ro,Z" "-v" "/var/lib/crater-agent-workspace/rustup-home:/opt/rustwide/rustup-home:ro,Z" "-e" "SOURCE_DIR=/opt/rustwide/workdir" "-e" "CARGO_TARGET_DIR=/opt/rustwide/target" "-e" "CARGO_HOME=/opt/rustwide/cargo-home" "-e" "RUSTUP_HOME=/opt/rustwide/rustup-home" "-w" "/opt/rustwide/workdir" "-m" "1610612736" "--user" "0:0" "--network" "none" "rustops/crates-build-env@sha256:a636fd89d022f18117e1dc8fb37a0a009933cdbbe082814857f0e2024962d47c" "/opt/rustwide/cargo-home/bin/cargo" "+beta-2020-07-24" "metadata" "--no-deps" "--format-version=1", kill_on_drop: false }`
[INFO] [stderr] WARNING: Your kernel does not support swap limit capabilities or the cgroup is not mounted. Memory limited without swap.
[INFO] [stdout] 1ee8d3aebaaa5487d8492434da4dfccb9deb56a58bb4176e1f723c8c2a14025f
[INFO] running `Command { std: "docker" "start" "-a" "1ee8d3aebaaa5487d8492434da4dfccb9deb56a58bb4176e1f723c8c2a14025f", kill_on_drop: false }`
[INFO] running `Command { std: "docker" "inspect" "1ee8d3aebaaa5487d8492434da4dfccb9deb56a58bb4176e1f723c8c2a14025f", kill_on_drop: false }`
[INFO] running `Command { std: "docker" "rm" "-f" "1ee8d3aebaaa5487d8492434da4dfccb9deb56a58bb4176e1f723c8c2a14025f", kill_on_drop: false }`
[INFO] [stdout] 1ee8d3aebaaa5487d8492434da4dfccb9deb56a58bb4176e1f723c8c2a14025f
[INFO] running `Command { std: "docker" "create" "-v" "/var/lib/crater-agent-workspace/builds/worker-8/target:/opt/rustwide/target:rw,Z" "-v" "/var/lib/crater-agent-workspace/builds/worker-8/source:/opt/rustwide/workdir:ro,Z" "-v" "/var/lib/crater-agent-workspace/cargo-home:/opt/rustwide/cargo-home:ro,Z" "-v" "/var/lib/crater-agent-workspace/rustup-home:/opt/rustwide/rustup-home:ro,Z" "-e" "SOURCE_DIR=/opt/rustwide/workdir" "-e" "CARGO_TARGET_DIR=/opt/rustwide/target" "-e" "CARGO_INCREMENTAL=0" "-e" "RUST_BACKTRACE=full" "-e" "RUSTFLAGS=--cap-lints=forbid" "-e" "CARGO_HOME=/opt/rustwide/cargo-home" "-e" "RUSTUP_HOME=/opt/rustwide/rustup-home" "-w" "/opt/rustwide/workdir" "-m" "1610612736" "--user" "0:0" "--network" "none" "rustops/crates-build-env@sha256:a636fd89d022f18117e1dc8fb37a0a009933cdbbe082814857f0e2024962d47c" "/opt/rustwide/cargo-home/bin/cargo" "+beta-2020-07-24" "check" "--frozen" "--all" "--all-targets" "--message-format=json", kill_on_drop: false }`
[INFO] [stdout] cc8762125485eb1eda72da354bd4761f5ba5f56770af73f499f1907a4469d9ee
[INFO] [stderr] WARNING: Your kernel does not support swap limit capabilities or the cgroup is not mounted. Memory limited without swap.
[INFO] running `Command { std: "docker" "start" "-a" "cc8762125485eb1eda72da354bd4761f5ba5f56770af73f499f1907a4469d9ee", kill_on_drop: false }`
[INFO] [stderr]     Blocking waiting for file lock on package cache
[INFO] [stderr]     Blocking waiting for file lock on package cache
[INFO] [stderr]    Compiling libc v0.2.76
[INFO] [stderr]    Compiling proc-macro2 v1.0.19
[INFO] [stderr]    Compiling unicode-xid v0.2.1
[INFO] [stderr]     Checking cfg-if v0.1.10
[INFO] [stderr]    Compiling log v0.4.11
[INFO] [stderr]     Checking lazy_static v1.4.0
[INFO] [stderr]     Checking smallvec v1.4.2
[INFO] [stderr]     Checking scopeguard v1.1.0
[INFO] [stderr]     Checking spin v0.5.2
[INFO] [stderr]    Compiling ring v0.16.15
[INFO] [stderr]     Checking crc32fast v1.2.0
[INFO] [stderr]     Checking encoding_rs v0.8.23
[INFO] [stderr]     Checking lock_api v0.3.4
[INFO] [stderr]     Checking tracing-core v0.1.14
[INFO] [stderr]     Checking thread_local v1.0.1
[INFO] [stderr]     Checking regex v1.3.9
[INFO] [stderr]     Checking tracing v0.1.19
[INFO] [stderr]     Checking net2 v0.2.34
[INFO] [stderr]     Checking iovec v0.1.4
[INFO] [stderr]     Checking signal-hook-registry v1.2.1
[INFO] [stderr]     Checking parking_lot_core v0.7.2
[INFO] [stderr]     Checking num_cpus v1.13.0
[INFO] [stderr]     Checking getrandom v0.1.14
[INFO] [stderr]     Checking backtrace v0.3.50
[INFO] [stderr]     Checking hostname v0.3.1
[INFO] [stderr]     Checking socket2 v0.3.12
[INFO] [stderr]     Checking brotli-sys v0.3.2
[INFO] [stderr]     Checking time v0.1.43
[INFO] [stderr]     Checking flate2 v1.0.17
[INFO] [stderr]     Checking brotli2 v0.3.2
[INFO] [stderr]     Checking resolv-conf v0.6.3
[INFO] [stderr]    Compiling quote v1.0.7
[INFO] [stderr]     Checking rand_core v0.5.1
[INFO] [stderr]     Checking threadpool v1.8.1
[INFO] [stderr]     Checking mio v0.6.22
[INFO] [stderr]     Checking parking_lot v0.10.2
[INFO] [stderr]     Checking chrono v0.4.15
[INFO] [stderr]     Checking rand_chacha v0.2.2
[INFO] [stderr]    Compiling syn v1.0.39
[INFO] [stderr]     Checking rand v0.7.3
[INFO] [stderr]     Checking mio-uds v0.6.8
[INFO] [stderr]     Checking tokio v0.2.22
[INFO] [stderr]     Checking tokio-util v0.2.0
[INFO] [stderr]     Checking tokio-util v0.3.1
[INFO] [stderr]     Checking requiem-codec v0.2.0
[INFO] [stderr]    Compiling synstructure v0.12.4
[INFO] [stderr]    Compiling pin-project-internal v0.4.23
[INFO] [stderr]    Compiling futures-macro v0.3.5
[INFO] [stderr]    Compiling derive_more v0.99.9
[INFO] [stderr]    Compiling requiem-macros v0.1.1
[INFO] [stderr]    Compiling serde_derive v1.0.115
[INFO] [stderr]    Compiling failure_derive v0.1.8
[INFO] [stderr]    Compiling enum-as-inner v0.3.3
[INFO] [stderr]    Compiling async-trait v0.1.38
[INFO] [stderr]    Compiling requiem-web-codegen v0.2.0
[INFO] [stderr]     Checking failure v0.1.8
[INFO] [stderr]     Checking pin-project v0.4.23
[INFO] [stderr]     Checking futures-util v0.3.5
[INFO] [stderr]     Checking requiem-threadpool v0.3.1
[INFO] [stderr]     Checking serde v1.0.115
[INFO] [stderr]     Checking futures-executor v0.3.5
[INFO] [stderr]     Checking requiem-service v1.0.5
[INFO] [stderr]     Checking h2 v0.2.6
[INFO] [stderr]     Checking futures v0.3.5
[INFO] [stderr]     Checking requiem-rt v1.0.0
[INFO] [stderr]     Checking trust-dns-proto v0.18.0-alpha.2
[INFO] [stderr]     Checking requiem-utils v1.0.6
[INFO] [stderr]     Checking requiem-server v1.0.1
[INFO] [stderr]     Checking requiem-tls v1.0.0
[INFO] [stderr]     Checking trust-dns-resolver v0.18.0-alpha.2
[INFO] [stderr]     Checking requiem-testing v1.0.0
[INFO] [stderr]     Checking requiem-connect v1.0.2
[INFO] [stderr]     Checking serde_json v1.0.57
[INFO] [stderr]     Checking serde_urlencoded v0.6.1
[INFO] [stderr]     Checking requiem-router v0.2.4
[INFO] [stderr]     Checking requiem-http v1.0.1
[INFO] [stderr]     Checking requiem-wc v1.0.1
[INFO] [stderr]     Checking requiem-web v2.0.0-r2
[INFO] [stderr]     Checking requiem-session v0.3.0-r1 (/opt/rustwide/workdir)
[INFO] [stdout] error[E0433]: failed to resolve: use of undeclared type or module `actix_rt`
[INFO] [stdout]    --> src/cookie.rs:367:5
[INFO] [stdout]     |
[INFO] [stdout] 367 |     #[requiem_rt::test]
[INFO] [stdout]     |     ^^^^^^^^^^^^^^^^^^^ not found in `actix_rt`
[INFO] [stdout]     |
[INFO] [stdout]     = note: this error originates in an attribute macro (in Nightly builds, run with -Z macro-backtrace for more info)
[INFO] [stdout] help: consider importing one of these items
[INFO] [stdout]     |
[INFO] [stdout] 363 |     use crate::tests::test::System;
[INFO] [stdout]     |
[INFO] [stdout] 363 |     use crate::tests::test::ws::io::sys::alloc::System;
[INFO] [stdout]     |
[INFO] [stdout] 363 |     use requiem_rt::System;
[INFO] [stdout]     |
[INFO] [stdout] 363 |     use std::alloc::System;
[INFO] [stdout]     |
[INFO] [stdout] 
[INFO] [stdout] 
[INFO] [stdout] error[E0433]: failed to resolve: use of undeclared type or module `actix_rt`
[INFO] [stdout]    --> src/cookie.rs:390:5
[INFO] [stdout]     |
[INFO] [stdout] 390 |     #[requiem_rt::test]
[INFO] [stdout]     |     ^^^^^^^^^^^^^^^^^^^ not found in `actix_rt`
[INFO] [stdout]     |
[INFO] [stdout]     = note: this error originates in an attribute macro (in Nightly builds, run with -Z macro-backtrace for more info)
[INFO] [stdout] help: consider importing one of these items
[INFO] [stdout]     |
[INFO] [stdout] 363 |     use crate::tests::test::System;
[INFO] [stdout]     |
[INFO] [stdout] 363 |     use crate::tests::test::ws::io::sys::alloc::System;
[INFO] [stdout]     |
[INFO] [stdout] 363 |     use requiem_rt::System;
[INFO] [stdout]     |
[INFO] [stdout] 363 |     use std::alloc::System;
[INFO] [stdout]     |
[INFO] [stdout] 
[INFO] [stdout] 
[INFO] [stdout] error[E0433]: failed to resolve: use of undeclared type or module `actix_rt`
[INFO] [stdout]    --> src/cookie.rs:413:5
[INFO] [stdout]     |
[INFO] [stdout] 413 |     #[requiem_rt::test]
[INFO] [stdout]     |     ^^^^^^^^^^^^^^^^^^^ not found in `actix_rt`
[INFO] [stdout]     |
[INFO] [stdout]     = note: this error originates in an attribute macro (in Nightly builds, run with -Z macro-backtrace for more info)
[INFO] [stdout] help: consider importing one of these items
[INFO] [stdout]     |
[INFO] [stdout] 363 |     use crate::tests::test::System;
[INFO] [stdout]     |
[INFO] [stdout] 363 |     use crate::tests::test::ws::io::sys::alloc::System;
[INFO] [stdout]     |
[INFO] [stdout] 363 |     use requiem_rt::System;
[INFO] [stdout]     |
[INFO] [stdout] 363 |     use std::alloc::System;
[INFO] [stdout]     |
[INFO] [stdout] 
[INFO] [stdout] 
[INFO] [stdout] error[E0433]: failed to resolve: use of undeclared type or module `actix_rt`
[INFO] [stdout]    --> src/cookie.rs:436:5
[INFO] [stdout]     |
[INFO] [stdout] 436 |     #[requiem_rt::test]
[INFO] [stdout]     |     ^^^^^^^^^^^^^^^^^^^ not found in `actix_rt`
[INFO] [stdout]     |
[INFO] [stdout]     = note: this error originates in an attribute macro (in Nightly builds, run with -Z macro-backtrace for more info)
[INFO] [stdout] help: consider importing one of these items
[INFO] [stdout]     |
[INFO] [stdout] 363 |     use crate::tests::test::System;
[INFO] [stdout]     |
[INFO] [stdout] 363 |     use crate::tests::test::ws::io::sys::alloc::System;
[INFO] [stdout]     |
[INFO] [stdout] 363 |     use requiem_rt::System;
[INFO] [stdout]     |
[INFO] [stdout] 363 |     use std::alloc::System;
[INFO] [stdout]     |
[INFO] [stdout] 
[INFO] [stdout] 
[INFO] [stdout] error: aborting due to 4 previous errors
[INFO] [stdout] 
[INFO] [stdout] 
[INFO] [stdout] For more information about this error, try `rustc --explain E0433`.
[INFO] [stdout] 
[INFO] [stderr] error: could not compile `requiem-session`.
[INFO] [stderr] 
[INFO] [stderr] To learn more, run the command again with --verbose.
[INFO] running `Command { std: "docker" "inspect" "cc8762125485eb1eda72da354bd4761f5ba5f56770af73f499f1907a4469d9ee", kill_on_drop: false }`
[INFO] running `Command { std: "docker" "rm" "-f" "cc8762125485eb1eda72da354bd4761f5ba5f56770af73f499f1907a4469d9ee", kill_on_drop: false }`
[INFO] [stdout] cc8762125485eb1eda72da354bd4761f5ba5f56770af73f499f1907a4469d9ee
