[INFO] fetching crate recast-detour-sys 0.1.1...
[INFO] checking recast-detour-sys-0.1.1 against beta-2020-07-24 for pr-75494-beta
[INFO] extracting crate recast-detour-sys 0.1.1 into /workspace/builds/worker-2/source
[INFO] validating manifest of crates.io crate recast-detour-sys 0.1.1 on toolchain beta-2020-07-24
[INFO] running `Command { std: "/workspace/cargo-home/bin/cargo" "+beta-2020-07-24" "read-manifest" "--manifest-path" "Cargo.toml", kill_on_drop: false }`
[INFO] started tweaking crates.io crate recast-detour-sys 0.1.1
[INFO] finished tweaking crates.io crate recast-detour-sys 0.1.1
[INFO] tweaked toml for crates.io crate recast-detour-sys 0.1.1 written to /workspace/builds/worker-2/source/Cargo.toml
[INFO] running `Command { std: "/workspace/cargo-home/bin/cargo" "+beta-2020-07-24" "generate-lockfile" "--manifest-path" "Cargo.toml" "-Zno-index-update", kill_on_drop: false }`
[INFO] running `Command { std: "/workspace/cargo-home/bin/cargo" "+beta-2020-07-24" "fetch" "--locked" "--manifest-path" "Cargo.toml", kill_on_drop: false }`
[INFO] running `Command { std: "docker" "create" "-v" "/var/lib/crater-agent-workspace/builds/worker-2/target:/opt/rustwide/target:rw,Z" "-v" "/var/lib/crater-agent-workspace/builds/worker-2/source:/opt/rustwide/workdir:ro,Z" "-v" "/var/lib/crater-agent-workspace/cargo-home:/opt/rustwide/cargo-home:ro,Z" "-v" "/var/lib/crater-agent-workspace/rustup-home:/opt/rustwide/rustup-home:ro,Z" "-e" "SOURCE_DIR=/opt/rustwide/workdir" "-e" "CARGO_TARGET_DIR=/opt/rustwide/target" "-e" "CARGO_HOME=/opt/rustwide/cargo-home" "-e" "RUSTUP_HOME=/opt/rustwide/rustup-home" "-w" "/opt/rustwide/workdir" "-m" "1610612736" "--user" "0:0" "--network" "none" "rustops/crates-build-env@sha256:a636fd89d022f18117e1dc8fb37a0a009933cdbbe082814857f0e2024962d47c" "/opt/rustwide/cargo-home/bin/cargo" "+beta-2020-07-24" "metadata" "--no-deps" "--format-version=1", kill_on_drop: false }`
[INFO] [stdout] 8b4287ffd4509d9da51f5ae7440435c4c588e6655cb19dee13354e4f6d0b6685
[INFO] [stderr] WARNING: Your kernel does not support swap limit capabilities or the cgroup is not mounted. Memory limited without swap.
[INFO] running `Command { std: "docker" "start" "-a" "8b4287ffd4509d9da51f5ae7440435c4c588e6655cb19dee13354e4f6d0b6685", kill_on_drop: false }`
[INFO] running `Command { std: "docker" "inspect" "8b4287ffd4509d9da51f5ae7440435c4c588e6655cb19dee13354e4f6d0b6685", kill_on_drop: false }`
[INFO] running `Command { std: "docker" "rm" "-f" "8b4287ffd4509d9da51f5ae7440435c4c588e6655cb19dee13354e4f6d0b6685", kill_on_drop: false }`
[INFO] [stdout] 8b4287ffd4509d9da51f5ae7440435c4c588e6655cb19dee13354e4f6d0b6685
[INFO] running `Command { std: "docker" "create" "-v" "/var/lib/crater-agent-workspace/builds/worker-2/target:/opt/rustwide/target:rw,Z" "-v" "/var/lib/crater-agent-workspace/builds/worker-2/source:/opt/rustwide/workdir:ro,Z" "-v" "/var/lib/crater-agent-workspace/cargo-home:/opt/rustwide/cargo-home:ro,Z" "-v" "/var/lib/crater-agent-workspace/rustup-home:/opt/rustwide/rustup-home:ro,Z" "-e" "SOURCE_DIR=/opt/rustwide/workdir" "-e" "CARGO_TARGET_DIR=/opt/rustwide/target" "-e" "CARGO_INCREMENTAL=0" "-e" "RUST_BACKTRACE=full" "-e" "RUSTFLAGS=--cap-lints=forbid" "-e" "CARGO_HOME=/opt/rustwide/cargo-home" "-e" "RUSTUP_HOME=/opt/rustwide/rustup-home" "-w" "/opt/rustwide/workdir" "-m" "1610612736" "--user" "0:0" "--network" "none" "rustops/crates-build-env@sha256:a636fd89d022f18117e1dc8fb37a0a009933cdbbe082814857f0e2024962d47c" "/opt/rustwide/cargo-home/bin/cargo" "+beta-2020-07-24" "check" "--frozen" "--all" "--all-targets" "--message-format=json", kill_on_drop: false }`
[INFO] [stderr] WARNING: Your kernel does not support swap limit capabilities or the cgroup is not mounted. Memory limited without swap.
[INFO] [stdout] d6c19bfb08b165af2212883c52a7f9e322a2cddbe449da2dbe34c7ca6d9d76ba
[INFO] running `Command { std: "docker" "start" "-a" "d6c19bfb08b165af2212883c52a7f9e322a2cddbe449da2dbe34c7ca6d9d76ba", kill_on_drop: false }`
[INFO] [stderr]    Compiling proc-macro2 v1.0.19
[INFO] [stderr]    Compiling unicode-xid v0.2.1
[INFO] [stderr]    Compiling libc v0.2.76
[INFO] [stderr]    Compiling syn v1.0.39
[INFO] [stderr]    Compiling autocfg v0.1.7
[INFO] [stderr]     Checking rand_core v0.4.2
[INFO] [stderr]    Compiling serde_derive v1.0.115
[INFO] [stderr]    Compiling autocfg v1.0.1
[INFO] [stderr]    Compiling memchr v2.3.3
[INFO] [stderr]     Checking cfg-if v0.1.10
[INFO] [stderr]    Compiling byteorder v1.3.4
[INFO] [stderr]     Checking lazy_static v1.4.0
[INFO] [stderr]    Compiling ucd-trie v0.1.3
[INFO] [stderr]     Checking gimli v0.22.0
[INFO] [stderr]    Compiling failure_derive v0.1.8
[INFO] [stderr]     Checking adler v0.2.3
[INFO] [stderr]    Compiling bitflags v1.2.1
[INFO] [stderr]     Checking scopeguard v1.1.0
[INFO] [stderr]    Compiling ryu v1.0.5
[INFO] [stderr]    Compiling maplit v1.0.2
[INFO] [stderr]     Checking rustc-demangle v0.1.16
[INFO] [stderr]     Checking object v0.20.0
[INFO] [stderr]    Compiling serde_json v1.0.57
[INFO] [stderr]     Checking unicode-width v0.1.8
[INFO] [stderr]     Checking difference v2.0.0
[INFO] [stderr]     Checking ci_info v0.3.1
[INFO] [stderr]     Checking thread_local v1.0.1
[INFO] [stderr]     Checking miniz_oxide v0.4.0
[INFO] [stderr]    Compiling pest v2.1.3
[INFO] [stderr]     Checking rand_core v0.3.1
[INFO] [stderr]     Checking rand_jitter v0.1.4
[INFO] [stderr]    Compiling cmake v0.1.44
[INFO] [stderr]     Checking lock_api v0.4.1
[INFO] [stderr]     Checking yaml-rust v0.4.4
[INFO] [stderr]     Checking rand_isaac v0.1.1
[INFO] [stderr]     Checking rand_xorshift v0.1.1
[INFO] [stderr]     Checking rand_hc v0.1.0
[INFO] [stderr]    Compiling num-traits v0.2.12
[INFO] [stderr]    Compiling num-integer v0.1.43
[INFO] [stderr]    Compiling rand_chacha v0.1.1
[INFO] [stderr]    Compiling rand_pcg v0.1.2
[INFO] [stderr]    Compiling rand v0.6.5
[INFO] [stderr]     Checking aho-corasick v0.7.13
[INFO] [stderr]    Compiling recast-detour-sys v0.1.1 (/opt/rustwide/workdir)
[INFO] [stderr]     Checking base64 v0.10.1
[INFO] [stderr]    Compiling quote v1.0.7
[INFO] [stderr]     Checking parking_lot_core v0.8.0
[INFO] [stderr]     Checking rand_os v0.1.3
[INFO] [stderr]     Checking termios v0.3.2
[INFO] [stderr]     Checking atty v0.2.14
[INFO] [stderr]     Checking time v0.1.43
[INFO] [stderr]     Checking clicolors-control v1.0.1
[INFO] [stderr]     Checking parking_lot v0.11.0
[INFO] [stderr]    Compiling pest_meta v2.1.3
[INFO] [stderr]     Checking regex v1.3.9
[INFO] [stderr]     Checking addr2line v0.13.0
[INFO] [stderr]     Checking console v0.7.7
[INFO] [stderr] error: failed to run custom build command for `recast-detour-sys v0.1.1 (/opt/rustwide/workdir)`
[INFO] [stderr] 
[INFO] [stderr] Caused by:
[INFO] [stderr]   process didn't exit successfully: `/opt/rustwide/target/debug/build/recast-detour-sys-1c87fa362dd2f393/build-script-build` (exit code: 101)
[INFO] [stderr]   --- stdout
[INFO] [stderr]   running: "cmake" "/opt/rustwide/workdir/recast" "-DCMAKE_INSTALL_PREFIX=/opt/rustwide/target/debug/build/recast-detour-sys-61d140f50be95cab/out" "-DCMAKE_C_FLAGS= -ffunction-sections -fdata-sections -fPIC -m64" "-DCMAKE_C_COMPILER=/usr/bin/cc" "-DCMAKE_CXX_FLAGS= -ffunction-sections -fdata-sections -fPIC -m64" "-DCMAKE_CXX_COMPILER=/usr/bin/c++" "-DCMAKE_ASM_FLAGS= -ffunction-sections -fdata-sections -fPIC -m64" "-DCMAKE_ASM_COMPILER=/usr/bin/cc" "-DCMAKE_BUILD_TYPE=Debug"
[INFO] [stderr]   -- The C compiler identification is GNU 9.3.0
[INFO] [stderr]   -- The CXX compiler identification is GNU 9.3.0
[INFO] [stderr]   -- Check for working C compiler: /usr/bin/cc
[INFO] [stderr]   -- Check for working C compiler: /usr/bin/cc -- works
[INFO] [stderr]   -- Detecting C compiler ABI info
[INFO] [stderr]   -- Detecting C compiler ABI info - done
[INFO] [stderr]   -- Detecting C compile features
[INFO] [stderr]   -- Detecting C compile features - done
[INFO] [stderr]   -- Check for working CXX compiler: /usr/bin/c++
[INFO] [stderr]   -- Check for working CXX compiler: /usr/bin/c++ -- works
[INFO] [stderr]   -- Detecting CXX compiler ABI info
[INFO] [stderr]   -- Detecting CXX compiler ABI info - done
[INFO] [stderr]   -- Detecting CXX compile features
[INFO] [stderr]   -- Detecting CXX compile features - done
[INFO] [stderr]   -- Configuring done
[INFO] [stderr]   -- Generating done
[INFO] [stderr]   -- Build files have been written to: /opt/rustwide/target/debug/build/recast-detour-sys-61d140f50be95cab/out/build
[INFO] [stderr]   running: "cmake" "--build" "." "--target" "install" "--config" "Debug" "--"
[INFO] [stderr]   Scanning dependencies of target Recast
[INFO] [stderr]   Scanning dependencies of target Detour
[INFO] [stderr]   [  2%] Building CXX object recastnavigation/Recast/CMakeFiles/Recast.dir/Source/Recast.cpp.o
[INFO] [stderr]   [  5%] Building CXX object recastnavigation/Recast/CMakeFiles/Recast.dir/Source/RecastAlloc.cpp.o
[INFO] [stderr]   [  8%] Building CXX object recastnavigation/Detour/CMakeFiles/Detour.dir/Source/DetourCommon.cpp.o
[INFO] [stderr]   [ 10%] Building CXX object recastnavigation/Recast/CMakeFiles/Recast.dir/Source/RecastArea.cpp.o
[INFO] [stderr]   [ 13%] Building CXX object recastnavigation/Detour/CMakeFiles/Detour.dir/Source/DetourAssert.cpp.o
[INFO] [stderr]   [ 16%] Building CXX object recastnavigation/Detour/CMakeFiles/Detour.dir/Source/DetourAlloc.cpp.o
[INFO] [stderr]   [ 18%] Building CXX object recastnavigation/Detour/CMakeFiles/Detour.dir/Source/DetourNavMesh.cpp.o
[INFO] [stderr]   [ 21%] Building CXX object recastnavigation/Detour/CMakeFiles/Detour.dir/Source/DetourNavMeshBuilder.cpp.o
[INFO] [stderr]   [ 24%] Building CXX object recastnavigation/Recast/CMakeFiles/Recast.dir/Source/RecastAssert.cpp.o
[INFO] [stderr]   [ 27%] Building CXX object recastnavigation/Detour/CMakeFiles/Detour.dir/Source/DetourNavMeshQuery.cpp.o
[INFO] [stderr]   [ 29%] Building CXX object recastnavigation/Recast/CMakeFiles/Recast.dir/Source/RecastContour.cpp.o
[INFO] [stderr]   [ 32%] Building CXX object recastnavigation/Detour/CMakeFiles/Detour.dir/Source/DetourNode.cpp.o
[INFO] [stderr]   [ 35%] Building CXX object recastnavigation/Recast/CMakeFiles/Recast.dir/Source/RecastFilter.cpp.o
[INFO] [stderr]   [ 37%] Building CXX object recastnavigation/Recast/CMakeFiles/Recast.dir/Source/RecastLayers.cpp.o
[INFO] [stderr]   [ 40%] Building CXX object recastnavigation/Recast/CMakeFiles/Recast.dir/Source/RecastMesh.cpp.o
[INFO] [stderr]   [ 43%] Building CXX object recastnavigation/Recast/CMakeFiles/Recast.dir/Source/RecastMeshDetail.cpp.o
[INFO] [stderr]   [ 45%] Building CXX object recastnavigation/Recast/CMakeFiles/Recast.dir/Source/RecastRasterization.cpp.o
[INFO] [stderr]   [ 48%] Building CXX object recastnavigation/Recast/CMakeFiles/Recast.dir/Source/RecastRegion.cpp.o
[INFO] [stderr]   [ 51%] Linking CXX static library libDetour.a
[INFO] [stderr]   [ 54%] Linking CXX static library libRecast.a
[INFO] [stderr]   [ 54%] Built target Detour
[INFO] [stderr]   [ 54%] Built target Recast
[INFO] [stderr]   Scanning dependencies of target DetourTileCache
[INFO] [stderr]   Scanning dependencies of target RecastC
[INFO] [stderr]   Scanning dependencies of target DetourCrowd
[INFO] [stderr]   [ 56%] Building CXX object recastnavigation/DetourTileCache/CMakeFiles/DetourTileCache.dir/Source/DetourTileCacheBuilder.cpp.o
[INFO] [stderr]   [ 59%] Building CXX object recastnavigation/DetourTileCache/CMakeFiles/DetourTileCache.dir/Source/DetourTileCache.cpp.o
[INFO] [stderr]   [ 62%] Building CXX object recastc/CMakeFiles/RecastC.dir/Source/recastc.cpp.o
[INFO] [stderr]   [ 64%] Building CXX object recastnavigation/DetourCrowd/CMakeFiles/DetourCrowd.dir/Source/DetourLocalBoundary.cpp.o
[INFO] [stderr]   [ 67%] Building CXX object recastnavigation/DetourCrowd/CMakeFiles/DetourCrowd.dir/Source/DetourPathCorridor.cpp.o
[INFO] [stderr]   [ 70%] Building CXX object recastnavigation/DetourCrowd/CMakeFiles/DetourCrowd.dir/Source/DetourPathQueue.cpp.o
[INFO] [stderr]   [ 72%] Building CXX object recastnavigation/DetourCrowd/CMakeFiles/DetourCrowd.dir/Source/DetourObstacleAvoidance.cpp.o
[INFO] [stderr]   [ 75%] Building CXX object recastnavigation/DetourCrowd/CMakeFiles/DetourCrowd.dir/Source/DetourCrowd.cpp.o
[INFO] [stderr]   [ 78%] Building CXX object recastnavigation/DetourCrowd/CMakeFiles/DetourCrowd.dir/Source/DetourProximityGrid.cpp.o
[INFO] [stderr]   [ 81%] Linking CXX static library libDetourTileCache.a
[INFO] [stderr]   [ 83%] Linking CXX static library libDetourCrowd.a
[INFO] [stderr]   [ 83%] Built target DetourTileCache
[INFO] [stderr]   Scanning dependencies of target DebugUtils
[INFO] [stderr]   [ 83%] Built target DetourCrowd
[INFO] [stderr]   [ 86%] Building CXX object recastnavigation/DebugUtils/CMakeFiles/DebugUtils.dir/Source/DebugDraw.cpp.o
[INFO] [stderr]   [ 89%] Building CXX object recastnavigation/DebugUtils/CMakeFiles/DebugUtils.dir/Source/DetourDebugDraw.cpp.o
[INFO] [stderr]   [ 91%] Building CXX object recastnavigation/DebugUtils/CMakeFiles/DebugUtils.dir/Source/RecastDebugDraw.cpp.o
[INFO] [stderr]   [ 94%] Building CXX object recastnavigation/DebugUtils/CMakeFiles/DebugUtils.dir/Source/RecastDump.cpp.o
[INFO] [stderr]   [ 97%] Linking CXX static library libDebugUtils.a
[INFO] [stderr]   [ 97%] Built target DebugUtils
[INFO] [stderr] 
[INFO] [stderr]   --- stderr
[INFO] [stderr]   CMake Warning:
[INFO] [stderr]     Manually-specified variables were not used by the project:
[INFO] [stderr] 
[INFO] [stderr]       CMAKE_ASM_COMPILER
[INFO] [stderr]       CMAKE_ASM_FLAGS
[INFO] [stderr] 
[INFO] [stderr] 
[INFO] [stderr]   In file included from /opt/rustwide/workdir/recast/recastc/Source/recastc.cpp:7:
[INFO] [stderr]   /opt/rustwide/workdir/recast/recastc/Source/recastc.cpp: In function 'void write_error(const char*, recastc_Error*)':
[INFO] [stderr]   /opt/rustwide/workdir/recast/recastc/Source/recastc.cpp:24:9: error: 'strlen' was not declared in this scope
[INFO] [stderr]      24 |  assert(strlen(msg) < 255);
[INFO] [stderr]         |         ^~~~~~
[INFO] [stderr]   /opt/rustwide/workdir/recast/recastc/Source/recastc.cpp:8:1: note: 'strlen' is defined in header '<cstring>'; did you forget to '#include <cstring>'?
[INFO] [stderr]       7 | #include <assert.h>
[INFO] [stderr]     +++ |+#include <cstring>
[INFO] [stderr]       8 | 
[INFO] [stderr]   /opt/rustwide/workdir/recast/recastc/Source/recastc.cpp:25:2: error: 'strcpy' was not declared in this scope
[INFO] [stderr]      25 |  strcpy(error->msg, msg);
[INFO] [stderr]         |  ^~~~~~
[INFO] [stderr]   /opt/rustwide/workdir/recast/recastc/Source/recastc.cpp:25:2: note: 'strcpy' is defined in header '<cstring>'; did you forget to '#include <cstring>'?
[INFO] [stderr]   /opt/rustwide/workdir/recast/recastc/Source/recastc.cpp: In function 'recastc_Query* recastc_create_query(recastc_NavMesh*, recastc_Error*)':
[INFO] [stderr]   /opt/rustwide/workdir/recast/recastc/Source/recastc.cpp:42:3: error: 'memset' was not declared in this scope
[INFO] [stderr]      42 |   memset(&params, 0, sizeof(params));
[INFO] [stderr]         |   ^~~~~~
[INFO] [stderr]   /opt/rustwide/workdir/recast/recastc/Source/recastc.cpp:42:3: note: 'memset' is defined in header '<cstring>'; did you forget to '#include <cstring>'?
[INFO] [stderr]   /opt/rustwide/workdir/recast/recastc/Source/recastc.cpp:84:3: error: 'memcpy' was not declared in this scope
[INFO] [stderr]      84 |   memcpy(pm_verts_p.get(), qparam->verts, sizeof(uint16_t) * pm_vert_count * 3);
[INFO] [stderr]         |   ^~~~~~
[INFO] [stderr]   /opt/rustwide/workdir/recast/recastc/Source/recastc.cpp:84:3: note: 'memcpy' is defined in header '<cstring>'; did you forget to '#include <cstring>'?
[INFO] [stderr]   make[2]: *** [recastc/CMakeFiles/RecastC.dir/build.make:63: recastc/CMakeFiles/RecastC.dir/Source/recastc.cpp.o] Error 1
[INFO] [stderr]   make[1]: *** [CMakeFiles/Makefile2:354: recastc/CMakeFiles/RecastC.dir/all] Error 2
[INFO] [stderr]   make[1]: *** Waiting for unfinished jobs....
[INFO] [stderr]   make: *** [Makefile:130: all] Error 2
[INFO] [stderr]   thread 'main' panicked at '
[INFO] [stderr]   command did not execute successfully, got: exit code: 2
[INFO] [stderr] 
[INFO] [stderr]   build script failed, must exit now', /opt/rustwide/cargo-home/registry/src/github.com-1ecc6299db9ec823/cmake-0.1.44/src/lib.rs:885:5
[INFO] [stderr]   stack backtrace:
[INFO] [stderr]      0:     0x5638a4f2e0a5 - backtrace::backtrace::libunwind::trace::h5e2646fa3eddf2ea
[INFO] [stderr]                                  at /cargo/registry/src/github.com-1ecc6299db9ec823/backtrace-0.3.46/src/backtrace/libunwind.rs:86
[INFO] [stderr]      1:     0x5638a4f2e0a5 - backtrace::backtrace::trace_unsynchronized::hb95dd7f77ce47877
[INFO] [stderr]                                  at /cargo/registry/src/github.com-1ecc6299db9ec823/backtrace-0.3.46/src/backtrace/mod.rs:66
[INFO] [stderr]      2:     0x5638a4f2e0a5 - std::sys_common::backtrace::_print_fmt::h5e71b67af43fd70d
[INFO] [stderr]                                  at src/libstd/sys_common/backtrace.rs:78
[INFO] [stderr]      3:     0x5638a4f2e0a5 - <std::sys_common::backtrace::_print::DisplayBacktrace as core::fmt::Display>::fmt::hdb4a83d2b61107e5
[INFO] [stderr]                                  at src/libstd/sys_common/backtrace.rs:59
[INFO] [stderr]      4:     0x5638a4f5223c - core::fmt::write::ha20e7262fa3e8a7a
[INFO] [stderr]                                  at src/libcore/fmt/mod.rs:1076
[INFO] [stderr]      5:     0x5638a4f2a742 - std::io::Write::write_fmt::h1aebfe8a5a79e36d
[INFO] [stderr]                                  at src/libstd/io/mod.rs:1537
[INFO] [stderr]      6:     0x5638a4f30bd0 - std::sys_common::backtrace::_print::h9c07314cc66ba539
[INFO] [stderr]                                  at src/libstd/sys_common/backtrace.rs:62
[INFO] [stderr]      7:     0x5638a4f30bd0 - std::sys_common::backtrace::print::hd1fd65f49a2d8544
[INFO] [stderr]                                  at src/libstd/sys_common/backtrace.rs:49
[INFO] [stderr]      8:     0x5638a4f30bd0 - std::panicking::default_hook::{{closure}}::h222da46485ab36fc
[INFO] [stderr]                                  at src/libstd/panicking.rs:198
[INFO] [stderr]      9:     0x5638a4f3091c - std::panicking::default_hook::hc5868949d129ed00
[INFO] [stderr]                                  at src/libstd/panicking.rs:217
[INFO] [stderr]     10:     0x5638a4f31213 - std::panicking::rust_panic_with_hook::h26a6ab8b0993c0c8
[INFO] [stderr]                                  at src/libstd/panicking.rs:526
[INFO] [stderr]     11:     0x5638a4f30e0b - rust_begin_unwind
[INFO] [stderr]                                  at src/libstd/panicking.rs:437
[INFO] [stderr]     12:     0x5638a4f30d7b - std::panicking::begin_panic_fmt::h2ff295231415d4a6
[INFO] [stderr]                                  at src/libstd/panicking.rs:391
[INFO] [stderr]     13:     0x5638a4ec5e67 - cmake::fail::hf0f3f19e1ff44c4b
[INFO] [stderr]                                  at /opt/rustwide/cargo-home/registry/src/github.com-1ecc6299db9ec823/cmake-0.1.44/src/lib.rs:885
[INFO] [stderr]     14:     0x5638a4ec57ae - cmake::run::hbfa9e03c3139de5a
[INFO] [stderr]                                  at /opt/rustwide/cargo-home/registry/src/github.com-1ecc6299db9ec823/cmake-0.1.44/src/lib.rs:863
[INFO] [stderr]     15:     0x5638a4ec1ed0 - cmake::Config::build::h91a3fd6d1f201449
[INFO] [stderr]                                  at /opt/rustwide/cargo-home/registry/src/github.com-1ecc6299db9ec823/cmake-0.1.44/src/lib.rs:769
[INFO] [stderr]     16:     0x5638a4ebd7c3 - cmake::build::h4ee4971893a9eb95
[INFO] [stderr]                                  at /opt/rustwide/cargo-home/registry/src/github.com-1ecc6299db9ec823/cmake-0.1.44/src/lib.rs:99
[INFO] [stderr]     17:     0x5638a4ebc280 - build_script_build::main::hda014467379bd593
[INFO] [stderr]                                  at /opt/rustwide/workdir/build.rs:31
[INFO] [stderr]     18:     0x5638a4ebe19b - std::rt::lang_start::{{closure}}::h308b14e7b2c7d2be
[INFO] [stderr]                                  at /rustc/6f959902b3103c49ca981fbc01871589c3498489/src/libstd/rt.rs:67
[INFO] [stderr]     19:     0x5638a4f315e3 - std::rt::lang_start_internal::{{closure}}::h84a998219831fa70
[INFO] [stderr]                                  at src/libstd/rt.rs:52
[INFO] [stderr]     20:     0x5638a4f315e3 - std::panicking::try::do_call::he8e1d689a3e26def
[INFO] [stderr]                                  at src/libstd/panicking.rs:348
[INFO] [stderr]     21:     0x5638a4f315e3 - std::panicking::try::h264b6eebc2fa7bbf
[INFO] [stderr]                                  at src/libstd/panicking.rs:325
[INFO] [stderr]     22:     0x5638a4f315e3 - std::panic::catch_unwind::hbf28fafa723b2128
[INFO] [stderr]                                  at src/libstd/panic.rs:394
[INFO] [stderr]     23:     0x5638a4f315e3 - std::rt::lang_start_internal::he959aa59bc3ec202
[INFO] [stderr]                                  at src/libstd/rt.rs:51
[INFO] [stderr]     24:     0x5638a4ebe177 - std::rt::lang_start::h4f205117af23cd37
[INFO] [stderr]                                  at /rustc/6f959902b3103c49ca981fbc01871589c3498489/src/libstd/rt.rs:67
[INFO] [stderr]     25:     0x5638a4ebccfa - main
[INFO] [stderr]     26:     0x7f16c69f20b3 - __libc_start_main
[INFO] [stderr]     27:     0x5638a4ebc19e - _start
[INFO] [stderr]     28:                0x0 - <unknown>
[INFO] [stderr] warning: build failed, waiting for other jobs to finish...
[INFO] [stderr] error: build failed
[INFO] running `Command { std: "docker" "inspect" "d6c19bfb08b165af2212883c52a7f9e322a2cddbe449da2dbe34c7ca6d9d76ba", kill_on_drop: false }`
[INFO] running `Command { std: "docker" "rm" "-f" "d6c19bfb08b165af2212883c52a7f9e322a2cddbe449da2dbe34c7ca6d9d76ba", kill_on_drop: false }`
[INFO] [stdout] d6c19bfb08b165af2212883c52a7f9e322a2cddbe449da2dbe34c7ca6d9d76ba
