[INFO] fetching crate proj 0.20.3...
[INFO] checking proj-0.20.3 against beta-2020-07-24 for pr-75494-beta
[INFO] extracting crate proj 0.20.3 into /workspace/builds/worker-14/source
[INFO] validating manifest of crates.io crate proj 0.20.3 on toolchain beta-2020-07-24
[INFO] running `Command { std: "/workspace/cargo-home/bin/cargo" "+beta-2020-07-24" "read-manifest" "--manifest-path" "Cargo.toml", kill_on_drop: false }`
[INFO] started tweaking crates.io crate proj 0.20.3
[INFO] finished tweaking crates.io crate proj 0.20.3
[INFO] tweaked toml for crates.io crate proj 0.20.3 written to /workspace/builds/worker-14/source/Cargo.toml
[INFO] running `Command { std: "/workspace/cargo-home/bin/cargo" "+beta-2020-07-24" "generate-lockfile" "--manifest-path" "Cargo.toml" "-Zno-index-update", kill_on_drop: false }`
[INFO] running `Command { std: "/workspace/cargo-home/bin/cargo" "+beta-2020-07-24" "fetch" "--locked" "--manifest-path" "Cargo.toml", kill_on_drop: false }`
[INFO] [stderr]     Blocking waiting for file lock on package cache
[INFO] running `Command { std: "docker" "create" "-v" "/var/lib/crater-agent-workspace/builds/worker-14/target:/opt/rustwide/target:rw,Z" "-v" "/var/lib/crater-agent-workspace/builds/worker-14/source:/opt/rustwide/workdir:ro,Z" "-v" "/var/lib/crater-agent-workspace/cargo-home:/opt/rustwide/cargo-home:ro,Z" "-v" "/var/lib/crater-agent-workspace/rustup-home:/opt/rustwide/rustup-home:ro,Z" "-e" "SOURCE_DIR=/opt/rustwide/workdir" "-e" "CARGO_TARGET_DIR=/opt/rustwide/target" "-e" "CARGO_HOME=/opt/rustwide/cargo-home" "-e" "RUSTUP_HOME=/opt/rustwide/rustup-home" "-w" "/opt/rustwide/workdir" "-m" "1610612736" "--user" "0:0" "--network" "none" "rustops/crates-build-env@sha256:a636fd89d022f18117e1dc8fb37a0a009933cdbbe082814857f0e2024962d47c" "/opt/rustwide/cargo-home/bin/cargo" "+beta-2020-07-24" "metadata" "--no-deps" "--format-version=1", kill_on_drop: false }`
[INFO] [stdout] b37f8e454791ee3c95cde95ab005e46217d3ffa10f58a1b089ce6a542d17775d
[INFO] [stderr] WARNING: Your kernel does not support swap limit capabilities or the cgroup is not mounted. Memory limited without swap.
[INFO] running `Command { std: "docker" "start" "-a" "b37f8e454791ee3c95cde95ab005e46217d3ffa10f58a1b089ce6a542d17775d", kill_on_drop: false }`
[INFO] running `Command { std: "docker" "inspect" "b37f8e454791ee3c95cde95ab005e46217d3ffa10f58a1b089ce6a542d17775d", kill_on_drop: false }`
[INFO] running `Command { std: "docker" "rm" "-f" "b37f8e454791ee3c95cde95ab005e46217d3ffa10f58a1b089ce6a542d17775d", kill_on_drop: false }`
[INFO] [stdout] b37f8e454791ee3c95cde95ab005e46217d3ffa10f58a1b089ce6a542d17775d
[INFO] running `Command { std: "docker" "create" "-v" "/var/lib/crater-agent-workspace/builds/worker-14/target:/opt/rustwide/target:rw,Z" "-v" "/var/lib/crater-agent-workspace/builds/worker-14/source:/opt/rustwide/workdir:ro,Z" "-v" "/var/lib/crater-agent-workspace/cargo-home:/opt/rustwide/cargo-home:ro,Z" "-v" "/var/lib/crater-agent-workspace/rustup-home:/opt/rustwide/rustup-home:ro,Z" "-e" "SOURCE_DIR=/opt/rustwide/workdir" "-e" "CARGO_TARGET_DIR=/opt/rustwide/target" "-e" "CARGO_INCREMENTAL=0" "-e" "RUST_BACKTRACE=full" "-e" "RUSTFLAGS=--cap-lints=forbid" "-e" "CARGO_HOME=/opt/rustwide/cargo-home" "-e" "RUSTUP_HOME=/opt/rustwide/rustup-home" "-w" "/opt/rustwide/workdir" "-m" "1610612736" "--user" "0:0" "--network" "none" "rustops/crates-build-env@sha256:a636fd89d022f18117e1dc8fb37a0a009933cdbbe082814857f0e2024962d47c" "/opt/rustwide/cargo-home/bin/cargo" "+beta-2020-07-24" "check" "--frozen" "--all" "--all-targets" "--message-format=json", kill_on_drop: false }`
[INFO] [stdout] e6ac2b4ed0eaa85239174ad51ed06cb6e1f2437bd93e05dc3861b6c9ad882178
[INFO] [stderr] WARNING: Your kernel does not support swap limit capabilities or the cgroup is not mounted. Memory limited without swap.
[INFO] running `Command { std: "docker" "start" "-a" "e6ac2b4ed0eaa85239174ad51ed06cb6e1f2437bd93e05dc3861b6c9ad882178", kill_on_drop: false }`
[INFO] [stderr]    Compiling libc v0.2.76
[INFO] [stderr]    Compiling memchr v2.3.3
[INFO] [stderr]    Compiling cc v1.0.59
[INFO] [stderr]    Compiling log v0.4.11
[INFO] [stderr]    Compiling autocfg v1.0.1
[INFO] [stderr]     Checking cfg-if v0.1.10
[INFO] [stderr]     Checking once_cell v1.4.1
[INFO] [stderr]    Compiling syn v1.0.39
[INFO] [stderr]     Checking fnv v1.0.7
[INFO] [stderr]     Checking slab v0.4.2
[INFO] [stderr]     Checking bytes v0.5.6
[INFO] [stderr]     Checking lazy_static v1.4.0
[INFO] [stderr]     Checking futures-core v0.3.5
[INFO] [stderr]     Checking untrusted v0.7.1
[INFO] [stderr]    Compiling version_check v0.9.2
[INFO] [stderr]     Checking spin v0.5.2
[INFO] [stderr]    Compiling pin-project-internal v0.4.23
[INFO] [stderr]    Compiling version_check v0.1.5
[INFO] [stderr]    Compiling bitflags v1.2.1
[INFO] [stderr]     Checking itoa v0.4.6
[INFO] [stderr]    Compiling proc-macro-nested v0.1.6
[INFO] [stderr]    Compiling regex-syntax v0.6.18
[INFO] [stderr]    Compiling crc32fast v1.2.0
[INFO] [stderr]    Compiling proc-macro-hack v0.5.18
[INFO] [stderr]    Compiling adler v0.2.3
[INFO] [stderr]     Checking futures-io v0.3.5
[INFO] [stderr]     Checking matches v0.1.8
[INFO] [stderr]     Checking tinyvec v0.3.4
[INFO] [stderr]     Checking futures-sink v0.3.5
[INFO] [stderr]    Compiling httparse v1.3.4
[INFO] [stderr]     Checking pin-utils v0.1.0
[INFO] [stderr]    Compiling lazycell v1.3.0
[INFO] [stderr]    Compiling serde v1.0.115
[INFO] [stderr]     Checking tower-service v0.3.0
[INFO] [stderr]    Compiling encoding_rs v0.8.23
[INFO] [stderr]    Compiling pkg-config v0.3.18
[INFO] [stderr]     Checking mime v0.3.16
[INFO] [stderr]     Checking dtoa v0.4.6
[INFO] [stderr]     Checking assert_approx_eq v1.1.0
[INFO] [stderr]     Checking tracing-core v0.1.14
[INFO] [stderr]     Checking futures-channel v0.3.5
[INFO] [stderr]     Checking futures-task v0.3.5
[INFO] [stderr]    Compiling thread_local v1.0.1
[INFO] [stderr]    Compiling miniz_oxide v0.4.0
[INFO] [stderr]     Checking unicode-bidi v0.3.4
[INFO] [stderr]     Checking http v0.2.1
[INFO] [stderr]    Compiling nom v4.2.3
[INFO] [stderr]    Compiling cmake v0.1.44
[INFO] [stderr]    Compiling unicase v2.6.0
[INFO] [stderr]     Checking unicode-normalization v0.1.13
[INFO] [stderr]    Compiling hashbrown v0.8.2
[INFO] [stderr]    Compiling indexmap v1.5.1
[INFO] [stderr]    Compiling num-traits v0.2.12
[INFO] [stderr]    Compiling bindgen v0.52.0
[INFO] [stderr]     Checking tracing v0.1.19
[INFO] [stderr]     Checking want v0.3.0
[INFO] [stderr]    Compiling aho-corasick v0.7.13
[INFO] [stderr]    Compiling mime_guess v2.0.3
[INFO] [stderr]     Checking net2 v0.2.34
[INFO] [stderr]     Checking iovec v0.1.4
[INFO] [stderr]     Checking num_cpus v1.13.0
[INFO] [stderr]     Checking socket2 v0.3.12
[INFO] [stderr]     Checking time v0.1.43
[INFO] [stderr]    Compiling atty v0.2.14
[INFO] [stderr]    Compiling which v3.1.1
[INFO] [stderr]    Compiling filetime v0.2.12
[INFO] [stderr]    Compiling xattr v0.2.2
[INFO] [stderr]    Compiling flate2 v1.0.17
[INFO] [stderr]    Compiling clap v2.33.3
[INFO] [stderr]     Checking idna v0.2.0
[INFO] [stderr]     Checking mio v0.6.22
[INFO] [stderr]    Compiling ring v0.16.15
[INFO] [stderr]    Compiling libloading v0.5.2
[INFO] [stderr]    Compiling tar v0.4.29
[INFO] [stderr]    Compiling cexpr v0.3.6
[INFO] [stderr]    Compiling regex v1.3.9
[INFO] [stderr]     Checking url v2.1.1
[INFO] [stderr]     Checking http-body v0.3.1
[INFO] [stderr]    Compiling clang-sys v0.28.1
[INFO] [stderr]     Checking tokio v0.2.22
[INFO] [stderr]     Checking approx v0.3.2
[INFO] [stderr]     Checking geo-types v0.6.0
[INFO] [stderr]    Compiling env_logger v0.7.1
[INFO] [stderr]     Checking webpki v0.21.3
[INFO] [stderr]     Checking sct v0.6.0
[INFO] [stderr]     Checking rustls v0.18.1
[INFO] [stderr]     Checking webpki-roots v0.19.0
[INFO] [stderr]     Checking tokio-util v0.3.1
[INFO] [stderr]     Checking serde_urlencoded v0.6.1
[INFO] [stderr]    Compiling futures-macro v0.3.5
[INFO] [stderr]    Compiling thiserror-impl v1.0.20
[INFO] [stderr]     Checking tokio-rustls v0.14.0
[INFO] [stderr]     Checking thiserror v1.0.20
[INFO] [stderr]     Checking pin-project v0.4.23
[INFO] [stderr]     Checking futures-util v0.3.5
[INFO] [stderr]    Compiling proj-sys v0.18.2
[INFO] [stderr]     Checking h2 v0.2.6
[INFO] [stderr] error: failed to run custom build command for `proj-sys v0.18.2`
[INFO] [stderr] 
[INFO] [stderr] Caused by:
[INFO] [stderr]   process didn't exit successfully: `/opt/rustwide/target/debug/build/proj-sys-d0a6e1759cece473/build-script-build` (exit code: 101)
[INFO] [stderr]   --- stdout
[INFO] [stderr]   cargo:rustc-link-lib=proj
[INFO] [stderr] 
[INFO] [stderr]   --- stderr
[INFO] [stderr]   wrapper.h:1:10: fatal error: 'proj.h' file not found
[INFO] [stderr]   wrapper.h:1:10: fatal error: 'proj.h' file not found, err: true
[INFO] [stderr]   thread 'main' panicked at 'Unable to generate bindings: ()', /opt/rustwide/cargo-home/registry/src/github.com-1ecc6299db9ec823/proj-sys-0.18.2/build.rs:109:10
[INFO] [stderr]   stack backtrace:
[INFO] [stderr]      0:     0x55b37ce9ae15 - backtrace::backtrace::libunwind::trace::h5e2646fa3eddf2ea
[INFO] [stderr]                                  at /cargo/registry/src/github.com-1ecc6299db9ec823/backtrace-0.3.46/src/backtrace/libunwind.rs:86
[INFO] [stderr]      1:     0x55b37ce9ae15 - backtrace::backtrace::trace_unsynchronized::hb95dd7f77ce47877
[INFO] [stderr]                                  at /cargo/registry/src/github.com-1ecc6299db9ec823/backtrace-0.3.46/src/backtrace/mod.rs:66
[INFO] [stderr]      2:     0x55b37ce9ae15 - std::sys_common::backtrace::_print_fmt::h5e71b67af43fd70d
[INFO] [stderr]                                  at src/libstd/sys_common/backtrace.rs:78
[INFO] [stderr]      3:     0x55b37ce9ae15 - <std::sys_common::backtrace::_print::DisplayBacktrace as core::fmt::Display>::fmt::hdb4a83d2b61107e5
[INFO] [stderr]                                  at src/libstd/sys_common/backtrace.rs:59
[INFO] [stderr]      4:     0x55b37cec4c4c - core::fmt::write::ha20e7262fa3e8a7a
[INFO] [stderr]                                  at src/libcore/fmt/mod.rs:1076
[INFO] [stderr]      5:     0x55b37ce97612 - std::io::Write::write_fmt::h1aebfe8a5a79e36d
[INFO] [stderr]                                  at src/libstd/io/mod.rs:1537
[INFO] [stderr]      6:     0x55b37ce9d6b0 - std::sys_common::backtrace::_print::h9c07314cc66ba539
[INFO] [stderr]                                  at src/libstd/sys_common/backtrace.rs:62
[INFO] [stderr]      7:     0x55b37ce9d6b0 - std::sys_common::backtrace::print::hd1fd65f49a2d8544
[INFO] [stderr]                                  at src/libstd/sys_common/backtrace.rs:49
[INFO] [stderr]      8:     0x55b37ce9d6b0 - std::panicking::default_hook::{{closure}}::h222da46485ab36fc
[INFO] [stderr]                                  at src/libstd/panicking.rs:198
[INFO] [stderr]      9:     0x55b37ce9d3fc - std::panicking::default_hook::hc5868949d129ed00
[INFO] [stderr]                                  at src/libstd/panicking.rs:217
[INFO] [stderr]     10:     0x55b37ce9dcf3 - std::panicking::rust_panic_with_hook::h26a6ab8b0993c0c8
[INFO] [stderr]                                  at src/libstd/panicking.rs:526
[INFO] [stderr]     11:     0x55b37ce9d8eb - rust_begin_unwind
[INFO] [stderr]                                  at src/libstd/panicking.rs:437
[INFO] [stderr]     12:     0x55b37cec3301 - core::panicking::panic_fmt::h17139c2000299725
[INFO] [stderr]                                  at src/libcore/panicking.rs:85
[INFO] [stderr]     13:     0x55b37cec3123 - core::option::expect_none_failed::h972f96abb4ec8952
[INFO] [stderr]                                  at src/libcore/option.rs:1269
[INFO] [stderr]     14:     0x55b37c91441e - core::result::Result<T,E>::expect::h8f49922abe19fef1
[INFO] [stderr]                                  at /rustc/6f959902b3103c49ca981fbc01871589c3498489/src/libcore/result.rs:963
[INFO] [stderr]     15:     0x55b37c916233 - build_script_build::main::hda3b5d4053153722
[INFO] [stderr]                                  at /opt/rustwide/cargo-home/registry/src/github.com-1ecc6299db9ec823/proj-sys-0.18.2/build.rs:100
[INFO] [stderr]     16:     0x55b37c913e6b - std::rt::lang_start::{{closure}}::hb20fdb054b802c2f
[INFO] [stderr]                                  at /rustc/6f959902b3103c49ca981fbc01871589c3498489/src/libstd/rt.rs:67
[INFO] [stderr]     17:     0x55b37ce9e193 - std::rt::lang_start_internal::{{closure}}::h84a998219831fa70
[INFO] [stderr]                                  at src/libstd/rt.rs:52
[INFO] [stderr]     18:     0x55b37ce9e193 - std::panicking::try::do_call::he8e1d689a3e26def
[INFO] [stderr]                                  at src/libstd/panicking.rs:348
[INFO] [stderr]     19:     0x55b37ce9e193 - std::panicking::try::h264b6eebc2fa7bbf
[INFO] [stderr]                                  at src/libstd/panicking.rs:325
[INFO] [stderr]     20:     0x55b37ce9e193 - std::panic::catch_unwind::hbf28fafa723b2128
[INFO] [stderr]                                  at src/libstd/panic.rs:394
[INFO] [stderr]     21:     0x55b37ce9e193 - std::rt::lang_start_internal::he959aa59bc3ec202
[INFO] [stderr]                                  at src/libstd/rt.rs:51
[INFO] [stderr]     22:     0x55b37c913e47 - std::rt::lang_start::h78898d494baa3ebd
[INFO] [stderr]                                  at /rustc/6f959902b3103c49ca981fbc01871589c3498489/src/libstd/rt.rs:67
[INFO] [stderr]     23:     0x55b37c9163aa - main
[INFO] [stderr]     24:     0x7f41a0b110b3 - __libc_start_main
[INFO] [stderr]     25:     0x55b37c91319e - _start
[INFO] [stderr]     26:                0x0 - <unknown>
[INFO] [stderr] warning: build failed, waiting for other jobs to finish...
[INFO] [stderr] error: build failed
[INFO] running `Command { std: "docker" "inspect" "e6ac2b4ed0eaa85239174ad51ed06cb6e1f2437bd93e05dc3861b6c9ad882178", kill_on_drop: false }`
[INFO] running `Command { std: "docker" "rm" "-f" "e6ac2b4ed0eaa85239174ad51ed06cb6e1f2437bd93e05dc3861b6c9ad882178", kill_on_drop: false }`
[INFO] [stdout] e6ac2b4ed0eaa85239174ad51ed06cb6e1f2437bd93e05dc3861b6c9ad882178
