[INFO] fetching crate polylabel_cmd 1.2.3...
[INFO] checking polylabel_cmd-1.2.3 against beta-2020-07-24 for pr-75494-beta
[INFO] extracting crate polylabel_cmd 1.2.3 into /workspace/builds/worker-8/source
[INFO] validating manifest of crates.io crate polylabel_cmd 1.2.3 on toolchain beta-2020-07-24
[INFO] running `Command { std: "/workspace/cargo-home/bin/cargo" "+beta-2020-07-24" "read-manifest" "--manifest-path" "Cargo.toml", kill_on_drop: false }`
[INFO] started tweaking crates.io crate polylabel_cmd 1.2.3
[INFO] finished tweaking crates.io crate polylabel_cmd 1.2.3
[INFO] tweaked toml for crates.io crate polylabel_cmd 1.2.3 written to /workspace/builds/worker-8/source/Cargo.toml
[INFO] running `Command { std: "/workspace/cargo-home/bin/cargo" "+beta-2020-07-24" "generate-lockfile" "--manifest-path" "Cargo.toml" "-Zno-index-update", kill_on_drop: false }`
[INFO] [stderr]     Blocking waiting for file lock on package cache
[INFO] running `Command { std: "/workspace/cargo-home/bin/cargo" "+beta-2020-07-24" "fetch" "--locked" "--manifest-path" "Cargo.toml", kill_on_drop: false }`
[INFO] [stderr]     Blocking waiting for file lock on package cache
[INFO] running `Command { std: "docker" "create" "-v" "/var/lib/crater-agent-workspace/builds/worker-8/target:/opt/rustwide/target:rw,Z" "-v" "/var/lib/crater-agent-workspace/builds/worker-8/source:/opt/rustwide/workdir:ro,Z" "-v" "/var/lib/crater-agent-workspace/cargo-home:/opt/rustwide/cargo-home:ro,Z" "-v" "/var/lib/crater-agent-workspace/rustup-home:/opt/rustwide/rustup-home:ro,Z" "-e" "SOURCE_DIR=/opt/rustwide/workdir" "-e" "CARGO_TARGET_DIR=/opt/rustwide/target" "-e" "CARGO_HOME=/opt/rustwide/cargo-home" "-e" "RUSTUP_HOME=/opt/rustwide/rustup-home" "-w" "/opt/rustwide/workdir" "-m" "1610612736" "--user" "0:0" "--network" "none" "rustops/crates-build-env@sha256:a636fd89d022f18117e1dc8fb37a0a009933cdbbe082814857f0e2024962d47c" "/opt/rustwide/cargo-home/bin/cargo" "+beta-2020-07-24" "metadata" "--no-deps" "--format-version=1", kill_on_drop: false }`
[INFO] [stdout] ba0dfa74ffa38adf4257ada9fdc372e64a6d480b4e837947b3dc6cd1037f81c3
[INFO] [stderr] WARNING: Your kernel does not support swap limit capabilities or the cgroup is not mounted. Memory limited without swap.
[INFO] running `Command { std: "docker" "start" "-a" "ba0dfa74ffa38adf4257ada9fdc372e64a6d480b4e837947b3dc6cd1037f81c3", kill_on_drop: false }`
[INFO] running `Command { std: "docker" "inspect" "ba0dfa74ffa38adf4257ada9fdc372e64a6d480b4e837947b3dc6cd1037f81c3", kill_on_drop: false }`
[INFO] running `Command { std: "docker" "rm" "-f" "ba0dfa74ffa38adf4257ada9fdc372e64a6d480b4e837947b3dc6cd1037f81c3", kill_on_drop: false }`
[INFO] [stdout] ba0dfa74ffa38adf4257ada9fdc372e64a6d480b4e837947b3dc6cd1037f81c3
[INFO] running `Command { std: "docker" "create" "-v" "/var/lib/crater-agent-workspace/builds/worker-8/target:/opt/rustwide/target:rw,Z" "-v" "/var/lib/crater-agent-workspace/builds/worker-8/source:/opt/rustwide/workdir:ro,Z" "-v" "/var/lib/crater-agent-workspace/cargo-home:/opt/rustwide/cargo-home:ro,Z" "-v" "/var/lib/crater-agent-workspace/rustup-home:/opt/rustwide/rustup-home:ro,Z" "-e" "SOURCE_DIR=/opt/rustwide/workdir" "-e" "CARGO_TARGET_DIR=/opt/rustwide/target" "-e" "CARGO_INCREMENTAL=0" "-e" "RUST_BACKTRACE=full" "-e" "RUSTFLAGS=--cap-lints=forbid" "-e" "CARGO_HOME=/opt/rustwide/cargo-home" "-e" "RUSTUP_HOME=/opt/rustwide/rustup-home" "-w" "/opt/rustwide/workdir" "-m" "1610612736" "--user" "0:0" "--network" "none" "rustops/crates-build-env@sha256:a636fd89d022f18117e1dc8fb37a0a009933cdbbe082814857f0e2024962d47c" "/opt/rustwide/cargo-home/bin/cargo" "+beta-2020-07-24" "check" "--frozen" "--all" "--all-targets" "--message-format=json", kill_on_drop: false }`
[INFO] [stderr] WARNING: Your kernel does not support swap limit capabilities or the cgroup is not mounted. Memory limited without swap.
[INFO] [stdout] 55570ba907b4737efc63d13d86c50526050648782523cd38b7cb5a4ec4faccd5
[INFO] running `Command { std: "docker" "start" "-a" "55570ba907b4737efc63d13d86c50526050648782523cd38b7cb5a4ec4faccd5", kill_on_drop: false }`
[INFO] [stderr]    Compiling autocfg v1.0.1
[INFO] [stderr]    Compiling libc v0.2.76
[INFO] [stderr]     Checking cfg-if v0.1.10
[INFO] [stderr]    Compiling proc-macro2 v1.0.19
[INFO] [stderr]    Compiling unicode-xid v0.2.1
[INFO] [stderr]     Checking scopeguard v1.1.0
[INFO] [stderr]    Compiling maybe-uninit v2.0.0
[INFO] [stderr]    Compiling memchr v2.3.3
[INFO] [stderr]     Checking unicode-width v0.1.8
[INFO] [stderr]    Compiling serde_derive v1.0.115
[INFO] [stderr]     Checking gimli v0.22.0
[INFO] [stderr]     Checking adler v0.2.3
[INFO] [stderr]     Checking pdqselect v0.1.0
[INFO] [stderr]     Checking object v0.20.0
[INFO] [stderr]     Checking rustc-demangle v0.1.16
[INFO] [stderr]     Checking regex-syntax v0.6.18
[INFO] [stderr]    Compiling ryu v1.0.5
[INFO] [stderr]     Checking smallvec v1.4.2
[INFO] [stderr]    Compiling serde_json v1.0.57
[INFO] [stderr]    Compiling bitflags v1.2.1
[INFO] [stderr]     Checking itoa v0.4.6
[INFO] [stderr]     Checking vec_map v0.8.2
[INFO] [stderr]     Checking either v1.6.0
[INFO] [stderr]     Checking strsim v0.8.0
[INFO] [stderr]     Checking ansi_term v0.11.0
[INFO] [stderr]     Checking thread_local v1.0.1
[INFO] [stderr]     Checking lock_api v0.4.1
[INFO] [stderr]     Checking miniz_oxide v0.4.0
[INFO] [stderr]     Checking textwrap v0.11.0
[INFO] [stderr]    Compiling num-traits v0.2.12
[INFO] [stderr]    Compiling crossbeam-utils v0.7.2
[INFO] [stderr]    Compiling memoffset v0.5.5
[INFO] [stderr]    Compiling crossbeam-epoch v0.8.2
[INFO] [stderr]    Compiling rayon v1.3.1
[INFO] [stderr]     Checking aho-corasick v0.7.13
[INFO] [stderr]     Checking num_cpus v1.13.0
[INFO] [stderr]     Checking termios v0.3.2
[INFO] [stderr]     Checking parking_lot_core v0.8.0
[INFO] [stderr]     Checking atty v0.2.14
[INFO] [stderr]     Checking terminal_size v0.1.13
[INFO] [stderr]     Checking clicolors-control v0.2.0
[INFO] [stderr]    Compiling quote v1.0.7
[INFO] [stderr]     Checking clap v2.33.3
[INFO] [stderr]     Checking threadpool v1.8.1
[INFO] [stderr]     Checking parking_lot v0.11.0
[INFO] [stderr]     Checking crossbeam-queue v0.2.3
[INFO] [stderr]    Compiling syn v1.0.39
[INFO] [stderr]     Checking crossbeam-deque v0.7.3
[INFO] [stderr]     Checking rstar v0.2.0
[INFO] [stderr]     Checking number_prefix v0.2.8
[INFO] [stderr]     Checking geo-types v0.2.2
[INFO] [stderr]     Checking rayon-core v1.7.1
[INFO] [stderr]     Checking geo-types v0.4.3
[INFO] [stderr]     Checking regex v1.3.9
[INFO] [stderr]     Checking addr2line v0.13.0
[INFO] [stderr]     Checking backtrace v0.3.50
[INFO] [stderr]     Checking console v0.12.0
[INFO] [stderr]     Checking console v0.6.2
[INFO] [stderr]     Checking indicatif v0.10.3
[INFO] [stderr]    Compiling synstructure v0.12.4
[INFO] [stderr]    Compiling failure_derive v0.1.8
[INFO] [stderr]     Checking failure v0.1.8
[INFO] [stderr]     Checking geo v0.12.2
[INFO] [stderr]     Checking polylabel v1.3.2
[INFO] [stderr]     Checking serde v1.0.115
[INFO] [stderr]     Checking geojson v0.12.0
[INFO] [stderr]     Checking polylabel_cmd v1.2.3 (/opt/rustwide/workdir)
[INFO] [stdout] error[E0308]: mismatched types
[INFO] [stdout]    --> src/main.rs:121:40
[INFO] [stdout]     |
[INFO] [stdout] 121 |                 Value::from(&polylabel(&geo_type, &tolerance))
[INFO] [stdout]     |                                        ^^^^^^^^^ expected struct `geo_types::polygon::Polygon`, found struct `geo_types::Polygon`
[INFO] [stdout]     |
[INFO] [stdout]     = note: expected reference `&geo_types::polygon::Polygon<_>`
[INFO] [stdout]                found reference `&geo_types::Polygon<f64>`
[INFO] [stdout]     = note: perhaps two different versions of crate `geo_types` are being used?
[INFO] [stdout] 
[INFO] [stdout] 
[INFO] [stdout] error[E0277]: the trait bound `geojson::Value: std::convert::From<&geo_types::point::Point<f64>>` is not satisfied
[INFO] [stdout]    --> src/main.rs:121:17
[INFO] [stdout]     |
[INFO] [stdout] 121 |                 Value::from(&polylabel(&geo_type, &tolerance))
[INFO] [stdout]     |                 ^^^^^^^^^^^ the trait `std::convert::From<&geo_types::point::Point<f64>>` is not implemented for `geojson::Value`
[INFO] [stdout]     |
[INFO] [stdout]     = help: the following implementations were found:
[INFO] [stdout]               <geojson::Value as std::convert::From<&'a geo_types::Geometry<T>>>
[INFO] [stdout]               <geojson::Value as std::convert::From<&'a geo_types::GeometryCollection<T>>>
[INFO] [stdout]               <geojson::Value as std::convert::From<&'a geo_types::LineString<T>>>
[INFO] [stdout]               <geojson::Value as std::convert::From<&'a geo_types::MultiLineString<T>>>
[INFO] [stdout]             and 4 others
[INFO] [stdout]     = note: required by `std::convert::From::from`
[INFO] [stdout] 
[INFO] [stdout] 
[INFO] [stdout] error[E0308]: mismatched types
[INFO] [stdout]    --> src/main.rs:121:40
[INFO] [stdout]     |
[INFO] [stdout] 121 |                 Value::from(&polylabel(&geo_type, &tolerance))
[INFO] [stdout]     |                                        ^^^^^^^^^ expected struct `geo_types::polygon::Polygon`, found struct `geo_types::Polygon`
[INFO] [stdout]     |
[INFO] [stdout]     = note: expected reference `&geo_types::polygon::Polygon<_>`
[INFO] [stdout]                found reference `&geo_types::Polygon<f64>`
[INFO] [stdout]     = note: perhaps two different versions of crate `geo_types` are being used?
[INFO] [stdout] 
[INFO] [stdout] 
[INFO] [stdout] error[E0277]: the trait bound `geojson::Value: std::convert::From<&geo_types::point::Point<f64>>` is not satisfied
[INFO] [stdout]    --> src/main.rs:121:17
[INFO] [stdout]     |
[INFO] [stdout] 121 |                 Value::from(&polylabel(&geo_type, &tolerance))
[INFO] [stdout]     |                 ^^^^^^^^^^^ the trait `std::convert::From<&geo_types::point::Point<f64>>` is not implemented for `geojson::Value`
[INFO] [stdout]     |
[INFO] [stdout]     = help: the following implementations were found:
[INFO] [stdout]               <geojson::Value as std::convert::From<&'a geo_types::Geometry<T>>>
[INFO] [stdout]               <geojson::Value as std::convert::From<&'a geo_types::GeometryCollection<T>>>
[INFO] [stdout]               <geojson::Value as std::convert::From<&'a geo_types::LineString<T>>>
[INFO] [stdout]               <geojson::Value as std::convert::From<&'a geo_types::MultiLineString<T>>>
[INFO] [stdout]             and 4 others
[INFO] [stdout]     = note: required by `std::convert::From::from`
[INFO] [stdout] 
[INFO] [stdout] 
[INFO] [stdout] error[E0308]: mismatched types
[INFO] [stdout]    --> src/main.rs:137:39
[INFO] [stdout]     |
[INFO] [stdout] 137 | ...                   polylabel(polygon, &tolerance)
[INFO] [stdout]     |                                 ^^^^^^^ expected struct `geo_types::polygon::Polygon`, found struct `geo_types::Polygon`
[INFO] [stdout]     |
[INFO] [stdout]     = note: expected reference `&geo_types::polygon::Polygon<_>`
[INFO] [stdout]                found reference `&geo_types::Polygon<f64>`
[INFO] [stdout]     = note: perhaps two different versions of crate `geo_types` are being used?
[INFO] [stdout] 
[INFO] [stdout] 
[INFO] [stdout] error[E0277]: the trait bound `std::vec::Vec<geo_types::Point<_>>: rayon::iter::FromParallelIterator<geo_types::point::Point<f64>>` is not satisfied
[INFO] [stdout]    --> src/main.rs:130:21
[INFO] [stdout]     |
[INFO] [stdout] 130 | /                     geo_type
[INFO] [stdout] 131 | |                         .0
[INFO] [stdout] 132 | |                         .par_iter()
[INFO] [stdout] 133 | |                         .map(|polygon| {
[INFO] [stdout] ...   |
[INFO] [stdout] 137 | |                             polylabel(polygon, &tolerance)
[INFO] [stdout] 138 | |                         }).collect(),
[INFO] [stdout]     | |____________________________________^ the trait `rayon::iter::FromParallelIterator<geo_types::point::Point<f64>>` is not implemented for `std::vec::Vec<geo_types::Point<_>>`
[INFO] [stdout]     |
[INFO] [stdout]     = help: the following implementations were found:
[INFO] [stdout]               <std::vec::Vec<T> as rayon::iter::FromParallelIterator<T>>
[INFO] [stdout] 
[INFO] [stdout] 
[INFO] [stdout] error: aborting due to 4 previous errors
[INFO] [stdout] 
[INFO] [stdout] 
[INFO] [stdout] Some errors have detailed explanations: E0277, E0308.
[INFO] [stdout] 
[INFO] [stdout] For more information about an error, try `rustc --explain E0277`.
[INFO] [stdout] 
[INFO] [stderr] error: could not compile `polylabel_cmd`.
[INFO] [stderr] 
[INFO] [stderr] To learn more, run the command again with --verbose.
[INFO] [stderr] warning: build failed, waiting for other jobs to finish...
[INFO] [stdout] error[E0308]: mismatched types
[INFO] [stdout]    --> src/main.rs:137:39
[INFO] [stdout]     |
[INFO] [stdout] 137 | ...                   polylabel(polygon, &tolerance)
[INFO] [stdout]     |                                 ^^^^^^^ expected struct `geo_types::polygon::Polygon`, found struct `geo_types::Polygon`
[INFO] [stdout]     |
[INFO] [stdout]     = note: expected reference `&geo_types::polygon::Polygon<_>`
[INFO] [stdout]                found reference `&geo_types::Polygon<f64>`
[INFO] [stdout]     = note: perhaps two different versions of crate `geo_types` are being used?
[INFO] [stdout] 
[INFO] [stdout] 
[INFO] [stdout] error[E0277]: the trait bound `std::vec::Vec<geo_types::Point<_>>: rayon::iter::FromParallelIterator<geo_types::point::Point<f64>>` is not satisfied
[INFO] [stdout]    --> src/main.rs:130:21
[INFO] [stdout]     |
[INFO] [stdout] 130 | /                     geo_type
[INFO] [stdout] 131 | |                         .0
[INFO] [stdout] 132 | |                         .par_iter()
[INFO] [stdout] 133 | |                         .map(|polygon| {
[INFO] [stdout] ...   |
[INFO] [stdout] 137 | |                             polylabel(polygon, &tolerance)
[INFO] [stdout] 138 | |                         }).collect(),
[INFO] [stdout]     | |____________________________________^ the trait `rayon::iter::FromParallelIterator<geo_types::point::Point<f64>>` is not implemented for `std::vec::Vec<geo_types::Point<_>>`
[INFO] [stdout]     |
[INFO] [stdout]     = help: the following implementations were found:
[INFO] [stdout]               <std::vec::Vec<T> as rayon::iter::FromParallelIterator<T>>
[INFO] [stdout] 
[INFO] [stdout] 
[INFO] [stdout] error: aborting due to 4 previous errors
[INFO] [stdout] 
[INFO] [stdout] 
[INFO] [stdout] Some errors have detailed explanations: E0277, E0308.
[INFO] [stdout] 
[INFO] [stdout] For more information about an error, try `rustc --explain E0277`.
[INFO] [stdout] 
[INFO] [stderr] error: build failed
[INFO] running `Command { std: "docker" "inspect" "55570ba907b4737efc63d13d86c50526050648782523cd38b7cb5a4ec4faccd5", kill_on_drop: false }`
[INFO] running `Command { std: "docker" "rm" "-f" "55570ba907b4737efc63d13d86c50526050648782523cd38b7cb5a4ec4faccd5", kill_on_drop: false }`
[INFO] [stdout] 55570ba907b4737efc63d13d86c50526050648782523cd38b7cb5a4ec4faccd5
