[INFO] fetching crate po 0.1.4...
[INFO] checking po-0.1.4 against beta-2020-07-24 for pr-75494-beta
[INFO] extracting crate po 0.1.4 into /workspace/builds/worker-1/source
[INFO] validating manifest of crates.io crate po 0.1.4 on toolchain beta-2020-07-24
[INFO] running `Command { std: "/workspace/cargo-home/bin/cargo" "+beta-2020-07-24" "read-manifest" "--manifest-path" "Cargo.toml", kill_on_drop: false }`
[INFO] started tweaking crates.io crate po 0.1.4
[INFO] finished tweaking crates.io crate po 0.1.4
[INFO] tweaked toml for crates.io crate po 0.1.4 written to /workspace/builds/worker-1/source/Cargo.toml
[INFO] running `Command { std: "/workspace/cargo-home/bin/cargo" "+beta-2020-07-24" "generate-lockfile" "--manifest-path" "Cargo.toml" "-Zno-index-update", kill_on_drop: false }`
[INFO] [stderr]     Blocking waiting for file lock on package cache
[INFO] running `Command { std: "/workspace/cargo-home/bin/cargo" "+beta-2020-07-24" "fetch" "--locked" "--manifest-path" "Cargo.toml", kill_on_drop: false }`
[INFO] running `Command { std: "docker" "create" "-v" "/var/lib/crater-agent-workspace/builds/worker-1/target:/opt/rustwide/target:rw,Z" "-v" "/var/lib/crater-agent-workspace/builds/worker-1/source:/opt/rustwide/workdir:ro,Z" "-v" "/var/lib/crater-agent-workspace/cargo-home:/opt/rustwide/cargo-home:ro,Z" "-v" "/var/lib/crater-agent-workspace/rustup-home:/opt/rustwide/rustup-home:ro,Z" "-e" "SOURCE_DIR=/opt/rustwide/workdir" "-e" "CARGO_TARGET_DIR=/opt/rustwide/target" "-e" "CARGO_HOME=/opt/rustwide/cargo-home" "-e" "RUSTUP_HOME=/opt/rustwide/rustup-home" "-w" "/opt/rustwide/workdir" "-m" "1610612736" "--user" "0:0" "--network" "none" "rustops/crates-build-env@sha256:a636fd89d022f18117e1dc8fb37a0a009933cdbbe082814857f0e2024962d47c" "/opt/rustwide/cargo-home/bin/cargo" "+beta-2020-07-24" "metadata" "--no-deps" "--format-version=1", kill_on_drop: false }`
[INFO] [stdout] a6bb0a57bcddd44a0b4776cdf5c9f6cfc0a55f64b58d1d4c4ef825710931ed67
[INFO] [stderr] WARNING: Your kernel does not support swap limit capabilities or the cgroup is not mounted. Memory limited without swap.
[INFO] running `Command { std: "docker" "start" "-a" "a6bb0a57bcddd44a0b4776cdf5c9f6cfc0a55f64b58d1d4c4ef825710931ed67", kill_on_drop: false }`
[INFO] running `Command { std: "docker" "inspect" "a6bb0a57bcddd44a0b4776cdf5c9f6cfc0a55f64b58d1d4c4ef825710931ed67", kill_on_drop: false }`
[INFO] running `Command { std: "docker" "rm" "-f" "a6bb0a57bcddd44a0b4776cdf5c9f6cfc0a55f64b58d1d4c4ef825710931ed67", kill_on_drop: false }`
[INFO] [stdout] a6bb0a57bcddd44a0b4776cdf5c9f6cfc0a55f64b58d1d4c4ef825710931ed67
[INFO] running `Command { std: "docker" "create" "-v" "/var/lib/crater-agent-workspace/builds/worker-1/target:/opt/rustwide/target:rw,Z" "-v" "/var/lib/crater-agent-workspace/builds/worker-1/source:/opt/rustwide/workdir:ro,Z" "-v" "/var/lib/crater-agent-workspace/cargo-home:/opt/rustwide/cargo-home:ro,Z" "-v" "/var/lib/crater-agent-workspace/rustup-home:/opt/rustwide/rustup-home:ro,Z" "-e" "SOURCE_DIR=/opt/rustwide/workdir" "-e" "CARGO_TARGET_DIR=/opt/rustwide/target" "-e" "CARGO_INCREMENTAL=0" "-e" "RUST_BACKTRACE=full" "-e" "RUSTFLAGS=--cap-lints=forbid" "-e" "CARGO_HOME=/opt/rustwide/cargo-home" "-e" "RUSTUP_HOME=/opt/rustwide/rustup-home" "-w" "/opt/rustwide/workdir" "-m" "1610612736" "--user" "0:0" "--network" "none" "rustops/crates-build-env@sha256:a636fd89d022f18117e1dc8fb37a0a009933cdbbe082814857f0e2024962d47c" "/opt/rustwide/cargo-home/bin/cargo" "+beta-2020-07-24" "check" "--frozen" "--all" "--all-targets" "--message-format=json", kill_on_drop: false }`
[INFO] [stdout] 9007bbe62c680c5147f6b350369893e26925f50b8d5f81cc6b7bfd07aaf7ada0
[INFO] [stderr] WARNING: Your kernel does not support swap limit capabilities or the cgroup is not mounted. Memory limited without swap.
[INFO] running `Command { std: "docker" "start" "-a" "9007bbe62c680c5147f6b350369893e26925f50b8d5f81cc6b7bfd07aaf7ada0", kill_on_drop: false }`
[INFO] [stderr]    Compiling cc v1.0.59
[INFO] [stderr]    Compiling pkg-config v0.3.18
[INFO] [stderr]    Compiling proc-macro2 v1.0.19
[INFO] [stderr]    Compiling autocfg v1.0.1
[INFO] [stderr]    Compiling unicode-xid v0.2.1
[INFO] [stderr]    Compiling syn v1.0.39
[INFO] [stderr]    Compiling serde_derive v1.0.115
[INFO] [stderr]     Checking tinyvec v0.3.4
[INFO] [stderr]    Compiling serde v1.0.115
[INFO] [stderr]     Checking strsim v0.9.3
[INFO] [stderr]     Checking rustc-serialize v0.3.24
[INFO] [stderr]     Checking thread_local v1.0.1
[INFO] [stderr]     Checking socket2 v0.3.12
[INFO] [stderr]     Checking regex v1.3.9
[INFO] [stderr]     Checking unicode-normalization v0.1.13
[INFO] [stderr]    Compiling quote v1.0.7
[INFO] [stderr]    Compiling libz-sys v1.1.0
[INFO] [stderr]    Compiling openssl-sys v0.9.58
[INFO] [stderr]    Compiling curl-sys v0.4.36+curl-7.71.1
[INFO] [stderr]     Checking idna v0.2.0
[INFO] [stderr]     Checking url v2.1.1
[INFO] [stderr]    Compiling curl v0.4.33
[INFO] [stderr]     Checking docopt v1.1.0
[INFO] [stderr]     Checking po v0.1.4 (/opt/rustwide/workdir)
[INFO] [stdout] error[E0432]: unresolved import `curl::http`
[INFO] [stdout]   --> src/lib.rs:11:5
[INFO] [stdout]    |
[INFO] [stdout] 11 | use curl::http;
[INFO] [stdout]    |     ^^^^^^^^^^ no `http` in the root
[INFO] [stdout] 
[INFO] [stdout] 
[INFO] [stdout] error[E0432]: unresolved import `curl::http`
[INFO] [stdout]   --> src/lib.rs:11:5
[INFO] [stdout]    |
[INFO] [stdout] 11 | use curl::http;
[INFO] [stdout]    |     ^^^^^^^^^^ no `http` in the root
[INFO] [stdout] 
[INFO] [stdout] 
[INFO] [stdout] error[E0425]: cannot find function `serialize` in module `form_urlencoded`
[INFO] [stdout]    --> src/lib.rs:145:33
[INFO] [stdout]     |
[INFO] [stdout] 145 |     let body = form_urlencoded::serialize(notification.into_iter());
[INFO] [stdout]     |                                 ^^^^^^^^^ not found in `form_urlencoded`
[INFO] [stdout] 
[INFO] [stdout] 
[INFO] [stdout] warning: `...` range patterns are deprecated
[INFO] [stdout]    --> src/lib.rs:158:20
[INFO] [stdout]     |
[INFO] [stdout] 158 |                 400...499 => api_error(std::str::from_utf8(res.get_body()).unwrap()),
[INFO] [stdout]     |                    ^^^ help: use `..=` for an inclusive range
[INFO] [stdout]     |
[INFO] [stdout]     = note: `#[warn(ellipsis_inclusive_range_patterns)]` on by default
[INFO] [stdout] 
[INFO] [stdout] 
[INFO] [stdout] error[E0425]: cannot find function `serialize` in module `form_urlencoded`
[INFO] [stdout]    --> src/lib.rs:145:33
[INFO] [stdout]     |
[INFO] [stdout] 145 |     let body = form_urlencoded::serialize(notification.into_iter());
[INFO] [stdout]     |                                 ^^^^^^^^^ not found in `form_urlencoded`
[INFO] [stdout] 
[INFO] [stdout] 
[INFO] [stdout] warning: `...` range patterns are deprecated
[INFO] [stdout]    --> src/lib.rs:158:20
[INFO] [stdout]     |
[INFO] [stdout] 158 |                 400...499 => api_error(std::str::from_utf8(res.get_body()).unwrap()),
[INFO] [stdout]     |                    ^^^ help: use `..=` for an inclusive range
[INFO] [stdout]     |
[INFO] [stdout]     = note: `#[warn(ellipsis_inclusive_range_patterns)]` on by default
[INFO] [stdout] 
[INFO] [stdout] 
[INFO] [stdout] error: aborting due to 2 previous errors; 1 warning emitted
[INFO] [stdout] 
[INFO] [stdout] 
[INFO] [stdout] Some errors have detailed explanations: E0425, E0432.
[INFO] [stdout] 
[INFO] [stdout] For more information about an error, try `rustc --explain E0425`.
[INFO] [stdout] 
[INFO] [stderr] error: could not compile `po`.
[INFO] [stderr] 
[INFO] [stderr] To learn more, run the command again with --verbose.
[INFO] [stderr] warning: build failed, waiting for other jobs to finish...
[INFO] [stdout] error: aborting due to 2 previous errors; 1 warning emitted
[INFO] [stdout] 
[INFO] [stdout] 
[INFO] [stdout] Some errors have detailed explanations: E0425, E0432.
[INFO] [stdout] 
[INFO] [stdout] For more information about an error, try `rustc --explain E0425`.
[INFO] [stdout] 
[INFO] [stderr] error: build failed
[INFO] running `Command { std: "docker" "inspect" "9007bbe62c680c5147f6b350369893e26925f50b8d5f81cc6b7bfd07aaf7ada0", kill_on_drop: false }`
[INFO] running `Command { std: "docker" "rm" "-f" "9007bbe62c680c5147f6b350369893e26925f50b8d5f81cc6b7bfd07aaf7ada0", kill_on_drop: false }`
[INFO] [stdout] 9007bbe62c680c5147f6b350369893e26925f50b8d5f81cc6b7bfd07aaf7ada0
