[INFO] fetching crate pin-rc 0.1.0...
[INFO] checking pin-rc-0.1.0 against beta-2020-07-24 for pr-75494-beta
[INFO] extracting crate pin-rc 0.1.0 into /workspace/builds/worker-5/source
[INFO] validating manifest of crates.io crate pin-rc 0.1.0 on toolchain beta-2020-07-24
[INFO] running `Command { std: "/workspace/cargo-home/bin/cargo" "+beta-2020-07-24" "read-manifest" "--manifest-path" "Cargo.toml", kill_on_drop: false }`
[INFO] started tweaking crates.io crate pin-rc 0.1.0
[INFO] finished tweaking crates.io crate pin-rc 0.1.0
[INFO] tweaked toml for crates.io crate pin-rc 0.1.0 written to /workspace/builds/worker-5/source/Cargo.toml
[INFO] running `Command { std: "/workspace/cargo-home/bin/cargo" "+beta-2020-07-24" "generate-lockfile" "--manifest-path" "Cargo.toml" "-Zno-index-update", kill_on_drop: false }`
[INFO] running `Command { std: "/workspace/cargo-home/bin/cargo" "+beta-2020-07-24" "fetch" "--locked" "--manifest-path" "Cargo.toml", kill_on_drop: false }`
[INFO] running `Command { std: "docker" "create" "-v" "/var/lib/crater-agent-workspace/builds/worker-5/target:/opt/rustwide/target:rw,Z" "-v" "/var/lib/crater-agent-workspace/builds/worker-5/source:/opt/rustwide/workdir:ro,Z" "-v" "/var/lib/crater-agent-workspace/cargo-home:/opt/rustwide/cargo-home:ro,Z" "-v" "/var/lib/crater-agent-workspace/rustup-home:/opt/rustwide/rustup-home:ro,Z" "-e" "SOURCE_DIR=/opt/rustwide/workdir" "-e" "CARGO_TARGET_DIR=/opt/rustwide/target" "-e" "CARGO_HOME=/opt/rustwide/cargo-home" "-e" "RUSTUP_HOME=/opt/rustwide/rustup-home" "-w" "/opt/rustwide/workdir" "-m" "1610612736" "--user" "0:0" "--network" "none" "rustops/crates-build-env@sha256:a636fd89d022f18117e1dc8fb37a0a009933cdbbe082814857f0e2024962d47c" "/opt/rustwide/cargo-home/bin/cargo" "+beta-2020-07-24" "metadata" "--no-deps" "--format-version=1", kill_on_drop: false }`
[INFO] [stdout] 702e295445d0af9025de861528808b9146cd98cbb571c8a0e17ab2debb3f132d
[INFO] [stderr] WARNING: Your kernel does not support swap limit capabilities or the cgroup is not mounted. Memory limited without swap.
[INFO] running `Command { std: "docker" "start" "-a" "702e295445d0af9025de861528808b9146cd98cbb571c8a0e17ab2debb3f132d", kill_on_drop: false }`
[INFO] running `Command { std: "docker" "inspect" "702e295445d0af9025de861528808b9146cd98cbb571c8a0e17ab2debb3f132d", kill_on_drop: false }`
[INFO] running `Command { std: "docker" "rm" "-f" "702e295445d0af9025de861528808b9146cd98cbb571c8a0e17ab2debb3f132d", kill_on_drop: false }`
[INFO] [stdout] 702e295445d0af9025de861528808b9146cd98cbb571c8a0e17ab2debb3f132d
[INFO] running `Command { std: "docker" "create" "-v" "/var/lib/crater-agent-workspace/builds/worker-5/target:/opt/rustwide/target:rw,Z" "-v" "/var/lib/crater-agent-workspace/builds/worker-5/source:/opt/rustwide/workdir:ro,Z" "-v" "/var/lib/crater-agent-workspace/cargo-home:/opt/rustwide/cargo-home:ro,Z" "-v" "/var/lib/crater-agent-workspace/rustup-home:/opt/rustwide/rustup-home:ro,Z" "-e" "SOURCE_DIR=/opt/rustwide/workdir" "-e" "CARGO_TARGET_DIR=/opt/rustwide/target" "-e" "CARGO_INCREMENTAL=0" "-e" "RUST_BACKTRACE=full" "-e" "RUSTFLAGS=--cap-lints=forbid" "-e" "CARGO_HOME=/opt/rustwide/cargo-home" "-e" "RUSTUP_HOME=/opt/rustwide/rustup-home" "-w" "/opt/rustwide/workdir" "-m" "1610612736" "--user" "0:0" "--network" "none" "rustops/crates-build-env@sha256:a636fd89d022f18117e1dc8fb37a0a009933cdbbe082814857f0e2024962d47c" "/opt/rustwide/cargo-home/bin/cargo" "+beta-2020-07-24" "check" "--frozen" "--all" "--all-targets" "--message-format=json", kill_on_drop: false }`
[INFO] [stdout] a5d48cb3c7af39ad582270526e8a7674856f5543797804ecdcf1231acc1c0805
[INFO] [stderr] WARNING: Your kernel does not support swap limit capabilities or the cgroup is not mounted. Memory limited without swap.
[INFO] running `Command { std: "docker" "start" "-a" "a5d48cb3c7af39ad582270526e8a7674856f5543797804ecdcf1231acc1c0805", kill_on_drop: false }`
[INFO] [stderr]     Checking pin-rc v0.1.0 (/opt/rustwide/workdir)
[INFO] [stdout] error[E0432]: unresolved import `std::mem::Pin`
[INFO] [stdout]  --> src/pin_rc.rs:3:5
[INFO] [stdout]   |
[INFO] [stdout] 3 | use std::mem::Pin;
[INFO] [stdout]   |     ^^^^^^^^^^^^^ no `Pin` in `mem`
[INFO] [stdout] 
[INFO] [stdout] 
[INFO] [stdout] error[E0432]: unresolved import `std::mem::Pin`
[INFO] [stdout]  --> src/pin_arc.rs:5:5
[INFO] [stdout]   |
[INFO] [stdout] 5 | use std::mem::Pin;
[INFO] [stdout]   |     ^^^^^^^^^^^^^ no `Pin` in `mem`
[INFO] [stdout] 
[INFO] [stdout] 
[INFO] [stdout] error[E0432]: unresolved import `std::mem::Pin`
[INFO] [stdout]   --> src/lib.rs:14:9
[INFO] [stdout]    |
[INFO] [stdout] 14 |     use std::mem::Pin;
[INFO] [stdout]    |         ^^^^^^^^^^^^^ no `Pin` in `mem`
[INFO] [stdout] 
[INFO] [stdout] 
[INFO] [stdout] error[E0554]: `#![feature]` may not be used on the beta release channel
[INFO] [stdout]  --> src/lib.rs:1:19
[INFO] [stdout]   |
[INFO] [stdout] 1 | #![cfg_attr(test, feature(generators, generator_trait))]
[INFO] [stdout]   |                   ^^^^^^^^^^^^^^^^^^^^^^^^^^^^^^^^^^^^
[INFO] [stdout] 
[INFO] [stdout] 
[INFO] [stdout] error[E0554]: `#![feature]` may not be used on the beta release channel
[INFO] [stdout]  --> src/lib.rs:2:1
[INFO] [stdout]   |
[INFO] [stdout] 2 | #![feature(pin)]
[INFO] [stdout]   | ^^^^^^^^^^^^^^^^
[INFO] [stdout] 
[INFO] [stdout] 
[INFO] [stdout] error[E0432]: unresolved import `std::mem::Pin`
[INFO] [stdout]  --> src/pin_rc.rs:3:5
[INFO] [stdout]   |
[INFO] [stdout] 3 | use std::mem::Pin;
[INFO] [stdout]   |     ^^^^^^^^^^^^^ no `Pin` in `mem`
[INFO] [stdout] 
[INFO] [stdout] 
[INFO] [stdout] error[E0432]: unresolved import `std::mem::Pin`
[INFO] [stdout]  --> src/pin_arc.rs:5:5
[INFO] [stdout]   |
[INFO] [stdout] 5 | use std::mem::Pin;
[INFO] [stdout]   |     ^^^^^^^^^^^^^ no `Pin` in `mem`
[INFO] [stdout] 
[INFO] [stdout] 
[INFO] [stdout] error[E0554]: `#![feature]` may not be used on the beta release channel
[INFO] [stdout]  --> src/lib.rs:2:1
[INFO] [stdout]   |
[INFO] [stdout] 2 | #![feature(pin)]
[INFO] [stdout]   | ^^^^^^^^^^^^^^^^
[INFO] [stdout] 
[INFO] [stdout] 
[INFO] [stdout] error[E0658]: yield syntax is experimental
[INFO] [stdout]   --> src/lib.rs:34:17
[INFO] [stdout]    |
[INFO] [stdout] 34 |                 yield i;
[INFO] [stdout]    |                 ^^^^^^^
[INFO] [stdout]    |
[INFO] [stdout]    = note: see issue #43122 <https://github.com/rust-lang/rust/issues/43122> for more information
[INFO] [stdout] 
[INFO] [stdout] 
[INFO] [stdout] error[E0658]: yield syntax is experimental
[INFO] [stdout]   --> src/lib.rs:50:17
[INFO] [stdout]    |
[INFO] [stdout] 50 |                 yield i;
[INFO] [stdout]    |                 ^^^^^^^
[INFO] [stdout]    |
[INFO] [stdout]    = note: see issue #43122 <https://github.com/rust-lang/rust/issues/43122> for more information
[INFO] [stdout] 
[INFO] [stdout] 
[INFO] [stdout] error[E0698]: type inside generator must be known in this context
[INFO] [stdout]   --> src/lib.rs:33:22
[INFO] [stdout]    |
[INFO] [stdout] 33 |             for i in 0..10 {
[INFO] [stdout]    |                      ^ cannot infer type for type `{integer}`
[INFO] [stdout]    |
[INFO] [stdout] note: the type is part of the generator because of this `yield`
[INFO] [stdout]   --> src/lib.rs:34:17
[INFO] [stdout]    |
[INFO] [stdout] 34 |                 yield i;
[INFO] [stdout]    |                 ^^^^^^^
[INFO] [stdout] 
[INFO] [stdout] 
[INFO] [stdout] error[E0698]: type inside generator must be known in this context
[INFO] [stdout]   --> src/lib.rs:33:25
[INFO] [stdout]    |
[INFO] [stdout] 33 |             for i in 0..10 {
[INFO] [stdout]    |                         ^^ cannot infer type for type `{integer}`
[INFO] [stdout]    |
[INFO] [stdout] note: the type is part of the generator because of this `yield`
[INFO] [stdout]   --> src/lib.rs:34:17
[INFO] [stdout]    |
[INFO] [stdout] 34 |                 yield i;
[INFO] [stdout]    |                 ^^^^^^^
[INFO] [stdout] 
[INFO] [stdout] 
[INFO] [stdout] error[E0698]: type inside generator must be known in this context
[INFO] [stdout]   --> src/lib.rs:33:22
[INFO] [stdout]    |
[INFO] [stdout] 33 |             for i in 0..10 {
[INFO] [stdout]    |                      ^^^^^ cannot infer type for type `{integer}`
[INFO] [stdout]    |
[INFO] [stdout] note: the type is part of the generator because of this `yield`
[INFO] [stdout]   --> src/lib.rs:34:17
[INFO] [stdout]    |
[INFO] [stdout] 34 |                 yield i;
[INFO] [stdout]    |                 ^^^^^^^
[INFO] [stdout] 
[INFO] [stdout] 
[INFO] [stdout] error[E0698]: type inside generator must be known in this context
[INFO] [stdout]   --> src/lib.rs:33:22
[INFO] [stdout]    |
[INFO] [stdout] 33 |             for i in 0..10 {
[INFO] [stdout]    |                      ^^^^^ cannot infer type for type `{integer}`
[INFO] [stdout]    |
[INFO] [stdout] note: the type is part of the generator because of this `yield`
[INFO] [stdout]   --> src/lib.rs:34:17
[INFO] [stdout]    |
[INFO] [stdout] 34 |                 yield i;
[INFO] [stdout]    |                 ^^^^^^^
[INFO] [stdout] 
[INFO] [stdout] 
[INFO] [stdout] error[E0698]: type inside generator must be known in this context
[INFO] [stdout]   --> src/lib.rs:33:17
[INFO] [stdout]    |
[INFO] [stdout] 33 |             for i in 0..10 {
[INFO] [stdout]    |                 ^ cannot infer type for type `{integer}`
[INFO] [stdout]    |
[INFO] [stdout] note: the type is part of the generator because of this `yield`
[INFO] [stdout]   --> src/lib.rs:34:17
[INFO] [stdout]    |
[INFO] [stdout] 34 |                 yield i;
[INFO] [stdout]    |                 ^^^^^^^
[INFO] [stdout] 
[INFO] [stdout] 
[INFO] [stdout] error[E0698]: type inside generator must be known in this context
[INFO] [stdout]   --> src/lib.rs:34:23
[INFO] [stdout]    |
[INFO] [stdout] 34 |                 yield i;
[INFO] [stdout]    |                       ^ cannot infer type for type `{integer}`
[INFO] [stdout]    |
[INFO] [stdout] note: the type is part of the generator because of this `yield`
[INFO] [stdout]   --> src/lib.rs:34:17
[INFO] [stdout]    |
[INFO] [stdout] 34 |                 yield i;
[INFO] [stdout]    |                 ^^^^^^^
[INFO] [stdout] 
[INFO] [stdout] 
[INFO] [stdout] error[E0698]: type inside generator must be known in this context
[INFO] [stdout]   --> src/lib.rs:49:22
[INFO] [stdout]    |
[INFO] [stdout] 49 |             for i in 0..10 {
[INFO] [stdout]    |                      ^ cannot infer type for type `{integer}`
[INFO] [stdout]    |
[INFO] [stdout] note: the type is part of the generator because of this `yield`
[INFO] [stdout]   --> src/lib.rs:50:17
[INFO] [stdout]    |
[INFO] [stdout] 50 |                 yield i;
[INFO] [stdout]    |                 ^^^^^^^
[INFO] [stdout] 
[INFO] [stdout] 
[INFO] [stdout] error[E0698]: type inside generator must be known in this context
[INFO] [stdout]   --> src/lib.rs:49:25
[INFO] [stdout]    |
[INFO] [stdout] 49 |             for i in 0..10 {
[INFO] [stdout]    |                         ^^ cannot infer type for type `{integer}`
[INFO] [stdout]    |
[INFO] [stdout] note: the type is part of the generator because of this `yield`
[INFO] [stdout]   --> src/lib.rs:50:17
[INFO] [stdout]    |
[INFO] [stdout] 50 |                 yield i;
[INFO] [stdout]    |                 ^^^^^^^
[INFO] [stdout] 
[INFO] [stdout] 
[INFO] [stdout] error[E0698]: type inside generator must be known in this context
[INFO] [stdout]   --> src/lib.rs:49:22
[INFO] [stdout]    |
[INFO] [stdout] 49 |             for i in 0..10 {
[INFO] [stdout]    |                      ^^^^^ cannot infer type for type `{integer}`
[INFO] [stdout]    |
[INFO] [stdout] note: the type is part of the generator because of this `yield`
[INFO] [stdout]   --> src/lib.rs:50:17
[INFO] [stdout]    |
[INFO] [stdout] 50 |                 yield i;
[INFO] [stdout]    |                 ^^^^^^^
[INFO] [stdout] 
[INFO] [stdout] 
[INFO] [stdout] error[E0698]: type inside generator must be known in this context
[INFO] [stdout]   --> src/lib.rs:49:22
[INFO] [stdout]    |
[INFO] [stdout] 49 |             for i in 0..10 {
[INFO] [stdout]    |                      ^^^^^ cannot infer type for type `{integer}`
[INFO] [stdout]    |
[INFO] [stdout] note: the type is part of the generator because of this `yield`
[INFO] [stdout]   --> src/lib.rs:50:17
[INFO] [stdout]    |
[INFO] [stdout] 50 |                 yield i;
[INFO] [stdout]    |                 ^^^^^^^
[INFO] [stdout] 
[INFO] [stdout] 
[INFO] [stdout] error[E0698]: type inside generator must be known in this context
[INFO] [stdout]   --> src/lib.rs:49:17
[INFO] [stdout]    |
[INFO] [stdout] 49 |             for i in 0..10 {
[INFO] [stdout]    |                 ^ cannot infer type for type `{integer}`
[INFO] [stdout]    |
[INFO] [stdout] note: the type is part of the generator because of this `yield`
[INFO] [stdout]   --> src/lib.rs:50:17
[INFO] [stdout]    |
[INFO] [stdout] 50 |                 yield i;
[INFO] [stdout]    |                 ^^^^^^^
[INFO] [stdout] 
[INFO] [stdout] 
[INFO] [stdout] error[E0698]: type inside generator must be known in this context
[INFO] [stdout]   --> src/lib.rs:50:23
[INFO] [stdout]    |
[INFO] [stdout] 50 |                 yield i;
[INFO] [stdout]    |                       ^ cannot infer type for type `{integer}`
[INFO] [stdout]    |
[INFO] [stdout] note: the type is part of the generator because of this `yield`
[INFO] [stdout]   --> src/lib.rs:50:17
[INFO] [stdout]    |
[INFO] [stdout] 50 |                 yield i;
[INFO] [stdout]    |                 ^^^^^^^
[INFO] [stdout] 
[INFO] [stdout] 
[INFO] [stdout] error: aborting due to 5 previous errors
[INFO] [stdout] 
[INFO] [stdout] 
[INFO] [stdout] Some errors have detailed explanations: E0432, E0554, E0658.
[INFO] [stdout] 
[INFO] [stdout] For more information about an error, try `rustc --explain E0432`.
[INFO] [stdout] 
[INFO] [stderr] error: could not compile `pin-rc`.
[INFO] [stdout] error: aborting due to 17 previous errors
[INFO] [stdout] 
[INFO] [stdout] 
[INFO] [stderr] 
[INFO] [stdout] Some errors have detailed explanations: E0432, E0554, E0698.
[INFO] [stdout] 
[INFO] [stderr] To learn more, run the command again with --verbose.
[INFO] [stdout] For more information about an error, try `rustc --explain E0432`.
[INFO] [stdout] 
[INFO] [stderr] warning: build failed, waiting for other jobs to finish...
[INFO] [stderr] error: build failed
[INFO] running `Command { std: "docker" "inspect" "a5d48cb3c7af39ad582270526e8a7674856f5543797804ecdcf1231acc1c0805", kill_on_drop: false }`
[INFO] running `Command { std: "docker" "rm" "-f" "a5d48cb3c7af39ad582270526e8a7674856f5543797804ecdcf1231acc1c0805", kill_on_drop: false }`
[INFO] [stdout] a5d48cb3c7af39ad582270526e8a7674856f5543797804ecdcf1231acc1c0805
