[INFO] fetching crate papyrus 0.17.1...
[INFO] checking papyrus-0.17.1 against beta-2020-07-24 for pr-75494-beta
[INFO] extracting crate papyrus 0.17.1 into /workspace/builds/worker-2/source
[INFO] validating manifest of crates.io crate papyrus 0.17.1 on toolchain beta-2020-07-24
[INFO] running `Command { std: "/workspace/cargo-home/bin/cargo" "+beta-2020-07-24" "read-manifest" "--manifest-path" "Cargo.toml", kill_on_drop: false }`
[INFO] started tweaking crates.io crate papyrus 0.17.1
[INFO] removed 0 missing examples
[INFO] finished tweaking crates.io crate papyrus 0.17.1
[INFO] tweaked toml for crates.io crate papyrus 0.17.1 written to /workspace/builds/worker-2/source/Cargo.toml
[INFO] crate crates.io crate papyrus 0.17.1 already has a lockfile, it will not be regenerated
[INFO] running `Command { std: "/workspace/cargo-home/bin/cargo" "+beta-2020-07-24" "fetch" "--locked" "--manifest-path" "Cargo.toml", kill_on_drop: false }`
[INFO] [stderr]     Blocking waiting for file lock on package cache
[INFO] [stderr]     Blocking waiting for file lock on package cache
[INFO] running `Command { std: "docker" "create" "-v" "/var/lib/crater-agent-workspace/builds/worker-2/target:/opt/rustwide/target:rw,Z" "-v" "/var/lib/crater-agent-workspace/builds/worker-2/source:/opt/rustwide/workdir:ro,Z" "-v" "/var/lib/crater-agent-workspace/cargo-home:/opt/rustwide/cargo-home:ro,Z" "-v" "/var/lib/crater-agent-workspace/rustup-home:/opt/rustwide/rustup-home:ro,Z" "-e" "SOURCE_DIR=/opt/rustwide/workdir" "-e" "CARGO_TARGET_DIR=/opt/rustwide/target" "-e" "CARGO_HOME=/opt/rustwide/cargo-home" "-e" "RUSTUP_HOME=/opt/rustwide/rustup-home" "-w" "/opt/rustwide/workdir" "-m" "1610612736" "--user" "0:0" "--network" "none" "rustops/crates-build-env@sha256:a636fd89d022f18117e1dc8fb37a0a009933cdbbe082814857f0e2024962d47c" "/opt/rustwide/cargo-home/bin/cargo" "+beta-2020-07-24" "metadata" "--no-deps" "--format-version=1", kill_on_drop: false }`
[INFO] [stdout] c4679cc933abd78f8cd48debba10f0a41e1be68df2715a2e3f051f654cbd42c7
[INFO] [stderr] WARNING: Your kernel does not support swap limit capabilities or the cgroup is not mounted. Memory limited without swap.
[INFO] running `Command { std: "docker" "start" "-a" "c4679cc933abd78f8cd48debba10f0a41e1be68df2715a2e3f051f654cbd42c7", kill_on_drop: false }`
[INFO] running `Command { std: "docker" "inspect" "c4679cc933abd78f8cd48debba10f0a41e1be68df2715a2e3f051f654cbd42c7", kill_on_drop: false }`
[INFO] running `Command { std: "docker" "rm" "-f" "c4679cc933abd78f8cd48debba10f0a41e1be68df2715a2e3f051f654cbd42c7", kill_on_drop: false }`
[INFO] [stdout] c4679cc933abd78f8cd48debba10f0a41e1be68df2715a2e3f051f654cbd42c7
[INFO] running `Command { std: "docker" "create" "-v" "/var/lib/crater-agent-workspace/builds/worker-2/target:/opt/rustwide/target:rw,Z" "-v" "/var/lib/crater-agent-workspace/builds/worker-2/source:/opt/rustwide/workdir:ro,Z" "-v" "/var/lib/crater-agent-workspace/cargo-home:/opt/rustwide/cargo-home:ro,Z" "-v" "/var/lib/crater-agent-workspace/rustup-home:/opt/rustwide/rustup-home:ro,Z" "-e" "SOURCE_DIR=/opt/rustwide/workdir" "-e" "CARGO_TARGET_DIR=/opt/rustwide/target" "-e" "CARGO_INCREMENTAL=0" "-e" "RUST_BACKTRACE=full" "-e" "RUSTFLAGS=--cap-lints=forbid" "-e" "CARGO_HOME=/opt/rustwide/cargo-home" "-e" "RUSTUP_HOME=/opt/rustwide/rustup-home" "-w" "/opt/rustwide/workdir" "-m" "1610612736" "--user" "0:0" "--network" "none" "rustops/crates-build-env@sha256:a636fd89d022f18117e1dc8fb37a0a009933cdbbe082814857f0e2024962d47c" "/opt/rustwide/cargo-home/bin/cargo" "+beta-2020-07-24" "check" "--frozen" "--all" "--all-targets" "--message-format=json", kill_on_drop: false }`
[INFO] [stdout] 274a8fcfb2f4018667e07419700cbe352f45f7673f53046b0838bab65b26fcde
[INFO] [stderr] WARNING: Your kernel does not support swap limit capabilities or the cgroup is not mounted. Memory limited without swap.
[INFO] running `Command { std: "docker" "start" "-a" "274a8fcfb2f4018667e07419700cbe352f45f7673f53046b0838bab65b26fcde", kill_on_drop: false }`
[INFO] [stderr]    Compiling syn v1.0.35
[INFO] [stderr]    Compiling semver-parser v0.7.0
[INFO] [stderr]     Checking smallvec v1.4.1
[INFO] [stderr]     Checking either v1.5.3
[INFO] [stderr]    Compiling rustc-rayon-core v0.3.0
[INFO] [stderr]     Checking byte-tools v0.3.1
[INFO] [stderr]     Checking rustc-hash v1.1.0
[INFO] [stderr]     Checking rustc-ap-rustc_graphviz v669.0.0
[INFO] [stderr]     Checking opaque-debug v0.2.3
[INFO] [stderr]     Checking fake-simd v0.1.2
[INFO] [stderr]    Compiling rustc-ap-rustc_ast v669.0.0
[INFO] [stderr]    Compiling rustc-ap-rustc_target v669.0.0
[INFO] [stderr]     Checking annotate-snippets v0.8.0
[INFO] [stderr]     Checking rustc-ap-rustc_fs_util v669.0.0
[INFO] [stderr]     Checking tinyvec v0.3.3
[INFO] [stderr]    Compiling libloading v0.6.2
[INFO] [stdout] error[E0554]: `#![feature]` may not be used on the beta release channel
[INFO] [stdout]   --> /opt/rustwide/cargo-home/registry/src/github.com-1ecc6299db9ec823/smallvec-1.4.1/lib.rs:74:32
[INFO] [stdout]    |
[INFO] [stdout] 74 | #![cfg_attr(feature = "union", feature(untagged_unions))]
[INFO] [stdout]    |                                ^^^^^^^^^^^^^^^^^^^^^^^^
[INFO] [stdout] 
[INFO] [stdout] 
[INFO] [stdout] error[E0554]: `#![feature]` may not be used on the beta release channel
[INFO] [stdout]   --> /opt/rustwide/cargo-home/registry/src/github.com-1ecc6299db9ec823/smallvec-1.4.1/lib.rs:76:37
[INFO] [stdout]    |
[INFO] [stdout] 76 | #![cfg_attr(feature = "may_dangle", feature(dropck_eyepatch))]
[INFO] [stdout]    |                                     ^^^^^^^^^^^^^^^^^^^^^^^^
[INFO] [stdout] 
[INFO] [stdout] 
[INFO] [stdout] error[E0554]: `#![feature]` may not be used on the beta release channel
[INFO] [stdout]    --> /opt/rustwide/cargo-home/registry/src/github.com-1ecc6299db9ec823/rustc-ap-rustc_graphviz-669.0.0/lib.rs:278:1
[INFO] [stdout]     |
[INFO] [stdout] 278 | #![feature(rustc_private, nll)]
[INFO] [stdout]     | ^^^^^^^^^^^^^^^^^^^^^^^^^^^^^^^
[INFO] [stdout] 
[INFO] [stdout] 
[INFO] [stderr]     Checking constant_time_eq v0.1.5
[INFO] [stderr]     Checking base91 v0.0.1
[INFO] [stderr]     Checking humantime v2.0.1
[INFO] [stderr]     Checking arrayvec v0.5.1
[INFO] [stdout] error: aborting due to 2 previous errors
[INFO] [stdout] 
[INFO] [stdout] 
[INFO] [stdout] For more information about this error, try `rustc --explain E0554`.
[INFO] [stdout] 
[INFO] [stderr] error: could not compile `smallvec`.
[INFO] [stderr] 
[INFO] [stderr] To learn more, run the command again with --verbose.
[INFO] [stderr] warning: build failed, waiting for other jobs to finish...
[INFO] [stdout] error: aborting due to previous error
[INFO] [stdout] 
[INFO] [stdout] 
[INFO] [stdout] For more information about this error, try `rustc --explain E0554`.
[INFO] [stdout] 
[INFO] [stderr] error: build failed
[INFO] running `Command { std: "docker" "inspect" "274a8fcfb2f4018667e07419700cbe352f45f7673f53046b0838bab65b26fcde", kill_on_drop: false }`
[INFO] running `Command { std: "docker" "rm" "-f" "274a8fcfb2f4018667e07419700cbe352f45f7673f53046b0838bab65b26fcde", kill_on_drop: false }`
[INFO] [stdout] 274a8fcfb2f4018667e07419700cbe352f45f7673f53046b0838bab65b26fcde
