[INFO] fetching crate oxcc-stm32f767 0.1.0...
[INFO] checking oxcc-stm32f767-0.1.0 against beta-2020-07-24 for pr-75494-beta
[INFO] extracting crate oxcc-stm32f767 0.1.0 into /workspace/builds/worker-7/source
[INFO] validating manifest of crates.io crate oxcc-stm32f767 0.1.0 on toolchain beta-2020-07-24
[INFO] running `Command { std: "/workspace/cargo-home/bin/cargo" "+beta-2020-07-24" "read-manifest" "--manifest-path" "Cargo.toml", kill_on_drop: false }`
[INFO] started tweaking crates.io crate oxcc-stm32f767 0.1.0
[INFO] finished tweaking crates.io crate oxcc-stm32f767 0.1.0
[INFO] tweaked toml for crates.io crate oxcc-stm32f767 0.1.0 written to /workspace/builds/worker-7/source/Cargo.toml
[INFO] running `Command { std: "/workspace/cargo-home/bin/cargo" "+beta-2020-07-24" "generate-lockfile" "--manifest-path" "Cargo.toml" "-Zno-index-update", kill_on_drop: false }`
[INFO] running `Command { std: "/workspace/cargo-home/bin/cargo" "+beta-2020-07-24" "fetch" "--locked" "--manifest-path" "Cargo.toml", kill_on_drop: false }`
[INFO] [stderr]     Blocking waiting for file lock on package cache
[INFO] running `Command { std: "docker" "create" "-v" "/var/lib/crater-agent-workspace/builds/worker-7/target:/opt/rustwide/target:rw,Z" "-v" "/var/lib/crater-agent-workspace/builds/worker-7/source:/opt/rustwide/workdir:ro,Z" "-v" "/var/lib/crater-agent-workspace/cargo-home:/opt/rustwide/cargo-home:ro,Z" "-v" "/var/lib/crater-agent-workspace/rustup-home:/opt/rustwide/rustup-home:ro,Z" "-e" "SOURCE_DIR=/opt/rustwide/workdir" "-e" "CARGO_TARGET_DIR=/opt/rustwide/target" "-e" "CARGO_HOME=/opt/rustwide/cargo-home" "-e" "RUSTUP_HOME=/opt/rustwide/rustup-home" "-w" "/opt/rustwide/workdir" "-m" "1610612736" "--user" "0:0" "--network" "none" "rustops/crates-build-env@sha256:a636fd89d022f18117e1dc8fb37a0a009933cdbbe082814857f0e2024962d47c" "/opt/rustwide/cargo-home/bin/cargo" "+beta-2020-07-24" "metadata" "--no-deps" "--format-version=1", kill_on_drop: false }`
[INFO] [stdout] 221705be151c43ac96bf46204322cc2f74d020b77e1fe0cdc94cf88094cc74e7
[INFO] [stderr] WARNING: Your kernel does not support swap limit capabilities or the cgroup is not mounted. Memory limited without swap.
[INFO] running `Command { std: "docker" "start" "-a" "221705be151c43ac96bf46204322cc2f74d020b77e1fe0cdc94cf88094cc74e7", kill_on_drop: false }`
[INFO] running `Command { std: "docker" "inspect" "221705be151c43ac96bf46204322cc2f74d020b77e1fe0cdc94cf88094cc74e7", kill_on_drop: false }`
[INFO] running `Command { std: "docker" "rm" "-f" "221705be151c43ac96bf46204322cc2f74d020b77e1fe0cdc94cf88094cc74e7", kill_on_drop: false }`
[INFO] [stdout] 221705be151c43ac96bf46204322cc2f74d020b77e1fe0cdc94cf88094cc74e7
[INFO] running `Command { std: "docker" "create" "-v" "/var/lib/crater-agent-workspace/builds/worker-7/target:/opt/rustwide/target:rw,Z" "-v" "/var/lib/crater-agent-workspace/builds/worker-7/source:/opt/rustwide/workdir:ro,Z" "-v" "/var/lib/crater-agent-workspace/cargo-home:/opt/rustwide/cargo-home:ro,Z" "-v" "/var/lib/crater-agent-workspace/rustup-home:/opt/rustwide/rustup-home:ro,Z" "-e" "SOURCE_DIR=/opt/rustwide/workdir" "-e" "CARGO_TARGET_DIR=/opt/rustwide/target" "-e" "CARGO_INCREMENTAL=0" "-e" "RUST_BACKTRACE=full" "-e" "RUSTFLAGS=--cap-lints=forbid" "-e" "CARGO_HOME=/opt/rustwide/cargo-home" "-e" "RUSTUP_HOME=/opt/rustwide/rustup-home" "-w" "/opt/rustwide/workdir" "-m" "1610612736" "--user" "0:0" "--network" "none" "rustops/crates-build-env@sha256:a636fd89d022f18117e1dc8fb37a0a009933cdbbe082814857f0e2024962d47c" "/opt/rustwide/cargo-home/bin/cargo" "+beta-2020-07-24" "check" "--frozen" "--all" "--all-targets" "--message-format=json", kill_on_drop: false }`
[INFO] [stderr] WARNING: Your kernel does not support swap limit capabilities or the cgroup is not mounted. Memory limited without swap.
[INFO] [stdout] 47801456ff6cca997e1fdbfc5de7c2f69812941f9ab05f8d63e9c0bd753cd5f5
[INFO] running `Command { std: "docker" "start" "-a" "47801456ff6cca997e1fdbfc5de7c2f69812941f9ab05f8d63e9c0bd753cd5f5", kill_on_drop: false }`
[INFO] [stderr]    Compiling cortex-m v0.5.10
[INFO] [stderr]     Checking aligned v0.2.0
[INFO] [stderr]    Compiling oxcc-stm32f767 v0.1.0 (/opt/rustwide/workdir)
[INFO] [stderr]    Compiling bare-metal v0.2.5
[INFO] [stderr]     Checking generic-array v0.12.3
[INFO] [stderr]     Checking as-slice v0.1.3
[INFO] [stderr]     Checking aligned v0.3.4
[INFO] [stderr]     Checking cortex-m v0.6.3
[INFO] [stdout] warning: lint `private_no_mangle_statics` has been removed: `no longer a warning, `#[no_mangle]` statics always exported`
[INFO] [stdout]       --> src/stm32f7x7/mod.rs:504662:9
[INFO] [stdout]        |
[INFO] [stdout] 504662 | #[allow(private_no_mangle_statics)]
[INFO] [stdout]        |         ^^^^^^^^^^^^^^^^^^^^^^^^^
[INFO] [stdout]        |
[INFO] [stdout]        = note: `#[warn(renamed_and_removed_lints)]` on by default
[INFO] [stdout] 
[INFO] [stdout] 
[INFO] [stdout] warning: lint `private_no_mangle_statics` has been removed: `no longer a warning, `#[no_mangle]` statics always exported`
[INFO] [stdout]       --> src/stm32f7x7/mod.rs:504662:9
[INFO] [stdout]        |
[INFO] [stdout] 504662 | #[allow(private_no_mangle_statics)]
[INFO] [stdout]        |         ^^^^^^^^^^^^^^^^^^^^^^^^^
[INFO] [stdout]        |
[INFO] [stdout]        = note: `#[warn(renamed_and_removed_lints)]` on by default
[INFO] [stdout] 
[INFO] [stdout] 
[INFO] [stdout] error[E0554]: `#![feature]` may not be used on the beta release channel
[INFO] [stdout]  --> src/lib.rs:2:1
[INFO] [stdout]   |
[INFO] [stdout] 2 | #![feature(const_fn)]
[INFO] [stdout]   | ^^^^^^^^^^^^^^^^^^^^^
[INFO] [stdout] 
[INFO] [stdout] 
[INFO] [stdout] error[E0554]: `#![feature]` may not be used on the beta release channel
[INFO] [stdout]  --> src/lib.rs:3:1
[INFO] [stdout]   |
[INFO] [stdout] 3 | #![feature(try_from)]
[INFO] [stdout]   | ^^^^^^^^^^^^^^^^^^^^^
[INFO] [stdout] 
[INFO] [stdout] 
[INFO] [stdout] error[E0554]: `#![feature]` may not be used on the beta release channel
[INFO] [stdout]  --> src/lib.rs:2:1
[INFO] [stdout]   |
[INFO] [stdout] 2 | #![feature(const_fn)]
[INFO] [stdout]   | ^^^^^^^^^^^^^^^^^^^^^
[INFO] [stdout] 
[INFO] [stdout] 
[INFO] [stdout] error[E0554]: `#![feature]` may not be used on the beta release channel
[INFO] [stdout]  --> src/lib.rs:3:1
[INFO] [stdout]   |
[INFO] [stdout] 3 | #![feature(try_from)]
[INFO] [stdout]   | ^^^^^^^^^^^^^^^^^^^^^
[INFO] [stdout] 
[INFO] [stdout] 
[INFO] [stderr] error: could not compile `oxcc-stm32f767`.
[INFO] [stderr] 
[INFO] [stderr] Caused by:
[INFO] [stderr]   process didn't exit successfully: `rustc --crate-name oxcc_stm32f767 src/lib.rs --error-format=json --json=diagnostic-rendered-ansi --crate-type lib --emit=dep-info,metadata -Cembed-bitcode=no -C debuginfo=2 -C metadata=2c66d989dabe8768 -C extra-filename=-2c66d989dabe8768 --out-dir /opt/rustwide/target/debug/deps -L dependency=/opt/rustwide/target/debug/deps --extern bare_metal=/opt/rustwide/target/debug/deps/libbare_metal-e031b5518942963c.rmeta --extern cortex_m=/opt/rustwide/target/debug/deps/libcortex_m-d8000ed704aa8b51.rmeta --extern vcell=/opt/rustwide/target/debug/deps/libvcell-26c0afb41e86d883.rmeta --cap-lints=forbid` (signal: 9, SIGKILL: kill)
[INFO] [stderr] warning: build failed, waiting for other jobs to finish...
[INFO] [stdout] error: aborting due to 2 previous errors; 1 warning emitted
[INFO] [stdout] 
[INFO] [stdout] 
[INFO] [stdout] For more information about this error, try `rustc --explain E0554`.
[INFO] [stdout] 
[INFO] [stderr] error: build failed
[INFO] running `Command { std: "docker" "inspect" "47801456ff6cca997e1fdbfc5de7c2f69812941f9ab05f8d63e9c0bd753cd5f5", kill_on_drop: false }`
[INFO] running `Command { std: "docker" "rm" "-f" "47801456ff6cca997e1fdbfc5de7c2f69812941f9ab05f8d63e9c0bd753cd5f5", kill_on_drop: false }`
[INFO] [stdout] 47801456ff6cca997e1fdbfc5de7c2f69812941f9ab05f8d63e9c0bd753cd5f5
