[INFO] fetching crate optee-utee 0.0.1...
[INFO] checking optee-utee-0.0.1 against beta-2020-07-24 for pr-75494-beta
[INFO] extracting crate optee-utee 0.0.1 into /workspace/builds/worker-9/source
[INFO] validating manifest of crates.io crate optee-utee 0.0.1 on toolchain beta-2020-07-24
[INFO] running `Command { std: "/workspace/cargo-home/bin/cargo" "+beta-2020-07-24" "read-manifest" "--manifest-path" "Cargo.toml", kill_on_drop: false }`
[INFO] started tweaking crates.io crate optee-utee 0.0.1
[INFO] finished tweaking crates.io crate optee-utee 0.0.1
[INFO] tweaked toml for crates.io crate optee-utee 0.0.1 written to /workspace/builds/worker-9/source/Cargo.toml
[INFO] running `Command { std: "/workspace/cargo-home/bin/cargo" "+beta-2020-07-24" "generate-lockfile" "--manifest-path" "Cargo.toml" "-Zno-index-update", kill_on_drop: false }`
[INFO] running `Command { std: "/workspace/cargo-home/bin/cargo" "+beta-2020-07-24" "fetch" "--locked" "--manifest-path" "Cargo.toml", kill_on_drop: false }`
[INFO] running `Command { std: "docker" "create" "-v" "/var/lib/crater-agent-workspace/builds/worker-9/target:/opt/rustwide/target:rw,Z" "-v" "/var/lib/crater-agent-workspace/builds/worker-9/source:/opt/rustwide/workdir:ro,Z" "-v" "/var/lib/crater-agent-workspace/cargo-home:/opt/rustwide/cargo-home:ro,Z" "-v" "/var/lib/crater-agent-workspace/rustup-home:/opt/rustwide/rustup-home:ro,Z" "-e" "SOURCE_DIR=/opt/rustwide/workdir" "-e" "CARGO_TARGET_DIR=/opt/rustwide/target" "-e" "CARGO_HOME=/opt/rustwide/cargo-home" "-e" "RUSTUP_HOME=/opt/rustwide/rustup-home" "-w" "/opt/rustwide/workdir" "-m" "1610612736" "--user" "0:0" "--network" "none" "rustops/crates-build-env@sha256:a636fd89d022f18117e1dc8fb37a0a009933cdbbe082814857f0e2024962d47c" "/opt/rustwide/cargo-home/bin/cargo" "+beta-2020-07-24" "metadata" "--no-deps" "--format-version=1", kill_on_drop: false }`
[INFO] [stdout] 8638c6419c7c734d8c9a2d8fac9839638519d9c77f041b683052fc94f6141e3c
[INFO] [stderr] WARNING: Your kernel does not support swap limit capabilities or the cgroup is not mounted. Memory limited without swap.
[INFO] running `Command { std: "docker" "start" "-a" "8638c6419c7c734d8c9a2d8fac9839638519d9c77f041b683052fc94f6141e3c", kill_on_drop: false }`
[INFO] running `Command { std: "docker" "inspect" "8638c6419c7c734d8c9a2d8fac9839638519d9c77f041b683052fc94f6141e3c", kill_on_drop: false }`
[INFO] running `Command { std: "docker" "rm" "-f" "8638c6419c7c734d8c9a2d8fac9839638519d9c77f041b683052fc94f6141e3c", kill_on_drop: false }`
[INFO] [stdout] 8638c6419c7c734d8c9a2d8fac9839638519d9c77f041b683052fc94f6141e3c
[INFO] running `Command { std: "docker" "create" "-v" "/var/lib/crater-agent-workspace/builds/worker-9/target:/opt/rustwide/target:rw,Z" "-v" "/var/lib/crater-agent-workspace/builds/worker-9/source:/opt/rustwide/workdir:ro,Z" "-v" "/var/lib/crater-agent-workspace/cargo-home:/opt/rustwide/cargo-home:ro,Z" "-v" "/var/lib/crater-agent-workspace/rustup-home:/opt/rustwide/rustup-home:ro,Z" "-e" "SOURCE_DIR=/opt/rustwide/workdir" "-e" "CARGO_TARGET_DIR=/opt/rustwide/target" "-e" "CARGO_INCREMENTAL=0" "-e" "RUST_BACKTRACE=full" "-e" "RUSTFLAGS=--cap-lints=forbid" "-e" "CARGO_HOME=/opt/rustwide/cargo-home" "-e" "RUSTUP_HOME=/opt/rustwide/rustup-home" "-w" "/opt/rustwide/workdir" "-m" "1610612736" "--user" "0:0" "--network" "none" "rustops/crates-build-env@sha256:a636fd89d022f18117e1dc8fb37a0a009933cdbbe082814857f0e2024962d47c" "/opt/rustwide/cargo-home/bin/cargo" "+beta-2020-07-24" "check" "--frozen" "--all" "--all-targets" "--message-format=json", kill_on_drop: false }`
[INFO] [stdout] c21c8d55fd253c5b35d705d48bd13aed5bffab93a68404caebf8932e84f46ae1
[INFO] [stderr] WARNING: Your kernel does not support swap limit capabilities or the cgroup is not mounted. Memory limited without swap.
[INFO] running `Command { std: "docker" "start" "-a" "c21c8d55fd253c5b35d705d48bd13aed5bffab93a68404caebf8932e84f46ae1", kill_on_drop: false }`
[INFO] [stderr]     Blocking waiting for file lock on package cache
[INFO] [stderr]    Compiling optee-utee-sys v0.0.1
[INFO] [stderr]    Compiling proc-macro2 v0.4.30
[INFO] [stdout] error[E0308]: mismatched types
[INFO] [stdout]   --> /opt/rustwide/cargo-home/registry/src/github.com-1ecc6299db9ec823/optee-utee-sys-0.0.1/src/user_ta_header.rs:24:56
[INFO] [stdout]    |
[INFO] [stdout] 24 | pub const TA_PROP_STR_SINGLE_INSTANCE: *const c_char = "gpd.ta.singleInstance\0".as_ptr();
[INFO] [stdout]    |                                                        ^^^^^^^^^^^^^^^^^^^^^^^^^^^^^^^^^^ expected `i8`, found `u8`
[INFO] [stdout]    |
[INFO] [stdout]    = note: expected raw pointer `*const i8`
[INFO] [stdout]               found raw pointer `*const u8`
[INFO] [stdout] 
[INFO] [stdout] 
[INFO] [stdout] error[E0308]: mismatched types
[INFO] [stdout]   --> /opt/rustwide/cargo-home/registry/src/github.com-1ecc6299db9ec823/optee-utee-sys-0.0.1/src/user_ta_header.rs:25:54
[INFO] [stdout]    |
[INFO] [stdout] 25 | pub const TA_PROP_STR_MULTI_SESSION: *const c_char = "gpd.ta.multiSession\0".as_ptr();
[INFO] [stdout]    |                                                      ^^^^^^^^^^^^^^^^^^^^^^^^^^^^^^^^ expected `i8`, found `u8`
[INFO] [stdout]    |
[INFO] [stdout]    = note: expected raw pointer `*const i8`
[INFO] [stdout]               found raw pointer `*const u8`
[INFO] [stdout] 
[INFO] [stdout] 
[INFO] [stdout] error[E0308]: mismatched types
[INFO] [stdout]   --> /opt/rustwide/cargo-home/registry/src/github.com-1ecc6299db9ec823/optee-utee-sys-0.0.1/src/user_ta_header.rs:26:51
[INFO] [stdout]    |
[INFO] [stdout] 26 | pub const TA_PROP_STR_KEEP_ALIVE: *const c_char = "gpd.ta.instanceKeepAlive\0".as_ptr();
[INFO] [stdout]    |                                                   ^^^^^^^^^^^^^^^^^^^^^^^^^^^^^^^^^^^^^ expected `i8`, found `u8`
[INFO] [stdout]    |
[INFO] [stdout]    = note: expected raw pointer `*const i8`
[INFO] [stdout]               found raw pointer `*const u8`
[INFO] [stdout] 
[INFO] [stdout] 
[INFO] [stdout] error[E0308]: mismatched types
[INFO] [stdout]   --> /opt/rustwide/cargo-home/registry/src/github.com-1ecc6299db9ec823/optee-utee-sys-0.0.1/src/user_ta_header.rs:27:50
[INFO] [stdout]    |
[INFO] [stdout] 27 | pub const TA_PROP_STR_DATA_SIZE: *const c_char = "gpd.ta.dataSize\0".as_ptr();
[INFO] [stdout]    |                                                  ^^^^^^^^^^^^^^^^^^^^^^^^^^^^ expected `i8`, found `u8`
[INFO] [stdout]    |
[INFO] [stdout]    = note: expected raw pointer `*const i8`
[INFO] [stdout]               found raw pointer `*const u8`
[INFO] [stdout] 
[INFO] [stdout] 
[INFO] [stdout] error[E0308]: mismatched types
[INFO] [stdout]   --> /opt/rustwide/cargo-home/registry/src/github.com-1ecc6299db9ec823/optee-utee-sys-0.0.1/src/user_ta_header.rs:28:51
[INFO] [stdout]    |
[INFO] [stdout] 28 | pub const TA_PROP_STR_STACK_SIZE: *const c_char = "gpd.ta.stackSize\0".as_ptr();
[INFO] [stdout]    |                                                   ^^^^^^^^^^^^^^^^^^^^^^^^^^^^^ expected `i8`, found `u8`
[INFO] [stdout]    |
[INFO] [stdout]    = note: expected raw pointer `*const i8`
[INFO] [stdout]               found raw pointer `*const u8`
[INFO] [stdout] 
[INFO] [stdout] 
[INFO] [stdout] error[E0308]: mismatched types
[INFO] [stdout]   --> /opt/rustwide/cargo-home/registry/src/github.com-1ecc6299db9ec823/optee-utee-sys-0.0.1/src/user_ta_header.rs:29:48
[INFO] [stdout]    |
[INFO] [stdout] 29 | pub const TA_PROP_STR_VERSION: *const c_char = "gpd.ta.version\0".as_ptr();
[INFO] [stdout]    |                                                ^^^^^^^^^^^^^^^^^^^^^^^^^^^ expected `i8`, found `u8`
[INFO] [stdout]    |
[INFO] [stdout]    = note: expected raw pointer `*const i8`
[INFO] [stdout]               found raw pointer `*const u8`
[INFO] [stdout] 
[INFO] [stdout] 
[INFO] [stdout] error[E0308]: mismatched types
[INFO] [stdout]   --> /opt/rustwide/cargo-home/registry/src/github.com-1ecc6299db9ec823/optee-utee-sys-0.0.1/src/user_ta_header.rs:30:52
[INFO] [stdout]    |
[INFO] [stdout] 30 | pub const TA_PROP_STR_DESCRIPTION: *const c_char = "gpd.ta.description\0".as_ptr();
[INFO] [stdout]    |                                                    ^^^^^^^^^^^^^^^^^^^^^^^^^^^^^^^ expected `i8`, found `u8`
[INFO] [stdout]    |
[INFO] [stdout]    = note: expected raw pointer `*const i8`
[INFO] [stdout]               found raw pointer `*const u8`
[INFO] [stdout] 
[INFO] [stdout] 
[INFO] [stdout] error[E0308]: mismatched types
[INFO] [stdout]   --> /opt/rustwide/cargo-home/registry/src/github.com-1ecc6299db9ec823/optee-utee-sys-0.0.1/src/user_ta_header.rs:31:53
[INFO] [stdout]    |
[INFO] [stdout] 31 | pub const TA_PROP_STR_UNSAFE_PARAM: *const c_char = "op-tee.unsafe_param\0".as_ptr();
[INFO] [stdout]    |                                                     ^^^^^^^^^^^^^^^^^^^^^^^^^^^^^^^^ expected `i8`, found `u8`
[INFO] [stdout]    |
[INFO] [stdout]    = note: expected raw pointer `*const i8`
[INFO] [stdout]               found raw pointer `*const u8`
[INFO] [stdout] 
[INFO] [stdout] 
[INFO] [stdout] error[E0308]: mismatched types
[INFO] [stdout]   --> /opt/rustwide/cargo-home/registry/src/github.com-1ecc6299db9ec823/optee-utee-sys-0.0.1/src/user_ta_header.rs:32:46
[INFO] [stdout]    |
[INFO] [stdout] 32 | pub const TA_PROP_STR_REMAP: *const c_char = "op-tee.remap\0".as_ptr();
[INFO] [stdout]    |                                              ^^^^^^^^^^^^^^^^^^^^^^^^^ expected `i8`, found `u8`
[INFO] [stdout]    |
[INFO] [stdout]    = note: expected raw pointer `*const i8`
[INFO] [stdout]               found raw pointer `*const u8`
[INFO] [stdout] 
[INFO] [stdout] 
[INFO] [stdout] error[E0308]: mismatched types
[INFO] [stdout]   --> /opt/rustwide/cargo-home/registry/src/github.com-1ecc6299db9ec823/optee-utee-sys-0.0.1/src/user_ta_header.rs:33:51
[INFO] [stdout]    |
[INFO] [stdout] 33 | pub const TA_PROP_STR_CACHE_SYNC: *const c_char = "op-tee.cache_sync\0".as_ptr();
[INFO] [stdout]    |                                                   ^^^^^^^^^^^^^^^^^^^^^^^^^^^^^^ expected `i8`, found `u8`
[INFO] [stdout]    |
[INFO] [stdout]    = note: expected raw pointer `*const i8`
[INFO] [stdout]               found raw pointer `*const u8`
[INFO] [stdout] 
[INFO] [stdout] 
[INFO] [stdout] error: aborting due to 10 previous errors
[INFO] [stdout] 
[INFO] [stdout] 
[INFO] [stdout] For more information about this error, try `rustc --explain E0308`.
[INFO] [stdout] 
[INFO] [stderr] error: could not compile `optee-utee-sys`.
[INFO] [stderr] 
[INFO] [stderr] To learn more, run the command again with --verbose.
[INFO] [stderr] warning: build failed, waiting for other jobs to finish...
[INFO] [stderr] error: build failed
[INFO] running `Command { std: "docker" "inspect" "c21c8d55fd253c5b35d705d48bd13aed5bffab93a68404caebf8932e84f46ae1", kill_on_drop: false }`
[INFO] running `Command { std: "docker" "rm" "-f" "c21c8d55fd253c5b35d705d48bd13aed5bffab93a68404caebf8932e84f46ae1", kill_on_drop: false }`
[INFO] [stdout] c21c8d55fd253c5b35d705d48bd13aed5bffab93a68404caebf8932e84f46ae1
