[INFO] fetching crate onednn-sys 0.0.1...
[INFO] checking onednn-sys-0.0.1 against beta-2020-07-24 for pr-75494-beta
[INFO] extracting crate onednn-sys 0.0.1 into /workspace/builds/worker-5/source
[INFO] validating manifest of crates.io crate onednn-sys 0.0.1 on toolchain beta-2020-07-24
[INFO] running `Command { std: "/workspace/cargo-home/bin/cargo" "+beta-2020-07-24" "read-manifest" "--manifest-path" "Cargo.toml", kill_on_drop: false }`
[INFO] started tweaking crates.io crate onednn-sys 0.0.1
[INFO] finished tweaking crates.io crate onednn-sys 0.0.1
[INFO] tweaked toml for crates.io crate onednn-sys 0.0.1 written to /workspace/builds/worker-5/source/Cargo.toml
[INFO] running `Command { std: "/workspace/cargo-home/bin/cargo" "+beta-2020-07-24" "generate-lockfile" "--manifest-path" "Cargo.toml" "-Zno-index-update", kill_on_drop: false }`
[INFO] running `Command { std: "/workspace/cargo-home/bin/cargo" "+beta-2020-07-24" "fetch" "--locked" "--manifest-path" "Cargo.toml", kill_on_drop: false }`
[INFO] [stderr]     Blocking waiting for file lock on package cache
[INFO] running `Command { std: "docker" "create" "-v" "/var/lib/crater-agent-workspace/builds/worker-5/target:/opt/rustwide/target:rw,Z" "-v" "/var/lib/crater-agent-workspace/builds/worker-5/source:/opt/rustwide/workdir:ro,Z" "-v" "/var/lib/crater-agent-workspace/cargo-home:/opt/rustwide/cargo-home:ro,Z" "-v" "/var/lib/crater-agent-workspace/rustup-home:/opt/rustwide/rustup-home:ro,Z" "-e" "SOURCE_DIR=/opt/rustwide/workdir" "-e" "CARGO_TARGET_DIR=/opt/rustwide/target" "-e" "CARGO_HOME=/opt/rustwide/cargo-home" "-e" "RUSTUP_HOME=/opt/rustwide/rustup-home" "-w" "/opt/rustwide/workdir" "-m" "1610612736" "--user" "0:0" "--network" "none" "rustops/crates-build-env@sha256:a636fd89d022f18117e1dc8fb37a0a009933cdbbe082814857f0e2024962d47c" "/opt/rustwide/cargo-home/bin/cargo" "+beta-2020-07-24" "metadata" "--no-deps" "--format-version=1", kill_on_drop: false }`
[INFO] [stdout] c31bd7642c476310a89658ac5fa2f7b5e6bfd97ee38501ebe1342c82c1afd15a
[INFO] [stderr] WARNING: Your kernel does not support swap limit capabilities or the cgroup is not mounted. Memory limited without swap.
[INFO] running `Command { std: "docker" "start" "-a" "c31bd7642c476310a89658ac5fa2f7b5e6bfd97ee38501ebe1342c82c1afd15a", kill_on_drop: false }`
[INFO] running `Command { std: "docker" "inspect" "c31bd7642c476310a89658ac5fa2f7b5e6bfd97ee38501ebe1342c82c1afd15a", kill_on_drop: false }`
[INFO] running `Command { std: "docker" "rm" "-f" "c31bd7642c476310a89658ac5fa2f7b5e6bfd97ee38501ebe1342c82c1afd15a", kill_on_drop: false }`
[INFO] [stdout] c31bd7642c476310a89658ac5fa2f7b5e6bfd97ee38501ebe1342c82c1afd15a
[INFO] running `Command { std: "docker" "create" "-v" "/var/lib/crater-agent-workspace/builds/worker-5/target:/opt/rustwide/target:rw,Z" "-v" "/var/lib/crater-agent-workspace/builds/worker-5/source:/opt/rustwide/workdir:ro,Z" "-v" "/var/lib/crater-agent-workspace/cargo-home:/opt/rustwide/cargo-home:ro,Z" "-v" "/var/lib/crater-agent-workspace/rustup-home:/opt/rustwide/rustup-home:ro,Z" "-e" "SOURCE_DIR=/opt/rustwide/workdir" "-e" "CARGO_TARGET_DIR=/opt/rustwide/target" "-e" "CARGO_INCREMENTAL=0" "-e" "RUST_BACKTRACE=full" "-e" "RUSTFLAGS=--cap-lints=forbid" "-e" "CARGO_HOME=/opt/rustwide/cargo-home" "-e" "RUSTUP_HOME=/opt/rustwide/rustup-home" "-w" "/opt/rustwide/workdir" "-m" "1610612736" "--user" "0:0" "--network" "none" "rustops/crates-build-env@sha256:a636fd89d022f18117e1dc8fb37a0a009933cdbbe082814857f0e2024962d47c" "/opt/rustwide/cargo-home/bin/cargo" "+beta-2020-07-24" "check" "--frozen" "--all" "--all-targets" "--message-format=json", kill_on_drop: false }`
[INFO] [stderr] WARNING: Your kernel does not support swap limit capabilities or the cgroup is not mounted. Memory limited without swap.
[INFO] [stdout] 7d01ea367674e613d9d0da0dec62013b7d007a220f01cae9772069acd8d241c3
[INFO] running `Command { std: "docker" "start" "-a" "7d01ea367674e613d9d0da0dec62013b7d007a220f01cae9772069acd8d241c3", kill_on_drop: false }`
[INFO] [stderr]    Compiling cc v1.0.59
[INFO] [stderr]    Compiling libc v0.2.76
[INFO] [stderr]    Compiling cmake v0.1.44
[INFO] [stderr]    Compiling onednn-sys v0.0.1 (/opt/rustwide/workdir)
[INFO] [stderr] error: failed to run custom build command for `onednn-sys v0.0.1 (/opt/rustwide/workdir)`
[INFO] [stderr] 
[INFO] [stderr] Caused by:
[INFO] [stderr]   process didn't exit successfully: `/opt/rustwide/target/debug/build/onednn-sys-1dbae9b1d523e1e0/build-script-build` (exit code: 101)
[INFO] [stderr]   --- stdout
[INFO] [stderr]   running: "cmake" "/opt/rustwide/workdir/oneDNN" "-DDNNL_LIBRARY_TYPE=STATIC" "-DDNNL_BUILD_EXAMPLES=OFF" "-DDNNL_BUILD_TESTS=OFF" "-DDNNL_CPU_RUNTIME=OMP" "-DDNNL_GPU_RUNTIME=NONE" "-DCMAKE_INSTALL_PREFIX=/opt/rustwide/target/debug/build/onednn-sys-1ab57186872c0737/out" "-DCMAKE_C_FLAGS= -ffunction-sections -fdata-sections -fPIC -m64" "-DCMAKE_C_COMPILER=/usr/bin/cc" "-DCMAKE_CXX_FLAGS= -ffunction-sections -fdata-sections -fPIC -m64" "-DCMAKE_CXX_COMPILER=/usr/bin/c++" "-DCMAKE_ASM_FLAGS= -ffunction-sections -fdata-sections -fPIC -m64" "-DCMAKE_ASM_COMPILER=/usr/bin/cc" "-DCMAKE_BUILD_TYPE=Debug"
[INFO] [stderr]   -- The C compiler identification is GNU 9.3.0
[INFO] [stderr]   -- The CXX compiler identification is GNU 9.3.0
[INFO] [stderr]   -- Check for working C compiler: /usr/bin/cc
[INFO] [stderr]   -- Check for working C compiler: /usr/bin/cc -- works
[INFO] [stderr]   -- Detecting C compiler ABI info
[INFO] [stderr]   -- Detecting C compiler ABI info - done
[INFO] [stderr]   -- Detecting C compile features
[INFO] [stderr]   -- Detecting C compile features - done
[INFO] [stderr]   -- Check for working CXX compiler: /usr/bin/c++
[INFO] [stderr]   -- Check for working CXX compiler: /usr/bin/c++ -- works
[INFO] [stderr]   -- Detecting CXX compiler ABI info
[INFO] [stderr]   -- Detecting CXX compiler ABI info - done
[INFO] [stderr]   -- Detecting CXX compile features
[INFO] [stderr]   -- Detecting CXX compile features - done
[INFO] [stderr]   -- Looking for pthread.h
[INFO] [stderr]   -- Looking for pthread.h - found
[INFO] [stderr]   -- Performing Test CMAKE_HAVE_LIBC_PTHREAD
[INFO] [stderr]   -- Performing Test CMAKE_HAVE_LIBC_PTHREAD - Failed
[INFO] [stderr]   -- Looking for pthread_create in pthreads
[INFO] [stderr]   -- Looking for pthread_create in pthreads - not found
[INFO] [stderr]   -- Looking for pthread_create in pthread
[INFO] [stderr]   -- Looking for pthread_create in pthread - found
[INFO] [stderr]   -- Found Threads: TRUE  
[INFO] [stderr]   -- Found OpenMP_C: -fopenmp (found version "4.5") 
[INFO] [stderr]   -- Found OpenMP_CXX: -fopenmp (found version "4.5") 
[INFO] [stderr]   -- Found OpenMP: TRUE (found version "4.5")  
[INFO] [stderr]   -- GPU support is disabled
[INFO] [stderr]   -- Could NOT find Doxygen (missing: DOXYGEN_EXECUTABLE) 
[INFO] [stderr]   -- Found Git: /usr/bin/git (found version "2.25.1") 
[INFO] [stderr]   -- Primitive cache is enabled
[INFO] [stderr]   -- Configuring done
[INFO] [stderr]   -- Generating done
[INFO] [stderr]   -- Build files have been written to: /opt/rustwide/target/debug/build/onednn-sys-1ab57186872c0737/out/build
[INFO] [stderr]   running: "cmake" "--build" "." "--target" "install" "--config" "Debug" "--"
[INFO] [stderr]   Scanning dependencies of target dnnl_common
[INFO] [stderr]   [  1%] Building CXX object src/common/CMakeFiles/dnnl_common.dir/batch_normalization.cpp.o
[INFO] [stderr]   [  1%] Building CXX object src/common/CMakeFiles/dnnl_common.dir/binary.cpp.o
[INFO] [stderr]   [  1%] Building CXX object src/common/CMakeFiles/dnnl_common.dir/concat.cpp.o
[INFO] [stderr]   [  1%] Building CXX object src/common/CMakeFiles/dnnl_common.dir/convolution_pd.cpp.o
[INFO] [stderr]   [  1%] Building CXX object src/common/CMakeFiles/dnnl_common.dir/deconvolution.cpp.o
[INFO] [stderr]   [  1%] Building CXX object src/common/CMakeFiles/dnnl_common.dir/dnnl_debug_autogenerated.cpp.o
[INFO] [stderr]   [  2%] Building CXX object src/common/CMakeFiles/dnnl_common.dir/convolution.cpp.o
[INFO] [stderr]   [  3%] Building CXX object src/common/CMakeFiles/dnnl_common.dir/dnnl_debug.cpp.o
[INFO] [stderr]   [  4%] Building CXX object src/common/CMakeFiles/dnnl_common.dir/eltwise.cpp.o
[INFO] [stderr]   [  4%] Building CXX object src/common/CMakeFiles/dnnl_common.dir/engine.cpp.o
[INFO] [stderr]   [  5%] Building CXX object src/common/CMakeFiles/dnnl_common.dir/layer_normalization.cpp.o
[INFO] [stderr]   Scanning dependencies of target dnnl_cpu
[INFO] [stderr]   [  5%] Building CXX object src/common/CMakeFiles/dnnl_common.dir/inner_product.cpp.o
[INFO] [stderr]   [  6%] Building CXX object src/cpu/CMakeFiles/dnnl_cpu.dir/bfloat16.cpp.o
[INFO] [stderr]   [  6%] Building CXX object src/common/CMakeFiles/dnnl_common.dir/lrn.cpp.o
[INFO] [stderr]   Scanning dependencies of target dnnl_cpu_x64
[INFO] [stderr]   [  6%] Building CXX object src/cpu/x64/CMakeFiles/dnnl_cpu_x64.dir/cpu_barrier.cpp.o
[INFO] [stderr]   [  6%] Building CXX object src/common/CMakeFiles/dnnl_common.dir/matmul.cpp.o
[INFO] [stderr]   [  6%] Building CXX object src/common/CMakeFiles/dnnl_common.dir/memory_debug.cpp.o
[INFO] [stderr]   [  7%] Building CXX object src/common/CMakeFiles/dnnl_common.dir/memory.cpp.o
[INFO] [stderr]   [  7%] Building CXX object src/common/CMakeFiles/dnnl_common.dir/memory_storage.cpp.o
[INFO] [stderr]   [  8%] Building CXX object src/common/CMakeFiles/dnnl_common.dir/memory_desc_wrapper.cpp.o
[INFO] [stderr]   [  8%] Building CXX object src/common/CMakeFiles/dnnl_common.dir/memory_zero_pad.cpp.o
[INFO] [stderr]   [  9%] Building CXX object src/common/CMakeFiles/dnnl_common.dir/pooling.cpp.o
[INFO] [stderr]   [  9%] Building CXX object src/common/CMakeFiles/dnnl_common.dir/primitive.cpp.o
[INFO] [stderr]   [ 10%] Building CXX object src/cpu/x64/CMakeFiles/dnnl_cpu_x64.dir/cpu_isa_traits.cpp.o
[INFO] [stderr]   [ 10%] Building CXX object src/common/CMakeFiles/dnnl_common.dir/primitive_attr.cpp.o
[INFO] [stderr]   [ 11%] Building CXX object src/common/CMakeFiles/dnnl_common.dir/primitive_cache.cpp.o
[INFO] [stderr]   [ 11%] Building CXX object src/common/CMakeFiles/dnnl_common.dir/primitive_desc.cpp.o
[INFO] [stderr]   [ 11%] Building CXX object src/common/CMakeFiles/dnnl_common.dir/primitive_hashing.cpp.o
[INFO] [stderr]   [ 12%] Building CXX object src/common/CMakeFiles/dnnl_common.dir/primitive_exec_types.cpp.o
[INFO] [stderr]   [ 12%] Building CXX object src/common/CMakeFiles/dnnl_common.dir/primitive_iterator.cpp.o
[INFO] [stderr]   [ 13%] Building CXX object src/common/CMakeFiles/dnnl_common.dir/query.cpp.o
[INFO] [stderr]   [ 13%] Building CXX object src/common/CMakeFiles/dnnl_common.dir/reorder.cpp.o
[INFO] [stderr]   [ 13%] Building CXX object src/common/CMakeFiles/dnnl_common.dir/resampling.cpp.o
[INFO] [stderr]   [ 14%] Building CXX object src/common/CMakeFiles/dnnl_common.dir/rnn.cpp.o
[INFO] [stderr]   [ 14%] Building CXX object src/common/CMakeFiles/dnnl_common.dir/rw_mutex.cpp.o
[INFO] [stderr]   [ 15%] Building CXX object src/common/CMakeFiles/dnnl_common.dir/scratchpad.cpp.o
[INFO] [stderr]   [ 15%] Building CXX object src/common/CMakeFiles/dnnl_common.dir/scratchpad_debug.cpp.o
[INFO] [stderr]   [ 15%] Building CXX object src/common/CMakeFiles/dnnl_common.dir/shuffle.cpp.o
[INFO] [stderr]   [ 16%] Building CXX object src/common/CMakeFiles/dnnl_common.dir/softmax.cpp.o
[INFO] [stderr]   [ 16%] Building CXX object src/common/CMakeFiles/dnnl_common.dir/stream.cpp.o
[INFO] [stderr]   [ 16%] Building CXX object src/common/CMakeFiles/dnnl_common.dir/stream_attr.cpp.o
[INFO] [stderr]   [ 16%] Building CXX object src/common/CMakeFiles/dnnl_common.dir/utils.cpp.o
[INFO] [stderr]   [ 17%] Building CXX object src/common/CMakeFiles/dnnl_common.dir/sum.cpp.o
[INFO] [stderr]   [ 17%] Building CXX object src/common/CMakeFiles/dnnl_common.dir/verbose.cpp.o
[INFO] [stderr]   [ 17%] Built target dnnl_common
[INFO] [stderr] 
[INFO] [stderr]   --- stderr
[INFO] [stderr]   fatal: not a git repository (or any parent up to mount point /opt/rustwide)
[INFO] [stderr]   Stopping at filesystem boundary (GIT_DISCOVERY_ACROSS_FILESYSTEM not set).
[INFO] [stderr]   CMake Warning:
[INFO] [stderr]     Manually-specified variables were not used by the project:
[INFO] [stderr] 
[INFO] [stderr]       CMAKE_ASM_COMPILER
[INFO] [stderr]       CMAKE_ASM_FLAGS
[INFO] [stderr] 
[INFO] [stderr] 
[INFO] [stderr]   c++: fatal error: Killed signal terminated program cc1plus
[INFO] [stderr]   compilation terminated.
[INFO] [stderr]   make[2]: *** [src/cpu/CMakeFiles/dnnl_cpu.dir/build.make:63: src/cpu/CMakeFiles/dnnl_cpu.dir/bfloat16.cpp.o] Error 1
[INFO] [stderr]   make[1]: *** [CMakeFiles/Makefile2:282: src/cpu/CMakeFiles/dnnl_cpu.dir/all] Error 2
[INFO] [stderr]   make[1]: *** Waiting for unfinished jobs....
[INFO] [stderr]   c++: fatal error: Killed signal terminated program cc1plus
[INFO] [stderr]   compilation terminated.
[INFO] [stderr]   make[2]: *** [src/cpu/x64/CMakeFiles/dnnl_cpu_x64.dir/build.make:63: src/cpu/x64/CMakeFiles/dnnl_cpu_x64.dir/cpu_barrier.cpp.o] Error 1
[INFO] [stderr]   make[2]: *** Waiting for unfinished jobs....
[INFO] [stderr]   make[1]: *** [CMakeFiles/Makefile2:309: src/cpu/x64/CMakeFiles/dnnl_cpu_x64.dir/all] Error 2
[INFO] [stderr]   make: *** [Makefile:141: all] Error 2
[INFO] [stderr]   thread 'main' panicked at '
[INFO] [stderr]   command did not execute successfully, got: exit code: 2
[INFO] [stderr] 
[INFO] [stderr]   build script failed, must exit now', /opt/rustwide/cargo-home/registry/src/github.com-1ecc6299db9ec823/cmake-0.1.44/src/lib.rs:885:5
[INFO] [stderr]   stack backtrace:
[INFO] [stderr]      0:     0x5592a3d926c5 - backtrace::backtrace::libunwind::trace::h5e2646fa3eddf2ea
[INFO] [stderr]                                  at /cargo/registry/src/github.com-1ecc6299db9ec823/backtrace-0.3.46/src/backtrace/libunwind.rs:86
[INFO] [stderr]      1:     0x5592a3d926c5 - backtrace::backtrace::trace_unsynchronized::hb95dd7f77ce47877
[INFO] [stderr]                                  at /cargo/registry/src/github.com-1ecc6299db9ec823/backtrace-0.3.46/src/backtrace/mod.rs:66
[INFO] [stderr]      2:     0x5592a3d926c5 - std::sys_common::backtrace::_print_fmt::h5e71b67af43fd70d
[INFO] [stderr]                                  at src/libstd/sys_common/backtrace.rs:78
[INFO] [stderr]      3:     0x5592a3d926c5 - <std::sys_common::backtrace::_print::DisplayBacktrace as core::fmt::Display>::fmt::hdb4a83d2b61107e5
[INFO] [stderr]                                  at src/libstd/sys_common/backtrace.rs:59
[INFO] [stderr]      4:     0x5592a3db687c - core::fmt::write::ha20e7262fa3e8a7a
[INFO] [stderr]                                  at src/libcore/fmt/mod.rs:1076
[INFO] [stderr]      5:     0x5592a3d8ecd2 - std::io::Write::write_fmt::h1aebfe8a5a79e36d
[INFO] [stderr]                                  at src/libstd/io/mod.rs:1537
[INFO] [stderr]      6:     0x5592a3d951f0 - std::sys_common::backtrace::_print::h9c07314cc66ba539
[INFO] [stderr]                                  at src/libstd/sys_common/backtrace.rs:62
[INFO] [stderr]      7:     0x5592a3d951f0 - std::sys_common::backtrace::print::hd1fd65f49a2d8544
[INFO] [stderr]                                  at src/libstd/sys_common/backtrace.rs:49
[INFO] [stderr]      8:     0x5592a3d951f0 - std::panicking::default_hook::{{closure}}::h222da46485ab36fc
[INFO] [stderr]                                  at src/libstd/panicking.rs:198
[INFO] [stderr]      9:     0x5592a3d94f3c - std::panicking::default_hook::hc5868949d129ed00
[INFO] [stderr]                                  at src/libstd/panicking.rs:217
[INFO] [stderr]     10:     0x5592a3d95833 - std::panicking::rust_panic_with_hook::h26a6ab8b0993c0c8
[INFO] [stderr]                                  at src/libstd/panicking.rs:526
[INFO] [stderr]     11:     0x5592a3d9542b - rust_begin_unwind
[INFO] [stderr]                                  at src/libstd/panicking.rs:437
[INFO] [stderr]     12:     0x5592a3d9539b - std::panicking::begin_panic_fmt::h2ff295231415d4a6
[INFO] [stderr]                                  at src/libstd/panicking.rs:391
[INFO] [stderr]     13:     0x5592a3d29927 - cmake::fail::hf0f3f19e1ff44c4b
[INFO] [stderr]                                  at /opt/rustwide/cargo-home/registry/src/github.com-1ecc6299db9ec823/cmake-0.1.44/src/lib.rs:885
[INFO] [stderr]     14:     0x5592a3d2926e - cmake::run::hbfa9e03c3139de5a
[INFO] [stderr]                                  at /opt/rustwide/cargo-home/registry/src/github.com-1ecc6299db9ec823/cmake-0.1.44/src/lib.rs:863
[INFO] [stderr]     15:     0x5592a3d25990 - cmake::Config::build::h91a3fd6d1f201449
[INFO] [stderr]                                  at /opt/rustwide/cargo-home/registry/src/github.com-1ecc6299db9ec823/cmake-0.1.44/src/lib.rs:769
[INFO] [stderr]     16:     0x5592a3d1b464 - build_script_build::main::he65ba85a0ea43606
[INFO] [stderr]                                  at /opt/rustwide/workdir/build.rs:4
[INFO] [stderr]     17:     0x5592a3d1eacb - std::rt::lang_start::{{closure}}::hc9332188839a08fe
[INFO] [stderr]                                  at /rustc/6f959902b3103c49ca981fbc01871589c3498489/src/libstd/rt.rs:67
[INFO] [stderr]     18:     0x5592a3d95c03 - std::rt::lang_start_internal::{{closure}}::h84a998219831fa70
[INFO] [stderr]                                  at src/libstd/rt.rs:52
[INFO] [stderr]     19:     0x5592a3d95c03 - std::panicking::try::do_call::he8e1d689a3e26def
[INFO] [stderr]                                  at src/libstd/panicking.rs:348
[INFO] [stderr]     20:     0x5592a3d95c03 - std::panicking::try::h264b6eebc2fa7bbf
[INFO] [stderr]                                  at src/libstd/panicking.rs:325
[INFO] [stderr]     21:     0x5592a3d95c03 - std::panic::catch_unwind::hbf28fafa723b2128
[INFO] [stderr]                                  at src/libstd/panic.rs:394
[INFO] [stderr]     22:     0x5592a3d95c03 - std::rt::lang_start_internal::he959aa59bc3ec202
[INFO] [stderr]                                  at src/libstd/rt.rs:51
[INFO] [stderr]     23:     0x5592a3d1eaa7 - std::rt::lang_start::h921b998516dea647
[INFO] [stderr]                                  at /rustc/6f959902b3103c49ca981fbc01871589c3498489/src/libstd/rt.rs:67
[INFO] [stderr]     24:     0x5592a3d1ceca - main
[INFO] [stderr]     25:     0x7fd3e04470b3 - __libc_start_main
[INFO] [stderr]     26:     0x5592a3d1b19e - _start
[INFO] [stderr]     27:                0x0 - <unknown>
[INFO] running `Command { std: "docker" "inspect" "7d01ea367674e613d9d0da0dec62013b7d007a220f01cae9772069acd8d241c3", kill_on_drop: false }`
[INFO] running `Command { std: "docker" "rm" "-f" "7d01ea367674e613d9d0da0dec62013b7d007a220f01cae9772069acd8d241c3", kill_on_drop: false }`
[INFO] [stdout] 7d01ea367674e613d9d0da0dec62013b7d007a220f01cae9772069acd8d241c3
