[INFO] fetching crate nuki-backend-gles 0.1.1...
[INFO] checking nuki-backend-gles-0.1.1 against beta-2020-07-24 for pr-75494-beta
[INFO] extracting crate nuki-backend-gles 0.1.1 into /workspace/builds/worker-6/source
[INFO] validating manifest of crates.io crate nuki-backend-gles 0.1.1 on toolchain beta-2020-07-24
[INFO] running `Command { std: "/workspace/cargo-home/bin/cargo" "+beta-2020-07-24" "read-manifest" "--manifest-path" "Cargo.toml", kill_on_drop: false }`
[INFO] started tweaking crates.io crate nuki-backend-gles 0.1.1
[INFO] finished tweaking crates.io crate nuki-backend-gles 0.1.1
[INFO] tweaked toml for crates.io crate nuki-backend-gles 0.1.1 written to /workspace/builds/worker-6/source/Cargo.toml
[INFO] running `Command { std: "/workspace/cargo-home/bin/cargo" "+beta-2020-07-24" "generate-lockfile" "--manifest-path" "Cargo.toml" "-Zno-index-update", kill_on_drop: false }`
[INFO] [stderr]     Blocking waiting for file lock on package cache
[INFO] running `Command { std: "/workspace/cargo-home/bin/cargo" "+beta-2020-07-24" "fetch" "--locked" "--manifest-path" "Cargo.toml", kill_on_drop: false }`
[INFO] running `Command { std: "docker" "create" "-v" "/var/lib/crater-agent-workspace/builds/worker-6/target:/opt/rustwide/target:rw,Z" "-v" "/var/lib/crater-agent-workspace/builds/worker-6/source:/opt/rustwide/workdir:ro,Z" "-v" "/var/lib/crater-agent-workspace/cargo-home:/opt/rustwide/cargo-home:ro,Z" "-v" "/var/lib/crater-agent-workspace/rustup-home:/opt/rustwide/rustup-home:ro,Z" "-e" "SOURCE_DIR=/opt/rustwide/workdir" "-e" "CARGO_TARGET_DIR=/opt/rustwide/target" "-e" "CARGO_HOME=/opt/rustwide/cargo-home" "-e" "RUSTUP_HOME=/opt/rustwide/rustup-home" "-w" "/opt/rustwide/workdir" "-m" "1610612736" "--user" "0:0" "--network" "none" "rustops/crates-build-env@sha256:a636fd89d022f18117e1dc8fb37a0a009933cdbbe082814857f0e2024962d47c" "/opt/rustwide/cargo-home/bin/cargo" "+beta-2020-07-24" "metadata" "--no-deps" "--format-version=1", kill_on_drop: false }`
[INFO] [stdout] cc7ec6aa1b932a23e31f5c9b9c0661092e69743f80bcfe6e953570f3227e7b92
[INFO] [stderr] WARNING: Your kernel does not support swap limit capabilities or the cgroup is not mounted. Memory limited without swap.
[INFO] running `Command { std: "docker" "start" "-a" "cc7ec6aa1b932a23e31f5c9b9c0661092e69743f80bcfe6e953570f3227e7b92", kill_on_drop: false }`
[INFO] running `Command { std: "docker" "inspect" "cc7ec6aa1b932a23e31f5c9b9c0661092e69743f80bcfe6e953570f3227e7b92", kill_on_drop: false }`
[INFO] running `Command { std: "docker" "rm" "-f" "cc7ec6aa1b932a23e31f5c9b9c0661092e69743f80bcfe6e953570f3227e7b92", kill_on_drop: false }`
[INFO] [stdout] cc7ec6aa1b932a23e31f5c9b9c0661092e69743f80bcfe6e953570f3227e7b92
[INFO] running `Command { std: "docker" "create" "-v" "/var/lib/crater-agent-workspace/builds/worker-6/target:/opt/rustwide/target:rw,Z" "-v" "/var/lib/crater-agent-workspace/builds/worker-6/source:/opt/rustwide/workdir:ro,Z" "-v" "/var/lib/crater-agent-workspace/cargo-home:/opt/rustwide/cargo-home:ro,Z" "-v" "/var/lib/crater-agent-workspace/rustup-home:/opt/rustwide/rustup-home:ro,Z" "-e" "SOURCE_DIR=/opt/rustwide/workdir" "-e" "CARGO_TARGET_DIR=/opt/rustwide/target" "-e" "CARGO_INCREMENTAL=0" "-e" "RUST_BACKTRACE=full" "-e" "RUSTFLAGS=--cap-lints=forbid" "-e" "CARGO_HOME=/opt/rustwide/cargo-home" "-e" "RUSTUP_HOME=/opt/rustwide/rustup-home" "-w" "/opt/rustwide/workdir" "-m" "1610612736" "--user" "0:0" "--network" "none" "rustops/crates-build-env@sha256:a636fd89d022f18117e1dc8fb37a0a009933cdbbe082814857f0e2024962d47c" "/opt/rustwide/cargo-home/bin/cargo" "+beta-2020-07-24" "check" "--frozen" "--all" "--all-targets" "--message-format=json", kill_on_drop: false }`
[INFO] [stdout] a06651a5f6155b0e4c8904f0c1744bdbc39541b06530fc7e5bf04daca3777e16
[INFO] [stderr] WARNING: Your kernel does not support swap limit capabilities or the cgroup is not mounted. Memory limited without swap.
[INFO] running `Command { std: "docker" "start" "-a" "a06651a5f6155b0e4c8904f0c1744bdbc39541b06530fc7e5bf04daca3777e16", kill_on_drop: false }`
[INFO] [stderr]     Checking ppv-lite86 v0.2.9
[INFO] [stderr]    Compiling num-traits v0.2.12
[INFO] [stderr]    Compiling num-integer v0.1.43
[INFO] [stderr]    Compiling num-complex v0.2.4
[INFO] [stderr]    Compiling num-rational v0.2.4
[INFO] [stderr]    Compiling nuki-sys v4.1.5
[INFO] [stderr]     Checking log v0.4.11
[INFO] [stderr]     Checking getrandom v0.1.14
[INFO] [stderr]     Checking generic-array v0.13.2
[INFO] [stderr]    Compiling gls v0.1.2
[INFO] [stderr]     Checking rand_core v0.5.1
[INFO] [stderr]     Checking rand_chacha v0.2.2
[INFO] [stderr]     Checking rand v0.7.3
[INFO] [stderr]     Checking approx v0.3.2
[INFO] [stderr]     Checking alga v0.9.3
[INFO] [stderr]     Checking rand_distr v0.2.2
[INFO] [stderr]     Checking nuki v0.1.0
[INFO] [stderr]     Checking nalgebra v0.19.0
[INFO] [stderr]     Checking nuki-backend-gles v0.1.1 (/opt/rustwide/workdir)
[INFO] [stdout] error[E0106]: missing lifetime specifier
[INFO] [stdout]   --> src/lib.rs:20:25
[INFO] [stdout]    |
[INFO] [stdout] 20 |     font_texs: Vec<gls::Texture>,
[INFO] [stdout]    |                         ^^^^^^^ expected named lifetime parameter
[INFO] [stdout]    |
[INFO] [stdout] help: consider introducing a named lifetime parameter
[INFO] [stdout]    |
[INFO] [stdout] 16 | struct RenderState<'a> {
[INFO] [stdout] 17 |     vbo: gls::Buffer,
[INFO] [stdout] 18 |     ebo: gls::Buffer,
[INFO] [stdout] 19 |     prog: gls::Program,
[INFO] [stdout] 20 |     font_texs: Vec<gls::Texture<'a>>,
[INFO] [stdout]    |
[INFO] [stdout] 
[INFO] [stdout] 
[INFO] [stdout] error[E0106]: missing lifetime specifier
[INFO] [stdout]   --> src/lib.rs:20:25
[INFO] [stdout]    |
[INFO] [stdout] 20 |     font_texs: Vec<gls::Texture>,
[INFO] [stdout]    |                         ^^^^^^^ expected named lifetime parameter
[INFO] [stdout]    |
[INFO] [stdout] help: consider introducing a named lifetime parameter
[INFO] [stdout]    |
[INFO] [stdout] 16 | struct RenderState<'a> {
[INFO] [stdout] 17 |     vbo: gls::Buffer,
[INFO] [stdout] 18 |     ebo: gls::Buffer,
[INFO] [stdout] 19 |     prog: gls::Program,
[INFO] [stdout] 20 |     font_texs: Vec<gls::Texture<'a>>,
[INFO] [stdout]    |
[INFO] [stdout] 
[INFO] [stdout] 
[INFO] [stdout] error[E0277]: the trait bound `gls::Texture<'static>: std::clone::Clone` is not satisfied
[INFO] [stdout]   --> src/lib.rs:20:5
[INFO] [stdout]    |
[INFO] [stdout] 20 |     font_texs: Vec<gls::Texture>,
[INFO] [stdout]    |     ^^^^^^^^^^^^^^^^^^^^^^^^^^^^ expected an implementor of trait `std::clone::Clone`
[INFO] [stdout]    |
[INFO] [stdout]    = note: required because of the requirements on the impl of `std::clone::Clone` for `std::vec::Vec<gls::Texture<'static>>`
[INFO] [stdout]    = note: required by `std::clone::Clone::clone`
[INFO] [stdout]    = note: this error originates in a derive macro (in Nightly builds, run with -Z macro-backtrace for more info)
[INFO] [stdout] 
[INFO] [stdout] 
[INFO] [stdout] error[E0277]: the trait bound `gls::Texture<'static>: std::clone::Clone` is not satisfied
[INFO] [stdout]   --> src/lib.rs:20:5
[INFO] [stdout]    |
[INFO] [stdout] 20 |     font_texs: Vec<gls::Texture>,
[INFO] [stdout]    |     ^^^^^^^^^^^^^^^^^^^^^^^^^^^^ expected an implementor of trait `std::clone::Clone`
[INFO] [stdout]    |
[INFO] [stdout]    = note: required because of the requirements on the impl of `std::clone::Clone` for `std::vec::Vec<gls::Texture<'static>>`
[INFO] [stdout]    = note: required by `std::clone::Clone::clone`
[INFO] [stdout]    = note: this error originates in a derive macro (in Nightly builds, run with -Z macro-backtrace for more info)
[INFO] [stdout] 
[INFO] [stdout] 
[INFO] [stdout] error: aborting due to 2 previous errors
[INFO] [stdout] 
[INFO] [stdout] 
[INFO] [stdout] Some errors have detailed explanations: E0106, E0277.
[INFO] [stdout] 
[INFO] [stdout] For more information about an error, try `rustc --explain E0106`.
[INFO] [stdout] 
[INFO] [stderr] error: could not compile `nuki-backend-gles`.
[INFO] [stderr] 
[INFO] [stderr] To learn more, run the command again with --verbose.
[INFO] [stderr] warning: build failed, waiting for other jobs to finish...
[INFO] [stdout] error: aborting due to 2 previous errors
[INFO] [stdout] 
[INFO] [stdout] 
[INFO] [stdout] Some errors have detailed explanations: E0106, E0277.
[INFO] [stdout] 
[INFO] [stdout] For more information about an error, try `rustc --explain E0106`.
[INFO] [stdout] 
[INFO] [stderr] error: build failed
[INFO] running `Command { std: "docker" "inspect" "a06651a5f6155b0e4c8904f0c1744bdbc39541b06530fc7e5bf04daca3777e16", kill_on_drop: false }`
[INFO] running `Command { std: "docker" "rm" "-f" "a06651a5f6155b0e4c8904f0c1744bdbc39541b06530fc7e5bf04daca3777e16", kill_on_drop: false }`
[INFO] [stdout] a06651a5f6155b0e4c8904f0c1744bdbc39541b06530fc7e5bf04daca3777e16
