[INFO] fetching crate newrelic-sys 0.2.0...
[INFO] checking newrelic-sys-0.2.0 against beta-2020-07-24 for pr-75494-beta
[INFO] extracting crate newrelic-sys 0.2.0 into /workspace/builds/worker-11/source
[INFO] validating manifest of crates.io crate newrelic-sys 0.2.0 on toolchain beta-2020-07-24
[INFO] running `Command { std: "/workspace/cargo-home/bin/cargo" "+beta-2020-07-24" "read-manifest" "--manifest-path" "Cargo.toml", kill_on_drop: false }`
[INFO] started tweaking crates.io crate newrelic-sys 0.2.0
[INFO] finished tweaking crates.io crate newrelic-sys 0.2.0
[INFO] tweaked toml for crates.io crate newrelic-sys 0.2.0 written to /workspace/builds/worker-11/source/Cargo.toml
[INFO] running `Command { std: "/workspace/cargo-home/bin/cargo" "+beta-2020-07-24" "generate-lockfile" "--manifest-path" "Cargo.toml" "-Zno-index-update", kill_on_drop: false }`
[INFO] running `Command { std: "/workspace/cargo-home/bin/cargo" "+beta-2020-07-24" "fetch" "--locked" "--manifest-path" "Cargo.toml", kill_on_drop: false }`
[INFO] running `Command { std: "docker" "create" "-v" "/var/lib/crater-agent-workspace/builds/worker-11/target:/opt/rustwide/target:rw,Z" "-v" "/var/lib/crater-agent-workspace/builds/worker-11/source:/opt/rustwide/workdir:ro,Z" "-v" "/var/lib/crater-agent-workspace/cargo-home:/opt/rustwide/cargo-home:ro,Z" "-v" "/var/lib/crater-agent-workspace/rustup-home:/opt/rustwide/rustup-home:ro,Z" "-e" "SOURCE_DIR=/opt/rustwide/workdir" "-e" "CARGO_TARGET_DIR=/opt/rustwide/target" "-e" "CARGO_HOME=/opt/rustwide/cargo-home" "-e" "RUSTUP_HOME=/opt/rustwide/rustup-home" "-w" "/opt/rustwide/workdir" "-m" "1610612736" "--user" "0:0" "--network" "none" "rustops/crates-build-env@sha256:a636fd89d022f18117e1dc8fb37a0a009933cdbbe082814857f0e2024962d47c" "/opt/rustwide/cargo-home/bin/cargo" "+beta-2020-07-24" "metadata" "--no-deps" "--format-version=1", kill_on_drop: false }`
[INFO] [stdout] 685e0e89c44aec766cee98a55b50deb8260b427c813ccd5fc3d1fb9405275d5f
[INFO] [stderr] WARNING: Your kernel does not support swap limit capabilities or the cgroup is not mounted. Memory limited without swap.
[INFO] running `Command { std: "docker" "start" "-a" "685e0e89c44aec766cee98a55b50deb8260b427c813ccd5fc3d1fb9405275d5f", kill_on_drop: false }`
[INFO] running `Command { std: "docker" "inspect" "685e0e89c44aec766cee98a55b50deb8260b427c813ccd5fc3d1fb9405275d5f", kill_on_drop: false }`
[INFO] running `Command { std: "docker" "rm" "-f" "685e0e89c44aec766cee98a55b50deb8260b427c813ccd5fc3d1fb9405275d5f", kill_on_drop: false }`
[INFO] [stdout] 685e0e89c44aec766cee98a55b50deb8260b427c813ccd5fc3d1fb9405275d5f
[INFO] running `Command { std: "docker" "create" "-v" "/var/lib/crater-agent-workspace/builds/worker-11/target:/opt/rustwide/target:rw,Z" "-v" "/var/lib/crater-agent-workspace/builds/worker-11/source:/opt/rustwide/workdir:ro,Z" "-v" "/var/lib/crater-agent-workspace/cargo-home:/opt/rustwide/cargo-home:ro,Z" "-v" "/var/lib/crater-agent-workspace/rustup-home:/opt/rustwide/rustup-home:ro,Z" "-e" "SOURCE_DIR=/opt/rustwide/workdir" "-e" "CARGO_TARGET_DIR=/opt/rustwide/target" "-e" "CARGO_INCREMENTAL=0" "-e" "RUST_BACKTRACE=full" "-e" "RUSTFLAGS=--cap-lints=forbid" "-e" "CARGO_HOME=/opt/rustwide/cargo-home" "-e" "RUSTUP_HOME=/opt/rustwide/rustup-home" "-w" "/opt/rustwide/workdir" "-m" "1610612736" "--user" "0:0" "--network" "none" "rustops/crates-build-env@sha256:a636fd89d022f18117e1dc8fb37a0a009933cdbbe082814857f0e2024962d47c" "/opt/rustwide/cargo-home/bin/cargo" "+beta-2020-07-24" "check" "--frozen" "--all" "--all-targets" "--message-format=json", kill_on_drop: false }`
[INFO] [stdout] 6b1ccdd3a964917c354865a72f73d3f3c285baa9b0335c3881d213707c4cc797
[INFO] [stderr] WARNING: Your kernel does not support swap limit capabilities or the cgroup is not mounted. Memory limited without swap.
[INFO] running `Command { std: "docker" "start" "-a" "6b1ccdd3a964917c354865a72f73d3f3c285baa9b0335c3881d213707c4cc797", kill_on_drop: false }`
[INFO] [stderr]    Compiling newrelic-sys v0.2.0 (/opt/rustwide/workdir)
[INFO] [stderr] error: failed to run custom build command for `newrelic-sys v0.2.0 (/opt/rustwide/workdir)`
[INFO] [stderr] 
[INFO] [stderr] Caused by:
[INFO] [stderr]   process didn't exit successfully: `/opt/rustwide/target/debug/build/newrelic-sys-4a39478185790ac2/build-script-build` (exit code: 101)
[INFO] [stderr]   --- stdout
[INFO] [stderr]   cargo:rustc-link-search=native=/opt/rustwide/target/debug/build/newrelic-sys-b0c8267156cc0775/out
[INFO] [stderr]   cargo:rustc-link-lib=static=newrelic
[INFO] [stderr]   cargo:rustc-link-lib=dylib=pcre
[INFO] [stderr]   make -C vendor/newrelic/axiom
[INFO] [stderr]   make[1]: Entering directory '/opt/rustwide/workdir/vendor/vendor/newrelic/axiom'
[INFO] [stderr]   make[1]: Leaving directory '/opt/rustwide/workdir/vendor/vendor/newrelic/axiom'
[INFO] [stderr]   "./vendor/libnewrelic.a"
[INFO] [stderr] 
[INFO] [stderr]   --- stderr
[INFO] [stderr]   cat: ../../VERSION: No such file or directory
[INFO] [stderr]   fatal: not a git repository (or any parent up to mount point /opt/rustwide)
[INFO] [stderr]   Stopping at filesystem boundary (GIT_DISCOVERY_ACROSS_FILESYSTEM not set).
[INFO] [stderr]   mkdir: cannot create directory '.deps': Read-only file system
[INFO] [stderr]   make[1]: *** [Makefile:195: .deps/] Error 1
[INFO] [stderr]   make: *** [Makefile:88: vendor/newrelic/axiom/libaxiom.a] Error 2
[INFO] [stderr]   thread 'main' panicked at 'Could not copy object files: Os { code: 2, kind: NotFound, message: "No such file or directory" }', build.rs:25:61
[INFO] [stderr]   stack backtrace:
[INFO] [stderr]      0:     0x563c4b19b475 - backtrace::backtrace::libunwind::trace::h5e2646fa3eddf2ea
[INFO] [stderr]                                  at /cargo/registry/src/github.com-1ecc6299db9ec823/backtrace-0.3.46/src/backtrace/libunwind.rs:86
[INFO] [stderr]      1:     0x563c4b19b475 - backtrace::backtrace::trace_unsynchronized::hb95dd7f77ce47877
[INFO] [stderr]                                  at /cargo/registry/src/github.com-1ecc6299db9ec823/backtrace-0.3.46/src/backtrace/mod.rs:66
[INFO] [stderr]      2:     0x563c4b19b475 - std::sys_common::backtrace::_print_fmt::h5e71b67af43fd70d
[INFO] [stderr]                                  at src/libstd/sys_common/backtrace.rs:78
[INFO] [stderr]      3:     0x563c4b19b475 - <std::sys_common::backtrace::_print::DisplayBacktrace as core::fmt::Display>::fmt::hdb4a83d2b61107e5
[INFO] [stderr]                                  at src/libstd/sys_common/backtrace.rs:59
[INFO] [stderr]      4:     0x563c4b1bdfbc - core::fmt::write::ha20e7262fa3e8a7a
[INFO] [stderr]                                  at src/libcore/fmt/mod.rs:1076
[INFO] [stderr]      5:     0x563c4b199542 - std::io::Write::write_fmt::h1aebfe8a5a79e36d
[INFO] [stderr]                                  at src/libstd/io/mod.rs:1537
[INFO] [stderr]      6:     0x563c4b19d8b0 - std::sys_common::backtrace::_print::h9c07314cc66ba539
[INFO] [stderr]                                  at src/libstd/sys_common/backtrace.rs:62
[INFO] [stderr]      7:     0x563c4b19d8b0 - std::sys_common::backtrace::print::hd1fd65f49a2d8544
[INFO] [stderr]                                  at src/libstd/sys_common/backtrace.rs:49
[INFO] [stderr]      8:     0x563c4b19d8b0 - std::panicking::default_hook::{{closure}}::h222da46485ab36fc
[INFO] [stderr]                                  at src/libstd/panicking.rs:198
[INFO] [stderr]      9:     0x563c4b19d5fc - std::panicking::default_hook::hc5868949d129ed00
[INFO] [stderr]                                  at src/libstd/panicking.rs:217
[INFO] [stderr]     10:     0x563c4b19def3 - std::panicking::rust_panic_with_hook::h26a6ab8b0993c0c8
[INFO] [stderr]                                  at src/libstd/panicking.rs:526
[INFO] [stderr]     11:     0x563c4b19daeb - rust_begin_unwind
[INFO] [stderr]                                  at src/libstd/panicking.rs:437
[INFO] [stderr]     12:     0x563c4b1bd3c1 - core::panicking::panic_fmt::h17139c2000299725
[INFO] [stderr]                                  at src/libcore/panicking.rs:85
[INFO] [stderr]     13:     0x563c4b1bd1e3 - core::option::expect_none_failed::h972f96abb4ec8952
[INFO] [stderr]                                  at src/libcore/option.rs:1269
[INFO] [stderr]     14:     0x563c4b18ca07 - core::result::Result<T,E>::expect::h6cf230f0b36efdbe
[INFO] [stderr]                                  at /rustc/6f959902b3103c49ca981fbc01871589c3498489/src/libcore/result.rs:963
[INFO] [stderr]     15:     0x563c4b190fbc - build_script_build::main::h5346538d50701cd3
[INFO] [stderr]                                  at /opt/rustwide/workdir/build.rs:25
[INFO] [stderr]     16:     0x563c4b18c1bb - std::rt::lang_start::{{closure}}::h70c2a5180112b594
[INFO] [stderr]                                  at /rustc/6f959902b3103c49ca981fbc01871589c3498489/src/libstd/rt.rs:67
[INFO] [stderr]     17:     0x563c4b19e2c3 - std::rt::lang_start_internal::{{closure}}::h84a998219831fa70
[INFO] [stderr]                                  at src/libstd/rt.rs:52
[INFO] [stderr]     18:     0x563c4b19e2c3 - std::panicking::try::do_call::he8e1d689a3e26def
[INFO] [stderr]                                  at src/libstd/panicking.rs:348
[INFO] [stderr]     19:     0x563c4b19e2c3 - std::panicking::try::h264b6eebc2fa7bbf
[INFO] [stderr]                                  at src/libstd/panicking.rs:325
[INFO] [stderr]     20:     0x563c4b19e2c3 - std::panic::catch_unwind::hbf28fafa723b2128
[INFO] [stderr]                                  at src/libstd/panic.rs:394
[INFO] [stderr]     21:     0x563c4b19e2c3 - std::rt::lang_start_internal::he959aa59bc3ec202
[INFO] [stderr]                                  at src/libstd/rt.rs:51
[INFO] [stderr]     22:     0x563c4b18c197 - std::rt::lang_start::h8cd73a167140bf44
[INFO] [stderr]                                  at /rustc/6f959902b3103c49ca981fbc01871589c3498489/src/libstd/rt.rs:67
[INFO] [stderr]     23:     0x563c4b19114a - main
[INFO] [stderr]     24:     0x7f70111e60b3 - __libc_start_main
[INFO] [stderr]     25:     0x563c4b18718e - _start
[INFO] [stderr]     26:                0x0 - <unknown>
[INFO] running `Command { std: "docker" "inspect" "6b1ccdd3a964917c354865a72f73d3f3c285baa9b0335c3881d213707c4cc797", kill_on_drop: false }`
[INFO] running `Command { std: "docker" "rm" "-f" "6b1ccdd3a964917c354865a72f73d3f3c285baa9b0335c3881d213707c4cc797", kill_on_drop: false }`
[INFO] [stdout] 6b1ccdd3a964917c354865a72f73d3f3c285baa9b0335c3881d213707c4cc797
