[INFO] fetching crate mozjs_sys 0.67.1...
[INFO] checking mozjs_sys-0.67.1 against beta-2020-07-24 for pr-75494-beta
[INFO] extracting crate mozjs_sys 0.67.1 into /workspace/builds/worker-3/source
[INFO] validating manifest of crates.io crate mozjs_sys 0.67.1 on toolchain beta-2020-07-24
[INFO] running `Command { std: "/workspace/cargo-home/bin/cargo" "+beta-2020-07-24" "read-manifest" "--manifest-path" "Cargo.toml", kill_on_drop: false }`
[INFO] removed /workspace/builds/worker-3/source/.cargo/config
[INFO] started tweaking crates.io crate mozjs_sys 0.67.1
[INFO] finished tweaking crates.io crate mozjs_sys 0.67.1
[INFO] tweaked toml for crates.io crate mozjs_sys 0.67.1 written to /workspace/builds/worker-3/source/Cargo.toml
[INFO] running `Command { std: "/workspace/cargo-home/bin/cargo" "+beta-2020-07-24" "generate-lockfile" "--manifest-path" "Cargo.toml" "-Zno-index-update", kill_on_drop: false }`
[INFO] running `Command { std: "/workspace/cargo-home/bin/cargo" "+beta-2020-07-24" "fetch" "--locked" "--manifest-path" "Cargo.toml", kill_on_drop: false }`
[INFO] running `Command { std: "docker" "create" "-v" "/var/lib/crater-agent-workspace/builds/worker-3/target:/opt/rustwide/target:rw,Z" "-v" "/var/lib/crater-agent-workspace/builds/worker-3/source:/opt/rustwide/workdir:ro,Z" "-v" "/var/lib/crater-agent-workspace/cargo-home:/opt/rustwide/cargo-home:ro,Z" "-v" "/var/lib/crater-agent-workspace/rustup-home:/opt/rustwide/rustup-home:ro,Z" "-e" "SOURCE_DIR=/opt/rustwide/workdir" "-e" "CARGO_TARGET_DIR=/opt/rustwide/target" "-e" "CARGO_HOME=/opt/rustwide/cargo-home" "-e" "RUSTUP_HOME=/opt/rustwide/rustup-home" "-w" "/opt/rustwide/workdir" "-m" "1610612736" "--user" "0:0" "--network" "none" "rustops/crates-build-env@sha256:a636fd89d022f18117e1dc8fb37a0a009933cdbbe082814857f0e2024962d47c" "/opt/rustwide/cargo-home/bin/cargo" "+beta-2020-07-24" "metadata" "--no-deps" "--format-version=1", kill_on_drop: false }`
[INFO] [stdout] 5009d21dfe1e78df29e89de58d96d43fdb9e4cce595d79565040e1c51d0d7c54
[INFO] [stderr] WARNING: Your kernel does not support swap limit capabilities or the cgroup is not mounted. Memory limited without swap.
[INFO] running `Command { std: "docker" "start" "-a" "5009d21dfe1e78df29e89de58d96d43fdb9e4cce595d79565040e1c51d0d7c54", kill_on_drop: false }`
[INFO] running `Command { std: "docker" "inspect" "5009d21dfe1e78df29e89de58d96d43fdb9e4cce595d79565040e1c51d0d7c54", kill_on_drop: false }`
[INFO] running `Command { std: "docker" "rm" "-f" "5009d21dfe1e78df29e89de58d96d43fdb9e4cce595d79565040e1c51d0d7c54", kill_on_drop: false }`
[INFO] [stdout] 5009d21dfe1e78df29e89de58d96d43fdb9e4cce595d79565040e1c51d0d7c54
[INFO] running `Command { std: "docker" "create" "-v" "/var/lib/crater-agent-workspace/builds/worker-3/target:/opt/rustwide/target:rw,Z" "-v" "/var/lib/crater-agent-workspace/builds/worker-3/source:/opt/rustwide/workdir:ro,Z" "-v" "/var/lib/crater-agent-workspace/cargo-home:/opt/rustwide/cargo-home:ro,Z" "-v" "/var/lib/crater-agent-workspace/rustup-home:/opt/rustwide/rustup-home:ro,Z" "-e" "SOURCE_DIR=/opt/rustwide/workdir" "-e" "CARGO_TARGET_DIR=/opt/rustwide/target" "-e" "CARGO_INCREMENTAL=0" "-e" "RUST_BACKTRACE=full" "-e" "RUSTFLAGS=--cap-lints=forbid" "-e" "CARGO_HOME=/opt/rustwide/cargo-home" "-e" "RUSTUP_HOME=/opt/rustwide/rustup-home" "-w" "/opt/rustwide/workdir" "-m" "1610612736" "--user" "0:0" "--network" "none" "rustops/crates-build-env@sha256:a636fd89d022f18117e1dc8fb37a0a009933cdbbe082814857f0e2024962d47c" "/opt/rustwide/cargo-home/bin/cargo" "+beta-2020-07-24" "check" "--frozen" "--all" "--all-targets" "--message-format=json", kill_on_drop: false }`
[INFO] [stdout] ef00b2069b6c713597f1c7057d19e367ce485fce97e70b643c00ccc2bf8e2ab6
[INFO] [stderr] WARNING: Your kernel does not support swap limit capabilities or the cgroup is not mounted. Memory limited without swap.
[INFO] running `Command { std: "docker" "start" "-a" "ef00b2069b6c713597f1c7057d19e367ce485fce97e70b643c00ccc2bf8e2ab6", kill_on_drop: false }`
[INFO] [stderr]    Compiling cc v1.0.59
[INFO] [stderr]    Compiling glob v0.3.0
[INFO] [stderr]    Compiling version_check v0.1.5
[INFO] [stderr]    Compiling lazy_static v1.4.0
[INFO] [stderr]    Compiling unicode-xid v0.2.1
[INFO] [stderr]    Compiling bindgen v0.51.1
[INFO] [stderr]    Compiling pkg-config v0.3.18
[INFO] [stderr]    Compiling memchr v2.3.3
[INFO] [stderr]    Compiling which v3.1.1
[INFO] [stderr]    Compiling thread_local v1.0.1
[INFO] [stderr]    Compiling proc-macro2 v1.0.19
[INFO] [stderr]    Compiling nom v4.2.3
[INFO] [stderr]    Compiling aho-corasick v0.7.13
[INFO] [stderr]    Compiling clang-sys v0.28.1
[INFO] [stderr]    Compiling quote v1.0.7
[INFO] [stderr]    Compiling libloading v0.5.2
[INFO] [stderr]    Compiling libz-sys v1.1.0
[INFO] [stderr]    Compiling cexpr v0.3.6
[INFO] [stderr]    Compiling regex v1.3.9
[INFO] [stderr]    Compiling env_logger v0.6.2
[INFO] [stderr]    Compiling mozjs_sys v0.67.1 (/opt/rustwide/workdir)
[INFO] [stderr] error: failed to run custom build command for `mozjs_sys v0.67.1 (/opt/rustwide/workdir)`
[INFO] [stderr] 
[INFO] [stderr] Caused by:
[INFO] [stderr]   process didn't exit successfully: `/opt/rustwide/target/debug/build/mozjs_sys-34b6db5a66dc0499/build-script-build` (exit code: 101)
[INFO] [stderr]   --- stdout
[INFO] [stderr]   [[ /opt/rustwide/workdir/mozjs/js/src/configure -ot /opt/rustwide/workdir/mozjs/js/src/configure.in ]] && touch /opt/rustwide/workdir/mozjs/js/src/configure || true
[INFO] [stderr]   [[ /opt/rustwide/workdir/mozjs/js/src/old-configure -ot /opt/rustwide/workdir/mozjs/js/src/old-configure.in ]] && touch /opt/rustwide/workdir/mozjs/js/src/old-configure || true
[INFO] [stderr]   ! [[ /opt/rustwide/workdir/mozjs/js/src/configure.in -ot /opt/rustwide/workdir/mozjs/js/src/configure ]] && touch /opt/rustwide/workdir/mozjs/js/src/configure || true
[INFO] [stderr]   ! [[ /opt/rustwide/workdir/mozjs/js/src/old-configure.in -ot /opt/rustwide/workdir/mozjs/js/src/old-configure ]] && touch /opt/rustwide/workdir/mozjs/js/src/old-configure || true
[INFO] [stderr]   if [[ /opt/rustwide/workdir/mozjs/js/src/configure -nt /opt/rustwide/target/debug/build/mozjs_sys-c233fa2def6a92c1/out/config.status ]] ; then \
[INFO] [stderr]     cd /opt/rustwide/target/debug/build/mozjs_sys-c233fa2def6a92c1/out && \
[INFO] [stderr]     PYTHON="python2" MOZ_TOOLS="" \
[INFO] [stderr]     CC="gcc" CFLAGS="" \
[INFO] [stderr]     CPP="gcc -E" CPPFLAGS="" \
[INFO] [stderr]     CXX="g++" CXXFLAGS="" \
[INFO] [stderr]     AS="" AR="ar" \
[INFO] [stderr]     STLPORT_LIBS="" \
[INFO] [stderr]     RUST_TARGET="x86_64-unknown-linux-gnu" RUST_HOST="x86_64-unknown-linux-gnu" \
[INFO] [stderr]     /opt/rustwide/workdir/mozjs/js/src/configure --disable-jemalloc --disable-js-shell --disable-tests --disable-shared-js --build-backends=RecursiveMake --enable-posix-nspr-emulation --disable-shared-js || (cat config.log && exit 1) ; \
[INFO] [stderr]   fi
[INFO] [stderr]   Creating Python environment
[INFO] [stderr]   New python executable in /opt/rustwide/target/debug/build/mozjs_sys-c233fa2def6a92c1/out/_virtualenvs/init/bin/python2
[INFO] [stderr]   Also creating executable in /opt/rustwide/target/debug/build/mozjs_sys-c233fa2def6a92c1/out/_virtualenvs/init/bin/python
[INFO] [stderr]   Installing setuptools, pip, wheel...done.
[INFO] [stderr]   Traceback (most recent call last):
[INFO] [stderr]     File "/opt/rustwide/workdir/mozjs/third_party/python/psutil/setup.py", line 224, in <module>
[INFO] [stderr]       ETHTOOL_MACRO = get_ethtool_macro()
[INFO] [stderr]     File "/opt/rustwide/workdir/mozjs/third_party/python/psutil/setup.py", line 212, in get_ethtool_macro
[INFO] [stderr]       compiler.compile([f.name])
[INFO] [stderr]     File "/usr/lib/python2.7/distutils/ccompiler.py", line 566, in compile
[INFO] [stderr]       depends, extra_postargs)
[INFO] [stderr]     File "/usr/lib/python2.7/distutils/ccompiler.py", line 362, in _setup_compile
[INFO] [stderr]       self.mkpath(os.path.dirname(obj))
[INFO] [stderr]     File "/usr/lib/python2.7/distutils/ccompiler.py", line 883, in mkpath
[INFO] [stderr]       mkpath(name, mode, dry_run=self.dry_run)
[INFO] [stderr]     File "/usr/lib/python2.7/distutils/dir_util.py", line 76, in mkpath
[INFO] [stderr]       "could not create '%s': %s" % (head, exc.args[-1]))
[INFO] [stderr]   distutils.errors.DistutilsFileError: could not create 'tmp': Read-only file system
[INFO] [stderr] 
[INFO] [stderr]   Error processing command. Ignoring because optional. (optional:setup.py:third_party/python/psutil:build_ext:--inplace)
[INFO] [stderr]   Error processing command. Ignoring because optional. (optional:packages.txt:comm/build/virtualenv_packages.txt)
[INFO] [stderr]   Reexecuting in the virtualenv
[INFO] [stderr]   checking for vcs source checkout... no
[INFO] [stderr]   checking for a shell... /usr/bin/sh
[INFO] [stderr]   checking for host system type... x86_64-pc-linux-gnu
[INFO] [stderr]   checking for target system type... x86_64-pc-linux-gnu
[INFO] [stderr]   checking for Python 3... /usr/bin/python3 (3.8.2)
[INFO] [stderr]   checking whether cross compiling... no
[INFO] [stderr]   checking for yasm... not found
[INFO] [stderr]   checking for the target C compiler... /usr/bin/gcc
[INFO] [stderr]   checking whether the target C compiler can be used... yes
[INFO] [stderr]   checking the target C compiler version... 9.3.0
[INFO] [stderr]   checking the target C compiler works... yes
[INFO] [stderr]   checking for the target C++ compiler... /usr/bin/g++
[INFO] [stderr]   checking whether the target C++ compiler can be used... yes
[INFO] [stderr]   checking the target C++ compiler version... 9.3.0
[INFO] [stderr]   checking the target C++ compiler works... yes
[INFO] [stderr]   checking for the host C compiler... /usr/bin/gcc
[INFO] [stderr]   checking whether the host C compiler can be used... yes
[INFO] [stderr]   checking the host C compiler version... 9.3.0
[INFO] [stderr]   checking the host C compiler works... yes
[INFO] [stderr]   checking for the host C++ compiler... /usr/bin/g++
[INFO] [stderr]   checking whether the host C++ compiler can be used... yes
[INFO] [stderr]   checking the host C++ compiler version... 9.3.0
[INFO] [stderr]   checking the host C++ compiler works... yes
[INFO] [stderr]   checking for 64-bit OS... yes
[INFO] [stderr]   checking for llvm_profdata... /usr/bin/llvm-profdata
[INFO] [stderr]   checking for nasm... /usr/bin/nasm
[INFO] [stderr]   checking nasm version... 2.14.02
[INFO] [stderr]   checking for linker... bfd
[INFO] [stderr]   checking for the assembler... /usr/bin/gcc
[INFO] [stderr]   checking whether the C compiler supports -fsanitize=fuzzer-no-link... no
[INFO] [stderr]   checking for ar... /usr/bin/ar
[INFO] [stderr]   checking for pkg_config... /usr/bin/pkg-config
[INFO] [stderr]   checking for pkg-config version... 0.29.1
[INFO] [stderr]   checking for stdint.h... yes
[INFO] [stderr]   checking for inttypes.h... yes
[INFO] [stderr]   checking for malloc.h... yes
[INFO] [stderr]   checking for alloca.h... yes
[INFO] [stderr]   checking for sys/byteorder.h... no
[INFO] [stderr]   checking for getopt.h... yes
[INFO] [stderr]   checking for unistd.h... yes
[INFO] [stderr]   checking for nl_types.h... yes
[INFO] [stderr]   checking for cpuid.h... yes
[INFO] [stderr]   checking for sys/statvfs.h... yes
[INFO] [stderr]   checking for sys/statfs.h... yes
[INFO] [stderr]   checking for sys/vfs.h... yes
[INFO] [stderr]   checking for sys/mount.h... yes
[INFO] [stderr]   checking for sys/quota.h... yes
[INFO] [stderr]   checking for linux/quota.h... yes
[INFO] [stderr]   checking for linux/if_addr.h... yes
[INFO] [stderr]   checking for linux/rtnetlink.h... yes
[INFO] [stderr]   checking for sys/queue.h... yes
[INFO] [stderr]   checking for sys/types.h... yes
[INFO] [stderr]   checking for netinet/in.h... yes
[INFO] [stderr]   checking for byteswap.h... yes
[INFO] [stderr]   checking for linux/perf_event.h... yes
[INFO] [stderr]   checking for perf_event_open system call... yes
[INFO] [stderr]   checking whether the C compiler supports -Wbitfield-enum-conversion... no
[INFO] [stderr]   checking whether the C++ compiler supports -Wbitfield-enum-conversion... no
[INFO] [stderr]   checking whether the C compiler supports -Wshadow-field-in-constructor-modified... no
[INFO] [stderr]   checking whether the C++ compiler supports -Wshadow-field-in-constructor-modified... no
[INFO] [stderr]   checking whether the C compiler supports -Wunreachable-code-return... no
[INFO] [stderr]   checking whether the C++ compiler supports -Wunreachable-code-return... no
[INFO] [stderr]   checking whether the C compiler supports -Wclass-varargs... no
[INFO] [stderr]   checking whether the C++ compiler supports -Wclass-varargs... no
[INFO] [stderr]   checking whether the C compiler supports -Wfloat-overflow-conversion... no
[INFO] [stderr]   checking whether the C++ compiler supports -Wfloat-overflow-conversion... no
[INFO] [stderr]   checking whether the C compiler supports -Wfloat-zero-conversion... no
[INFO] [stderr]   checking whether the C++ compiler supports -Wfloat-zero-conversion... no
[INFO] [stderr]   checking whether the C compiler supports -Wloop-analysis... no
[INFO] [stderr]   checking whether the C++ compiler supports -Wloop-analysis... no
[INFO] [stderr]   checking whether the C++ compiler supports -Wc++1z-compat... yes
[INFO] [stderr]   checking whether the C++ compiler supports -Wc++2a-compat... no
[INFO] [stderr]   checking whether the C++ compiler supports -Wcomma... no
[INFO] [stderr]   checking whether the C compiler supports -Wduplicated-cond... yes
[INFO] [stderr]   checking whether the C++ compiler supports -Wduplicated-cond... yes
[INFO] [stderr]   checking whether the C++ compiler supports -Wimplicit-fallthrough... yes
[INFO] [stderr]   checking whether the C compiler supports -Wstring-conversion... no
[INFO] [stderr]   checking whether the C++ compiler supports -Wstring-conversion... no
[INFO] [stderr]   checking whether the C compiler supports -Wtautological-overlap-compare... no
[INFO] [stderr]   checking whether the C++ compiler supports -Wtautological-overlap-compare... no
[INFO] [stderr]   checking whether the C compiler supports -Wtautological-unsigned-enum-zero-compare... no
[INFO] [stderr]   checking whether the C++ compiler supports -Wtautological-unsigned-enum-zero-compare... no
[INFO] [stderr]   checking whether the C compiler supports -Wtautological-unsigned-zero-compare... no
[INFO] [stderr]   checking whether the C++ compiler supports -Wtautological-unsigned-zero-compare... no
[INFO] [stderr]   checking whether the C++ compiler supports -Wno-inline-new-delete... no
[INFO] [stderr]   checking whether the C compiler supports -Wno-error=maybe-uninitialized... yes
[INFO] [stderr]   checking whether the C++ compiler supports -Wno-error=maybe-uninitialized... yes
[INFO] [stderr]   checking whether the C compiler supports -Wno-error=deprecated-declarations... yes
[INFO] [stderr]   checking whether the C++ compiler supports -Wno-error=deprecated-declarations... yes
[INFO] [stderr]   checking whether the C compiler supports -Wno-error=array-bounds... yes
[INFO] [stderr]   checking whether the C++ compiler supports -Wno-error=array-bounds... yes
[INFO] [stderr]   checking whether the C compiler supports -Wno-error=free-nonheap-object... yes
[INFO] [stderr]   checking whether the C++ compiler supports -Wno-error=free-nonheap-object... yes
[INFO] [stderr]   checking whether the C compiler supports -Wno-error=multistatement-macros... yes
[INFO] [stderr]   checking whether the C++ compiler supports -Wno-error=multistatement-macros... yes
[INFO] [stderr]   checking whether the C compiler supports -Wno-error=return-std-move... no
[INFO] [stderr]   checking whether the C++ compiler supports -Wno-error=return-std-move... no
[INFO] [stderr]   checking whether the C compiler supports -Wno-error=class-memaccess... yes
[INFO] [stderr]   checking whether the C++ compiler supports -Wno-error=class-memaccess... yes
[INFO] [stderr]   checking whether the C compiler supports -Wno-error=atomic-alignment... no
[INFO] [stderr]   checking whether the C++ compiler supports -Wno-error=atomic-alignment... no
[INFO] [stderr]   checking whether the C compiler supports -Wno-error=deprecated-copy... yes
[INFO] [stderr]   checking whether the C++ compiler supports -Wno-error=deprecated-copy... yes
[INFO] [stderr]   checking whether the C compiler supports -Wformat... yes
[INFO] [stderr]   checking whether the C++ compiler supports -Wformat... yes
[INFO] [stderr]   checking whether the C compiler supports -Wformat-security... yes
[INFO] [stderr]   checking whether the C++ compiler supports -Wformat-security... yes
[INFO] [stderr]   checking whether the C compiler supports -Wformat-overflow=2... yes
[INFO] [stderr]   checking whether the C++ compiler supports -Wformat-overflow=2... yes
[INFO] [stderr]   checking whether the C compiler supports -Wno-gnu-zero-variadic-macro-arguments... no
[INFO] [stderr]   checking whether the C++ compiler supports -Wno-gnu-zero-variadic-macro-arguments... no
[INFO] [stderr]   checking whether the C++ compiler supports -Wno-noexcept-type... yes
[INFO] [stderr]   checking whether the C++ compiler supports -fno-sized-deallocation... yes
[INFO] [stderr]   checking for rustc... /opt/rustwide/cargo-home/bin/rustc
[INFO] [stderr]   checking for cargo... /opt/rustwide/rustup-home/toolchains/beta-2020-07-24-x86_64-unknown-linux-gnu/bin/cargo
[INFO] [stderr]   checking rustc version... 1.46.0-beta.2
[INFO] [stderr]   checking cargo version... 1.46.0
[INFO] [stderr]   checking for rustdoc... /opt/rustwide/cargo-home/bin/rustdoc
[INFO] [stderr]   checking for rustfmt... /opt/rustwide/cargo-home/bin/rustfmt
[INFO] [stderr]   checking for llvm-config... /usr/bin/llvm-config-6.0
[INFO] [stderr]   checking bindgen cflags... -x c++ -fno-sized-deallocation -DTRACING=1 -DIMPL_LIBXUL -DMOZILLA_INTERNAL_API -DRUST_BINDGEN -DOS_POSIX=1 -DOS_LINUX=1
[INFO] [stderr]   checking for awk... /usr/bin/mawk
[INFO] [stderr]   checking for perl... /usr/bin/perl
[INFO] [stderr]   checking for minimum required perl version >= 5.006... 5.030000
[INFO] [stderr]   checking for full perl installation... yes
[INFO] [stderr]   checking for gmake... /usr/bin/make
[INFO] [stderr]   checking for watchman... not found
[INFO] [stderr]   checking for xargs... /usr/bin/xargs
[INFO] [stderr]   checking for rpmbuild... not found
[INFO] [stderr]   checking for llvm-objdump... /usr/lib/llvm-6.0/bin/llvm-objdump
[INFO] [stderr]   checking for autoconf... INFO: checking for vcs source checkout... 
[INFO] [stderr]   INFO: no
[INFO] [stderr]   INFO: checking for a shell... 
[INFO] [stderr]   INFO: /usr/bin/sh
[INFO] [stderr]   INFO: checking for host system type... 
[INFO] [stderr]   INFO: x86_64-pc-linux-gnu
[INFO] [stderr]   INFO: checking for target system type... 
[INFO] [stderr]   INFO: x86_64-pc-linux-gnu
[INFO] [stderr]   INFO: checking for Python 3... 
[INFO] [stderr]   INFO: /usr/bin/python3 (3.8.2)
[INFO] [stderr]   INFO: checking whether cross compiling... 
[INFO] [stderr]   INFO: no
[INFO] [stderr]   INFO: checking for yasm... 
[INFO] [stderr]   DEBUG: yasm: Trying yasm
[INFO] [stderr]   INFO: not found
[INFO] [stderr]   INFO: checking for the target C compiler... 
[INFO] [stderr]   DEBUG: _cc: Trying gcc
[INFO] [stderr]   INFO: /usr/bin/gcc
[INFO] [stderr]   INFO: checking whether the target C compiler can be used... 
[INFO] [stderr]   DEBUG: Creating `/tmp/conftest.XFHw6n.c` with content:
[INFO] [stderr]   DEBUG: | #if defined(_MSC_VER)
[INFO] [stderr]   DEBUG: | #if defined(__clang__)
[INFO] [stderr]   DEBUG: | %COMPILER "clang-cl"
[INFO] [stderr]   DEBUG: | %VERSION __clang_major__.__clang_minor__.__clang_patchlevel__
[INFO] [stderr]   DEBUG: | #endif
[INFO] [stderr]   DEBUG: | #elif defined(__clang__)
[INFO] [stderr]   DEBUG: | %COMPILER "clang"
[INFO] [stderr]   DEBUG: | #  if !__cplusplus || __has_builtin(__builtin_bitreverse8)
[INFO] [stderr]   DEBUG: | %VERSION __clang_major__.__clang_minor__.__clang_patchlevel__
[INFO] [stderr]   DEBUG: | #  endif
[INFO] [stderr]   DEBUG: | #elif defined(__GNUC__)
[INFO] [stderr]   DEBUG: | %COMPILER "gcc"
[INFO] [stderr]   DEBUG: | %VERSION __GNUC__.__GNUC_MINOR__.__GNUC_PATCHLEVEL__
[INFO] [stderr]   DEBUG: | #endif
[INFO] [stderr]   DEBUG: | 
[INFO] [stderr]   DEBUG: | #if __cplusplus
[INFO] [stderr]   DEBUG: | %cplusplus __cplusplus
[INFO] [stderr]   DEBUG: | #elif __STDC_VERSION__
[INFO] [stderr]   DEBUG: | %STDC_VERSION __STDC_VERSION__
[INFO] [stderr]   DEBUG: | #endif
[INFO] [stderr]   DEBUG: | #if __i386__ || _M_IX86
[INFO] [stderr]   DEBUG: | %CPU "x86"
[INFO] [stderr]   DEBUG: | #elif __x86_64__ || _M_X64
[INFO] [stderr]   DEBUG: | %CPU "x86_64"
[INFO] [stderr]   DEBUG: | #elif __arm__ || _M_ARM
[INFO] [stderr]   DEBUG: | %CPU "arm"
[INFO] [stderr]   DEBUG: | #elif __aarch64__ || _M_ARM64
[INFO] [stderr]   DEBUG: | %CPU "aarch64"
[INFO] [stderr]   DEBUG: | #elif __ia64__
[INFO] [stderr]   DEBUG: | %CPU "ia64"
[INFO] [stderr]   DEBUG: | #elif __s390x__
[INFO] [stderr]   DEBUG: | %CPU "s390x"
[INFO] [stderr]   DEBUG: | #elif __s390__
[INFO] [stderr]   DEBUG: | %CPU "s390"
[INFO] [stderr]   DEBUG: | #elif __powerpc64__
[INFO] [stderr]   DEBUG: | %CPU "ppc64"
[INFO] [stderr]   DEBUG: | #elif __powerpc__
[INFO] [stderr]   DEBUG: | %CPU "ppc"
[INFO] [stderr]   DEBUG: | #elif __alpha__
[INFO] [stderr]   DEBUG: | %CPU "Alpha"
[INFO] [stderr]   DEBUG: | #elif __hppa__
[INFO] [stderr]   DEBUG: | %CPU "hppa"
[INFO] [stderr]   DEBUG: | #elif __sparc__ && __arch64__
[INFO] [stderr]   DEBUG: | %CPU "sparc64"
[INFO] [stderr]   DEBUG: | #elif __sparc__
[INFO] [stderr]   DEBUG: | %CPU "sparc"
[INFO] [stderr]   DEBUG: | #elif __mips64
[INFO] [stderr]   DEBUG: | %CPU "mips64"
[INFO] [stderr]   DEBUG: | #elif __mips__
[INFO] [stderr]   DEBUG: | %CPU "mips32"
[INFO] [stderr]   DEBUG: | #elif __sh__
[INFO] [stderr]   DEBUG: | %CPU "sh4"
[INFO] [stderr]   DEBUG: | #endif
[INFO] [stderr]   DEBUG: | #if __FreeBSD_kernel__
[INFO] [stderr]   DEBUG: | %KERNEL "kFreeBSD"
[INFO] [stderr]   DEBUG: | #elif __DragonFly__
[INFO] [stderr]   DEBUG: | %KERNEL "DragonFly"
[INFO] [stderr]   DEBUG: | #elif __OpenBSD__
[INFO] [stderr]   DEBUG: | %KERNEL "OpenBSD"
[INFO] [stderr]   DEBUG: | #elif __sun__
[INFO] [stderr]   DEBUG: | %KERNEL "SunOS"
[INFO] [stderr]   DEBUG: | #elif __FreeBSD__
[INFO] [stderr]   DEBUG: | %KERNEL "FreeBSD"
[INFO] [stderr]   DEBUG: | #elif __linux__
[INFO] [stderr]   DEBUG: | %KERNEL "Linux"
[INFO] [stderr]   DEBUG: | #elif _WIN32 || __CYGWIN__
[INFO] [stderr]   DEBUG: | %KERNEL "WINNT"
[INFO] [stderr]   DEBUG: | #elif __NetBSD__
[INFO] [stderr]   DEBUG: | %KERNEL "NetBSD"
[INFO] [stderr]   DEBUG: | #elif __APPLE__
[INFO] [stderr]   DEBUG: | %KERNEL "Darwin"
[INFO] [stderr]   DEBUG: | #endif
[INFO] [stderr]   DEBUG: | #if __ANDROID__
[INFO] [stderr]   DEBUG: | %OS "Android"
[INFO] [stderr]   DEBUG: | #endif
[INFO] [stderr]   DEBUG: | #if __BYTE_ORDER__ == __ORDER_LITTLE_ENDIAN__
[INFO] [stderr]   DEBUG: | %ENDIANNESS "little"
[INFO] [stderr]   DEBUG: | #elif __BYTE_ORDER__ == __ORDER_BIG_ENDIAN__
[INFO] [stderr]   DEBUG: | %ENDIANNESS "big"
[INFO] [stderr]   DEBUG: | #endif
[INFO] [stderr]   DEBUG: Executing: `/usr/bin/gcc -E /tmp/conftest.XFHw6n.c`
[INFO] [stderr]   DEBUG: COMPILER = gcc
[INFO] [stderr]   DEBUG: VERSION = 9.3.0
[INFO] [stderr]   DEBUG: STDC_VERSION = 201710L
[INFO] [stderr]   DEBUG: CPU = x86_64
[INFO] [stderr]   DEBUG: KERNEL = Linux
[INFO] [stderr]   DEBUG: ENDIANNESS = little
[INFO] [stderr]   DEBUG: Creating `/tmp/conftest.qlR_LX.c` with content:
[INFO] [stderr]   DEBUG: | #if defined(_MSC_VER)
[INFO] [stderr]   DEBUG: | #if defined(__clang__)
[INFO] [stderr]   DEBUG: | %COMPILER "clang-cl"
[INFO] [stderr]   DEBUG: | %VERSION __clang_major__.__clang_minor__.__clang_patchlevel__
[INFO] [stderr]   DEBUG: | #endif
[INFO] [stderr]   DEBUG: | #elif defined(__clang__)
[INFO] [stderr]   DEBUG: | %COMPILER "clang"
[INFO] [stderr]   DEBUG: | #  if !__cplusplus || __has_builtin(__builtin_bitreverse8)
[INFO] [stderr]   DEBUG: | %VERSION __clang_major__.__clang_minor__.__clang_patchlevel__
[INFO] [stderr]   DEBUG: | #  endif
[INFO] [stderr]   DEBUG: | #elif defined(__GNUC__)
[INFO] [stderr]   DEBUG: | %COMPILER "gcc"
[INFO] [stderr]   DEBUG: | %VERSION __GNUC__.__GNUC_MINOR__.__GNUC_PATCHLEVEL__
[INFO] [stderr]   DEBUG: | #endif
[INFO] [stderr]   DEBUG: | 
[INFO] [stderr]   DEBUG: | #if __cplusplus
[INFO] [stderr]   DEBUG: | %cplusplus __cplusplus
[INFO] [stderr]   DEBUG: | #elif __STDC_VERSION__
[INFO] [stderr]   DEBUG: | %STDC_VERSION __STDC_VERSION__
[INFO] [stderr]   DEBUG: | #endif
[INFO] [stderr]   DEBUG: | #if __i386__ || _M_IX86
[INFO] [stderr]   DEBUG: | %CPU "x86"
[INFO] [stderr]   DEBUG: | #elif __x86_64__ || _M_X64
[INFO] [stderr]   DEBUG: | %CPU "x86_64"
[INFO] [stderr]   DEBUG: | #elif __arm__ || _M_ARM
[INFO] [stderr]   DEBUG: | %CPU "arm"
[INFO] [stderr]   DEBUG: | #elif __aarch64__ || _M_ARM64
[INFO] [stderr]   DEBUG: | %CPU "aarch64"
[INFO] [stderr]   DEBUG: | #elif __ia64__
[INFO] [stderr]   DEBUG: | %CPU "ia64"
[INFO] [stderr]   DEBUG: | #elif __s390x__
[INFO] [stderr]   DEBUG: | %CPU "s390x"
[INFO] [stderr]   DEBUG: | #elif __s390__
[INFO] [stderr]   DEBUG: | %CPU "s390"
[INFO] [stderr]   DEBUG: | #elif __powerpc64__
[INFO] [stderr]   DEBUG: | %CPU "ppc64"
[INFO] [stderr]   DEBUG: | #elif __powerpc__
[INFO] [stderr]   DEBUG: | %CPU "ppc"
[INFO] [stderr]   DEBUG: | #elif __alpha__
[INFO] [stderr]   DEBUG: | %CPU "Alpha"
[INFO] [stderr]   DEBUG: | #elif __hppa__
[INFO] [stderr]   DEBUG: | %CPU "hppa"
[INFO] [stderr]   DEBUG: | #elif __sparc__ && __arch64__
[INFO] [stderr]   DEBUG: | %CPU "sparc64"
[INFO] [stderr]   DEBUG: | #elif __sparc__
[INFO] [stderr]   DEBUG: | %CPU "sparc"
[INFO] [stderr]   DEBUG: | #elif __mips64
[INFO] [stderr]   DEBUG: | %CPU "mips64"
[INFO] [stderr]   DEBUG: | #elif __mips__
[INFO] [stderr]   DEBUG: | %CPU "mips32"
[INFO] [stderr]   DEBUG: | #elif __sh__
[INFO] [stderr]   DEBUG: | %CPU "sh4"
[INFO] [stderr]   DEBUG: | #endif
[INFO] [stderr]   DEBUG: | #if __FreeBSD_kernel__
[INFO] [stderr]   DEBUG: | %KERNEL "kFreeBSD"
[INFO] [stderr]   DEBUG: | #elif __DragonFly__
[INFO] [stderr]   DEBUG: | %KERNEL "DragonFly"
[INFO] [stderr]   DEBUG: | #elif __OpenBSD__
[INFO] [stderr]   DEBUG: | %KERNEL "OpenBSD"
[INFO] [stderr]   DEBUG: | #elif __sun__
[INFO] [stderr]   DEBUG: | %KERNEL "SunOS"
[INFO] [stderr]   DEBUG: | #elif __FreeBSD__
[INFO] [stderr]   DEBUG: | %KERNEL "FreeBSD"
[INFO] [stderr]   DEBUG: | #elif __linux__
[INFO] [stderr]   DEBUG: | %KERNEL "Linux"
[INFO] [stderr]   DEBUG: | #elif _WIN32 || __CYGWIN__
[INFO] [stderr]   DEBUG: | %KERNEL "WINNT"
[INFO] [stderr]   DEBUG: | #elif __NetBSD__
[INFO] [stderr]   DEBUG: | %KERNEL "NetBSD"
[INFO] [stderr]   DEBUG: | #elif __APPLE__
[INFO] [stderr]   DEBUG: | %KERNEL "Darwin"
[INFO] [stderr]   DEBUG: | #endif
[INFO] [stderr]   DEBUG: | #if __ANDROID__
[INFO] [stderr]   DEBUG: | %OS "Android"
[INFO] [stderr]   DEBUG: | #endif
[INFO] [stderr]   DEBUG: | #if __BYTE_ORDER__ == __ORDER_LITTLE_ENDIAN__
[INFO] [stderr]   DEBUG: | %ENDIANNESS "little"
[INFO] [stderr]   DEBUG: | #elif __BYTE_ORDER__ == __ORDER_BIG_ENDIAN__
[INFO] [stderr]   DEBUG: | %ENDIANNESS "big"
[INFO] [stderr]   DEBUG: | #endif
[INFO] [stderr]   DEBUG: Executing: `/usr/bin/gcc -std=gnu99 -E /tmp/conftest.qlR_LX.c`
[INFO] [stderr]   DEBUG: COMPILER = gcc
[INFO] [stderr]   DEBUG: VERSION = 9.3.0
[INFO] [stderr]   DEBUG: STDC_VERSION = 199901L
[INFO] [stderr]   DEBUG: CPU = x86_64
[INFO] [stderr]   DEBUG: KERNEL = Linux
[INFO] [stderr]   DEBUG: ENDIANNESS = little
[INFO] [stderr]   INFO: yes
[INFO] [stderr]   INFO: checking the target C compiler version... 
[INFO] [stderr]   INFO: 9.3.0
[INFO] [stderr]   INFO: checking the target C compiler works... 
[INFO] [stderr]   DEBUG: Creating `/tmp/conftest.EiEDKA.c` with content:
[INFO] [stderr]   DEBUG: | int
[INFO] [stderr]   DEBUG: | main(void)
[INFO] [stderr]   DEBUG: | {
[INFO] [stderr]   DEBUG: | 
[INFO] [stderr]   DEBUG: |   ;
[INFO] [stderr]   DEBUG: |   return 0;
[INFO] [stderr]   DEBUG: | }
[INFO] [stderr]   DEBUG: Executing: `/usr/bin/gcc -std=gnu99 -c /tmp/conftest.EiEDKA.c`
[INFO] [stderr]   INFO: yes
[INFO] [stderr]   INFO: checking for the target C++ compiler... 
[INFO] [stderr]   DEBUG: _cxx: Trying g++
[INFO] [stderr]   INFO: /usr/bin/g++
[INFO] [stderr]   INFO: checking whether the target C++ compiler can be used... 
[INFO] [stderr]   DEBUG: Creating `/tmp/conftest.URTyrL.cpp` with content:
[INFO] [stderr]   DEBUG: | #if defined(_MSC_VER)
[INFO] [stderr]   DEBUG: | #if defined(__clang__)
[INFO] [stderr]   DEBUG: | %COMPILER "clang-cl"
[INFO] [stderr]   DEBUG: | %VERSION __clang_major__.__clang_minor__.__clang_patchlevel__
[INFO] [stderr]   DEBUG: | #endif
[INFO] [stderr]   DEBUG: | #elif defined(__clang__)
[INFO] [stderr]   DEBUG: | %COMPILER "clang"
[INFO] [stderr]   DEBUG: | #  if !__cplusplus || __has_builtin(__builtin_bitreverse8)
[INFO] [stderr]   DEBUG: | %VERSION __clang_major__.__clang_minor__.__clang_patchlevel__
[INFO] [stderr]   DEBUG: | #  endif
[INFO] [stderr]   DEBUG: | #elif defined(__GNUC__)
[INFO] [stderr]   DEBUG: | %COMPILER "gcc"
[INFO] [stderr]   DEBUG: | %VERSION __GNUC__.__GNUC_MINOR__.__GNUC_PATCHLEVEL__
[INFO] [stderr]   DEBUG: | #endif
[INFO] [stderr]   DEBUG: | 
[INFO] [stderr]   DEBUG: | #if __cplusplus
[INFO] [stderr]   DEBUG: | %cplusplus __cplusplus
[INFO] [stderr]   DEBUG: | #elif __STDC_VERSION__
[INFO] [stderr]   DEBUG: | %STDC_VERSION __STDC_VERSION__
[INFO] [stderr]   DEBUG: | #endif
[INFO] [stderr]   DEBUG: | #if __i386__ || _M_IX86
[INFO] [stderr]   DEBUG: | %CPU "x86"
[INFO] [stderr]   DEBUG: | #elif __x86_64__ || _M_X64
[INFO] [stderr]   DEBUG: | %CPU "x86_64"
[INFO] [stderr]   DEBUG: | #elif __arm__ || _M_ARM
[INFO] [stderr]   DEBUG: | %CPU "arm"
[INFO] [stderr]   DEBUG: | #elif __aarch64__ || _M_ARM64
[INFO] [stderr]   DEBUG: | %CPU "aarch64"
[INFO] [stderr]   DEBUG: | #elif __ia64__
[INFO] [stderr]   DEBUG: | %CPU "ia64"
[INFO] [stderr]   DEBUG: | #elif __s390x__
[INFO] [stderr]   DEBUG: | %CPU "s390x"
[INFO] [stderr]   DEBUG: | #elif __s390__
[INFO] [stderr]   DEBUG: | %CPU "s390"
[INFO] [stderr]   DEBUG: | #elif __powerpc64__
[INFO] [stderr]   DEBUG: | %CPU "ppc64"
[INFO] [stderr]   DEBUG: | #elif __powerpc__
[INFO] [stderr]   DEBUG: | %CPU "ppc"
[INFO] [stderr]   DEBUG: | #elif __alpha__
[INFO] [stderr]   DEBUG: | %CPU "Alpha"
[INFO] [stderr]   DEBUG: | #elif __hppa__
[INFO] [stderr]   DEBUG: | %CPU "hppa"
[INFO] [stderr]   DEBUG: | #elif __sparc__ && __arch64__
[INFO] [stderr]   DEBUG: | %CPU "sparc64"
[INFO] [stderr]   DEBUG: | #elif __sparc__
[INFO] [stderr]   DEBUG: | %CPU "sparc"
[INFO] [stderr]   DEBUG: | #elif __mips64
[INFO] [stderr]   DEBUG: | %CPU "mips64"
[INFO] [stderr]   DEBUG: | #elif __mips__
[INFO] [stderr]   DEBUG: | %CPU "mips32"
[INFO] [stderr]   DEBUG: | #elif __sh__
[INFO] [stderr]   DEBUG: | %CPU "sh4"
[INFO] [stderr]   DEBUG: | #endif
[INFO] [stderr]   DEBUG: | #if __FreeBSD_kernel__
[INFO] [stderr]   DEBUG: | %KERNEL "kFreeBSD"
[INFO] [stderr]   DEBUG: | #elif __DragonFly__
[INFO] [stderr]   DEBUG: | %KERNEL "DragonFly"
[INFO] [stderr]   DEBUG: | #elif __OpenBSD__
[INFO] [stderr]   DEBUG: | %KERNEL "OpenBSD"
[INFO] [stderr]   DEBUG: | #elif __sun__
[INFO] [stderr]   DEBUG: | %KERNEL "SunOS"
[INFO] [stderr]   DEBUG: | #elif __FreeBSD__
[INFO] [stderr]   DEBUG: | %KERNEL "FreeBSD"
[INFO] [stderr]   DEBUG: | #elif __linux__
[INFO] [stderr]   DEBUG: | %KERNEL "Linux"
[INFO] [stderr]   DEBUG: | #elif _WIN32 || __CYGWIN__
[INFO] [stderr]   DEBUG: | %KERNEL "WINNT"
[INFO] [stderr]   DEBUG: | #elif __NetBSD__
[INFO] [stderr]   DEBUG: | %KERNEL "NetBSD"
[INFO] [stderr]   DEBUG: | #elif __APPLE__
[INFO] [stderr]   DEBUG: | %KERNEL "Darwin"
[INFO] [stderr]   DEBUG: | #endif
[INFO] [stderr]   DEBUG: | #if __ANDROID__
[INFO] [stderr]   DEBUG: | %OS "Android"
[INFO] [stderr]   DEBUG: | #endif
[INFO] [stderr]   DEBUG: | #if __BYTE_ORDER__ == __ORDER_LITTLE_ENDIAN__
[INFO] [stderr]   DEBUG: | %ENDIANNESS "little"
[INFO] [stderr]   DEBUG: | #elif __BYTE_ORDER__ == __ORDER_BIG_ENDIAN__
[INFO] [stderr]   DEBUG: | %ENDIANNESS "big"
[INFO] [stderr]   DEBUG: | #endif
[INFO] [stderr]   DEBUG: Executing: `/usr/bin/g++ -E /tmp/conftest.URTyrL.cpp`
[INFO] [stderr]   DEBUG: COMPILER = gcc
[INFO] [stderr]   DEBUG: VERSION = 9.3.0
[INFO] [stderr]   DEBUG: cplusplus = 201402L
[INFO] [stderr]   DEBUG: CPU = x86_64
[INFO] [stderr]   DEBUG: KERNEL = Linux
[INFO] [stderr]   DEBUG: ENDIANNESS = little
[INFO] [stderr]   INFO: yes
[INFO] [stderr]   INFO: checking the target C++ compiler version... 
[INFO] [stderr]   INFO: 9.3.0
[INFO] [stderr]   INFO: checking the target C++ compiler works... 
[INFO] [stderr]   DEBUG: Creating `/tmp/conftest.aMehwe.cpp` with content:
[INFO] [stderr]   DEBUG: | int
[INFO] [stderr]   DEBUG: | main(void)
[INFO] [stderr]   DEBUG: | {
[INFO] [stderr]   DEBUG: | 
[INFO] [stderr]   DEBUG: |   ;
[INFO] [stderr]   DEBUG: |   return 0;
[INFO] [stderr]   DEBUG: | }
[INFO] [stderr]   DEBUG: Executing: `/usr/bin/g++ -c /tmp/conftest.aMehwe.cpp`
[INFO] [stderr]   INFO: yes
[INFO] [stderr]   INFO: checking for the host C compiler... 
[INFO] [stderr]   DEBUG: _host_cc: Trying /usr/bin/gcc
[INFO] [stderr]   INFO: /usr/bin/gcc
[INFO] [stderr]   INFO: checking whether the host C compiler can be used... 
[INFO] [stderr]   DEBUG: Creating `/tmp/conftest.DeCcfc.c` with content:
[INFO] [stderr]   DEBUG: | #if defined(_MSC_VER)
[INFO] [stderr]   DEBUG: | #if defined(__clang__)
[INFO] [stderr]   DEBUG: | %COMPILER "clang-cl"
[INFO] [stderr]   DEBUG: | %VERSION __clang_major__.__clang_minor__.__clang_patchlevel__
[INFO] [stderr]   DEBUG: | #endif
[INFO] [stderr]   DEBUG: | #elif defined(__clang__)
[INFO] [stderr]   DEBUG: | %COMPILER "clang"
[INFO] [stderr]   DEBUG: | #  if !__cplusplus || __has_builtin(__builtin_bitreverse8)
[INFO] [stderr]   DEBUG: | %VERSION __clang_major__.__clang_minor__.__clang_patchlevel__
[INFO] [stderr]   DEBUG: | #  endif
[INFO] [stderr]   DEBUG: | #elif defined(__GNUC__)
[INFO] [stderr]   DEBUG: | %COMPILER "gcc"
[INFO] [stderr]   DEBUG: | %VERSION __GNUC__.__GNUC_MINOR__.__GNUC_PATCHLEVEL__
[INFO] [stderr]   DEBUG: | #endif
[INFO] [stderr]   DEBUG: | 
[INFO] [stderr]   DEBUG: | #if __cplusplus
[INFO] [stderr]   DEBUG: | %cplusplus __cplusplus
[INFO] [stderr]   DEBUG: | #elif __STDC_VERSION__
[INFO] [stderr]   DEBUG: | %STDC_VERSION __STDC_VERSION__
[INFO] [stderr]   DEBUG: | #endif
[INFO] [stderr]   DEBUG: | #if __i386__ || _M_IX86
[INFO] [stderr]   DEBUG: | %CPU "x86"
[INFO] [stderr]   DEBUG: | #elif __x86_64__ || _M_X64
[INFO] [stderr]   DEBUG: | %CPU "x86_64"
[INFO] [stderr]   DEBUG: | #elif __arm__ || _M_ARM
[INFO] [stderr]   DEBUG: | %CPU "arm"
[INFO] [stderr]   DEBUG: | #elif __aarch64__ || _M_ARM64
[INFO] [stderr]   DEBUG: | %CPU "aarch64"
[INFO] [stderr]   DEBUG: | #elif __ia64__
[INFO] [stderr]   DEBUG: | %CPU "ia64"
[INFO] [stderr]   DEBUG: | #elif __s390x__
[INFO] [stderr]   DEBUG: | %CPU "s390x"
[INFO] [stderr]   DEBUG: | #elif __s390__
[INFO] [stderr]   DEBUG: | %CPU "s390"
[INFO] [stderr]   DEBUG: | #elif __powerpc64__
[INFO] [stderr]   DEBUG: | %CPU "ppc64"
[INFO] [stderr]   DEBUG: | #elif __powerpc__
[INFO] [stderr]   DEBUG: | %CPU "ppc"
[INFO] [stderr]   DEBUG: | #elif __alpha__
[INFO] [stderr]   DEBUG: | %CPU "Alpha"
[INFO] [stderr]   DEBUG: | #elif __hppa__
[INFO] [stderr]   DEBUG: | %CPU "hppa"
[INFO] [stderr]   DEBUG: | #elif __sparc__ && __arch64__
[INFO] [stderr]   DEBUG: | %CPU "sparc64"
[INFO] [stderr]   DEBUG: | #elif __sparc__
[INFO] [stderr]   DEBUG: | %CPU "sparc"
[INFO] [stderr]   DEBUG: | #elif __mips64
[INFO] [stderr]   DEBUG: | %CPU "mips64"
[INFO] [stderr]   DEBUG: | #elif __mips__
[INFO] [stderr]   DEBUG: | %CPU "mips32"
[INFO] [stderr]   DEBUG: | #elif __sh__
[INFO] [stderr]   DEBUG: | %CPU "sh4"
[INFO] [stderr]   DEBUG: | #endif
[INFO] [stderr]   DEBUG: | #if __FreeBSD_kernel__
[INFO] [stderr]   DEBUG: | %KERNEL "kFreeBSD"
[INFO] [stderr]   DEBUG: | #elif __DragonFly__
[INFO] [stderr]   DEBUG: | %KERNEL "DragonFly"
[INFO] [stderr]   DEBUG: | #elif __OpenBSD__
[INFO] [stderr]   DEBUG: | %KERNEL "OpenBSD"
[INFO] [stderr]   DEBUG: | #elif __sun__
[INFO] [stderr]   DEBUG: | %KERNEL "SunOS"
[INFO] [stderr]   DEBUG: | #elif __FreeBSD__
[INFO] [stderr]   DEBUG: | %KERNEL "FreeBSD"
[INFO] [stderr]   DEBUG: | #elif __linux__
[INFO] [stderr]   DEBUG: | %KERNEL "Linux"
[INFO] [stderr]   DEBUG: | #elif _WIN32 || __CYGWIN__
[INFO] [stderr]   DEBUG: | %KERNEL "WINNT"
[INFO] [stderr]   DEBUG: | #elif __NetBSD__
[INFO] [stderr]   DEBUG: | %KERNEL "NetBSD"
[INFO] [stderr]   DEBUG: | #elif __APPLE__
[INFO] [stderr]   DEBUG: | %KERNEL "Darwin"
[INFO] [stderr]   DEBUG: | #endif
[INFO] [stderr]   DEBUG: | #if __ANDROID__
[INFO] [stderr]   DEBUG: | %OS "Android"
[INFO] [stderr]   DEBUG: | #endif
[INFO] [stderr]   DEBUG: | #if __BYTE_ORDER__ == __ORDER_LITTLE_ENDIAN__
[INFO] [stderr]   DEBUG: | %ENDIANNESS "little"
[INFO] [stderr]   DEBUG: | #elif __BYTE_ORDER__ == __ORDER_BIG_ENDIAN__
[INFO] [stderr]   DEBUG: | %ENDIANNESS "big"
[INFO] [stderr]   DEBUG: | #endif
[INFO] [stderr]   DEBUG: Executing: `/usr/bin/gcc -E /tmp/conftest.DeCcfc.c`
[INFO] [stderr]   DEBUG: COMPILER = gcc
[INFO] [stderr]   DEBUG: VERSION = 9.3.0
[INFO] [stderr]   DEBUG: STDC_VERSION = 201710L
[INFO] [stderr]   DEBUG: CPU = x86_64
[INFO] [stderr]   DEBUG: KERNEL = Linux
[INFO] [stderr]   DEBUG: ENDIANNESS = little
[INFO] [stderr]   DEBUG: Creating `/tmp/conftest.e04jSE.c` with content:
[INFO] [stderr]   DEBUG: | #if defined(_MSC_VER)
[INFO] [stderr]   DEBUG: | #if defined(__clang__)
[INFO] [stderr]   DEBUG: | %COMPILER "clang-cl"
[INFO] [stderr]   DEBUG: | %VERSION __clang_major__.__clang_minor__.__clang_patchlevel__
[INFO] [stderr]   DEBUG: | #endif
[INFO] [stderr]   DEBUG: | #elif defined(__clang__)
[INFO] [stderr]   DEBUG: | %COMPILER "clang"
[INFO] [stderr]   DEBUG: | #  if !__cplusplus || __has_builtin(__builtin_bitreverse8)
[INFO] [stderr]   DEBUG: | %VERSION __clang_major__.__clang_minor__.__clang_patchlevel__
[INFO] [stderr]   DEBUG: | #  endif
[INFO] [stderr]   DEBUG: | #elif defined(__GNUC__)
[INFO] [stderr]   DEBUG: | %COMPILER "gcc"
[INFO] [stderr]   DEBUG: | %VERSION __GNUC__.__GNUC_MINOR__.__GNUC_PATCHLEVEL__
[INFO] [stderr]   DEBUG: | #endif
[INFO] [stderr]   DEBUG: | 
[INFO] [stderr]   DEBUG: | #if __cplusplus
[INFO] [stderr]   DEBUG: | %cplusplus __cplusplus
[INFO] [stderr]   DEBUG: | #elif __STDC_VERSION__
[INFO] [stderr]   DEBUG: | %STDC_VERSION __STDC_VERSION__
[INFO] [stderr]   DEBUG: | #endif
[INFO] [stderr]   DEBUG: | #if __i386__ || _M_IX86
[INFO] [stderr]   DEBUG: | %CPU "x86"
[INFO] [stderr]   DEBUG: | #elif __x86_64__ || _M_X64
[INFO] [stderr]   DEBUG: | %CPU "x86_64"
[INFO] [stderr]   DEBUG: | #elif __arm__ || _M_ARM
[INFO] [stderr]   DEBUG: | %CPU "arm"
[INFO] [stderr]   DEBUG: | #elif __aarch64__ || _M_ARM64
[INFO] [stderr]   DEBUG: | %CPU "aarch64"
[INFO] [stderr]   DEBUG: | #elif __ia64__
[INFO] [stderr]   DEBUG: | %CPU "ia64"
[INFO] [stderr]   DEBUG: | #elif __s390x__
[INFO] [stderr]   DEBUG: | %CPU "s390x"
[INFO] [stderr]   DEBUG: | #elif __s390__
[INFO] [stderr]   DEBUG: | %CPU "s390"
[INFO] [stderr]   DEBUG: | #elif __powerpc64__
[INFO] [stderr]   DEBUG: | %CPU "ppc64"
[INFO] [stderr]   DEBUG: | #elif __powerpc__
[INFO] [stderr]   DEBUG: | %CPU "ppc"
[INFO] [stderr]   DEBUG: | #elif __alpha__
[INFO] [stderr]   DEBUG: | %CPU "Alpha"
[INFO] [stderr]   DEBUG: | #elif __hppa__
[INFO] [stderr]   DEBUG: | %CPU "hppa"
[INFO] [stderr]   DEBUG: | #elif __sparc__ && __arch64__
[INFO] [stderr]   DEBUG: | %CPU "sparc64"
[INFO] [stderr]   DEBUG: | #elif __sparc__
[INFO] [stderr]   DEBUG: | %CPU "sparc"
[INFO] [stderr]   DEBUG: | #elif __mips64
[INFO] [stderr]   DEBUG: | %CPU "mips64"
[INFO] [stderr]   DEBUG: | #elif __mips__
[INFO] [stderr]   DEBUG: | %CPU "mips32"
[INFO] [stderr]   DEBUG: | #elif __sh__
[INFO] [stderr]   DEBUG: | %CPU "sh4"
[INFO] [stderr]   DEBUG: | #endif
[INFO] [stderr]   DEBUG: | #if __FreeBSD_kernel__
[INFO] [stderr]   DEBUG: | %KERNEL "kFreeBSD"
[INFO] [stderr]   DEBUG: | #elif __DragonFly__
[INFO] [stderr]   DEBUG: | %KERNEL "DragonFly"
[INFO] [stderr]   DEBUG: | #elif __OpenBSD__
[INFO] [stderr]   DEBUG: | %KERNEL "OpenBSD"
[INFO] [stderr]   DEBUG: | #elif __sun__
[INFO] [stderr]   DEBUG: | %KERNEL "SunOS"
[INFO] [stderr]   DEBUG: | #elif __FreeBSD__
[INFO] [stderr]   DEBUG: | %KERNEL "FreeBSD"
[INFO] [stderr]   DEBUG: | #elif __linux__
[INFO] [stderr]   DEBUG: | %KERNEL "Linux"
[INFO] [stderr]   DEBUG: | #elif _WIN32 || __CYGWIN__
[INFO] [stderr]   DEBUG: | %KERNEL "WINNT"
[INFO] [stderr]   DEBUG: | #elif __NetBSD__
[INFO] [stderr]   DEBUG: | %KERNEL "NetBSD"
[INFO] [stderr]   DEBUG: | #elif __APPLE__
[INFO] [stderr]   DEBUG: | %KERNEL "Darwin"
[INFO] [stderr]   DEBUG: | #endif
[INFO] [stderr]   DEBUG: | #if __ANDROID__
[INFO] [stderr]   DEBUG: | %OS "Android"
[INFO] [stderr]   DEBUG: | #endif
[INFO] [stderr]   DEBUG: | #if __BYTE_ORDER__ == __ORDER_LITTLE_ENDIAN__
[INFO] [stderr]   DEBUG: | %ENDIANNESS "little"
[INFO] [stderr]   DEBUG: | #elif __BYTE_ORDER__ == __ORDER_BIG_ENDIAN__
[INFO] [stderr]   DEBUG: | %ENDIANNESS "big"
[INFO] [stderr]   DEBUG: | #endif
[INFO] [stderr]   DEBUG: Executing: `/usr/bin/gcc -std=gnu99 -E /tmp/conftest.e04jSE.c`
[INFO] [stderr]   DEBUG: COMPILER = gcc
[INFO] [stderr]   DEBUG: VERSION = 9.3.0
[INFO] [stderr]   DEBUG: STDC_VERSION = 199901L
[INFO] [stderr]   DEBUG: CPU = x86_64
[INFO] [stderr]   DEBUG: KERNEL = Linux
[INFO] [stderr]   DEBUG: ENDIANNESS = little
[INFO] [stderr]   INFO: yes
[INFO] [stderr]   INFO: checking the host C compiler version... 
[INFO] [stderr]   INFO: 9.3.0
[INFO] [stderr]   INFO: checking the host C compiler works... 
[INFO] [stderr]   DEBUG: Creating `/tmp/conftest.InaSIa.c` with content:
[INFO] [stderr]   DEBUG: | int
[INFO] [stderr]   DEBUG: | main(void)
[INFO] [stderr]   DEBUG: | {
[INFO] [stderr]   DEBUG: | 
[INFO] [stderr]   DEBUG: |   ;
[INFO] [stderr]   DEBUG: |   return 0;
[INFO] [stderr]   DEBUG: | }
[INFO] [stderr]   DEBUG: Executing: `/usr/bin/gcc -std=gnu99 -c /tmp/conftest.InaSIa.c`
[INFO] [stderr]   INFO: yes
[INFO] [stderr]   INFO: checking for the host C++ compiler... 
[INFO] [stderr]   DEBUG: _host_cxx: Trying /usr/bin/g++
[INFO] [stderr]   INFO: /usr/bin/g++
[INFO] [stderr]   INFO: checking whether the host C++ compiler can be used... 
[INFO] [stderr]   DEBUG: Creating `/tmp/conftest.Phabm5.cpp` with content:
[INFO] [stderr]   DEBUG: | #if defined(_MSC_VER)
[INFO] [stderr]   DEBUG: | #if defined(__clang__)
[INFO] [stderr]   DEBUG: | %COMPILER "clang-cl"
[INFO] [stderr]   DEBUG: | %VERSION __clang_major__.__clang_minor__.__clang_patchlevel__
[INFO] [stderr]   DEBUG: | #endif
[INFO] [stderr]   DEBUG: | #elif defined(__clang__)
[INFO] [stderr]   DEBUG: | %COMPILER "clang"
[INFO] [stderr]   DEBUG: | #  if !__cplusplus || __has_builtin(__builtin_bitreverse8)
[INFO] [stderr]   DEBUG: | %VERSION __clang_major__.__clang_minor__.__clang_patchlevel__
[INFO] [stderr]   DEBUG: | #  endif
[INFO] [stderr]   DEBUG: | #elif defined(__GNUC__)
[INFO] [stderr]   DEBUG: | %COMPILER "gcc"
[INFO] [stderr]   DEBUG: | %VERSION __GNUC__.__GNUC_MINOR__.__GNUC_PATCHLEVEL__
[INFO] [stderr]   DEBUG: | #endif
[INFO] [stderr]   DEBUG: | 
[INFO] [stderr]   DEBUG: | #if __cplusplus
[INFO] [stderr]   DEBUG: | %cplusplus __cplusplus
[INFO] [stderr]   DEBUG: | #elif __STDC_VERSION__
[INFO] [stderr]   DEBUG: | %STDC_VERSION __STDC_VERSION__
[INFO] [stderr]   DEBUG: | #endif
[INFO] [stderr]   DEBUG: | #if __i386__ || _M_IX86
[INFO] [stderr]   DEBUG: | %CPU "x86"
[INFO] [stderr]   DEBUG: | #elif __x86_64__ || _M_X64
[INFO] [stderr]   DEBUG: | %CPU "x86_64"
[INFO] [stderr]   DEBUG: | #elif __arm__ || _M_ARM
[INFO] [stderr]   DEBUG: | %CPU "arm"
[INFO] [stderr]   DEBUG: | #elif __aarch64__ || _M_ARM64
[INFO] [stderr]   DEBUG: | %CPU "aarch64"
[INFO] [stderr]   DEBUG: | #elif __ia64__
[INFO] [stderr]   DEBUG: | %CPU "ia64"
[INFO] [stderr]   DEBUG: | #elif __s390x__
[INFO] [stderr]   DEBUG: | %CPU "s390x"
[INFO] [stderr]   DEBUG: | #elif __s390__
[INFO] [stderr]   DEBUG: | %CPU "s390"
[INFO] [stderr]   DEBUG: | #elif __powerpc64__
[INFO] [stderr]   DEBUG: | %CPU "ppc64"
[INFO] [stderr]   DEBUG: | #elif __powerpc__
[INFO] [stderr]   DEBUG: | %CPU "ppc"
[INFO] [stderr]   DEBUG: | #elif __alpha__
[INFO] [stderr]   DEBUG: | %CPU "Alpha"
[INFO] [stderr]   DEBUG: | #elif __hppa__
[INFO] [stderr]   DEBUG: | %CPU "hppa"
[INFO] [stderr]   DEBUG: | #elif __sparc__ && __arch64__
[INFO] [stderr]   DEBUG: | %CPU "sparc64"
[INFO] [stderr]   DEBUG: | #elif __sparc__
[INFO] [stderr]   DEBUG: | %CPU "sparc"
[INFO] [stderr]   DEBUG: | #elif __mips64
[INFO] [stderr]   DEBUG: | %CPU "mips64"
[INFO] [stderr]   DEBUG: | #elif __mips__
[INFO] [stderr]   DEBUG: | %CPU "mips32"
[INFO] [stderr]   DEBUG: | #elif __sh__
[INFO] [stderr]   DEBUG: | %CPU "sh4"
[INFO] [stderr]   DEBUG: | #endif
[INFO] [stderr]   DEBUG: | #if __FreeBSD_kernel__
[INFO] [stderr]   DEBUG: | %KERNEL "kFreeBSD"
[INFO] [stderr]   DEBUG: | #elif __DragonFly__
[INFO] [stderr]   DEBUG: | %KERNEL "DragonFly"
[INFO] [stderr]   DEBUG: | #elif __OpenBSD__
[INFO] [stderr]   DEBUG: | %KERNEL "OpenBSD"
[INFO] [stderr]   DEBUG: | #elif __sun__
[INFO] [stderr]   DEBUG: | %KERNEL "SunOS"
[INFO] [stderr]   DEBUG: | #elif __FreeBSD__
[INFO] [stderr]   DEBUG: | %KERNEL "FreeBSD"
[INFO] [stderr]   DEBUG: | #elif __linux__
[INFO] [stderr]   DEBUG: | %KERNEL "Linux"
[INFO] [stderr]   DEBUG: | #elif _WIN32 || __CYGWIN__
[INFO] [stderr]   DEBUG: | %KERNEL "WINNT"
[INFO] [stderr]   DEBUG: | #elif __NetBSD__
[INFO] [stderr]   DEBUG: | %KERNEL "NetBSD"
[INFO] [stderr]   DEBUG: | #elif __APPLE__
[INFO] [stderr]   DEBUG: | %KERNEL "Darwin"
[INFO] [stderr]   DEBUG: | #endif
[INFO] [stderr]   DEBUG: | #if __ANDROID__
[INFO] [stderr]   DEBUG: | %OS "Android"
[INFO] [stderr]   DEBUG: | #endif
[INFO] [stderr]   DEBUG: | #if __BYTE_ORDER__ == __ORDER_LITTLE_ENDIAN__
[INFO] [stderr]   DEBUG: | %ENDIANNESS "little"
[INFO] [stderr]   DEBUG: | #elif __BYTE_ORDER__ == __ORDER_BIG_ENDIAN__
[INFO] [stderr]   DEBUG: | %ENDIANNESS "big"
[INFO] [stderr]   DEBUG: | #endif
[INFO] [stderr]   DEBUG: Executing: `/usr/bin/g++ -E /tmp/conftest.Phabm5.cpp`
[INFO] [stderr]   DEBUG: COMPILER = gcc
[INFO] [stderr]   DEBUG: VERSION = 9.3.0
[INFO] [stderr]   DEBUG: cplusplus = 201402L
[INFO] [stderr]   DEBUG: CPU = x86_64
[INFO] [stderr]   DEBUG: KERNEL = Linux
[INFO] [stderr]   DEBUG: ENDIANNESS = little
[INFO] [stderr]   INFO: yes
[INFO] [stderr]   INFO: checking the host C++ compiler version... 
[INFO] [stderr]   INFO: 9.3.0
[INFO] [stderr]   INFO: checking the host C++ compiler works... 
[INFO] [stderr]   DEBUG: Creating `/tmp/conftest.Wzo3YQ.cpp` with content:
[INFO] [stderr]   DEBUG: | int
[INFO] [stderr]   DEBUG: | main(void)
[INFO] [stderr]   DEBUG: | {
[INFO] [stderr]   DEBUG: | 
[INFO] [stderr]   DEBUG: |   ;
[INFO] [stderr]   DEBUG: |   return 0;
[INFO] [stderr]   DEBUG: | }
[INFO] [stderr]   DEBUG: Executing: `/usr/bin/g++ -c /tmp/conftest.Wzo3YQ.cpp`
[INFO] [stderr]   INFO: yes
[INFO] [stderr]   INFO: checking for 64-bit OS... 
[INFO] [stderr]   DEBUG: Creating `/tmp/conftest.ZMpG7h.cpp` with content:
[INFO] [stderr]   DEBUG: | int
[INFO] [stderr]   DEBUG: | main(void)
[INFO] [stderr]   DEBUG: | {
[INFO] [stderr]   DEBUG: | static_assert(sizeof(void *) == 8, "")
[INFO] [stderr]   DEBUG: |   ;
[INFO] [stderr]   DEBUG: |   return 0;
[INFO] [stderr]   DEBUG: | }
[INFO] [stderr]   DEBUG: Executing: `/usr/bin/g++ -c /tmp/conftest.ZMpG7h.cpp`
[INFO] [stderr]   INFO: yes
[INFO] [stderr]   INFO: checking for llvm_profdata... 
[INFO] [stderr]   DEBUG: llvm_profdata: Trying llvm-profdata
[INFO] [stderr]   INFO: /usr/bin/llvm-profdata
[INFO] [stderr]   INFO: checking for nasm... 
[INFO] [stderr]   DEBUG: nasm: Trying nasm
[INFO] [stderr]   INFO: /usr/bin/nasm
[INFO] [stderr]   INFO: checking nasm version... 
[INFO] [stderr]   DEBUG: Executing: `/usr/bin/nasm -v`
[INFO] [stderr]   INFO: 2.14.02
[INFO] [stderr]   INFO: checking for linker... 
[INFO] [stderr]   DEBUG: Executing: `/usr/bin/gcc -std=gnu99 -Wl,--version`
[INFO] [stderr]   INFO: bfd
[INFO] [stderr]   INFO: checking for the assembler... 
[INFO] [stderr]   DEBUG: _as: Trying /usr/bin/gcc
[INFO] [stderr]   INFO: /usr/bin/gcc
[INFO] [stderr]   DEBUG: Executing: `/usr/bin/gcc -std=gnu99 -Wa,--version -c -o /dev/null -x assembler -`
[INFO] [stderr]   INFO: checking whether the C compiler supports -fsanitize=fuzzer-no-link... 
[INFO] [stderr]   DEBUG: Creating `/tmp/conftest.qWgbiJ.c` with content:
[INFO] [stderr]   DEBUG: | int
[INFO] [stderr]   DEBUG: | main(void)
[INFO] [stderr]   DEBUG: | {
[INFO] [stderr]   DEBUG: | 
[INFO] [stderr]   DEBUG: |   ;
[INFO] [stderr]   DEBUG: |   return 0;
[INFO] [stderr]   DEBUG: | }
[INFO] [stderr]   DEBUG: Executing: `/usr/bin/gcc -std=gnu99 -fsanitize=fuzzer-no-link -c /tmp/conftest.qWgbiJ.c`
[INFO] [stderr]   DEBUG: The command returned non-zero exit status 1.
[INFO] [stderr]   DEBUG: Its error output was:
[INFO] [stderr]   DEBUG: | gcc: error: unrecognized argument to '-fsanitize=' option: 'fuzzer-no-link'
[INFO] [stderr]   INFO: no
[INFO] [stderr]   INFO: checking for ar... 
[INFO] [stderr]   DEBUG: ar: Trying ar
[INFO] [stderr]   INFO: /usr/bin/ar
[INFO] [stderr]   INFO: checking for pkg_config... 
[INFO] [stderr]   DEBUG: pkg_config: Trying pkg-config
[INFO] [stderr]   INFO: /usr/bin/pkg-config
[INFO] [stderr]   INFO: checking for pkg-config version... 
[INFO] [stderr]   DEBUG: Executing: `/usr/bin/pkg-config --version`
[INFO] [stderr]   INFO: 0.29.1
[INFO] [stderr]   INFO: checking for stdint.h... 
[INFO] [stderr]   DEBUG: Creating `/tmp/conftest.5h87Y3.cpp` with content:
[INFO] [stderr]   DEBUG: | #include <stdint.h>
[INFO] [stderr]   DEBUG: | int
[INFO] [stderr]   DEBUG: | main(void)
[INFO] [stderr]   DEBUG: | {
[INFO] [stderr]   DEBUG: | 
[INFO] [stderr]   DEBUG: |   ;
[INFO] [stderr]   DEBUG: |   return 0;
[INFO] [stderr]   DEBUG: | }
[INFO] [stderr]   DEBUG: Executing: `/usr/bin/g++ -c /tmp/conftest.5h87Y3.cpp`
[INFO] [stderr]   INFO: yes
[INFO] [stderr]   INFO: checking for inttypes.h... 
[INFO] [stderr]   DEBUG: Creating `/tmp/conftest.1jakxO.cpp` with content:
[INFO] [stderr]   DEBUG: | #include <inttypes.h>
[INFO] [stderr]   DEBUG: | int
[INFO] [stderr]   DEBUG: | main(void)
[INFO] [stderr]   DEBUG: | {
[INFO] [stderr]   DEBUG: | 
[INFO] [stderr]   DEBUG: |   ;
[INFO] [stderr]   DEBUG: |   return 0;
[INFO] [stderr]   DEBUG: | }
[INFO] [stderr]   DEBUG: Executing: `/usr/bin/g++ -c /tmp/conftest.1jakxO.cpp`
[INFO] [stderr]   INFO: yes
[INFO] [stderr]   INFO: checking for malloc.h... 
[INFO] [stderr]   DEBUG: Creating `/tmp/conftest.hEJv0m.cpp` with content:
[INFO] [stderr]   DEBUG: | #include <malloc.h>
[INFO] [stderr]   DEBUG: | int
[INFO] [stderr]   DEBUG: | main(void)
[INFO] [stderr]   DEBUG: | {
[INFO] [stderr]   DEBUG: | 
[INFO] [stderr]   DEBUG: |   ;
[INFO] [stderr]   DEBUG: |   return 0;
[INFO] [stderr]   DEBUG: | }
[INFO] [stderr]   DEBUG: Executing: `/usr/bin/g++ -c /tmp/conftest.hEJv0m.cpp`
[INFO] [stderr]   INFO: yes
[INFO] [stderr]   INFO: checking for alloca.h... 
[INFO] [stderr]   DEBUG: Creating `/tmp/conftest.YM9Qa_.cpp` with content:
[INFO] [stderr]   DEBUG: | #include <alloca.h>
[INFO] [stderr]   DEBUG: | int
[INFO] [stderr]   DEBUG: | main(void)
[INFO] [stderr]   DEBUG: | {
[INFO] [stderr]   DEBUG: | 
[INFO] [stderr]   DEBUG: |   ;
[INFO] [stderr]   DEBUG: |   return 0;
[INFO] [stderr]   DEBUG: | }
[INFO] [stderr]   DEBUG: Executing: `/usr/bin/g++ -c /tmp/conftest.YM9Qa_.cpp`
[INFO] [stderr]   INFO: yes
[INFO] [stderr]   INFO: checking for sys/byteorder.h... 
[INFO] [stderr]   DEBUG: Creating `/tmp/conftest.gpH4fM.cpp` with content:
[INFO] [stderr]   DEBUG: | #include <sys/byteorder.h>
[INFO] [stderr]   DEBUG: | int
[INFO] [stderr]   DEBUG: | main(void)
[INFO] [stderr]   DEBUG: | {
[INFO] [stderr]   DEBUG: | 
[INFO] [stderr]   DEBUG: |   ;
[INFO] [stderr]   DEBUG: |   return 0;
[INFO] [stderr]   DEBUG: | }
[INFO] [stderr]   DEBUG: Executing: `/usr/bin/g++ -c /tmp/conftest.gpH4fM.cpp`
[INFO] [stderr]   DEBUG: The command returned non-zero exit status 1.
[INFO] [stderr]   DEBUG: Its error output was:
[INFO] [stderr]   DEBUG: | /tmp/conftest.gpH4fM.cpp:1:10: fatal error: sys/byteorder.h: No such file or directory
[INFO] [stderr]   DEBUG: |     1 | #include <sys/byteorder.h>
[INFO] [stderr]   DEBUG: |       |          ^~~~~~~~~~~~~~~~~
[INFO] [stderr]   DEBUG: | compilation terminated.
[INFO] [stderr]   INFO: no
[INFO] [stderr]   INFO: checking for getopt.h... 
[INFO] [stderr]   DEBUG: Creating `/tmp/conftest.FhUoE2.cpp` with content:
[INFO] [stderr]   DEBUG: | #include <getopt.h>
[INFO] [stderr]   DEBUG: | int
[INFO] [stderr]   DEBUG: | main(void)
[INFO] [stderr]   DEBUG: | {
[INFO] [stderr]   DEBUG: | 
[INFO] [stderr]   DEBUG: |   ;
[INFO] [stderr]   DEBUG: |   return 0;
[INFO] [stderr]   DEBUG: | }
[INFO] [stderr]   DEBUG: Executing: `/usr/bin/g++ -c /tmp/conftest.FhUoE2.cpp`
[INFO] [stderr]   INFO: yes
[INFO] [stderr]   INFO: checking for unistd.h... 
[INFO] [stderr]   DEBUG: Creating `/tmp/conftest.ogEVDn.cpp` with content:
[INFO] [stderr]   DEBUG: | #include <unistd.h>
[INFO] [stderr]   DEBUG: | int
[INFO] [stderr]   DEBUG: | main(void)
[INFO] [stderr]   DEBUG: | {
[INFO] [stderr]   DEBUG: | 
[INFO] [stderr]   DEBUG: |   ;
[INFO] [stderr]   DEBUG: |   return 0;
[INFO] [stderr]   DEBUG: | }
[INFO] [stderr]   DEBUG: Executing: `/usr/bin/g++ -c /tmp/conftest.ogEVDn.cpp`
[INFO] [stderr]   INFO: yes
[INFO] [stderr]   INFO: checking for nl_types.h... 
[INFO] [stderr]   DEBUG: Creating `/tmp/conftest._1DWdw.cpp` with content:
[INFO] [stderr]   DEBUG: | #include <nl_types.h>
[INFO] [stderr]   DEBUG: | int
[INFO] [stderr]   DEBUG: | main(void)
[INFO] [stderr]   DEBUG: | {
[INFO] [stderr]   DEBUG: | 
[INFO] [stderr]   DEBUG: |   ;
[INFO] [stderr]   DEBUG: |   return 0;
[INFO] [stderr]   DEBUG: | }
[INFO] [stderr]   DEBUG: Executing: `/usr/bin/g++ -c /tmp/conftest._1DWdw.cpp`
[INFO] [stderr]   INFO: yes
[INFO] [stderr]   INFO: checking for cpuid.h... 
[INFO] [stderr]   DEBUG: Creating `/tmp/conftest.aBJhDL.cpp` with content:
[INFO] [stderr]   DEBUG: | #include <cpuid.h>
[INFO] [stderr]   DEBUG: | int
[INFO] [stderr]   DEBUG: | main(void)
[INFO] [stderr]   DEBUG: | {
[INFO] [stderr]   DEBUG: | 
[INFO] [stderr]   DEBUG: |   ;
[INFO] [stderr]   DEBUG: |   return 0;
[INFO] [stderr]   DEBUG: | }
[INFO] [stderr]   DEBUG: Executing: `/usr/bin/g++ -c /tmp/conftest.aBJhDL.cpp`
[INFO] [stderr]   INFO: yes
[INFO] [stderr]   INFO: checking for sys/statvfs.h... 
[INFO] [stderr]   DEBUG: Creating `/tmp/conftest.nRKznP.cpp` with content:
[INFO] [stderr]   DEBUG: | #include <sys/statvfs.h>
[INFO] [stderr]   DEBUG: | int
[INFO] [stderr]   DEBUG: | main(void)
[INFO] [stderr]   DEBUG: | {
[INFO] [stderr]   DEBUG: | 
[INFO] [stderr]   DEBUG: |   ;
[INFO] [stderr]   DEBUG: |   return 0;
[INFO] [stderr]   DEBUG: | }
[INFO] [stderr]   DEBUG: Executing: `/usr/bin/g++ -c /tmp/conftest.nRKznP.cpp`
[INFO] [stderr]   INFO: yes
[INFO] [stderr]   INFO: checking for sys/statfs.h... 
[INFO] [stderr]   DEBUG: Creating `/tmp/conftest.fgqsNG.cpp` with content:
[INFO] [stderr]   DEBUG: | #include <sys/statfs.h>
[INFO] [stderr]   DEBUG: | int
[INFO] [stderr]   DEBUG: | main(void)
[INFO] [stderr]   DEBUG: | {
[INFO] [stderr]   DEBUG: | 
[INFO] [stderr]   DEBUG: |   ;
[INFO] [stderr]   DEBUG: |   return 0;
[INFO] [stderr]   DEBUG: | }
[INFO] [stderr]   DEBUG: Executing: `/usr/bin/g++ -c /tmp/conftest.fgqsNG.cpp`
[INFO] [stderr]   INFO: yes
[INFO] [stderr]   INFO: checking for sys/vfs.h... 
[INFO] [stderr]   DEBUG: Creating `/tmp/conftest.OLsEIl.cpp` with content:
[INFO] [stderr]   DEBUG: | #include <sys/vfs.h>
[INFO] [stderr]   DEBUG: | int
[INFO] [stderr]   DEBUG: | main(void)
[INFO] [stderr]   DEBUG: | {
[INFO] [stderr]   DEBUG: | 
[INFO] [stderr]   DEBUG: |   ;
[INFO] [stderr]   DEBUG: |   return 0;
[INFO] [stderr]   DEBUG: | }
[INFO] [stderr]   DEBUG: Executing: `/usr/bin/g++ -c /tmp/conftest.OLsEIl.cpp`
[INFO] [stderr]   INFO: yes
[INFO] [stderr]   INFO: checking for sys/mount.h... 
[INFO] [stderr]   DEBUG: Creating `/tmp/conftest.fTCOW5.cpp` with content:
[INFO] [stderr]   DEBUG: | #include <sys/mount.h>
[INFO] [stderr]   DEBUG: | int
[INFO] [stderr]   DEBUG: | main(void)
[INFO] [stderr]   DEBUG: | {
[INFO] [stderr]   DEBUG: | 
[INFO] [stderr]   DEBUG: |   ;
[INFO] [stderr]   DEBUG: |   return 0;
[INFO] [stderr]   DEBUG: | }
[INFO] [stderr]   DEBUG: Executing: `/usr/bin/g++ -c /tmp/conftest.fTCOW5.cpp`
[INFO] [stderr]   INFO: yes
[INFO] [stderr]   INFO: checking for sys/quota.h... 
[INFO] [stderr]   DEBUG: Creating `/tmp/conftest.PDpEFC.cpp` with content:
[INFO] [stderr]   DEBUG: | #include <sys/quota.h>
[INFO] [stderr]   DEBUG: | int
[INFO] [stderr]   DEBUG: | main(void)
[INFO] [stderr]   DEBUG: | {
[INFO] [stderr]   DEBUG: | quotactl(0, nullptr, 0, (caddr_t)nullptr);
[INFO] [stderr]   DEBUG: |   ;
[INFO] [stderr]   DEBUG: |   return 0;
[INFO] [stderr]   DEBUG: | }
[INFO] [stderr]   DEBUG: Executing: `/usr/bin/g++ -c /tmp/conftest.PDpEFC.cpp`
[INFO] [stderr]   INFO: yes
[INFO] [stderr]   INFO: checking for linux/quota.h... 
[INFO] [stderr]   DEBUG: Creating `/tmp/conftest.axT3TT.cpp` with content:
[INFO] [stderr]   DEBUG: | #include <sys/socket.h>
[INFO] [stderr]   DEBUG: | #include <linux/quota.h>
[INFO] [stderr]   DEBUG: | int
[INFO] [stderr]   DEBUG: | main(void)
[INFO] [stderr]   DEBUG: | {
[INFO] [stderr]   DEBUG: | 
[INFO] [stderr]   DEBUG: |   ;
[INFO] [stderr]   DEBUG: |   return 0;
[INFO] [stderr]   DEBUG: | }
[INFO] [stderr]   DEBUG: Executing: `/usr/bin/g++ -c /tmp/conftest.axT3TT.cpp`
[INFO] [stderr]   INFO: yes
[INFO] [stderr]   INFO: checking for linux/if_addr.h... 
[INFO] [stderr]   DEBUG: Creating `/tmp/conftest.KeVY5_.cpp` with content:
[INFO] [stderr]   DEBUG: | #include <sys/socket.h>
[INFO] [stderr]   DEBUG: | #include <linux/if_addr.h>
[INFO] [stderr]   DEBUG: | int
[INFO] [stderr]   DEBUG: | main(void)
[INFO] [stderr]   DEBUG: | {
[INFO] [stderr]   DEBUG: | 
[INFO] [stderr]   DEBUG: |   ;
[INFO] [stderr]   DEBUG: |   return 0;
[INFO] [stderr]   DEBUG: | }
[INFO] [stderr]   DEBUG: Executing: `/usr/bin/g++ -c /tmp/conftest.KeVY5_.cpp`
[INFO] [stderr]   INFO: yes
[INFO] [stderr]   INFO: checking for linux/rtnetlink.h... 
[INFO] [stderr]   DEBUG: Creating `/tmp/conftest.VYUp6t.cpp` with content:
[INFO] [stderr]   DEBUG: | #include <sys/socket.h>
[INFO] [stderr]   DEBUG: | #include <linux/rtnetlink.h>
[INFO] [stderr]   DEBUG: | int
[INFO] [stderr]   DEBUG: | main(void)
[INFO] [stderr]   DEBUG: | {
[INFO] [stderr]   DEBUG: | 
[INFO] [stderr]   DEBUG: |   ;
[INFO] [stderr]   DEBUG: |   return 0;
[INFO] [stderr]   DEBUG: | }
[INFO] [stderr]   DEBUG: Executing: `/usr/bin/g++ -c /tmp/conftest.VYUp6t.cpp`
[INFO] [stderr]   INFO: yes
[INFO] [stderr]   INFO: checking for sys/queue.h... 
[INFO] [stderr]   DEBUG: Creating `/tmp/conftest.VwQA7Z.cpp` with content:
[INFO] [stderr]   DEBUG: | #include <sys/queue.h>
[INFO] [stderr]   DEBUG: | int
[INFO] [stderr]   DEBUG: | main(void)
[INFO] [stderr]   DEBUG: | {
[INFO] [stderr]   DEBUG: | 
[INFO] [stderr]   DEBUG: |   ;
[INFO] [stderr]   DEBUG: |   return 0;
[INFO] [stderr]   DEBUG: | }
[INFO] [stderr]   DEBUG: Executing: `/usr/bin/g++ -c /tmp/conftest.VwQA7Z.cpp`
[INFO] [stderr]   INFO: yes
[INFO] [stderr]   INFO: checking for sys/types.h... 
[INFO] [stderr]   DEBUG: Creating `/tmp/conftest.lnVrJE.cpp` with content:
[INFO] [stderr]   DEBUG: | #include <sys/types.h>
[INFO] [stderr]   DEBUG: | int
[INFO] [stderr]   DEBUG: | main(void)
[INFO] [stderr]   DEBUG: | {
[INFO] [stderr]   DEBUG: | 
[INFO] [stderr]   DEBUG: |   ;
[INFO] [stderr]   DEBUG: |   return 0;
[INFO] [stderr]   DEBUG: | }
[INFO] [stderr]   DEBUG: Executing: `/usr/bin/g++ -c /tmp/conftest.lnVrJE.cpp`
[INFO] [stderr]   INFO: yes
[INFO] [stderr]   INFO: checking for netinet/in.h... 
[INFO] [stderr]   DEBUG: Creating `/tmp/conftest.rwobRu.cpp` with content:
[INFO] [stderr]   DEBUG: | #include <netinet/in.h>
[INFO] [stderr]   DEBUG: | int
[INFO] [stderr]   DEBUG: | main(void)
[INFO] [stderr]   DEBUG: | {
[INFO] [stderr]   DEBUG: | 
[INFO] [stderr]   DEBUG: |   ;
[INFO] [stderr]   DEBUG: |   return 0;
[INFO] [stderr]   DEBUG: | }
[INFO] [stderr]   DEBUG: Executing: `/usr/bin/g++ -c /tmp/conftest.rwobRu.cpp`
[INFO] [stderr]   INFO: yes
[INFO] [stderr]   INFO: checking for byteswap.h... 
[INFO] [stderr]   DEBUG: Creating `/tmp/conftest.sSxZYS.cpp` with content:
[INFO] [stderr]   DEBUG: | #include <byteswap.h>
[INFO] [stderr]   DEBUG: | int
[INFO] [stderr]   DEBUG: | main(void)
[INFO] [stderr]   DEBUG: | {
[INFO] [stderr]   DEBUG: | 
[INFO] [stderr]   DEBUG: |   ;
[INFO] [stderr]   DEBUG: |   return 0;
[INFO] [stderr]   DEBUG: | }
[INFO] [stderr]   DEBUG: Executing: `/usr/bin/g++ -c /tmp/conftest.sSxZYS.cpp`
[INFO] [stderr]   INFO: yes
[INFO] [stderr]   INFO: checking for linux/perf_event.h... 
[INFO] [stderr]   DEBUG: Creating `/tmp/conftest.63HGHl.cpp` with content:
[INFO] [stderr]   DEBUG: | #include <linux/perf_event.h>
[INFO] [stderr]   DEBUG: | int
[INFO] [stderr]   DEBUG: | main(void)
[INFO] [stderr]   DEBUG: | {
[INFO] [stderr]   DEBUG: | 
[INFO] [stderr]   DEBUG: |   ;
[INFO] [stderr]   DEBUG: |   return 0;
[INFO] [stderr]   DEBUG: | }
[INFO] [stderr]   DEBUG: Executing: `/usr/bin/g++ -c /tmp/conftest.63HGHl.cpp`
[INFO] [stderr]   INFO: yes
[INFO] [stderr]   INFO: checking for perf_event_open system call... 
[INFO] [stderr]   DEBUG: Creating `/tmp/conftest.GPmXgk.cpp` with content:
[INFO] [stderr]   DEBUG: | #include <asm/unistd.h>
[INFO] [stderr]   DEBUG: | int
[INFO] [stderr]   DEBUG: | main(void)
[INFO] [stderr]   DEBUG: | {
[INFO] [stderr]   DEBUG: | return sizeof(__NR_perf_event_open);
[INFO] [stderr]   DEBUG: |   ;
[INFO] [stderr]   DEBUG: |   return 0;
[INFO] [stderr]   DEBUG: | }
[INFO] [stderr]   DEBUG: Executing: `/usr/bin/g++ -c /tmp/conftest.GPmXgk.cpp`
[INFO] [stderr]   INFO: yes
[INFO] [stderr]   INFO: checking whether the C compiler supports -Wbitfield-enum-conversion... 
[INFO] [stderr]   DEBUG: Creating `/tmp/conftest.gzn3ME.c` with content:
[INFO] [stderr]   DEBUG: | int
[INFO] [stderr]   DEBUG: | main(void)
[INFO] [stderr]   DEBUG: | {
[INFO] [stderr]   DEBUG: | 
[INFO] [stderr]   DEBUG: |   ;
[INFO] [stderr]   DEBUG: |   return 0;
[INFO] [stderr]   DEBUG: | }
[INFO] [stderr]   DEBUG: Executing: `/usr/bin/gcc -std=gnu99 -Werror -Wbitfield-enum-conversion -c /tmp/conftest.gzn3ME.c`
[INFO] [stderr]   DEBUG: The command returned non-zero exit status 1.
[INFO] [stderr]   DEBUG: Its error output was:
[INFO] [stderr]   DEBUG: | gcc: error: unrecognized command line option '-Wbitfield-enum-conversion'
[INFO] [stderr]   INFO: no
[INFO] [stderr]   INFO: checking whether the C++ compiler supports -Wbitfield-enum-conversion... 
[INFO] [stderr]   DEBUG: Creating `/tmp/conftest.imMRFy.cpp` with content:
[INFO] [stderr]   DEBUG: | int
[INFO] [stderr]   DEBUG: | main(void)
[INFO] [stderr]   DEBUG: | {
[INFO] [stderr]   DEBUG: | 
[INFO] [stderr]   DEBUG: |   ;
[INFO] [stderr]   DEBUG: |   return 0;
[INFO] [stderr]   DEBUG: | }
[INFO] [stderr]   DEBUG: Executing: `/usr/bin/g++ -Werror -Wbitfield-enum-conversion -c /tmp/conftest.imMRFy.cpp`
[INFO] [stderr]   DEBUG: The command returned non-zero exit status 1.
[INFO] [stderr]   DEBUG: Its error output was:
[INFO] [stderr]   DEBUG: | g++: error: unrecognized command line option '-Wbitfield-enum-conversion'
[INFO] [stderr]   INFO: no
[INFO] [stderr]   INFO: checking whether the C compiler supports -Wshadow-field-in-constructor-modified... 
[INFO] [stderr]   DEBUG: Creating `/tmp/conftest.tCnp9o.c` with content:
[INFO] [stderr]   DEBUG: | int
[INFO] [stderr]   DEBUG: | main(void)
[INFO] [stderr]   DEBUG: | {
[INFO] [stderr]   DEBUG: | 
[INFO] [stderr]   DEBUG: |   ;
[INFO] [stderr]   DEBUG: |   return 0;
[INFO] [stderr]   DEBUG: | }
[INFO] [stderr]   DEBUG: Executing: `/usr/bin/gcc -std=gnu99 -Werror -Wshadow-field-in-constructor-modified -c /tmp/conftest.tCnp9o.c`
[INFO] [stderr]   DEBUG: The command returned non-zero exit status 1.
[INFO] [stderr]   DEBUG: Its error output was:
[INFO] [stderr]   DEBUG: | gcc: error: unrecognized command line option '-Wshadow-field-in-constructor-modified'
[INFO] [stderr]   INFO: no
[INFO] [stderr]   INFO: checking whether the C++ compiler supports -Wshadow-field-in-constructor-modified... 
[INFO] [stderr]   DEBUG: Creating `/tmp/conftest.uGj55c.cpp` with content:
[INFO] [stderr]   DEBUG: | int
[INFO] [stderr]   DEBUG: | main(void)
[INFO] [stderr]   DEBUG: | {
[INFO] [stderr]   DEBUG: | 
[INFO] [stderr]   DEBUG: |   ;
[INFO] [stderr]   DEBUG: |   return 0;
[INFO] [stderr]   DEBUG: | }
[INFO] [stderr]   DEBUG: Executing: `/usr/bin/g++ -Werror -Wshadow-field-in-constructor-modified -c /tmp/conftest.uGj55c.cpp`
[INFO] [stderr]   DEBUG: The command returned non-zero exit status 1.
[INFO] [stderr]   DEBUG: Its error output was:
[INFO] [stderr]   DEBUG: | g++: error: unrecognized command line option '-Wshadow-field-in-constructor-modified'
[INFO] [stderr]   INFO: no
[INFO] [stderr]   INFO: checking whether the C compiler supports -Wunreachable-code-return... 
[INFO] [stderr]   DEBUG: Creating `/tmp/conftest.zWwsZt.c` with content:
[INFO] [stderr]   DEBUG: | int
[INFO] [stderr]   DEBUG: | main(void)
[INFO] [stderr]   DEBUG: | {
[INFO] [stderr]   DEBUG: | 
[INFO] [stderr]   DEBUG: |   ;
[INFO] [stderr]   DEBUG: |   return 0;
[INFO] [stderr]   DEBUG: | }
[INFO] [stderr]   DEBUG: Executing: `/usr/bin/gcc -std=gnu99 -Werror -Wunreachable-code-return -c /tmp/conftest.zWwsZt.c`
[INFO] [stderr]   DEBUG: The command returned non-zero exit status 1.
[INFO] [stderr]   DEBUG: Its error output was:
[INFO] [stderr]   DEBUG: | gcc: error: unrecognized command line option '-Wunreachable-code-return'; did you mean '-Wunreachable-code'?
[INFO] [stderr]   INFO: no
[INFO] [stderr]   INFO: checking whether the C++ compiler supports -Wunreachable-code-return... 
[INFO] [stderr]   DEBUG: Creating `/tmp/conftest.KHTxpA.cpp` with content:
[INFO] [stderr]   DEBUG: | int
[INFO] [stderr]   DEBUG: | main(void)
[INFO] [stderr]   DEBUG: | {
[INFO] [stderr]   DEBUG: | 
[INFO] [stderr]   DEBUG: |   ;
[INFO] [stderr]   DEBUG: |   return 0;
[INFO] [stderr]   DEBUG: | }
[INFO] [stderr]   DEBUG: Executing: `/usr/bin/g++ -Werror -Wunreachable-code-return -c /tmp/conftest.KHTxpA.cpp`
[INFO] [stderr]   DEBUG: The command returned non-zero exit status 1.
[INFO] [stderr]   DEBUG: Its error output was:
[INFO] [stderr]   DEBUG: | g++: error: unrecognized command line option '-Wunreachable-code-return'; did you mean '-Wunreachable-code'?
[INFO] [stderr]   INFO: no
[INFO] [stderr]   INFO: checking whether the C compiler supports -Wclass-varargs... 
[INFO] [stderr]   DEBUG: Creating `/tmp/conftest.g3x3sM.c` with content:
[INFO] [stderr]   DEBUG: | int
[INFO] [stderr]   DEBUG: | main(void)
[INFO] [stderr]   DEBUG: | {
[INFO] [stderr]   DEBUG: | 
[INFO] [stderr]   DEBUG: |   ;
[INFO] [stderr]   DEBUG: |   return 0;
[INFO] [stderr]   DEBUG: | }
[INFO] [stderr]   DEBUG: Executing: `/usr/bin/gcc -std=gnu99 -Werror -Wclass-varargs -c /tmp/conftest.g3x3sM.c`
[INFO] [stderr]   DEBUG: The command returned non-zero exit status 1.
[INFO] [stderr]   DEBUG: Its error output was:
[INFO] [stderr]   DEBUG: | gcc: error: unrecognized command line option '-Wclass-varargs'; did you mean '-Wno-varargs'?
[INFO] [stderr]   INFO: no
[INFO] [stderr]   INFO: checking whether the C++ compiler supports -Wclass-varargs... 
[INFO] [stderr]   DEBUG: Creating `/tmp/conftest.bC0KXi.cpp` with content:
[INFO] [stderr]   DEBUG: | int
[INFO] [stderr]   DEBUG: | main(void)
[INFO] [stderr]   DEBUG: | {
[INFO] [stderr]   DEBUG: | 
[INFO] [stderr]   DEBUG: |   ;
[INFO] [stderr]   DEBUG: |   return 0;
[INFO] [stderr]   DEBUG: | }
[INFO] [stderr]   DEBUG: Executing: `/usr/bin/g++ -Werror -Wclass-varargs -c /tmp/conftest.bC0KXi.cpp`
[INFO] [stderr]   DEBUG: The command returned non-zero exit status 1.
[INFO] [stderr]   DEBUG: Its error output was:
[INFO] [stderr]   DEBUG: | g++: error: unrecognized command line option '-Wclass-varargs'; did you mean '-Wno-varargs'?
[INFO] [stderr]   INFO: no
[INFO] [stderr]   INFO: checking whether the C compiler supports -Wfloat-overflow-conversion... 
[INFO] [stderr]   DEBUG: Creating `/tmp/conftest.DaZlQU.c` with content:
[INFO] [stderr]   DEBUG: | int
[INFO] [stderr]   DEBUG: | main(void)
[INFO] [stderr]   DEBUG: | {
[INFO] [stderr]   DEBUG: | 
[INFO] [stderr]   DEBUG: |   ;
[INFO] [stderr]   DEBUG: |   return 0;
[INFO] [stderr]   DEBUG: | }
[INFO] [stderr]   DEBUG: Executing: `/usr/bin/gcc -std=gnu99 -Werror -Wfloat-overflow-conversion -c /tmp/conftest.DaZlQU.c`
[INFO] [stderr]   DEBUG: The command returned non-zero exit status 1.
[INFO] [stderr]   DEBUG: Its error output was:
[INFO] [stderr]   DEBUG: | gcc: error: unrecognized command line option '-Wfloat-overflow-conversion'; did you mean '-Wfloat-conversion'?
[INFO] [stderr]   INFO: no
[INFO] [stderr]   INFO: checking whether the C++ compiler supports -Wfloat-overflow-conversion... 
[INFO] [stderr]   DEBUG: Creating `/tmp/conftest.7Bhv6c.cpp` with content:
[INFO] [stderr]   DEBUG: | int
[INFO] [stderr]   DEBUG: | main(void)
[INFO] [stderr]   DEBUG: | {
[INFO] [stderr]   DEBUG: | 
[INFO] [stderr]   DEBUG: |   ;
[INFO] [stderr]   DEBUG: |   return 0;
[INFO] [stderr]   DEBUG: | }
[INFO] [stderr]   DEBUG: Executing: `/usr/bin/g++ -Werror -Wfloat-overflow-conversion -c /tmp/conftest.7Bhv6c.cpp`
[INFO] [stderr]   DEBUG: The command returned non-zero exit status 1.
[INFO] [stderr]   DEBUG: Its error output was:
[INFO] [stderr]   DEBUG: | g++: error: unrecognized command line option '-Wfloat-overflow-conversion'; did you mean '-Wfloat-conversion'?
[INFO] [stderr]   INFO: no
[INFO] [stderr]   INFO: checking whether the C compiler supports -Wfloat-zero-conversion... 
[INFO] [stderr]   DEBUG: Creating `/tmp/conftest.9c61ue.c` with content:
[INFO] [stderr]   DEBUG: | int
[INFO] [stderr]   DEBUG: | main(void)
[INFO] [stderr]   DEBUG: | {
[INFO] [stderr]   DEBUG: | 
[INFO] [stderr]   DEBUG: |   ;
[INFO] [stderr]   DEBUG: |   return 0;
[INFO] [stderr]   DEBUG: | }
[INFO] [stderr]   DEBUG: Executing: `/usr/bin/gcc -std=gnu99 -Werror -Wfloat-zero-conversion -c /tmp/conftest.9c61ue.c`
[INFO] [stderr]   DEBUG: The command returned non-zero exit status 1.
[INFO] [stderr]   DEBUG: Its error output was:
[INFO] [stderr]   DEBUG: | gcc: error: unrecognized command line option '-Wfloat-zero-conversion'; did you mean '-Wfloat-conversion'?
[INFO] [stderr]   INFO: no
[INFO] [stderr]   INFO: checking whether the C++ compiler supports -Wfloat-zero-conversion... 
[INFO] [stderr]   DEBUG: Creating `/tmp/conftest.MPogGb.cpp` with content:
[INFO] [stderr]   DEBUG: | int
[INFO] [stderr]   DEBUG: | main(void)
[INFO] [stderr]   DEBUG: | {
[INFO] [stderr]   DEBUG: | 
[INFO] [stderr]   DEBUG: |   ;
[INFO] [stderr]   DEBUG: |   return 0;
[INFO] [stderr]   DEBUG: | }
[INFO] [stderr]   DEBUG: Executing: `/usr/bin/g++ -Werror -Wfloat-zero-conversion -c /tmp/conftest.MPogGb.cpp`
[INFO] [stderr]   DEBUG: The command returned non-zero exit status 1.
[INFO] [stderr]   DEBUG: Its error output was:
[INFO] [stderr]   DEBUG: | g++: error: unrecognized command line option '-Wfloat-zero-conversion'; did you mean '-Wfloat-conversion'?
[INFO] [stderr]   INFO: no
[INFO] [stderr]   INFO: checking whether the C compiler supports -Wloop-analysis... 
[INFO] [stderr]   DEBUG: Creating `/tmp/conftest.6M5vEQ.c` with content:
[INFO] [stderr]   DEBUG: | int
[INFO] [stderr]   DEBUG: | main(void)
[INFO] [stderr]   DEBUG: | {
[INFO] [stderr]   DEBUG: | 
[INFO] [stderr]   DEBUG: |   ;
[INFO] [stderr]   DEBUG: |   return 0;
[INFO] [stderr]   DEBUG: | }
[INFO] [stderr]   DEBUG: Executing: `/usr/bin/gcc -std=gnu99 -Werror -Wloop-analysis -c /tmp/conftest.6M5vEQ.c`
[INFO] [stderr]   DEBUG: The command returned non-zero exit status 1.
[INFO] [stderr]   DEBUG: Its error output was:
[INFO] [stderr]   DEBUG: | gcc: error: unrecognized command line option '-Wloop-analysis'
[INFO] [stderr]   INFO: no
[INFO] [stderr]   INFO: checking whether the C++ compiler supports -Wloop-analysis... 
[INFO] [stderr]   DEBUG: Creating `/tmp/conftest.Cx6yQg.cpp` with content:
[INFO] [stderr]   DEBUG: | int
[INFO] [stderr]   DEBUG: | main(void)
[INFO] [stderr]   DEBUG: | {
[INFO] [stderr]   DEBUG: | 
[INFO] [stderr]   DEBUG: |   ;
[INFO] [stderr]   DEBUG: |   return 0;
[INFO] [stderr]   DEBUG: | }
[INFO] [stderr]   DEBUG: Executing: `/usr/bin/g++ -Werror -Wloop-analysis -c /tmp/conftest.Cx6yQg.cpp`
[INFO] [stderr]   DEBUG: The command returned non-zero exit status 1.
[INFO] [stderr]   DEBUG: Its error output was:
[INFO] [stderr]   DEBUG: | g++: error: unrecognized command line option '-Wloop-analysis'
[INFO] [stderr]   INFO: no
[INFO] [stderr]   INFO: checking whether the C++ compiler supports -Wc++1z-compat... 
[INFO] [stderr]   DEBUG: Creating `/tmp/conftest.YaAKhk.cpp` with content:
[INFO] [stderr]   DEBUG: | int
[INFO] [stderr]   DEBUG: | main(void)
[INFO] [stderr]   DEBUG: | {
[INFO] [stderr]   DEBUG: | 
[INFO] [stderr]   DEBUG: |   ;
[INFO] [stderr]   DEBUG: |   return 0;
[INFO] [stderr]   DEBUG: | }
[INFO] [stderr]   DEBUG: Executing: `/usr/bin/g++ -Werror -Wc++1z-compat -c /tmp/conftest.YaAKhk.cpp`
[INFO] [stderr]   INFO: yes
[INFO] [stderr]   INFO: checking whether the C++ compiler supports -Wc++2a-compat... 
[INFO] [stderr]   DEBUG: Creating `/tmp/conftest.d0KzAZ.cpp` with content:
[INFO] [stderr]   DEBUG: | int
[INFO] [stderr]   DEBUG: | main(void)
[INFO] [stderr]   DEBUG: | {
[INFO] [stderr]   DEBUG: | 
[INFO] [stderr]   DEBUG: |   ;
[INFO] [stderr]   DEBUG: |   return 0;
[INFO] [stderr]   DEBUG: | }
[INFO] [stderr]   DEBUG: Executing: `/usr/bin/g++ -Werror -Wc++2a-compat -c /tmp/conftest.d0KzAZ.cpp`
[INFO] [stderr]   DEBUG: The command returned non-zero exit status 1.
[INFO] [stderr]   DEBUG: Its error output was:
[INFO] [stderr]   DEBUG: | g++: error: unrecognized command line option '-Wc++2a-compat'; did you mean '-Wc++-compat'?
[INFO] [stderr]   INFO: no
[INFO] [stderr]   INFO: checking whether the C++ compiler supports -Wcomma... 
[INFO] [stderr]   DEBUG: Creating `/tmp/conftest.PZDm_o.cpp` with content:
[INFO] [stderr]   DEBUG: | int
[INFO] [stderr]   DEBUG: | main(void)
[INFO] [stderr]   DEBUG: | {
[INFO] [stderr]   DEBUG: | 
[INFO] [stderr]   DEBUG: |   ;
[INFO] [stderr]   DEBUG: |   return 0;
[INFO] [stderr]   DEBUG: | }
[INFO] [stderr]   DEBUG: Executing: `/usr/bin/g++ -Werror -Wcomma -c /tmp/conftest.PZDm_o.cpp`
[INFO] [stderr]   DEBUG: The command returned non-zero exit status 1.
[INFO] [stderr]   DEBUG: Its error output was:
[INFO] [stderr]   DEBUG: | g++: error: unrecognized command line option '-Wcomma'; did you mean '-Wcomment'?
[INFO] [stderr]   INFO: no
[INFO] [stderr]   INFO: checking whether the C compiler supports -Wduplicated-cond... 
[INFO] [stderr]   DEBUG: Creating `/tmp/conftest.o84fzE.c` with content:
[INFO] [stderr]   DEBUG: | int
[INFO] [stderr]   DEBUG: | main(void)
[INFO] [stderr]   DEBUG: | {
[INFO] [stderr]   DEBUG: | 
[INFO] [stderr]   DEBUG: |   ;
[INFO] [stderr]   DEBUG: |   return 0;
[INFO] [stderr]   DEBUG: | }
[INFO] [stderr]   DEBUG: Executing: `/usr/bin/gcc -std=gnu99 -Werror -Wduplicated-cond -c /tmp/conftest.o84fzE.c`
[INFO] [stderr]   INFO: yes
[INFO] [stderr]   INFO: checking whether the C++ compiler supports -Wduplicated-cond... 
[INFO] [stderr]   DEBUG: Creating `/tmp/conftest.qAauQv.cpp` with content:
[INFO] [stderr]   DEBUG: | int
[INFO] [stderr]   DEBUG: | main(void)
[INFO] [stderr]   DEBUG: | {
[INFO] [stderr]   DEBUG: | 
[INFO] [stderr]   DEBUG: |   ;
[INFO] [stderr]   DEBUG: |   return 0;
[INFO] [stderr]   DEBUG: | }
[INFO] [stderr]   DEBUG: Executing: `/usr/bin/g++ -Werror -Wduplicated-cond -c /tmp/conftest.qAauQv.cpp`
[INFO] [stderr]   INFO: yes
[INFO] [stderr]   INFO: checking whether the C++ compiler supports -Wimplicit-fallthrough... 
[INFO] [stderr]   DEBUG: Creating `/tmp/conftest.gjD8hI.cpp` with content:
[INFO] [stderr]   DEBUG: | int
[INFO] [stderr]   DEBUG: | main(void)
[INFO] [stderr]   DEBUG: | {
[INFO] [stderr]   DEBUG: | 
[INFO] [stderr]   DEBUG: |   ;
[INFO] [stderr]   DEBUG: |   return 0;
[INFO] [stderr]   DEBUG: | }
[INFO] [stderr]   DEBUG: Executing: `/usr/bin/g++ -Werror -Wimplicit-fallthrough -c /tmp/conftest.gjD8hI.cpp`
[INFO] [stderr]   INFO: yes
[INFO] [stderr]   INFO: checking whether the C compiler supports -Wstring-conversion... 
[INFO] [stderr]   DEBUG: Creating `/tmp/conftest.eRbACO.c` with content:
[INFO] [stderr]   DEBUG: | int
[INFO] [stderr]   DEBUG: | main(void)
[INFO] [stderr]   DEBUG: | {
[INFO] [stderr]   DEBUG: | 
[INFO] [stderr]   DEBUG: |   ;
[INFO] [stderr]   DEBUG: |   return 0;
[INFO] [stderr]   DEBUG: | }
[INFO] [stderr]   DEBUG: Executing: `/usr/bin/gcc -std=gnu99 -Werror -Wstring-conversion -c /tmp/conftest.eRbACO.c`
[INFO] [stderr]   DEBUG: The command returned non-zero exit status 1.
[INFO] [stderr]   DEBUG: Its error output was:
[INFO] [stderr]   DEBUG: | gcc: error: unrecognized command line option '-Wstring-conversion'; did you mean '-Wsign-conversion'?
[INFO] [stderr]   INFO: no
[INFO] [stderr]   INFO: checking whether the C++ compiler supports -Wstring-conversion... 
[INFO] [stderr]   DEBUG: Creating `/tmp/conftest.1BdBgx.cpp` with content:
[INFO] [stderr]   DEBUG: | int
[INFO] [stderr]   DEBUG: | main(void)
[INFO] [stderr]   DEBUG: | {
[INFO] [stderr]   DEBUG: | 
[INFO] [stderr]   DEBUG: |   ;
[INFO] [stderr]   DEBUG: |   return 0;
[INFO] [stderr]   DEBUG: | }
[INFO] [stderr]   DEBUG: Executing: `/usr/bin/g++ -Werror -Wstring-conversion -c /tmp/conftest.1BdBgx.cpp`
[INFO] [stderr]   DEBUG: The command returned non-zero exit status 1.
[INFO] [stderr]   DEBUG: Its error output was:
[INFO] [stderr]   DEBUG: | g++: error: unrecognized command line option '-Wstring-conversion'; did you mean '-Wsign-conversion'?
[INFO] [stderr]   INFO: no
[INFO] [stderr]   INFO: checking whether the C compiler supports -Wtautological-overlap-compare... 
[INFO] [stderr]   DEBUG: Creating `/tmp/conftest.T6_x6x.c` with content:
[INFO] [stderr]   DEBUG: | int
[INFO] [stderr]   DEBUG: | main(void)
[INFO] [stderr]   DEBUG: | {
[INFO] [stderr]   DEBUG: | 
[INFO] [stderr]   DEBUG: |   ;
[INFO] [stderr]   DEBUG: |   return 0;
[INFO] [stderr]   DEBUG: | }
[INFO] [stderr]   DEBUG: Executing: `/usr/bin/gcc -std=gnu99 -Werror -Wtautological-overlap-compare -c /tmp/conftest.T6_x6x.c`
[INFO] [stderr]   DEBUG: The command returned non-zero exit status 1.
[INFO] [stderr]   DEBUG: Its error output was:
[INFO] [stderr]   DEBUG: | gcc: error: unrecognized command line option '-Wtautological-overlap-compare'; did you mean '-Wtautological-compare'?
[INFO] [stderr]   INFO: no
[INFO] [stderr]   INFO: checking whether the C++ compiler supports -Wtautological-overlap-compare... 
[INFO] [stderr]   DEBUG: Creating `/tmp/conftest.9zn64N.cpp` with content:
[INFO] [stderr]   DEBUG: | int
[INFO] [stderr]   DEBUG: | main(void)
[INFO] [stderr]   DEBUG: | {
[INFO] [stderr]   DEBUG: | 
[INFO] [stderr]   DEBUG: |   ;
[INFO] [stderr]   DEBUG: |   return 0;
[INFO] [stderr]   DEBUG: | }
[INFO] [stderr]   DEBUG: Executing: `/usr/bin/g++ -Werror -Wtautological-overlap-compare -c /tmp/conftest.9zn64N.cpp`
[INFO] [stderr]   DEBUG: The command returned non-zero exit status 1.
[INFO] [stderr]   DEBUG: Its error output was:
[INFO] [stderr]   DEBUG: | g++: error: unrecognized command line option '-Wtautological-overlap-compare'; did you mean '-Wtautological-compare'?
[INFO] [stderr]   INFO: no
[INFO] [stderr]   INFO: checking whether the C compiler supports -Wtautological-unsigned-enum-zero-compare... 
[INFO] [stderr]   DEBUG: Creating `/tmp/conftest.DTP2CZ.c` with content:
[INFO] [stderr]   DEBUG: | int
[INFO] [stderr]   DEBUG: | main(void)
[INFO] [stderr]   DEBUG: | {
[INFO] [stderr]   DEBUG: | 
[INFO] [stderr]   DEBUG: |   ;
[INFO] [stderr]   DEBUG: |   return 0;
[INFO] [stderr]   DEBUG: | }
[INFO] [stderr]   DEBUG: Executing: `/usr/bin/gcc -std=gnu99 -Werror -Wtautological-unsigned-enum-zero-compare -c /tmp/conftest.DTP2CZ.c`
[INFO] [stderr]   DEBUG: The command returned non-zero exit status 1.
[INFO] [stderr]   DEBUG: Its error output was:
[INFO] [stderr]   DEBUG: | gcc: error: unrecognized command line option '-Wtautological-unsigned-enum-zero-compare'
[INFO] [stderr]   INFO: no
[INFO] [stderr]   INFO: checking whether the C++ compiler supports -Wtautological-unsigned-enum-zero-compare... 
[INFO] [stderr]   DEBUG: Creating `/tmp/conftest.Ly3Jji.cpp` with content:
[INFO] [stderr]   DEBUG: | int
[INFO] [stderr]   DEBUG: | main(void)
[INFO] [stderr]   DEBUG: | {
[INFO] [stderr]   DEBUG: | 
[INFO] [stderr]   DEBUG: |   ;
[INFO] [stderr]   DEBUG: |   return 0;
[INFO] [stderr]   DEBUG: | }
[INFO] [stderr]   DEBUG: Executing: `/usr/bin/g++ -Werror -Wtautological-unsigned-enum-zero-compare -c /tmp/conftest.Ly3Jji.cpp`
[INFO] [stderr]   DEBUG: The command returned non-zero exit status 1.
[INFO] [stderr]   DEBUG: Its error output was:
[INFO] [stderr]   DEBUG: | g++: error: unrecognized command line option '-Wtautological-unsigned-enum-zero-compare'
[INFO] [stderr]   INFO: no
[INFO] [stderr]   INFO: checking whether the C compiler supports -Wtautological-unsigned-zero-compare... 
[INFO] [stderr]   DEBUG: Creating `/tmp/conftest.TZwnmW.c` with content:
[INFO] [stderr]   DEBUG: | int
[INFO] [stderr]   DEBUG: | main(void)
[INFO] [stderr]   DEBUG: | {
[INFO] [stderr]   DEBUG: | 
[INFO] [stderr]   DEBUG: |   ;
[INFO] [stderr]   DEBUG: |   return 0;
[INFO] [stderr]   DEBUG: | }
[INFO] [stderr]   DEBUG: Executing: `/usr/bin/gcc -std=gnu99 -Werror -Wtautological-unsigned-zero-compare -c /tmp/conftest.TZwnmW.c`
[INFO] [stderr]   DEBUG: The command returned non-zero exit status 1.
[INFO] [stderr]   DEBUG: Its error output was:
[INFO] [stderr]   DEBUG: | gcc: error: unrecognized command line option '-Wtautological-unsigned-zero-compare'
[INFO] [stderr]   INFO: no
[INFO] [stderr]   INFO: checking whether the C++ compiler supports -Wtautological-unsigned-zero-compare... 
[INFO] [stderr]   DEBUG: Creating `/tmp/conftest.1bqSZm.cpp` with content:
[INFO] [stderr]   DEBUG: | int
[INFO] [stderr]   DEBUG: | main(void)
[INFO] [stderr]   DEBUG: | {
[INFO] [stderr]   DEBUG: | 
[INFO] [stderr]   DEBUG: |   ;
[INFO] [stderr]   DEBUG: |   return 0;
[INFO] [stderr]   DEBUG: | }
[INFO] [stderr]   DEBUG: Executing: `/usr/bin/g++ -Werror -Wtautological-unsigned-zero-compare -c /tmp/conftest.1bqSZm.cpp`
[INFO] [stderr]   DEBUG: The command returned non-zero exit status 1.
[INFO] [stderr]   DEBUG: Its error output was:
[INFO] [stderr]   DEBUG: | g++: error: unrecognized command line option '-Wtautological-unsigned-zero-compare'
[INFO] [stderr]   INFO: no
[INFO] [stderr]   INFO: checking whether the C++ compiler supports -Wno-inline-new-delete... 
[INFO] [stderr]   DEBUG: Creating `/tmp/conftest.7loqAt.cpp` with content:
[INFO] [stderr]   DEBUG: | int
[INFO] [stderr]   DEBUG: | main(void)
[INFO] [stderr]   DEBUG: | {
[INFO] [stderr]   DEBUG: | 
[INFO] [stderr]   DEBUG: |   ;
[INFO] [stderr]   DEBUG: |   return 0;
[INFO] [stderr]   DEBUG: | }
[INFO] [stderr]   DEBUG: Executing: `/usr/bin/g++ -Werror -Winline-new-delete -c /tmp/conftest.7loqAt.cpp`
[INFO] [stderr]   DEBUG: The command returned non-zero exit status 1.
[INFO] [stderr]   DEBUG: Its error output was:
[INFO] [stderr]   DEBUG: | g++: error: unrecognized command line option '-Winline-new-delete'
[INFO] [stderr]   INFO: no
[INFO] [stderr]   INFO: checking whether the C compiler supports -Wno-error=maybe-uninitialized... 
[INFO] [stderr]   DEBUG: Creating `/tmp/conftest.hX6tmp.c` with content:
[INFO] [stderr]   DEBUG: | int
[INFO] [stderr]   DEBUG: | main(void)
[INFO] [stderr]   DEBUG: | {
[INFO] [stderr]   DEBUG: | 
[INFO] [stderr]   DEBUG: |   ;
[INFO] [stderr]   DEBUG: |   return 0;
[INFO] [stderr]   DEBUG: | }
[INFO] [stderr]   DEBUG: Executing: `/usr/bin/gcc -std=gnu99 -Werror -Wno-error=maybe-uninitialized -c /tmp/conftest.hX6tmp.c`
[INFO] [stderr]   INFO: yes
[INFO] [stderr]   INFO: checking whether the C++ compiler supports -Wno-error=maybe-uninitialized... 
[INFO] [stderr]   DEBUG: Creating `/tmp/conftest.I6tlmJ.cpp` with content:
[INFO] [stderr]   DEBUG: | int
[INFO] [stderr]   DEBUG: | main(void)
[INFO] [stderr]   DEBUG: | {
[INFO] [stderr]   DEBUG: | 
[INFO] [stderr]   DEBUG: |   ;
[INFO] [stderr]   DEBUG: |   return 0;
[INFO] [stderr]   DEBUG: | }
[INFO] [stderr]   DEBUG: Executing: `/usr/bin/g++ -Werror -Wno-error=maybe-uninitialized -c /tmp/conftest.I6tlmJ.cpp`
[INFO] [stderr]   INFO: yes
[INFO] [stderr]   INFO: checking whether the C compiler supports -Wno-error=deprecated-declarations... 
[INFO] [stderr]   DEBUG: Creating `/tmp/conftest.84ZNiP.c` with content:
[INFO] [stderr]   DEBUG: | int
[INFO] [stderr]   DEBUG: | main(void)
[INFO] [stderr]   DEBUG: | {
[INFO] [stderr]   DEBUG: | 
[INFO] [stderr]   DEBUG: |   ;
[INFO] [stderr]   DEBUG: |   return 0;
[INFO] [stderr]   DEBUG: | }
[INFO] [stderr]   DEBUG: Executing: `/usr/bin/gcc -std=gnu99 -Werror -Wno-error=deprecated-declarations -c /tmp/conftest.84ZNiP.c`
[INFO] [stderr]   INFO: yes
[INFO] [stderr]   INFO: checking whether the C++ compiler supports -Wno-error=deprecated-declarations... 
[INFO] [stderr]   DEBUG: Creating `/tmp/conftest.Baz377.cpp` with content:
[INFO] [stderr]   DEBUG: | int
[INFO] [stderr]   DEBUG: | main(void)
[INFO] [stderr]   DEBUG: | {
[INFO] [stderr]   DEBUG: | 
[INFO] [stderr]   DEBUG: |   ;
[INFO] [stderr]   DEBUG: |   return 0;
[INFO] [stderr]   DEBUG: | }
[INFO] [stderr]   DEBUG: Executing: `/usr/bin/g++ -Werror -Wno-error=deprecated-declarations -c /tmp/conftest.Baz377.cpp`
[INFO] [stderr]   INFO: yes
[INFO] [stderr]   INFO: checking whether the C compiler supports -Wno-error=array-bounds... 
[INFO] [stderr]   DEBUG: Creating `/tmp/conftest.FvfT4H.c` with content:
[INFO] [stderr]   DEBUG: | int
[INFO] [stderr]   DEBUG: | main(void)
[INFO] [stderr]   DEBUG: | {
[INFO] [stderr]   DEBUG: | 
[INFO] [stderr]   DEBUG: |   ;
[INFO] [stderr]   DEBUG: |   return 0;
[INFO] [stderr]   DEBUG: | }
[INFO] [stderr]   DEBUG: Executing: `/usr/bin/gcc -std=gnu99 -Werror -Wno-error=array-bounds -c /tmp/conftest.FvfT4H.c`
[INFO] [stderr]   INFO: yes
[INFO] [stderr]   INFO: checking whether the C++ compiler supports -Wno-error=array-bounds... 
[INFO] [stderr]   DEBUG: Creating `/tmp/conftest.8QLoNS.cpp` with content:
[INFO] [stderr]   DEBUG: | int
[INFO] [stderr]   DEBUG: | main(void)
[INFO] [stderr]   DEBUG: | {
[INFO] [stderr]   DEBUG: | 
[INFO] [stderr]   DEBUG: |   ;
[INFO] [stderr]   DEBUG: |   return 0;
[INFO] [stderr]   DEBUG: | }
[INFO] [stderr]   DEBUG: Executing: `/usr/bin/g++ -Werror -Wno-error=array-bounds -c /tmp/conftest.8QLoNS.cpp`
[INFO] [stderr]   INFO: yes
[INFO] [stderr]   INFO: checking whether the C compiler supports -Wno-error=free-nonheap-object... 
[INFO] [stderr]   DEBUG: Creating `/tmp/conftest.im1uIb.c` with content:
[INFO] [stderr]   DEBUG: | int
[INFO] [stderr]   DEBUG: | main(void)
[INFO] [stderr]   DEBUG: | {
[INFO] [stderr]   DEBUG: | 
[INFO] [stderr]   DEBUG: |   ;
[INFO] [stderr]   DEBUG: |   return 0;
[INFO] [stderr]   DEBUG: | }
[INFO] [stderr]   DEBUG: Executing: `/usr/bin/gcc -std=gnu99 -Werror -Wno-error=free-nonheap-object -c /tmp/conftest.im1uIb.c`
[INFO] [stderr]   INFO: yes
[INFO] [stderr]   INFO: checking whether the C++ compiler supports -Wno-error=free-nonheap-object... 
[INFO] [stderr]   DEBUG: Creating `/tmp/conftest.76xBPa.cpp` with content:
[INFO] [stderr]   DEBUG: | int
[INFO] [stderr]   DEBUG: | main(void)
[INFO] [stderr]   DEBUG: | {
[INFO] [stderr]   DEBUG: | 
[INFO] [stderr]   DEBUG: |   ;
[INFO] [stderr]   DEBUG: |   return 0;
[INFO] [stderr]   DEBUG: | }
[INFO] [stderr]   DEBUG: Executing: `/usr/bin/g++ -Werror -Wno-error=free-nonheap-object -c /tmp/conftest.76xBPa.cpp`
[INFO] [stderr]   INFO: yes
[INFO] [stderr]   INFO: checking whether the C compiler supports -Wno-error=multistatement-macros... 
[INFO] [stderr]   DEBUG: Creating `/tmp/conftest.WnxwS7.c` with content:
[INFO] [stderr]   DEBUG: | int
[INFO] [stderr]   DEBUG: | main(void)
[INFO] [stderr]   DEBUG: | {
[INFO] [stderr]   DEBUG: | 
[INFO] [stderr]   DEBUG: |   ;
[INFO] [stderr]   DEBUG: |   return 0;
[INFO] [stderr]   DEBUG: | }
[INFO] [stderr]   DEBUG: Executing: `/usr/bin/gcc -std=gnu99 -Werror -Wno-error=multistatement-macros -c /tmp/conftest.WnxwS7.c`
[INFO] [stderr]   INFO: yes
[INFO] [stderr]   INFO: checking whether the C++ compiler supports -Wno-error=multistatement-macros... 
[INFO] [stderr]   DEBUG: Creating `/tmp/conftest.O5jE_5.cpp` with content:
[INFO] [stderr]   DEBUG: | int
[INFO] [stderr]   DEBUG: | main(void)
[INFO] [stderr]   DEBUG: | {
[INFO] [stderr]   DEBUG: | 
[INFO] [stderr]   DEBUG: |   ;
[INFO] [stderr]   DEBUG: |   return 0;
[INFO] [stderr]   DEBUG: | }
[INFO] [stderr]   DEBUG: Executing: `/usr/bin/g++ -Werror -Wno-error=multistatement-macros -c /tmp/conftest.O5jE_5.cpp`
[INFO] [stderr]   INFO: yes
[INFO] [stderr]   INFO: checking whether the C compiler supports -Wno-error=return-std-move... 
[INFO] [stderr]   DEBUG: Creating `/tmp/conftest.sWVIOO.c` with content:
[INFO] [stderr]   DEBUG: | int
[INFO] [stderr]   DEBUG: | main(void)
[INFO] [stderr]   DEBUG: | {
[INFO] [stderr]   DEBUG: | 
[INFO] [stderr]   DEBUG: |   ;
[INFO] [stderr]   DEBUG: |   return 0;
[INFO] [stderr]   DEBUG: | }
[INFO] [stderr]   DEBUG: Executing: `/usr/bin/gcc -std=gnu99 -Werror -Wno-error=return-std-move -c /tmp/conftest.sWVIOO.c`
[INFO] [stderr]   DEBUG: The command returned non-zero exit status 1.
[INFO] [stderr]   DEBUG: Its error output was:
[INFO] [stderr]   DEBUG: | cc1: error: '-Werror=return-std-move': no option -Wreturn-std-move
[INFO] [stderr]   INFO: no
[INFO] [stderr]   INFO: checking whether the C++ compiler supports -Wno-error=return-std-move... 
[INFO] [stderr]   DEBUG: Creating `/tmp/conftest.32aG9g.cpp` with content:
[INFO] [stderr]   DEBUG: | int
[INFO] [stderr]   DEBUG: | main(void)
[INFO] [stderr]   DEBUG: | {
[INFO] [stderr]   DEBUG: | 
[INFO] [stderr]   DEBUG: |   ;
[INFO] [stderr]   DEBUG: |   return 0;
[INFO] [stderr]   DEBUG: | }
[INFO] [stderr]   DEBUG: Executing: `/usr/bin/g++ -Werror -Wno-error=return-std-move -c /tmp/conftest.32aG9g.cpp`
[INFO] [stderr]   DEBUG: The command returned non-zero exit status 1.
[INFO] [stderr]   DEBUG: Its error output was:
[INFO] [stderr]   DEBUG: | cc1plus: error: '-Werror=return-std-move': no option -Wreturn-std-move
[INFO] [stderr]   INFO: no
[INFO] [stderr]   INFO: checking whether the C compiler supports -Wno-error=class-memaccess... 
[INFO] [stderr]   DEBUG: Creating `/tmp/conftest.9CecSf.c` with content:
[INFO] [stderr]   DEBUG: | int
[INFO] [stderr]   DEBUG: | main(void)
[INFO] [stderr]   DEBUG: | {
[INFO] [stderr]   DEBUG: | 
[INFO] [stderr]   DEBUG: |   ;
[INFO] [stderr]   DEBUG: |   return 0;
[INFO] [stderr]   DEBUG: | }
[INFO] [stderr]   DEBUG: Executing: `/usr/bin/gcc -std=gnu99 -Werror -Wno-error=class-memaccess -c /tmp/conftest.9CecSf.c`
[INFO] [stderr]   INFO: yes
[INFO] [stderr]   INFO: checking whether the C++ compiler supports -Wno-error=class-memaccess... 
[INFO] [stderr]   DEBUG: Creating `/tmp/conftest.eKejM6.cpp` with content:
[INFO] [stderr]   DEBUG: | int
[INFO] [stderr]   DEBUG: | main(void)
[INFO] [stderr]   DEBUG: | {
[INFO] [stderr]   DEBUG: | 
[INFO] [stderr]   DEBUG: |   ;
[INFO] [stderr]   DEBUG: |   return 0;
[INFO] [stderr]   DEBUG: | }
[INFO] [stderr]   DEBUG: Executing: `/usr/bin/g++ -Werror -Wno-error=class-memaccess -c /tmp/conftest.eKejM6.cpp`
[INFO] [stderr]   INFO: yes
[INFO] [stderr]   INFO: checking whether the C compiler supports -Wno-error=atomic-alignment... 
[INFO] [stderr]   DEBUG: Creating `/tmp/conftest.GPuLZ2.c` with content:
[INFO] [stderr]   DEBUG: | int
[INFO] [stderr]   DEBUG: | main(void)
[INFO] [stderr]   DEBUG: | {
[INFO] [stderr]   DEBUG: | 
[INFO] [stderr]   DEBUG: |   ;
[INFO] [stderr]   DEBUG: |   return 0;
[INFO] [stderr]   DEBUG: | }
[INFO] [stderr]   DEBUG: Executing: `/usr/bin/gcc -std=gnu99 -Werror -Wno-error=atomic-alignment -c /tmp/conftest.GPuLZ2.c`
[INFO] [stderr]   DEBUG: The command returned non-zero exit status 1.
[INFO] [stderr]   DEBUG: Its error output was:
[INFO] [stderr]   DEBUG: | cc1: error: '-Werror=atomic-alignment': no option -Watomic-alignment
[INFO] [stderr]   INFO: no
[INFO] [stderr]   INFO: checking whether the C++ compiler supports -Wno-error=atomic-alignment... 
[INFO] [stderr]   DEBUG: Creating `/tmp/conftest.tCS_ji.cpp` with content:
[INFO] [stderr]   DEBUG: | int
[INFO] [stderr]   DEBUG: | main(void)
[INFO] [stderr]   DEBUG: | {
[INFO] [stderr]   DEBUG: | 
[INFO] [stderr]   DEBUG: |   ;
[INFO] [stderr]   DEBUG: |   return 0;
[INFO] [stderr]   DEBUG: | }
[INFO] [stderr]   DEBUG: Executing: `/usr/bin/g++ -Werror -Wno-error=atomic-alignment -c /tmp/conftest.tCS_ji.cpp`
[INFO] [stderr]   DEBUG: The command returned non-zero exit status 1.
[INFO] [stderr]   DEBUG: Its error output was:
[INFO] [stderr]   DEBUG: | cc1plus: error: '-Werror=atomic-alignment': no option -Watomic-alignment
[INFO] [stderr]   INFO: no
[INFO] [stderr]   INFO: checking whether the C compiler supports -Wno-error=deprecated-copy... 
[INFO] [stderr]   DEBUG: Creating `/tmp/conftest.FFg9jM.c` with content:
[INFO] [stderr]   DEBUG: | int
[INFO] [stderr]   DEBUG: | main(void)
[INFO] [stderr]   DEBUG: | {
[INFO] [stderr]   DEBUG: | 
[INFO] [stderr]   DEBUG: |   ;
[INFO] [stderr]   DEBUG: |   return 0;
[INFO] [stderr]   DEBUG: | }
[INFO] [stderr]   DEBUG: Executing: `/usr/bin/gcc -std=gnu99 -Werror -Wno-error=deprecated-copy -c /tmp/conftest.FFg9jM.c`
[INFO] [stderr]   INFO: yes
[INFO] [stderr]   INFO: checking whether the C++ compiler supports -Wno-error=deprecated-copy... 
[INFO] [stderr]   DEBUG: Creating `/tmp/conftest.75utJ3.cpp` with content:
[INFO] [stderr]   DEBUG: | int
[INFO] [stderr]   DEBUG: | main(void)
[INFO] [stderr]   DEBUG: | {
[INFO] [stderr]   DEBUG: | 
[INFO] [stderr]   DEBUG: |   ;
[INFO] [stderr]   DEBUG: |   return 0;
[INFO] [stderr]   DEBUG: | }
[INFO] [stderr]   DEBUG: Executing: `/usr/bin/g++ -Werror -Wno-error=deprecated-copy -c /tmp/conftest.75utJ3.cpp`
[INFO] [stderr]   INFO: yes
[INFO] [stderr]   INFO: checking whether the C compiler supports -Wformat... 
[INFO] [stderr]   DEBUG: Creating `/tmp/conftest.du4Cz3.c` with content:
[INFO] [stderr]   DEBUG: | int
[INFO] [stderr]   DEBUG: | main(void)
[INFO] [stderr]   DEBUG: | {
[INFO] [stderr]   DEBUG: | 
[INFO] [stderr]   DEBUG: |   ;
[INFO] [stderr]   DEBUG: |   return 0;
[INFO] [stderr]   DEBUG: | }
[INFO] [stderr]   DEBUG: Executing: `/usr/bin/gcc -std=gnu99 -Werror -Wformat -c /tmp/conftest.du4Cz3.c`
[INFO] [stderr]   INFO: yes
[INFO] [stderr]   INFO: checking whether the C++ compiler supports -Wformat... 
[INFO] [stderr]   DEBUG: Creating `/tmp/conftest.889v0E.cpp` with content:
[INFO] [stderr]   DEBUG: | int
[INFO] [stderr]   DEBUG: | main(void)
[INFO] [stderr]   DEBUG: | {
[INFO] [stderr]   DEBUG: | 
[INFO] [stderr]   DEBUG: |   ;
[INFO] [stderr]   DEBUG: |   return 0;
[INFO] [stderr]   DEBUG: | }
[INFO] [stderr]   DEBUG: Executing: `/usr/bin/g++ -Werror -Wformat -c /tmp/conftest.889v0E.cpp`
[INFO] [stderr]   INFO: yes
[INFO] [stderr]   INFO: checking whether the C compiler supports -Wformat-security... 
[INFO] [stderr]   DEBUG: Creating `/tmp/conftest.JOD6Vo.c` with content:
[INFO] [stderr]   DEBUG: | int
[INFO] [stderr]   DEBUG: | main(void)
[INFO] [stderr]   DEBUG: | {
[INFO] [stderr]   DEBUG: | 
[INFO] [stderr]   DEBUG: |   ;
[INFO] [stderr]   DEBUG: |   return 0;
[INFO] [stderr]   DEBUG: | }
[INFO] [stderr]   DEBUG: Executing: `/usr/bin/gcc -std=gnu99 -Werror -Wformat-security -c /tmp/conftest.JOD6Vo.c`
[INFO] [stderr]   INFO: yes
[INFO] [stderr]   INFO: checking whether the C++ compiler supports -Wformat-security... 
[INFO] [stderr]   DEBUG: Creating `/tmp/conftest.WDLp_w.cpp` with content:
[INFO] [stderr]   DEBUG: | int
[INFO] [stderr]   DEBUG: | main(void)
[INFO] [stderr]   DEBUG: | {
[INFO] [stderr]   DEBUG: | 
[INFO] [stderr]   DEBUG: |   ;
[INFO] [stderr]   DEBUG: |   return 0;
[INFO] [stderr]   DEBUG: | }
[INFO] [stderr]   DEBUG: Executing: `/usr/bin/g++ -Werror -Wformat-security -c /tmp/conftest.WDLp_w.cpp`
[INFO] [stderr]   INFO: yes
[INFO] [stderr]   INFO: checking whether the C compiler supports -Wformat-overflow=2... 
[INFO] [stderr]   DEBUG: Creating `/tmp/conftest.fRRzx_.c` with content:
[INFO] [stderr]   DEBUG: | int
[INFO] [stderr]   DEBUG: | main(void)
[INFO] [stderr]   DEBUG: | {
[INFO] [stderr]   DEBUG: | 
[INFO] [stderr]   DEBUG: |   ;
[INFO] [stderr]   DEBUG: |   return 0;
[INFO] [stderr]   DEBUG: | }
[INFO] [stderr]   DEBUG: Executing: `/usr/bin/gcc -std=gnu99 -Werror -Wformat-overflow=2 -c /tmp/conftest.fRRzx_.c`
[INFO] [stderr]   INFO: yes
[INFO] [stderr]   INFO: checking whether the C++ compiler supports -Wformat-overflow=2... 
[INFO] [stderr]   DEBUG: Creating `/tmp/conftest.ixfRYR.cpp` with content:
[INFO] [stderr]   DEBUG: | int
[INFO] [stderr]   DEBUG: | main(void)
[INFO] [stderr]   DEBUG: | {
[INFO] [stderr]   DEBUG: | 
[INFO] [stderr]   DEBUG: |   ;
[INFO] [stderr]   DEBUG: |   return 0;
[INFO] [stderr]   DEBUG: | }
[INFO] [stderr]   DEBUG: Executing: `/usr/bin/g++ -Werror -Wformat-overflow=2 -c /tmp/conftest.ixfRYR.cpp`
[INFO] [stderr]   INFO: yes
[INFO] [stderr]   INFO: checking whether the C compiler supports -Wno-gnu-zero-variadic-macro-arguments... 
[INFO] [stderr]   DEBUG: Creating `/tmp/conftest.YQkRB9.c` with content:
[INFO] [stderr]   DEBUG: | int
[INFO] [stderr]   DEBUG: | main(void)
[INFO] [stderr]   DEBUG: | {
[INFO] [stderr]   DEBUG: | 
[INFO] [stderr]   DEBUG: |   ;
[INFO] [stderr]   DEBUG: |   return 0;
[INFO] [stderr]   DEBUG: | }
[INFO] [stderr]   DEBUG: Executing: `/usr/bin/gcc -std=gnu99 -Werror -Wgnu-zero-variadic-macro-arguments -c /tmp/conftest.YQkRB9.c`
[INFO] [stderr]   DEBUG: The command returned non-zero exit status 1.
[INFO] [stderr]   DEBUG: Its error output was:
[INFO] [stderr]   DEBUG: | gcc: error: unrecognized command line option '-Wgnu-zero-variadic-macro-arguments'
[INFO] [stderr]   INFO: no
[INFO] [stderr]   INFO: checking whether the C++ compiler supports -Wno-gnu-zero-variadic-macro-arguments... 
[INFO] [stderr]   DEBUG: Creating `/tmp/conftest.k1vrUq.cpp` with content:
[INFO] [stderr]   DEBUG: | int
[INFO] [stderr]   DEBUG: | main(void)
[INFO] [stderr]   DEBUG: | {
[INFO] [stderr]   DEBUG: | 
[INFO] [stderr]   DEBUG: |   ;
[INFO] [stderr]   DEBUG: |   return 0;
[INFO] [stderr]   DEBUG: | }
[INFO] [stderr]   DEBUG: Executing: `/usr/bin/g++ -Werror -Wgnu-zero-variadic-macro-arguments -c /tmp/conftest.k1vrUq.cpp`
[INFO] [stderr]   DEBUG: The command returned non-zero exit status 1.
[INFO] [stderr]   DEBUG: Its error output was:
[INFO] [stderr]   DEBUG: | g++: error: unrecognized command line option '-Wgnu-zero-variadic-macro-arguments'
[INFO] [stderr]   INFO: no
[INFO] [stderr]   INFO: checking whether the C++ compiler supports -Wno-noexcept-type... 
[INFO] [stderr]   DEBUG: Creating `/tmp/conftest.4PzRz6.cpp` with content:
[INFO] [stderr]   DEBUG: | int
[INFO] [stderr]   DEBUG: | main(void)
[INFO] [stderr]   DEBUG: | {
[INFO] [stderr]   DEBUG: | 
[INFO] [stderr]   DEBUG: |   ;
[INFO] [stderr]   DEBUG: |   return 0;
[INFO] [stderr]   DEBUG: | }
[INFO] [stderr]   DEBUG: Executing: `/usr/bin/g++ -Werror -Wnoexcept-type -c /tmp/conftest.4PzRz6.cpp`
[INFO] [stderr]   INFO: yes
[INFO] [stderr]   INFO: checking whether the C++ compiler supports -fno-sized-deallocation... 
[INFO] [stderr]   DEBUG: Creating `/tmp/conftest.uvdYit.cpp` with content:
[INFO] [stderr]   DEBUG: | int
[INFO] [stderr]   DEBUG: | main(void)
[INFO] [stderr]   DEBUG: | {
[INFO] [stderr]   DEBUG: | 
[INFO] [stderr]   DEBUG: |   ;
[INFO] [stderr]   DEBUG: |   return 0;
[INFO] [stderr]   DEBUG: | }
[INFO] [stderr]   DEBUG: Executing: `/usr/bin/g++ -Werror -fno-sized-deallocation -c /tmp/conftest.uvdYit.cpp`
[INFO] [stderr]   INFO: yes
[INFO] [stderr]   INFO: checking for rustc... 
[INFO] [stderr]   DEBUG: rustc: Trying rustc
[INFO] [stderr]   INFO: /opt/rustwide/cargo-home/bin/rustc
[INFO] [stderr]   INFO: checking for cargo... 
[INFO] [stderr]   DEBUG: cargo: Trying /opt/rustwide/rustup-home/toolchains/beta-2020-07-24-x86_64-unknown-linux-gnu/bin/cargo
[INFO] [stderr]   INFO: /opt/rustwide/rustup-home/toolchains/beta-2020-07-24-x86_64-unknown-linux-gnu/bin/cargo
[INFO] [stderr]   INFO: checking rustc version... 
[INFO] [stderr]   DEBUG: Executing: `/opt/rustwide/cargo-home/bin/rustc --version --verbose`
[INFO] [stderr]   INFO: 1.46.0-beta.2
[INFO] [stderr]   INFO: checking cargo version... 
[INFO] [stderr]   DEBUG: Executing: `/opt/rustwide/rustup-home/toolchains/beta-2020-07-24-x86_64-unknown-linux-gnu/bin/cargo --version --verbose`
[INFO] [stderr]   INFO: 1.46.0
[INFO] [stderr]   DEBUG: Executing: `/opt/rustwide/cargo-home/bin/rustc --print target-list`
[INFO] [stderr]   DEBUG: Creating `/tmp/conftestQ4xK_U.rs` with content:
[INFO] [stderr]   DEBUG: | pub extern fn hello() { println!("Hello world"); }
[INFO] [stderr]   DEBUG: Executing: `/opt/rustwide/cargo-home/bin/rustc --crate-type staticlib --target=x86_64-unknown-linux-gnu -o /tmp/conftest3U1NRC.rlib /tmp/conftestQ4xK_U.rs`
[INFO] [stderr]   DEBUG: Creating `/tmp/conftestAS7uuQ.rs` with content:
[INFO] [stderr]   DEBUG: | pub extern fn hello() { println!("Hello world"); }
[INFO] [stderr]   DEBUG: Executing: `/opt/rustwide/cargo-home/bin/rustc --crate-type staticlib --target=x86_64-unknown-linux-gnu -o /tmp/conftestiQjzOO.rlib /tmp/conftestAS7uuQ.rs`
[INFO] [stderr]   INFO: checking for rustdoc... 
[INFO] [stderr]   DEBUG: rustdoc: Trying rustdoc
[INFO] [stderr]   INFO: /opt/rustwide/cargo-home/bin/rustdoc
[INFO] [stderr]   INFO: checking for rustfmt... 
[INFO] [stderr]   DEBUG: rustfmt: Trying rustfmt
[INFO] [stderr]   INFO: /opt/rustwide/cargo-home/bin/rustfmt
[INFO] [stderr]   INFO: checking for llvm-config... 
[INFO] [stderr]   DEBUG: llvm_config: Trying llvm-config-6.0
[INFO] [stderr]   INFO: /usr/bin/llvm-config-6.0
[INFO] [stderr]   DEBUG: Executing: `/usr/bin/llvm-config-6.0 --version`
[INFO] [stderr]   DEBUG: Executing: `/usr/bin/llvm-config-6.0 --libdir`
[INFO] [stderr]   DEBUG: Executing: `/usr/bin/llvm-config-6.0 --bindir`
[INFO] [stderr]   DEBUG: Creating `/tmp/conftest.Mpw3iS.cpp` with content:
[INFO] [stderr]   DEBUG: | #if defined(_MSC_VER)
[INFO] [stderr]   DEBUG: | #if defined(__clang__)
[INFO] [stderr]   DEBUG: | %COMPILER "clang-cl"
[INFO] [stderr]   DEBUG: | %VERSION __clang_major__.__clang_minor__.__clang_patchlevel__
[INFO] [stderr]   DEBUG: | #endif
[INFO] [stderr]   DEBUG: | #elif defined(__clang__)
[INFO] [stderr]   DEBUG: | %COMPILER "clang"
[INFO] [stderr]   DEBUG: | #  if !__cplusplus || __has_builtin(__builtin_bitreverse8)
[INFO] [stderr]   DEBUG: | %VERSION __clang_major__.__clang_minor__.__clang_patchlevel__
[INFO] [stderr]   DEBUG: | #  endif
[INFO] [stderr]   DEBUG: | #elif defined(__GNUC__)
[INFO] [stderr]   DEBUG: | %COMPILER "gcc"
[INFO] [stderr]   DEBUG: | %VERSION __GNUC__.__GNUC_MINOR__.__GNUC_PATCHLEVEL__
[INFO] [stderr]   DEBUG: | #endif
[INFO] [stderr]   DEBUG: | 
[INFO] [stderr]   DEBUG: | #if __cplusplus
[INFO] [stderr]   DEBUG: | %cplusplus __cplusplus
[INFO] [stderr]   DEBUG: | #elif __STDC_VERSION__
[INFO] [stderr]   DEBUG: | %STDC_VERSION __STDC_VERSION__
[INFO] [stderr]   DEBUG: | #endif
[INFO] [stderr]   DEBUG: | #if __i386__ || _M_IX86
[INFO] [stderr]   DEBUG: | %CPU "x86"
[INFO] [stderr]   DEBUG: | #elif __x86_64__ || _M_X64
[INFO] [stderr]   DEBUG: | %CPU "x86_64"
[INFO] [stderr]   DEBUG: | #elif __arm__ || _M_ARM
[INFO] [stderr]   DEBUG: | %CPU "arm"
[INFO] [stderr]   DEBUG: | #elif __aarch64__ || _M_ARM64
[INFO] [stderr]   DEBUG: | %CPU "aarch64"
[INFO] [stderr]   DEBUG: | #elif __ia64__
[INFO] [stderr]   DEBUG: | %CPU "ia64"
[INFO] [stderr]   DEBUG: | #elif __s390x__
[INFO] [stderr]   DEBUG: | %CPU "s390x"
[INFO] [stderr]   DEBUG: | #elif __s390__
[INFO] [stderr]   DEBUG: | %CPU "s390"
[INFO] [stderr]   DEBUG: | #elif __powerpc64__
[INFO] [stderr]   DEBUG: | %CPU "ppc64"
[INFO] [stderr]   DEBUG: | #elif __powerpc__
[INFO] [stderr]   DEBUG: | %CPU "ppc"
[INFO] [stderr]   DEBUG: | #elif __alpha__
[INFO] [stderr]   DEBUG: | %CPU "Alpha"
[INFO] [stderr]   DEBUG: | #elif __hppa__
[INFO] [stderr]   DEBUG: | %CPU "hppa"
[INFO] [stderr]   DEBUG: | #elif __sparc__ && __arch64__
[INFO] [stderr]   DEBUG: | %CPU "sparc64"
[INFO] [stderr]   DEBUG: | #elif __sparc__
[INFO] [stderr]   DEBUG: | %CPU "sparc"
[INFO] [stderr]   DEBUG: | #elif __mips64
[INFO] [stderr]   DEBUG: | %CPU "mips64"
[INFO] [stderr]   DEBUG: | #elif __mips__
[INFO] [stderr]   DEBUG: | %CPU "mips32"
[INFO] [stderr]   DEBUG: | #elif __sh__
[INFO] [stderr]   DEBUG: | %CPU "sh4"
[INFO] [stderr]   DEBUG: | #endif
[INFO] [stderr]   DEBUG: | #if __FreeBSD_kernel__
[INFO] [stderr]   DEBUG: | %KERNEL "kFreeBSD"
[INFO] [stderr]   DEBUG: | #elif __DragonFly__
[INFO] [stderr]   DEBUG: | %KERNEL "DragonFly"
[INFO] [stderr]   DEBUG: | #elif __OpenBSD__
[INFO] [stderr]   DEBUG: | %KERNEL "OpenBSD"
[INFO] [stderr]   DEBUG: | #elif __sun__
[INFO] [stderr]   DEBUG: | %KERNEL "SunOS"
[INFO] [stderr]   DEBUG: | #elif __FreeBSD__
[INFO] [stderr]   DEBUG: | %KERNEL "FreeBSD"
[INFO] [stderr]   DEBUG: | #elif __linux__
[INFO] [stderr]   DEBUG: | %KERNEL "Linux"
[INFO] [stderr]   DEBUG: | #elif _WIN32 || __CYGWIN__
[INFO] [stderr]   DEBUG: | %KERNEL "WINNT"
[INFO] [stderr]   DEBUG: | #elif __NetBSD__
[INFO] [stderr]   DEBUG: | %KERNEL "NetBSD"
[INFO] [stderr]   DEBUG: | #elif __APPLE__
[INFO] [stderr]   DEBUG: | %KERNEL "Darwin"
[INFO] [stderr]   DEBUG: | #endif
[INFO] [stderr]   DEBUG: | #if __ANDROID__
[INFO] [stderr]   DEBUG: | %OS "Android"
[INFO] [stderr]   DEBUG: | #endif
[INFO] [stderr]   DEBUG: | #if __BYTE_ORDER__ == __ORDER_LITTLE_ENDIAN__
[INFO] [stderr]   DEBUG: | %ENDIANNESS "little"
[INFO] [stderr]   DEBUG: | #elif __BYTE_ORDER__ == __ORDER_BIG_ENDIAN__
[INFO] [stderr]   DEBUG: | %ENDIANNESS "big"
[INFO] [stderr]   DEBUG: | #endif
[INFO] [stderr]   DEBUG: Executing: `/usr/lib/llvm-6.0/bin/clang -E /tmp/conftest.Mpw3iS.cpp`
[INFO] [stderr]   DEBUG: COMPILER = clang
[INFO] [stderr]   DEBUG: VERSION = 6.0.1
[INFO] [stderr]   DEBUG: cplusplus = 201402L
[INFO] [stderr]   DEBUG: CPU = x86_64
[INFO] [stderr]   DEBUG: KERNEL = Linux
[INFO] [stderr]   DEBUG: ENDIANNESS = little
[INFO] [stderr]   INFO: checking bindgen cflags... 
[INFO] [stderr]   INFO: -x c++ -fno-sized-deallocation -DTRACING=1 -DIMPL_LIBXUL -DMOZILLA_INTERNAL_API -DRUST_BINDGEN -DOS_POSIX=1 -DOS_LINUX=1
[INFO] [stderr]   INFO: checking for awk... 
[INFO] [stderr]   DEBUG: awk: Trying gawk
[INFO] [stderr]   DEBUG: awk: Trying mawk
[INFO] [stderr]   INFO: /usr/bin/mawk
[INFO] [stderr]   INFO: checking for perl... 
[INFO] [stderr]   DEBUG: perl: Trying perl5
[INFO] [stderr]   DEBUG: perl: Trying perl
[INFO] [stderr]   INFO: /usr/bin/perl
[INFO] [stderr]   INFO: checking for minimum required perl version >= 5.006... 
[INFO] [stderr]   DEBUG: Executing: `/usr/bin/perl -e 'print $]'`
[INFO] [stderr]   INFO: 5.030000
[INFO] [stderr]   INFO: checking for full perl installation... 
[INFO] [stderr]   INFO: yes
[INFO] [stderr]   INFO: checking for gmake... 
[INFO] [stderr]   DEBUG: gmake: Trying gmake
[INFO] [stderr]   DEBUG: gmake: Trying make
[INFO] [stderr]   INFO: /usr/bin/make
[INFO] [stderr]   INFO: checking for watchman... 
[INFO] [stderr]   INFO: not found
[INFO] [stderr]   INFO: checking for xargs... 
[INFO] [stderr]   DEBUG: xargs: Trying xargs
[INFO] [stderr]   INFO: /usr/bin/xargs
[INFO] [stderr]   INFO: checking for rpmbuild... 
[INFO] [stderr]   DEBUG: rpmbuild: Trying rpmbuild
[INFO] [stderr]   INFO: not found
[INFO] [stderr]   DEBUG: Executing: `/usr/lib/llvm-6.0/bin/clang --print-prog-name=llvm-objdump`
[INFO] [stderr]   INFO: checking for llvm-objdump... 
[INFO] [stderr]   DEBUG: llvm_objdump: Trying /usr/lib/llvm-6.0/bin/llvm-objdump
[INFO] [stderr]   INFO: /usr/lib/llvm-6.0/bin/llvm-objdump
[INFO] [stderr]   INFO: checking for autoconf... 
[INFO] [stderr]   ERROR: Could not find autoconf 2.13
[INFO] [stderr] 
[INFO] [stderr]   --- stderr
[INFO] [stderr]   ERROR: Could not find autoconf 2.13
[INFO] [stderr]   make: *** [makefile.cargo:195: maybe-configure] Error 1
[INFO] [stderr]   thread 'main' panicked at 'assertion failed: result.success()', build.rs:111:5
[INFO] [stderr]   stack backtrace:
[INFO] [stderr]      0:     0x561eebffd195 - backtrace::backtrace::libunwind::trace::h5e2646fa3eddf2ea
[INFO] [stderr]                                  at /cargo/registry/src/github.com-1ecc6299db9ec823/backtrace-0.3.46/src/backtrace/libunwind.rs:86
[INFO] [stderr]      1:     0x561eebffd195 - backtrace::backtrace::trace_unsynchronized::hb95dd7f77ce47877
[INFO] [stderr]                                  at /cargo/registry/src/github.com-1ecc6299db9ec823/backtrace-0.3.46/src/backtrace/mod.rs:66
[INFO] [stderr]      2:     0x561eebffd195 - std::sys_common::backtrace::_print_fmt::h5e71b67af43fd70d
[INFO] [stderr]                                  at src/libstd/sys_common/backtrace.rs:78
[INFO] [stderr]      3:     0x561eebffd195 - <std::sys_common::backtrace::_print::DisplayBacktrace as core::fmt::Display>::fmt::hdb4a83d2b61107e5
[INFO] [stderr]                                  at src/libstd/sys_common/backtrace.rs:59
[INFO] [stderr]      4:     0x561eec0299dc - core::fmt::write::ha20e7262fa3e8a7a
[INFO] [stderr]                                  at src/libcore/fmt/mod.rs:1076
[INFO] [stderr]      5:     0x561eebff8c12 - std::io::Write::write_fmt::h1aebfe8a5a79e36d
[INFO] [stderr]                                  at src/libstd/io/mod.rs:1537
[INFO] [stderr]      6:     0x561eec000f20 - std::sys_common::backtrace::_print::h9c07314cc66ba539
[INFO] [stderr]                                  at src/libstd/sys_common/backtrace.rs:62
[INFO] [stderr]      7:     0x561eec000f20 - std::sys_common::backtrace::print::hd1fd65f49a2d8544
[INFO] [stderr]                                  at src/libstd/sys_common/backtrace.rs:49
[INFO] [stderr]      8:     0x561eec000f20 - std::panicking::default_hook::{{closure}}::h222da46485ab36fc
[INFO] [stderr]                                  at src/libstd/panicking.rs:198
[INFO] [stderr]      9:     0x561eec000c6c - std::panicking::default_hook::hc5868949d129ed00
[INFO] [stderr]                                  at src/libstd/panicking.rs:217
[INFO] [stderr]     10:     0x561eec001563 - std::panicking::rust_panic_with_hook::h26a6ab8b0993c0c8
[INFO] [stderr]                                  at src/libstd/panicking.rs:526
[INFO] [stderr]     11:     0x561eebe63f79 - std::panicking::begin_panic::h965ce1670f6cd324
[INFO] [stderr]                                  at /rustc/6f959902b3103c49ca981fbc01871589c3498489/src/libstd/panicking.rs:456
[INFO] [stderr]     12:     0x561eeba13fa9 - build_script_build::build_jsapi::h13039b3d3b37efa8
[INFO] [stderr]                                  at /opt/rustwide/workdir/build.rs:111
[INFO] [stderr]     13:     0x561eeba13286 - build_script_build::main::hde8a94e7b2d73d02
[INFO] [stderr]                                  at /opt/rustwide/workdir/build.rs:16
[INFO] [stderr]     14:     0x561eeba1f0db - std::rt::lang_start::{{closure}}::hfd4aaf895b1644de
[INFO] [stderr]                                  at /rustc/6f959902b3103c49ca981fbc01871589c3498489/src/libstd/rt.rs:67
[INFO] [stderr]     15:     0x561eec001933 - std::rt::lang_start_internal::{{closure}}::h84a998219831fa70
[INFO] [stderr]                                  at src/libstd/rt.rs:52
[INFO] [stderr]     16:     0x561eec001933 - std::panicking::try::do_call::he8e1d689a3e26def
[INFO] [stderr]                                  at src/libstd/panicking.rs:348
[INFO] [stderr]     17:     0x561eec001933 - std::panicking::try::h264b6eebc2fa7bbf
[INFO] [stderr]                                  at src/libstd/panicking.rs:325
[INFO] [stderr]     18:     0x561eec001933 - std::panic::catch_unwind::hbf28fafa723b2128
[INFO] [stderr]                                  at src/libstd/panic.rs:394
[INFO] [stderr]     19:     0x561eec001933 - std::rt::lang_start_internal::he959aa59bc3ec202
[INFO] [stderr]                                  at src/libstd/rt.rs:51
[INFO] [stderr]     20:     0x561eeba1f0b7 - std::rt::lang_start::h544932410c4a0dd2
[INFO] [stderr]                                  at /rustc/6f959902b3103c49ca981fbc01871589c3498489/src/libstd/rt.rs:67
[INFO] [stderr]     21:     0x561eeba174ba - main
[INFO] [stderr]     22:     0x7fa9dae210b3 - __libc_start_main
[INFO] [stderr]     23:     0x561eeba131be - _start
[INFO] [stderr]     24:                0x0 - <unknown>
[INFO] running `Command { std: "docker" "inspect" "ef00b2069b6c713597f1c7057d19e367ce485fce97e70b643c00ccc2bf8e2ab6", kill_on_drop: false }`
[INFO] running `Command { std: "docker" "rm" "-f" "ef00b2069b6c713597f1c7057d19e367ce485fce97e70b643c00ccc2bf8e2ab6", kill_on_drop: false }`
[INFO] [stdout] ef00b2069b6c713597f1c7057d19e367ce485fce97e70b643c00ccc2bf8e2ab6
