[INFO] fetching crate luos_memory_sandbox 0.0.1...
[INFO] checking luos_memory_sandbox-0.0.1 against beta-2020-07-24 for pr-75494-beta
[INFO] extracting crate luos_memory_sandbox 0.0.1 into /workspace/builds/worker-5/source
[INFO] validating manifest of crates.io crate luos_memory_sandbox 0.0.1 on toolchain beta-2020-07-24
[INFO] running `Command { std: "/workspace/cargo-home/bin/cargo" "+beta-2020-07-24" "read-manifest" "--manifest-path" "Cargo.toml", kill_on_drop: false }`
[INFO] started tweaking crates.io crate luos_memory_sandbox 0.0.1
[INFO] finished tweaking crates.io crate luos_memory_sandbox 0.0.1
[INFO] tweaked toml for crates.io crate luos_memory_sandbox 0.0.1 written to /workspace/builds/worker-5/source/Cargo.toml
[INFO] running `Command { std: "/workspace/cargo-home/bin/cargo" "+beta-2020-07-24" "generate-lockfile" "--manifest-path" "Cargo.toml" "-Zno-index-update", kill_on_drop: false }`
[INFO] running `Command { std: "/workspace/cargo-home/bin/cargo" "+beta-2020-07-24" "fetch" "--locked" "--manifest-path" "Cargo.toml", kill_on_drop: false }`
[INFO] running `Command { std: "docker" "create" "-v" "/var/lib/crater-agent-workspace/builds/worker-5/target:/opt/rustwide/target:rw,Z" "-v" "/var/lib/crater-agent-workspace/builds/worker-5/source:/opt/rustwide/workdir:ro,Z" "-v" "/var/lib/crater-agent-workspace/cargo-home:/opt/rustwide/cargo-home:ro,Z" "-v" "/var/lib/crater-agent-workspace/rustup-home:/opt/rustwide/rustup-home:ro,Z" "-e" "SOURCE_DIR=/opt/rustwide/workdir" "-e" "CARGO_TARGET_DIR=/opt/rustwide/target" "-e" "CARGO_HOME=/opt/rustwide/cargo-home" "-e" "RUSTUP_HOME=/opt/rustwide/rustup-home" "-w" "/opt/rustwide/workdir" "-m" "1610612736" "--user" "0:0" "--network" "none" "rustops/crates-build-env@sha256:a636fd89d022f18117e1dc8fb37a0a009933cdbbe082814857f0e2024962d47c" "/opt/rustwide/cargo-home/bin/cargo" "+beta-2020-07-24" "metadata" "--no-deps" "--format-version=1", kill_on_drop: false }`
[INFO] [stdout] 6cec9f62ab6de30e1f3718042c67eed6fed1343fd06a7a75d891af78c14c3cfb
[INFO] [stderr] WARNING: Your kernel does not support swap limit capabilities or the cgroup is not mounted. Memory limited without swap.
[INFO] running `Command { std: "docker" "start" "-a" "6cec9f62ab6de30e1f3718042c67eed6fed1343fd06a7a75d891af78c14c3cfb", kill_on_drop: false }`
[INFO] running `Command { std: "docker" "inspect" "6cec9f62ab6de30e1f3718042c67eed6fed1343fd06a7a75d891af78c14c3cfb", kill_on_drop: false }`
[INFO] running `Command { std: "docker" "rm" "-f" "6cec9f62ab6de30e1f3718042c67eed6fed1343fd06a7a75d891af78c14c3cfb", kill_on_drop: false }`
[INFO] [stdout] 6cec9f62ab6de30e1f3718042c67eed6fed1343fd06a7a75d891af78c14c3cfb
[INFO] running `Command { std: "docker" "create" "-v" "/var/lib/crater-agent-workspace/builds/worker-5/target:/opt/rustwide/target:rw,Z" "-v" "/var/lib/crater-agent-workspace/builds/worker-5/source:/opt/rustwide/workdir:ro,Z" "-v" "/var/lib/crater-agent-workspace/cargo-home:/opt/rustwide/cargo-home:ro,Z" "-v" "/var/lib/crater-agent-workspace/rustup-home:/opt/rustwide/rustup-home:ro,Z" "-e" "SOURCE_DIR=/opt/rustwide/workdir" "-e" "CARGO_TARGET_DIR=/opt/rustwide/target" "-e" "CARGO_INCREMENTAL=0" "-e" "RUST_BACKTRACE=full" "-e" "RUSTFLAGS=--cap-lints=forbid" "-e" "CARGO_HOME=/opt/rustwide/cargo-home" "-e" "RUSTUP_HOME=/opt/rustwide/rustup-home" "-w" "/opt/rustwide/workdir" "-m" "1610612736" "--user" "0:0" "--network" "none" "rustops/crates-build-env@sha256:a636fd89d022f18117e1dc8fb37a0a009933cdbbe082814857f0e2024962d47c" "/opt/rustwide/cargo-home/bin/cargo" "+beta-2020-07-24" "check" "--frozen" "--all" "--all-targets" "--message-format=json", kill_on_drop: false }`
[INFO] [stderr] WARNING: Your kernel does not support swap limit capabilities or the cgroup is not mounted. Memory limited without swap.
[INFO] [stdout] 8c83a1bd4d8a4700a335596c7a71ef6e09549b2210ed245db6d108a7cac9e96d
[INFO] running `Command { std: "docker" "start" "-a" "8c83a1bd4d8a4700a335596c7a71ef6e09549b2210ed245db6d108a7cac9e96d", kill_on_drop: false }`
[INFO] [stderr]     Blocking waiting for file lock on package cache
[INFO] [stderr]     Checking luos_memory_sandbox v0.0.1 (/opt/rustwide/workdir)
[INFO] [stdout] error[E0432]: unresolved import `std::alloc::Alloc`
[INFO] [stdout]  --> src/mem_sandbox.rs:1:18
[INFO] [stdout]   |
[INFO] [stdout] 1 | use std::alloc::{Alloc, GlobalAlloc, Layout, AllocErr};    
[INFO] [stdout]   |                  ^^^^^
[INFO] [stdout]   |                  |
[INFO] [stdout]   |                  no `Alloc` in `alloc`
[INFO] [stdout]   |                  help: a similar name exists in the module: `alloc`
[INFO] [stdout] 
[INFO] [stdout] 
[INFO] [stdout] error[E0554]: `#![feature]` may not be used on the beta release channel
[INFO] [stdout]   --> src/lib.rs:30:1
[INFO] [stdout]    |
[INFO] [stdout] 30 | #![feature(allocator_api, alloc_layout_extra)]
[INFO] [stdout]    | ^^^^^^^^^^^^^^^^^^^^^^^^^^^^^^^^^^^^^^^^^^^^^^
[INFO] [stdout] 
[INFO] [stdout] 
[INFO] [stdout] error[E0554]: `#![feature]` may not be used on the beta release channel
[INFO] [stdout]   --> src/lib.rs:31:1
[INFO] [stdout]    |
[INFO] [stdout] 31 | #![feature(ptr_offset_from)]
[INFO] [stdout]    | ^^^^^^^^^^^^^^^^^^^^^^^^^^^^
[INFO] [stdout] 
[INFO] [stdout] 
[INFO] [stdout] error[E0554]: `#![feature]` may not be used on the beta release channel
[INFO] [stdout]   --> src/lib.rs:32:1
[INFO] [stdout]    |
[INFO] [stdout] 32 | #![feature(const_fn, const_let)]
[INFO] [stdout]    | ^^^^^^^^^^^^^^^^^^^^^^^^^^^^^^^^
[INFO] [stdout] 
[INFO] [stdout] 
[INFO] [stdout] error[E0554]: `#![feature]` may not be used on the beta release channel
[INFO] [stdout]   --> src/lib.rs:33:1
[INFO] [stdout]    |
[INFO] [stdout] 33 | #![feature(int_to_from_bytes)]
[INFO] [stdout]    | ^^^^^^^^^^^^^^^^^^^^^^^^^^^^^^
[INFO] [stdout] 
[INFO] [stdout] 
[INFO] [stdout] error: aborting due to 5 previous errors
[INFO] [stdout] 
[INFO] [stdout] 
[INFO] [stdout] Some errors have detailed explanations: E0432, E0554.
[INFO] [stdout] 
[INFO] [stdout] For more information about an error, try `rustc --explain E0432`.
[INFO] [stdout] 
[INFO] [stderr] error: could not compile `luos_memory_sandbox`.
[INFO] [stderr] 
[INFO] [stderr] To learn more, run the command again with --verbose.
[INFO] [stderr] warning: build failed, waiting for other jobs to finish...
[INFO] [stdout] error[E0432]: unresolved import `std::alloc::Alloc`
[INFO] [stdout]  --> src/mem_sandbox.rs:1:18
[INFO] [stdout]   |
[INFO] [stdout] 1 | use std::alloc::{Alloc, GlobalAlloc, Layout, AllocErr};    
[INFO] [stdout]   |                  ^^^^^
[INFO] [stdout]   |                  |
[INFO] [stdout]   |                  no `Alloc` in `alloc`
[INFO] [stdout]   |                  help: a similar name exists in the module: `alloc`
[INFO] [stdout] 
[INFO] [stdout] 
[INFO] [stdout] error[E0432]: unresolved import `std::alloc::Alloc`
[INFO] [stdout]    --> src/mem_sandbox.rs:266:22
[INFO] [stdout]     |
[INFO] [stdout] 266 |     use std::alloc::{Alloc, Layout};
[INFO] [stdout]     |                      ^^^^^
[INFO] [stdout]     |                      |
[INFO] [stdout]     |                      no `Alloc` in `alloc`
[INFO] [stdout]     |                      help: a similar name exists in the module: `alloc`
[INFO] [stdout] 
[INFO] [stdout] 
[INFO] [stdout] error[E0432]: unresolved import `std::alloc::Alloc`
[INFO] [stdout]    --> src/mem_sandbox.rs:332:22
[INFO] [stdout]     |
[INFO] [stdout] 332 |     use std::alloc::{Alloc, Layout};
[INFO] [stdout]     |                      ^^^^^
[INFO] [stdout]     |                      |
[INFO] [stdout]     |                      no `Alloc` in `alloc`
[INFO] [stdout]     |                      help: a similar name exists in the module: `alloc`
[INFO] [stdout] 
[INFO] [stdout] 
[INFO] [stdout] error[E0432]: unresolved import `std::alloc::Alloc`
[INFO] [stdout]    --> src/mem_sandbox.rs:358:22
[INFO] [stdout]     |
[INFO] [stdout] 358 |     use std::alloc::{Alloc, Layout};
[INFO] [stdout]     |                      ^^^^^
[INFO] [stdout]     |                      |
[INFO] [stdout]     |                      no `Alloc` in `alloc`
[INFO] [stdout]     |                      help: a similar name exists in the module: `alloc`
[INFO] [stdout] 
[INFO] [stdout] 
[INFO] [stdout] error[E0554]: `#![feature]` may not be used on the beta release channel
[INFO] [stdout]   --> src/lib.rs:30:1
[INFO] [stdout]    |
[INFO] [stdout] 30 | #![feature(allocator_api, alloc_layout_extra)]
[INFO] [stdout]    | ^^^^^^^^^^^^^^^^^^^^^^^^^^^^^^^^^^^^^^^^^^^^^^
[INFO] [stdout] 
[INFO] [stdout] 
[INFO] [stdout] error[E0554]: `#![feature]` may not be used on the beta release channel
[INFO] [stdout]   --> src/lib.rs:31:1
[INFO] [stdout]    |
[INFO] [stdout] 31 | #![feature(ptr_offset_from)]
[INFO] [stdout]    | ^^^^^^^^^^^^^^^^^^^^^^^^^^^^
[INFO] [stdout] 
[INFO] [stdout] 
[INFO] [stdout] error[E0554]: `#![feature]` may not be used on the beta release channel
[INFO] [stdout]   --> src/lib.rs:32:1
[INFO] [stdout]    |
[INFO] [stdout] 32 | #![feature(const_fn, const_let)]
[INFO] [stdout]    | ^^^^^^^^^^^^^^^^^^^^^^^^^^^^^^^^
[INFO] [stdout] 
[INFO] [stdout] 
[INFO] [stdout] error[E0554]: `#![feature]` may not be used on the beta release channel
[INFO] [stdout]   --> src/lib.rs:33:1
[INFO] [stdout]    |
[INFO] [stdout] 33 | #![feature(int_to_from_bytes)]
[INFO] [stdout]    | ^^^^^^^^^^^^^^^^^^^^^^^^^^^^^^
[INFO] [stdout] 
[INFO] [stdout] 
[INFO] [stdout] error: aborting due to 8 previous errors
[INFO] [stdout] 
[INFO] [stdout] 
[INFO] [stdout] Some errors have detailed explanations: E0432, E0554.
[INFO] [stdout] 
[INFO] [stdout] For more information about an error, try `rustc --explain E0432`.
[INFO] [stdout] 
[INFO] [stderr] error: build failed
[INFO] running `Command { std: "docker" "inspect" "8c83a1bd4d8a4700a335596c7a71ef6e09549b2210ed245db6d108a7cac9e96d", kill_on_drop: false }`
[INFO] running `Command { std: "docker" "rm" "-f" "8c83a1bd4d8a4700a335596c7a71ef6e09549b2210ed245db6d108a7cac9e96d", kill_on_drop: false }`
[INFO] [stdout] 8c83a1bd4d8a4700a335596c7a71ef6e09549b2210ed245db6d108a7cac9e96d
