[INFO] fetching crate libimagstorestdhook 0.2.0...
[INFO] checking libimagstorestdhook-0.2.0 against beta-2020-07-24 for pr-75494-beta
[INFO] extracting crate libimagstorestdhook 0.2.0 into /workspace/builds/worker-3/source
[INFO] validating manifest of crates.io crate libimagstorestdhook 0.2.0 on toolchain beta-2020-07-24
[INFO] running `Command { std: "/workspace/cargo-home/bin/cargo" "+beta-2020-07-24" "read-manifest" "--manifest-path" "Cargo.toml", kill_on_drop: false }`
[INFO] started tweaking crates.io crate libimagstorestdhook 0.2.0
[INFO] finished tweaking crates.io crate libimagstorestdhook 0.2.0
[INFO] tweaked toml for crates.io crate libimagstorestdhook 0.2.0 written to /workspace/builds/worker-3/source/Cargo.toml
[INFO] running `Command { std: "/workspace/cargo-home/bin/cargo" "+beta-2020-07-24" "generate-lockfile" "--manifest-path" "Cargo.toml" "-Zno-index-update", kill_on_drop: false }`
[INFO] running `Command { std: "/workspace/cargo-home/bin/cargo" "+beta-2020-07-24" "fetch" "--locked" "--manifest-path" "Cargo.toml", kill_on_drop: false }`
[INFO] [stderr]     Blocking waiting for file lock on package cache
[INFO] [stderr]     Blocking waiting for file lock on package cache
[INFO] running `Command { std: "docker" "create" "-v" "/var/lib/crater-agent-workspace/builds/worker-3/target:/opt/rustwide/target:rw,Z" "-v" "/var/lib/crater-agent-workspace/builds/worker-3/source:/opt/rustwide/workdir:ro,Z" "-v" "/var/lib/crater-agent-workspace/cargo-home:/opt/rustwide/cargo-home:ro,Z" "-v" "/var/lib/crater-agent-workspace/rustup-home:/opt/rustwide/rustup-home:ro,Z" "-e" "SOURCE_DIR=/opt/rustwide/workdir" "-e" "CARGO_TARGET_DIR=/opt/rustwide/target" "-e" "CARGO_HOME=/opt/rustwide/cargo-home" "-e" "RUSTUP_HOME=/opt/rustwide/rustup-home" "-w" "/opt/rustwide/workdir" "-m" "1610612736" "--user" "0:0" "--network" "none" "rustops/crates-build-env@sha256:a636fd89d022f18117e1dc8fb37a0a009933cdbbe082814857f0e2024962d47c" "/opt/rustwide/cargo-home/bin/cargo" "+beta-2020-07-24" "metadata" "--no-deps" "--format-version=1", kill_on_drop: false }`
[INFO] [stdout] 67bb29b86cbc704dec5e84c98fefccd221458b68263b1e43822a13bf56d01905
[INFO] [stderr] WARNING: Your kernel does not support swap limit capabilities or the cgroup is not mounted. Memory limited without swap.
[INFO] running `Command { std: "docker" "start" "-a" "67bb29b86cbc704dec5e84c98fefccd221458b68263b1e43822a13bf56d01905", kill_on_drop: false }`
[INFO] running `Command { std: "docker" "inspect" "67bb29b86cbc704dec5e84c98fefccd221458b68263b1e43822a13bf56d01905", kill_on_drop: false }`
[INFO] running `Command { std: "docker" "rm" "-f" "67bb29b86cbc704dec5e84c98fefccd221458b68263b1e43822a13bf56d01905", kill_on_drop: false }`
[INFO] [stdout] 67bb29b86cbc704dec5e84c98fefccd221458b68263b1e43822a13bf56d01905
[INFO] running `Command { std: "docker" "create" "-v" "/var/lib/crater-agent-workspace/builds/worker-3/target:/opt/rustwide/target:rw,Z" "-v" "/var/lib/crater-agent-workspace/builds/worker-3/source:/opt/rustwide/workdir:ro,Z" "-v" "/var/lib/crater-agent-workspace/cargo-home:/opt/rustwide/cargo-home:ro,Z" "-v" "/var/lib/crater-agent-workspace/rustup-home:/opt/rustwide/rustup-home:ro,Z" "-e" "SOURCE_DIR=/opt/rustwide/workdir" "-e" "CARGO_TARGET_DIR=/opt/rustwide/target" "-e" "CARGO_INCREMENTAL=0" "-e" "RUST_BACKTRACE=full" "-e" "RUSTFLAGS=--cap-lints=forbid" "-e" "CARGO_HOME=/opt/rustwide/cargo-home" "-e" "RUSTUP_HOME=/opt/rustwide/rustup-home" "-w" "/opt/rustwide/workdir" "-m" "1610612736" "--user" "0:0" "--network" "none" "rustops/crates-build-env@sha256:a636fd89d022f18117e1dc8fb37a0a009933cdbbe082814857f0e2024962d47c" "/opt/rustwide/cargo-home/bin/cargo" "+beta-2020-07-24" "check" "--frozen" "--all" "--all-targets" "--message-format=json", kill_on_drop: false }`
[INFO] [stdout] d5f4c0f945a3b8dc0af8b8a635f717abb29f96a817de1cb1d0d39028ee206023
[INFO] [stderr] WARNING: Your kernel does not support swap limit capabilities or the cgroup is not mounted. Memory limited without swap.
[INFO] running `Command { std: "docker" "start" "-a" "d5f4c0f945a3b8dc0af8b8a635f717abb29f96a817de1cb1d0d39028ee206023", kill_on_drop: false }`
[INFO] [stderr]    Compiling libc v0.2.76
[INFO] [stderr]    Compiling winapi-build v0.1.1
[INFO] [stderr]     Checking winapi v0.2.8
[INFO] [stderr]    Compiling pkg-config v0.3.18
[INFO] [stderr]    Compiling cc v1.0.59
[INFO] [stderr]    Compiling log v0.4.11
[INFO] [stderr]     Checking cfg-if v0.1.10
[INFO] [stderr]     Checking matches v0.1.8
[INFO] [stderr]     Checking tinyvec v0.3.4
[INFO] [stderr]     Checking regex-syntax v0.3.9
[INFO] [stderr]     Checking percent-encoding v1.0.1
[INFO] [stderr]     Checking utf8-ranges v0.1.3
[INFO] [stderr]     Checking rustc-serialize v0.3.24
[INFO] [stderr]    Compiling bitflags v1.2.1
[INFO] [stderr]     Checking nom v1.2.4
[INFO] [stderr]     Checking lazy_static v0.1.16
[INFO] [stderr]     Checking boolinator v2.4.0
[INFO] [stderr]     Checking crossbeam v0.2.12
[INFO] [stderr]     Checking version v2.0.1
[INFO] [stderr]     Checking vec_map v0.8.2
[INFO] [stderr]     Checking itertools v0.4.19
[INFO] [stderr]     Checking encode_unicode v0.1.3
[INFO] [stderr]     Checking filters v0.1.1
[INFO] [stderr]     Checking bitflags v0.1.1
[INFO] [stderr]    Compiling rust-crypto v0.2.36
[INFO] [stderr]     Checking unicode-bidi v0.3.4
[INFO] [stderr]    Compiling kernel32-sys v0.2.2
[INFO] [stderr]     Checking unicode-normalization v0.1.13
[INFO] [stderr]     Checking log v0.3.9
[INFO] [stderr]     Checking walkdir v0.1.8
[INFO] [stderr]     Checking term v0.2.14
[INFO] [stderr]    Compiling cmake v0.1.44
[INFO] [stderr]     Checking semver v0.2.3
[INFO] [stderr]     Checking libimagerror v0.2.0
[INFO] [stderr]    Compiling openssl-sys v0.7.17
[INFO] [stderr]     Checking spinner v0.4.0
[INFO] [stderr]    Compiling libz-sys v1.1.0
[INFO] [stderr]    Compiling libssh2-sys v0.1.41
[INFO] [stderr]    Compiling libgit2-sys v0.4.6
[INFO] [stderr]     Checking memchr v0.1.11
[INFO] [stderr]     Checking rand v0.4.6
[INFO] [stderr]     Checking thread-id v2.0.0
[INFO] [stderr]     Checking fs2 v0.2.5
[INFO] [stderr]     Checking atty v0.2.14
[INFO] [stderr]     Checking termios v0.3.2
[INFO] [stderr]     Checking time v0.1.43
[INFO] [stderr]     Checking nix v0.5.1
[INFO] [stderr]     Checking clap v2.33.3
[INFO] [stderr]     Checking thread_local v0.2.7
[INFO] [stderr]     Checking aho-corasick v0.5.3
[INFO] [stderr]     Checking idna v0.1.5
[INFO] [stderr]     Checking interactor v0.1.1
[INFO] [stderr]     Checking regex v0.1.80
[INFO] [stderr]     Checking url v1.7.2
[INFO] [stderr]     Checking rand v0.3.23
[INFO] [stderr]     Checking tempfile v2.2.0
[INFO] [stderr]     Checking toml v0.2.1
[INFO] [stderr]     Checking env_logger v0.3.5
[INFO] [stderr]     Checking libimagutil v0.2.0
[INFO] [stderr]     Checking libimagstore v0.2.0
[INFO] [stderr]     Checking rustyline v1.0.0
[INFO] [stderr]     Checking libimagentrytag v0.2.0
[INFO] [stderr]     Checking libimagentryfilter v0.2.0
[INFO] [stderr]     Checking libimaginteraction v0.2.0
[INFO] [stderr] error: failed to run custom build command for `libssh2-sys v0.1.41`
[INFO] [stderr] 
[INFO] [stderr] Caused by:
[INFO] [stderr]   process didn't exit successfully: `/opt/rustwide/target/debug/build/libssh2-sys-eda0d6fafa864232/build-script-build` (exit code: 101)
[INFO] [stderr]   --- stdout
[INFO] [stderr]   cargo:rerun-if-env-changed=LIBSSH2_NO_PKG_CONFIG
[INFO] [stderr]   cargo:rerun-if-env-changed=PKG_CONFIG
[INFO] [stderr]   cargo:rerun-if-env-changed=LIBSSH2_STATIC
[INFO] [stderr]   cargo:rerun-if-env-changed=LIBSSH2_DYNAMIC
[INFO] [stderr]   cargo:rerun-if-env-changed=PKG_CONFIG_ALL_STATIC
[INFO] [stderr]   cargo:rerun-if-env-changed=PKG_CONFIG_ALL_DYNAMIC
[INFO] [stderr]   cargo:rerun-if-env-changed=PKG_CONFIG_PATH_x86_64-unknown-linux-gnu
[INFO] [stderr]   cargo:rerun-if-env-changed=PKG_CONFIG_PATH_x86_64_unknown_linux_gnu
[INFO] [stderr]   cargo:rerun-if-env-changed=HOST_PKG_CONFIG_PATH
[INFO] [stderr]   cargo:rerun-if-env-changed=PKG_CONFIG_PATH
[INFO] [stderr]   cargo:rerun-if-env-changed=PKG_CONFIG_LIBDIR_x86_64-unknown-linux-gnu
[INFO] [stderr]   cargo:rerun-if-env-changed=PKG_CONFIG_LIBDIR_x86_64_unknown_linux_gnu
[INFO] [stderr]   cargo:rerun-if-env-changed=HOST_PKG_CONFIG_LIBDIR
[INFO] [stderr]   cargo:rerun-if-env-changed=PKG_CONFIG_LIBDIR
[INFO] [stderr]   cargo:rerun-if-env-changed=PKG_CONFIG_SYSROOT_DIR_x86_64-unknown-linux-gnu
[INFO] [stderr]   cargo:rerun-if-env-changed=PKG_CONFIG_SYSROOT_DIR_x86_64_unknown_linux_gnu
[INFO] [stderr]   cargo:rerun-if-env-changed=HOST_PKG_CONFIG_SYSROOT_DIR
[INFO] [stderr]   cargo:rerun-if-env-changed=PKG_CONFIG_SYSROOT_DIR
[INFO] [stderr]   running: "cmake" "/opt/rustwide/cargo-home/registry/src/github.com-1ecc6299db9ec823/libssh2-sys-0.1.41/libssh2" "-DCRYPTO_BACKEND=OpenSSL" "-DOPENSSL_INCLUDE_DIR=/usr/include" "-DBUILD_SHARED_LIBS=OFF" "-DENABLE_ZLIB_COMPRESSION=ON" "-DCMAKE_INSTALL_LIBDIR=lib" "-DBUILD_EXAMPLES=OFF" "-DBUILD_TESTING=OFF" "-DCMAKE_INSTALL_PREFIX=/opt/rustwide/target/debug/build/libssh2-sys-95bd8fd530b31c85/out" "-DCMAKE_C_FLAGS= -ffunction-sections -fdata-sections -fPIC -m64" "-DCMAKE_C_COMPILER=/usr/bin/cc" "-DCMAKE_CXX_FLAGS= -ffunction-sections -fdata-sections -fPIC -m64" "-DCMAKE_CXX_COMPILER=/usr/bin/c++" "-DCMAKE_ASM_FLAGS= -ffunction-sections -fdata-sections -fPIC -m64" "-DCMAKE_ASM_COMPILER=/usr/bin/cc" "-DCMAKE_BUILD_TYPE=Debug"
[INFO] [stderr]   -- The C compiler identification is GNU 9.3.0
[INFO] [stderr]   -- Check for working C compiler: /usr/bin/cc
[INFO] [stderr]   -- Check for working C compiler: /usr/bin/cc -- works
[INFO] [stderr]   -- Detecting C compiler ABI info
[INFO] [stderr]   -- Detecting C compiler ABI info - done
[INFO] [stderr]   -- Detecting C compile features
[INFO] [stderr]   -- Detecting C compile features - done
[INFO] [stderr]   -- Found OpenSSL: /usr/lib/x86_64-linux-gnu/libcrypto.so (found version "1.1.1f")  
[INFO] [stderr]   -- Looking for EVP_aes_128_ctr
[INFO] [stderr]   -- Looking for EVP_aes_128_ctr - found
[INFO] [stderr]   -- Found ZLIB: /usr/lib/x86_64-linux-gnu/libz.so (found version "1.2.11") 
[INFO] [stderr]   -- Looking for include file unistd.h
[INFO] [stderr]   -- Looking for include file unistd.h - found
[INFO] [stderr]   -- Looking for include file inttypes.h
[INFO] [stderr]   -- Looking for include file inttypes.h - found
[INFO] [stderr]   -- Looking for include file stdlib.h
[INFO] [stderr]   -- Looking for include file stdlib.h - found
[INFO] [stderr]   -- Looking for include file sys/select.h
[INFO] [stderr]   -- Looking for include file sys/select.h - found
[INFO] [stderr]   -- Looking for include file sys/uio.h
[INFO] [stderr]   -- Looking for include file sys/uio.h - found
[INFO] [stderr]   -- Looking for include file sys/socket.h
[INFO] [stderr]   -- Looking for include file sys/socket.h - found
[INFO] [stderr]   -- Looking for include file sys/ioctl.h
[INFO] [stderr]   -- Looking for include file sys/ioctl.h - found
[INFO] [stderr]   -- Looking for include file sys/time.h
[INFO] [stderr]   -- Looking for include file sys/time.h - found
[INFO] [stderr]   -- Looking for include file sys/un.h
[INFO] [stderr]   -- Looking for include file sys/un.h - found
[INFO] [stderr]   -- Looking for include file windows.h
[INFO] [stderr]   -- Looking for include file windows.h - not found
[INFO] [stderr]   -- Looking for include file ws2tcpip.h
[INFO] [stderr]   -- Looking for include file ws2tcpip.h - not found
[INFO] [stderr]   -- Looking for include file winsock2.h
[INFO] [stderr]   -- Looking for include file winsock2.h - not found
[INFO] [stderr]   -- Looking for sys/types.h
[INFO] [stderr]   -- Looking for sys/types.h - found
[INFO] [stderr]   -- Looking for stdint.h
[INFO] [stderr]   -- Looking for stdint.h - found
[INFO] [stderr]   -- Looking for stddef.h
[INFO] [stderr]   -- Looking for stddef.h - found
[INFO] [stderr]   -- Check size of long long
[INFO] [stderr]   -- Check size of long long - done
[INFO] [stderr]   -- Looking for gettimeofday
[INFO] [stderr]   -- Looking for gettimeofday - found
[INFO] [stderr]   -- Looking for strtoll
[INFO] [stderr]   -- Looking for strtoll - found
[INFO] [stderr]   -- Looking for snprintf
[INFO] [stderr]   -- Looking for snprintf - found
[INFO] [stderr]   -- Looking for poll
[INFO] [stderr]   -- Looking for poll - found
[INFO] [stderr]   -- Looking for socket
[INFO] [stderr]   -- Looking for socket - found
[INFO] [stderr]   -- Looking for select
[INFO] [stderr]   -- Looking for select - found
[INFO] [stderr]   -- Looking for inet_addr
[INFO] [stderr]   -- Looking for inet_addr - found
[INFO] [stderr]   -- Performing Test HAVE_O_NONBLOCK
[INFO] [stderr]   -- Performing Test HAVE_O_NONBLOCK - Success
[INFO] [stderr]   -- The following features have been enabled:
[INFO] [stderr] 
[INFO] [stderr]    * Compression, using zlib for compression
[INFO] [stderr]    * diffie-hellman-group-exchange-sha1, "new" diffie-hellman-group-exchange-sha1 method
[INFO] [stderr]    * Logging, Logging of execution with debug trace
[INFO] [stderr] 
[INFO] [stderr]   -- The following REQUIRED packages have been found:
[INFO] [stderr] 
[INFO] [stderr]    * OpenSSL
[INFO] [stderr]    * ZLIB
[INFO] [stderr] 
[INFO] [stderr]   -- The following features have been disabled:
[INFO] [stderr] 
[INFO] [stderr]    * Shared library, creating libssh2 as a shared library (.so/.dll)
[INFO] [stderr]    * "none" cipher
[INFO] [stderr]    * "none" MAC
[INFO] [stderr] 
[INFO] [stderr]   -- Configuring done
[INFO] [stderr]   -- Generating done
[INFO] [stderr]   -- Build files have been written to: /opt/rustwide/target/debug/build/libssh2-sys-95bd8fd530b31c85/out/build
[INFO] [stderr]   running: "cmake" "--build" "." "--target" "install" "--config" "Debug" "--"
[INFO] [stderr]   Scanning dependencies of target libssh2
[INFO] [stderr]   [  4%] Building C object src/CMakeFiles/libssh2.dir/agent.c.o
[INFO] [stderr]   [  9%] Building C object src/CMakeFiles/libssh2.dir/openssl.c.o
[INFO] [stderr]   [ 13%] Building C object src/CMakeFiles/libssh2.dir/global.c.o
[INFO] [stderr]   [ 18%] Building C object src/CMakeFiles/libssh2.dir/channel.c.o
[INFO] [stderr]   [ 22%] Building C object src/CMakeFiles/libssh2.dir/hostkey.c.o
[INFO] [stderr]   [ 27%] Building C object src/CMakeFiles/libssh2.dir/keepalive.c.o
[INFO] [stderr]   [ 31%] Building C object src/CMakeFiles/libssh2.dir/comp.c.o
[INFO] [stderr]   [ 36%] Building C object src/CMakeFiles/libssh2.dir/knownhost.c.o
[INFO] [stderr]   [ 40%] Building C object src/CMakeFiles/libssh2.dir/crypt.c.o
[INFO] [stderr]   [ 45%] Building C object src/CMakeFiles/libssh2.dir/kex.c.o
[INFO] [stderr]   [ 50%] Building C object src/CMakeFiles/libssh2.dir/misc.c.o
[INFO] [stderr]   [ 54%] Building C object src/CMakeFiles/libssh2.dir/mac.c.o
[INFO] [stderr]   [ 59%] Building C object src/CMakeFiles/libssh2.dir/publickey.c.o
[INFO] [stderr]   [ 63%] Building C object src/CMakeFiles/libssh2.dir/packet.c.o
[INFO] [stderr]   [ 68%] Building C object src/CMakeFiles/libssh2.dir/pem.c.o
[INFO] [stderr]   [ 72%] Building C object src/CMakeFiles/libssh2.dir/scp.c.o
[INFO] [stderr]   [ 77%] Building C object src/CMakeFiles/libssh2.dir/session.c.o
[INFO] [stderr] 
[INFO] [stderr]   --- stderr
[INFO] [stderr]   fatal: not a git repository (or any parent up to mount point /opt/rustwide)
[INFO] [stderr]   Stopping at filesystem boundary (GIT_DISCOVERY_ACROSS_FILESYSTEM not set).
[INFO] [stderr]   CMake Warning:
[INFO] [stderr]     Manually-specified variables were not used by the project:
[INFO] [stderr] 
[INFO] [stderr]       CMAKE_ASM_COMPILER
[INFO] [stderr]       CMAKE_ASM_FLAGS
[INFO] [stderr]       CMAKE_CXX_COMPILER
[INFO] [stderr] 
[INFO] [stderr] 
[INFO] [stderr]   /opt/rustwide/cargo-home/registry/src/github.com-1ecc6299db9ec823/libssh2-sys-0.1.41/libssh2/src/openssl.c: In function '_libssh2_rsa_new':
[INFO] [stderr]   /opt/rustwide/cargo-home/registry/src/github.com-1ecc6299db9ec823/libssh2-sys-0.1.41/libssh2/src/openssl.c:71:11: error: dereferencing pointer to incomplete type 'RSA' {aka 'struct rsa_st'}
[INFO] [stderr]      71 |     (*rsa)->e = BN_new();
[INFO] [stderr]         |           ^~
[INFO] [stderr]   /opt/rustwide/cargo-home/registry/src/github.com-1ecc6299db9ec823/libssh2-sys-0.1.41/libssh2/src/openssl.c: In function '_libssh2_dsa_new':
[INFO] [stderr]   /opt/rustwide/cargo-home/registry/src/github.com-1ecc6299db9ec823/libssh2-sys-0.1.41/libssh2/src/openssl.c:130:14: error: dereferencing pointer to incomplete type 'DSA' {aka 'struct dsa_st'}
[INFO] [stderr]     130 |     (*dsactx)->p = BN_new();
[INFO] [stderr]         |              ^~
[INFO] [stderr]   /opt/rustwide/cargo-home/registry/src/github.com-1ecc6299db9ec823/libssh2-sys-0.1.41/libssh2/src/openssl.c: In function '_libssh2_dsa_sha1_verify':
[INFO] [stderr]   /opt/rustwide/cargo-home/registry/src/github.com-1ecc6299db9ec823/libssh2-sys-0.1.41/libssh2/src/openssl.c:156:13: error: storage size of 'dsasig' isn't known
[INFO] [stderr]     156 |     DSA_SIG dsasig;
[INFO] [stderr]         |             ^~~~~~
[INFO] [stderr]   /opt/rustwide/cargo-home/registry/src/github.com-1ecc6299db9ec823/libssh2-sys-0.1.41/libssh2/src/openssl.c:156:13: warning: unused variable 'dsasig' [-Wunused-variable]
[INFO] [stderr]   In file included from /usr/include/openssl/asn1.h:23,
[INFO] [stderr]                    from /usr/include/openssl/rsa.h:16,
[INFO] [stderr]                    from /opt/rustwide/cargo-home/registry/src/github.com-1ecc6299db9ec823/libssh2-sys-0.1.41/libssh2/src/openssl.h:42,
[INFO] [stderr]                    from /opt/rustwide/cargo-home/registry/src/github.com-1ecc6299db9ec823/libssh2-sys-0.1.41/libssh2/src/crypto.h:42,
[INFO] [stderr]                    from /opt/rustwide/cargo-home/registry/src/github.com-1ecc6299db9ec823/libssh2-sys-0.1.41/libssh2/src/libssh2_priv.h:140,
[INFO] [stderr]                    from /opt/rustwide/cargo-home/registry/src/github.com-1ecc6299db9ec823/libssh2-sys-0.1.41/libssh2/src/openssl.c:41:
[INFO] [stderr]   /opt/rustwide/cargo-home/registry/src/github.com-1ecc6299db9ec823/libssh2-sys-0.1.41/libssh2/src/openssl.c: In function '_libssh2_dsa_sha1_sign':
[INFO] [stderr]   /opt/rustwide/cargo-home/registry/src/github.com-1ecc6299db9ec823/libssh2-sys-0.1.41/libssh2/src/openssl.c:597:29: error: dereferencing pointer to incomplete type 'DSA_SIG' {aka 'struct DSA_SIG_st'}
[INFO] [stderr]     597 |     r_len = BN_num_bytes(sig->r);
[INFO] [stderr]         |                             ^~
[INFO] [stderr]   make[2]: *** [src/CMakeFiles/libssh2.dir/build.make:63: src/CMakeFiles/libssh2.dir/openssl.c.o] Error 1
[INFO] [stderr]   make[2]: *** Waiting for unfinished jobs....
[INFO] [stderr]   make[1]: *** [CMakeFiles/Makefile2:115: src/CMakeFiles/libssh2.dir/all] Error 2
[INFO] [stderr]   make: *** [Makefile:152: all] Error 2
[INFO] [stderr]   thread 'main' panicked at '
[INFO] [stderr]   command did not execute successfully, got: exit code: 2
[INFO] [stderr] 
[INFO] [stderr]   build script failed, must exit now', /opt/rustwide/cargo-home/registry/src/github.com-1ecc6299db9ec823/cmake-0.1.44/src/lib.rs:885:5
[INFO] [stderr]   stack backtrace:
[INFO] [stderr]      0:     0x5635c57f8d95 - backtrace::backtrace::libunwind::trace::h5e2646fa3eddf2ea
[INFO] [stderr]                                  at /cargo/registry/src/github.com-1ecc6299db9ec823/backtrace-0.3.46/src/backtrace/libunwind.rs:86
[INFO] [stderr]      1:     0x5635c57f8d95 - backtrace::backtrace::trace_unsynchronized::hb95dd7f77ce47877
[INFO] [stderr]                                  at /cargo/registry/src/github.com-1ecc6299db9ec823/backtrace-0.3.46/src/backtrace/mod.rs:66
[INFO] [stderr]      2:     0x5635c57f8d95 - std::sys_common::backtrace::_print_fmt::h5e71b67af43fd70d
[INFO] [stderr]                                  at src/libstd/sys_common/backtrace.rs:78
[INFO] [stderr]      3:     0x5635c57f8d95 - <std::sys_common::backtrace::_print::DisplayBacktrace as core::fmt::Display>::fmt::hdb4a83d2b61107e5
[INFO] [stderr]                                  at src/libstd/sys_common/backtrace.rs:59
[INFO] [stderr]      4:     0x5635c581d11c - core::fmt::write::ha20e7262fa3e8a7a
[INFO] [stderr]                                  at src/libcore/fmt/mod.rs:1076
[INFO] [stderr]      5:     0x5635c57f5372 - std::io::Write::write_fmt::h1aebfe8a5a79e36d
[INFO] [stderr]                                  at src/libstd/io/mod.rs:1537
[INFO] [stderr]      6:     0x5635c57fb8c0 - std::sys_common::backtrace::_print::h9c07314cc66ba539
[INFO] [stderr]                                  at src/libstd/sys_common/backtrace.rs:62
[INFO] [stderr]      7:     0x5635c57fb8c0 - std::sys_common::backtrace::print::hd1fd65f49a2d8544
[INFO] [stderr]                                  at src/libstd/sys_common/backtrace.rs:49
[INFO] [stderr]      8:     0x5635c57fb8c0 - std::panicking::default_hook::{{closure}}::h222da46485ab36fc
[INFO] [stderr]                                  at src/libstd/panicking.rs:198
[INFO] [stderr]      9:     0x5635c57fb60c - std::panicking::default_hook::hc5868949d129ed00
[INFO] [stderr]                                  at src/libstd/panicking.rs:217
[INFO] [stderr]     10:     0x5635c57fbf03 - std::panicking::rust_panic_with_hook::h26a6ab8b0993c0c8
[INFO] [stderr]                                  at src/libstd/panicking.rs:526
[INFO] [stderr]     11:     0x5635c57fbafb - rust_begin_unwind
[INFO] [stderr]                                  at src/libstd/panicking.rs:437
[INFO] [stderr]     12:     0x5635c57fba6b - std::panicking::begin_panic_fmt::h2ff295231415d4a6
[INFO] [stderr]                                  at src/libstd/panicking.rs:391
[INFO] [stderr]     13:     0x5635c5765427 - cmake::fail::hf0f3f19e1ff44c4b
[INFO] [stderr]                                  at /opt/rustwide/cargo-home/registry/src/github.com-1ecc6299db9ec823/cmake-0.1.44/src/lib.rs:885
[INFO] [stderr]     14:     0x5635c5764d6e - cmake::run::hbfa9e03c3139de5a
[INFO] [stderr]                                  at /opt/rustwide/cargo-home/registry/src/github.com-1ecc6299db9ec823/cmake-0.1.44/src/lib.rs:863
[INFO] [stderr]     15:     0x5635c5761490 - cmake::Config::build::h91a3fd6d1f201449
[INFO] [stderr]                                  at /opt/rustwide/cargo-home/registry/src/github.com-1ecc6299db9ec823/cmake-0.1.44/src/lib.rs:769
[INFO] [stderr]     16:     0x5635c5758bf0 - build_script_build::main::h94391703695b0348
[INFO] [stderr]                                  at /opt/rustwide/cargo-home/registry/src/github.com-1ecc6299db9ec823/libssh2-sys-0.1.41/build.rs:58
[INFO] [stderr]     17:     0x5635c575cd5b - std::rt::lang_start::{{closure}}::ha855b0067d693580
[INFO] [stderr]                                  at /rustc/6f959902b3103c49ca981fbc01871589c3498489/src/libstd/rt.rs:67
[INFO] [stderr]     18:     0x5635c57fc2d3 - std::rt::lang_start_internal::{{closure}}::h84a998219831fa70
[INFO] [stderr]                                  at src/libstd/rt.rs:52
[INFO] [stderr]     19:     0x5635c57fc2d3 - std::panicking::try::do_call::he8e1d689a3e26def
[INFO] [stderr]                                  at src/libstd/panicking.rs:348
[INFO] [stderr]     20:     0x5635c57fc2d3 - std::panicking::try::h264b6eebc2fa7bbf
[INFO] [stderr]                                  at src/libstd/panicking.rs:325
[INFO] [stderr]     21:     0x5635c57fc2d3 - std::panic::catch_unwind::hbf28fafa723b2128
[INFO] [stderr]                                  at src/libstd/panic.rs:394
[INFO] [stderr]     22:     0x5635c57fc2d3 - std::rt::lang_start_internal::he959aa59bc3ec202
[INFO] [stderr]                                  at src/libstd/rt.rs:51
[INFO] [stderr]     23:     0x5635c575cd37 - std::rt::lang_start::hc7ebd2168b37872f
[INFO] [stderr]                                  at /rustc/6f959902b3103c49ca981fbc01871589c3498489/src/libstd/rt.rs:67
[INFO] [stderr]     24:     0x5635c5759c3a - main
[INFO] [stderr]     25:     0x7f8e23f490b3 - __libc_start_main
[INFO] [stderr]     26:     0x5635c575819e - _start
[INFO] [stderr]     27:                0x0 - <unknown>
[INFO] [stderr] warning: build failed, waiting for other jobs to finish...
[INFO] [stderr] error: build failed
[INFO] running `Command { std: "docker" "inspect" "d5f4c0f945a3b8dc0af8b8a635f717abb29f96a817de1cb1d0d39028ee206023", kill_on_drop: false }`
[INFO] running `Command { std: "docker" "rm" "-f" "d5f4c0f945a3b8dc0af8b8a635f717abb29f96a817de1cb1d0d39028ee206023", kill_on_drop: false }`
[INFO] [stdout] d5f4c0f945a3b8dc0af8b8a635f717abb29f96a817de1cb1d0d39028ee206023
