[INFO] fetching crate is-same-derive 0.1.1...
[INFO] checking is-same-derive-0.1.1 against beta-2020-07-24 for pr-75494-beta
[INFO] extracting crate is-same-derive 0.1.1 into /workspace/builds/worker-12/source
[INFO] validating manifest of crates.io crate is-same-derive 0.1.1 on toolchain beta-2020-07-24
[INFO] running `Command { std: "/workspace/cargo-home/bin/cargo" "+beta-2020-07-24" "read-manifest" "--manifest-path" "Cargo.toml", kill_on_drop: false }`
[INFO] started tweaking crates.io crate is-same-derive 0.1.1
[INFO] finished tweaking crates.io crate is-same-derive 0.1.1
[INFO] tweaked toml for crates.io crate is-same-derive 0.1.1 written to /workspace/builds/worker-12/source/Cargo.toml
[INFO] running `Command { std: "/workspace/cargo-home/bin/cargo" "+beta-2020-07-24" "generate-lockfile" "--manifest-path" "Cargo.toml" "-Zno-index-update", kill_on_drop: false }`
[INFO] running `Command { std: "/workspace/cargo-home/bin/cargo" "+beta-2020-07-24" "fetch" "--locked" "--manifest-path" "Cargo.toml", kill_on_drop: false }`
[INFO] running `Command { std: "docker" "create" "-v" "/var/lib/crater-agent-workspace/builds/worker-12/target:/opt/rustwide/target:rw,Z" "-v" "/var/lib/crater-agent-workspace/builds/worker-12/source:/opt/rustwide/workdir:ro,Z" "-v" "/var/lib/crater-agent-workspace/cargo-home:/opt/rustwide/cargo-home:ro,Z" "-v" "/var/lib/crater-agent-workspace/rustup-home:/opt/rustwide/rustup-home:ro,Z" "-e" "SOURCE_DIR=/opt/rustwide/workdir" "-e" "CARGO_TARGET_DIR=/opt/rustwide/target" "-e" "CARGO_HOME=/opt/rustwide/cargo-home" "-e" "RUSTUP_HOME=/opt/rustwide/rustup-home" "-w" "/opt/rustwide/workdir" "-m" "1610612736" "--user" "0:0" "--network" "none" "rustops/crates-build-env@sha256:a636fd89d022f18117e1dc8fb37a0a009933cdbbe082814857f0e2024962d47c" "/opt/rustwide/cargo-home/bin/cargo" "+beta-2020-07-24" "metadata" "--no-deps" "--format-version=1", kill_on_drop: false }`
[INFO] [stdout] f977b813dd9dc3782abc248d31b2ae65d0269799956c6f7ffd8c18157e87a1e2
[INFO] [stderr] WARNING: Your kernel does not support swap limit capabilities or the cgroup is not mounted. Memory limited without swap.
[INFO] running `Command { std: "docker" "start" "-a" "f977b813dd9dc3782abc248d31b2ae65d0269799956c6f7ffd8c18157e87a1e2", kill_on_drop: false }`
[INFO] running `Command { std: "docker" "inspect" "f977b813dd9dc3782abc248d31b2ae65d0269799956c6f7ffd8c18157e87a1e2", kill_on_drop: false }`
[INFO] running `Command { std: "docker" "rm" "-f" "f977b813dd9dc3782abc248d31b2ae65d0269799956c6f7ffd8c18157e87a1e2", kill_on_drop: false }`
[INFO] [stdout] f977b813dd9dc3782abc248d31b2ae65d0269799956c6f7ffd8c18157e87a1e2
[INFO] running `Command { std: "docker" "create" "-v" "/var/lib/crater-agent-workspace/builds/worker-12/target:/opt/rustwide/target:rw,Z" "-v" "/var/lib/crater-agent-workspace/builds/worker-12/source:/opt/rustwide/workdir:ro,Z" "-v" "/var/lib/crater-agent-workspace/cargo-home:/opt/rustwide/cargo-home:ro,Z" "-v" "/var/lib/crater-agent-workspace/rustup-home:/opt/rustwide/rustup-home:ro,Z" "-e" "SOURCE_DIR=/opt/rustwide/workdir" "-e" "CARGO_TARGET_DIR=/opt/rustwide/target" "-e" "CARGO_INCREMENTAL=0" "-e" "RUST_BACKTRACE=full" "-e" "RUSTFLAGS=--cap-lints=forbid" "-e" "CARGO_HOME=/opt/rustwide/cargo-home" "-e" "RUSTUP_HOME=/opt/rustwide/rustup-home" "-w" "/opt/rustwide/workdir" "-m" "1610612736" "--user" "0:0" "--network" "none" "rustops/crates-build-env@sha256:a636fd89d022f18117e1dc8fb37a0a009933cdbbe082814857f0e2024962d47c" "/opt/rustwide/cargo-home/bin/cargo" "+beta-2020-07-24" "check" "--frozen" "--all" "--all-targets" "--message-format=json", kill_on_drop: false }`
[INFO] [stdout] 2c4cd7d983d41d2acaf4436dcf68c638e9ae9922e7d536e160ddbbc69ca9c363
[INFO] [stderr] WARNING: Your kernel does not support swap limit capabilities or the cgroup is not mounted. Memory limited without swap.
[INFO] running `Command { std: "docker" "start" "-a" "2c4cd7d983d41d2acaf4436dcf68c638e9ae9922e7d536e160ddbbc69ca9c363", kill_on_drop: false }`
[INFO] [stderr]    Compiling unicode-xid v0.2.1
[INFO] [stderr]     Checking proc-macro2 v1.0.19
[INFO] [stderr]     Checking quote v1.0.7
[INFO] [stderr]     Checking syn v1.0.39
[INFO] [stderr]     Checking is-same-derive v0.1.1 (/opt/rustwide/workdir)
[INFO] [stdout] error[E0432]: unresolved import `is_same`
[INFO] [stdout]  --> tests/test.rs:1:5
[INFO] [stdout]   |
[INFO] [stdout] 1 | use is_same::IsSame;
[INFO] [stdout]   |     ^^^^^^^ use of undeclared type or module `is_same`
[INFO] [stdout] 
[INFO] [stdout] 
[INFO] [stdout] error[E0433]: failed to resolve: could not find `is_same` in `{{root}}`
[INFO] [stdout]  --> tests/test.rs:4:10
[INFO] [stdout]   |
[INFO] [stdout] 4 | #[derive(IsSame)]
[INFO] [stdout]   |          ^^^^^^ could not find `is_same` in `{{root}}`
[INFO] [stdout]   |
[INFO] [stdout]   = note: this error originates in a derive macro (in Nightly builds, run with -Z macro-backtrace for more info)
[INFO] [stdout] 
[INFO] [stdout] 
[INFO] [stdout] error[E0433]: failed to resolve: could not find `is_same` in `{{root}}`
[INFO] [stdout]   --> tests/test.rs:11:10
[INFO] [stdout]    |
[INFO] [stdout] 11 | #[derive(IsSame)]
[INFO] [stdout]    |          ^^^^^^ could not find `is_same` in `{{root}}`
[INFO] [stdout]    |
[INFO] [stdout]    = note: this error originates in a derive macro (in Nightly builds, run with -Z macro-backtrace for more info)
[INFO] [stdout] 
[INFO] [stdout] 
[INFO] [stdout] error[E0433]: failed to resolve: could not find `is_same` in `{{root}}`
[INFO] [stdout]   --> tests/test.rs:14:10
[INFO] [stdout]    |
[INFO] [stdout] 14 | #[derive(IsSame)]
[INFO] [stdout]    |          ^^^^^^ could not find `is_same` in `{{root}}`
[INFO] [stdout]    |
[INFO] [stdout]    = note: this error originates in a derive macro (in Nightly builds, run with -Z macro-backtrace for more info)
[INFO] [stdout] 
[INFO] [stdout] 
[INFO] [stdout] error: aborting due to 4 previous errors
[INFO] [stdout] 
[INFO] [stdout] 
[INFO] [stdout] Some errors have detailed explanations: E0432, E0433.
[INFO] [stdout] 
[INFO] [stdout] For more information about an error, try `rustc --explain E0432`.
[INFO] [stdout] 
[INFO] [stderr] error: could not compile `is-same-derive`.
[INFO] [stderr] 
[INFO] [stderr] To learn more, run the command again with --verbose.
[INFO] running `Command { std: "docker" "inspect" "2c4cd7d983d41d2acaf4436dcf68c638e9ae9922e7d536e160ddbbc69ca9c363", kill_on_drop: false }`
[INFO] running `Command { std: "docker" "rm" "-f" "2c4cd7d983d41d2acaf4436dcf68c638e9ae9922e7d536e160ddbbc69ca9c363", kill_on_drop: false }`
[INFO] [stdout] 2c4cd7d983d41d2acaf4436dcf68c638e9ae9922e7d536e160ddbbc69ca9c363
