[INFO] fetching crate google-script1 0.1.9+20150922...
[INFO] checking google-script1-0.1.9+20150922 against beta-2020-07-24 for pr-75494-beta
[INFO] extracting crate google-script1 0.1.9+20150922 into /workspace/builds/worker-8/source
[INFO] validating manifest of crates.io crate google-script1 0.1.9+20150922 on toolchain beta-2020-07-24
[INFO] running `Command { std: "/workspace/cargo-home/bin/cargo" "+beta-2020-07-24" "read-manifest" "--manifest-path" "Cargo.toml", kill_on_drop: false }`
[INFO] started tweaking crates.io crate google-script1 0.1.9+20150922
[INFO] finished tweaking crates.io crate google-script1 0.1.9+20150922
[INFO] tweaked toml for crates.io crate google-script1 0.1.9+20150922 written to /workspace/builds/worker-8/source/Cargo.toml
[INFO] running `Command { std: "/workspace/cargo-home/bin/cargo" "+beta-2020-07-24" "generate-lockfile" "--manifest-path" "Cargo.toml" "-Zno-index-update", kill_on_drop: false }`
[INFO] [stderr]     Blocking waiting for file lock on package cache
[INFO] running `Command { std: "/workspace/cargo-home/bin/cargo" "+beta-2020-07-24" "fetch" "--locked" "--manifest-path" "Cargo.toml", kill_on_drop: false }`
[INFO] running `Command { std: "docker" "create" "-v" "/var/lib/crater-agent-workspace/builds/worker-8/target:/opt/rustwide/target:rw,Z" "-v" "/var/lib/crater-agent-workspace/builds/worker-8/source:/opt/rustwide/workdir:ro,Z" "-v" "/var/lib/crater-agent-workspace/cargo-home:/opt/rustwide/cargo-home:ro,Z" "-v" "/var/lib/crater-agent-workspace/rustup-home:/opt/rustwide/rustup-home:ro,Z" "-e" "SOURCE_DIR=/opt/rustwide/workdir" "-e" "CARGO_TARGET_DIR=/opt/rustwide/target" "-e" "CARGO_HOME=/opt/rustwide/cargo-home" "-e" "RUSTUP_HOME=/opt/rustwide/rustup-home" "-w" "/opt/rustwide/workdir" "-m" "1610612736" "--user" "0:0" "--network" "none" "rustops/crates-build-env@sha256:a636fd89d022f18117e1dc8fb37a0a009933cdbbe082814857f0e2024962d47c" "/opt/rustwide/cargo-home/bin/cargo" "+beta-2020-07-24" "metadata" "--no-deps" "--format-version=1", kill_on_drop: false }`
[INFO] [stdout] 16eecb9977c46ebec8471a1de54447901a8a22785959aa7d3eb59784269f1cbc
[INFO] [stderr] WARNING: Your kernel does not support swap limit capabilities or the cgroup is not mounted. Memory limited without swap.
[INFO] running `Command { std: "docker" "start" "-a" "16eecb9977c46ebec8471a1de54447901a8a22785959aa7d3eb59784269f1cbc", kill_on_drop: false }`
[INFO] running `Command { std: "docker" "inspect" "16eecb9977c46ebec8471a1de54447901a8a22785959aa7d3eb59784269f1cbc", kill_on_drop: false }`
[INFO] running `Command { std: "docker" "rm" "-f" "16eecb9977c46ebec8471a1de54447901a8a22785959aa7d3eb59784269f1cbc", kill_on_drop: false }`
[INFO] [stdout] 16eecb9977c46ebec8471a1de54447901a8a22785959aa7d3eb59784269f1cbc
[INFO] running `Command { std: "docker" "create" "-v" "/var/lib/crater-agent-workspace/builds/worker-8/target:/opt/rustwide/target:rw,Z" "-v" "/var/lib/crater-agent-workspace/builds/worker-8/source:/opt/rustwide/workdir:ro,Z" "-v" "/var/lib/crater-agent-workspace/cargo-home:/opt/rustwide/cargo-home:ro,Z" "-v" "/var/lib/crater-agent-workspace/rustup-home:/opt/rustwide/rustup-home:ro,Z" "-e" "SOURCE_DIR=/opt/rustwide/workdir" "-e" "CARGO_TARGET_DIR=/opt/rustwide/target" "-e" "CARGO_INCREMENTAL=0" "-e" "RUST_BACKTRACE=full" "-e" "RUSTFLAGS=--cap-lints=forbid" "-e" "CARGO_HOME=/opt/rustwide/cargo-home" "-e" "RUSTUP_HOME=/opt/rustwide/rustup-home" "-w" "/opt/rustwide/workdir" "-m" "1610612736" "--user" "0:0" "--network" "none" "rustops/crates-build-env@sha256:a636fd89d022f18117e1dc8fb37a0a009933cdbbe082814857f0e2024962d47c" "/opt/rustwide/cargo-home/bin/cargo" "+beta-2020-07-24" "check" "--frozen" "--all" "--all-targets" "--message-format=json", kill_on_drop: false }`
[INFO] [stderr] WARNING: Your kernel does not support swap limit capabilities or the cgroup is not mounted. Memory limited without swap.
[INFO] [stdout] 505f4344594f7baa3a9e6358582318b433ecdb7ef5e81053e90e2e931b6dc23a
[INFO] running `Command { std: "docker" "start" "-a" "505f4344594f7baa3a9e6358582318b433ecdb7ef5e81053e90e2e931b6dc23a", kill_on_drop: false }`
[INFO] [stderr]    Compiling libc v0.2.76
[INFO] [stderr]    Compiling log v0.4.11
[INFO] [stderr]    Compiling autocfg v1.0.1
[INFO] [stderr]    Compiling proc-macro2 v1.0.19
[INFO] [stderr]    Compiling unicode-xid v0.2.1
[INFO] [stderr]     Checking cfg-if v0.1.10
[INFO] [stderr]    Compiling memchr v2.3.3
[INFO] [stderr]    Compiling cc v1.0.59
[INFO] [stderr]    Compiling rustc-serialize v0.3.24
[INFO] [stderr]     Checking matches v0.1.8
[INFO] [stderr]     Checking tinyvec v0.3.4
[INFO] [stderr]    Compiling pkg-config v0.3.18
[INFO] [stderr]     Checking lazy_static v1.4.0
[INFO] [stderr]    Compiling term v0.4.6
[INFO] [stderr]    Compiling httparse v1.3.4
[INFO] [stderr]    Compiling serde_derive v1.0.115
[INFO] [stderr]    Compiling bitflags v0.7.0
[INFO] [stderr]    Compiling serde v1.0.115
[INFO] [stderr]    Compiling version_check v0.1.5
[INFO] [stderr]    Compiling ryu v1.0.5
[INFO] [stderr]     Checking percent-encoding v1.0.1
[INFO] [stderr]     Checking openssl-probe v0.1.2
[INFO] [stderr]     Checking lazy_static v0.2.11
[INFO] [stderr]    Compiling serde_json v1.0.57
[INFO] [stderr]     Checking seahash v4.0.1
[INFO] [stderr]     Checking typeable v0.1.2
[INFO] [stderr]     Checking language-tags v0.2.2
[INFO] [stderr]     Checking unicode-bidi v0.3.4
[INFO] [stderr]     Checking unicode-bidi v0.2.6
[INFO] [stderr]    Compiling openssl-sys-extras v0.7.14
[INFO] [stderr]    Compiling openssl v0.7.14
[INFO] [stderr]     Checking tracing-core v0.1.14
[INFO] [stderr]    Compiling syn v0.10.8
[INFO] [stderr]     Checking unicode-normalization v0.1.13
[INFO] [stderr]    Compiling unicase v1.4.2
[INFO] [stderr]    Compiling num-traits v0.2.12
[INFO] [stderr]    Compiling num-integer v0.1.43
[INFO] [stderr]    Compiling hashbrown v0.8.2
[INFO] [stderr]    Compiling num-iter v0.1.41
[INFO] [stderr]    Compiling indexmap v1.5.1
[INFO] [stderr]    Compiling log v0.3.9
[INFO] [stderr]    Compiling openssl-sys v0.7.17
[INFO] [stderr]     Checking tracing v0.1.19
[INFO] [stderr]     Checking want v0.3.0
[INFO] [stderr]    Compiling quote v1.0.7
[INFO] [stderr]     Checking hpack v0.2.0
[INFO] [stderr]     Checking net2 v0.2.34
[INFO] [stderr]     Checking iovec v0.1.4
[INFO] [stderr]     Checking time v0.1.43
[INFO] [stderr]     Checking rand v0.4.6
[INFO] [stderr]     Checking socket2 v0.3.12
[INFO] [stderr]     Checking num_cpus v0.2.13
[INFO] [stderr]     Checking idna v0.1.5
[INFO] [stderr]     Checking idna v0.2.0
[INFO] [stderr]     Checking solicit v0.4.4
[INFO] [stderr]    Compiling serde_codegen_internals v0.11.3
[INFO] [stderr]    Compiling syn v1.0.39
[INFO] [stderr]     Checking mio v0.6.22
[INFO] [stderr] The following warnings were emitted during compilation:
[INFO] [stderr] 
[INFO] [stderr] warning: src/openssl_shim.c: In function 'SSL_CTX_set_ecdh_auto_shim':
[INFO] [stderr] warning: src/openssl_shim.c:121:41: warning: unused parameter 'ctx' [-Wunused-parameter]
[INFO] [stderr] warning:   121 | int SSL_CTX_set_ecdh_auto_shim(SSL_CTX *ctx, int onoff) {
[INFO] [stderr] warning:       |                                ~~~~~~~~~^~~
[INFO] [stderr] warning: src/openssl_shim.c: In function 'DH_new_from_params':
[INFO] [stderr] warning: src/openssl_shim.c:132:7: error: dereferencing pointer to incomplete type 'DH' {aka 'struct dh_st'}
[INFO] [stderr] warning:   132 |     dh->p = p;
[INFO] [stderr] warning:       |       ^~
[INFO] [stderr] warning: src/openssl_shim.c: In function 'X509_get_extensions_shim':
[INFO] [stderr] warning: src/openssl_shim.c:143:13: error: dereferencing pointer to incomplete type 'X509' {aka 'struct x509_st'}
[INFO] [stderr] warning:   143 |     return x->cert_info ? x->cert_info->extensions : NULL;
[INFO] [stderr] warning:       |             ^~
[INFO] [stderr] warning: src/openssl_shim.c:144:1: warning: control reaches end of non-void function [-Wreturn-type]
[INFO] [stderr] warning:   144 | }
[INFO] [stderr] warning:       | ^
[INFO] [stderr] 
[INFO] [stderr] error: failed to run custom build command for `openssl-sys-extras v0.7.14`
[INFO] [stderr] 
[INFO] [stderr] Caused by:
[INFO] [stderr]   process didn't exit successfully: `/opt/rustwide/target/debug/build/openssl-sys-extras-a1ddcad1e2b00618/build-script-build` (exit code: 101)
[INFO] [stderr]   --- stdout
[INFO] [stderr]   TARGET = Some("x86_64-unknown-linux-gnu")
[INFO] [stderr]   OPT_LEVEL = Some("0")
[INFO] [stderr]   TARGET = Some("x86_64-unknown-linux-gnu")
[INFO] [stderr]   HOST = Some("x86_64-unknown-linux-gnu")
[INFO] [stderr]   TARGET = Some("x86_64-unknown-linux-gnu")
[INFO] [stderr]   TARGET = Some("x86_64-unknown-linux-gnu")
[INFO] [stderr]   HOST = Some("x86_64-unknown-linux-gnu")
[INFO] [stderr]   CC_x86_64-unknown-linux-gnu = None
[INFO] [stderr]   CC_x86_64_unknown_linux_gnu = None
[INFO] [stderr]   HOST_CC = None
[INFO] [stderr]   CC = None
[INFO] [stderr]   HOST = Some("x86_64-unknown-linux-gnu")
[INFO] [stderr]   TARGET = Some("x86_64-unknown-linux-gnu")
[INFO] [stderr]   HOST = Some("x86_64-unknown-linux-gnu")
[INFO] [stderr]   CFLAGS_x86_64-unknown-linux-gnu = None
[INFO] [stderr]   CFLAGS_x86_64_unknown_linux_gnu = None
[INFO] [stderr]   HOST_CFLAGS = None
[INFO] [stderr]   CFLAGS = None
[INFO] [stderr]   DEBUG = Some("true")
[INFO] [stderr]   running: "cc" "-O0" "-ffunction-sections" "-fdata-sections" "-fPIC" "-g" "-m64" "-I" "/usr/include" "-Wall" "-Wextra" "-o" "/opt/rustwide/target/debug/build/openssl-sys-extras-73ace3f58098a570/out/src/openssl_shim.o" "-c" "src/openssl_shim.c"
[INFO] [stderr]   cargo:warning=src/openssl_shim.c: In function 'SSL_CTX_set_ecdh_auto_shim':
[INFO] [stderr]   cargo:warning=src/openssl_shim.c:121:41: warning: unused parameter 'ctx' [-Wunused-parameter]
[INFO] [stderr]   cargo:warning=  121 | int SSL_CTX_set_ecdh_auto_shim(SSL_CTX *ctx, int onoff) {
[INFO] [stderr]   cargo:warning=      |                                ~~~~~~~~~^~~
[INFO] [stderr]   cargo:warning=src/openssl_shim.c: In function 'DH_new_from_params':
[INFO] [stderr]   cargo:warning=src/openssl_shim.c:132:7: error: dereferencing pointer to incomplete type 'DH' {aka 'struct dh_st'}
[INFO] [stderr]   cargo:warning=  132 |     dh->p = p;
[INFO] [stderr]   cargo:warning=      |       ^~
[INFO] [stderr]   cargo:warning=src/openssl_shim.c: In function 'X509_get_extensions_shim':
[INFO] [stderr]   cargo:warning=src/openssl_shim.c:143:13: error: dereferencing pointer to incomplete type 'X509' {aka 'struct x509_st'}
[INFO] [stderr]   cargo:warning=  143 |     return x->cert_info ? x->cert_info->extensions : NULL;
[INFO] [stderr]   cargo:warning=      |             ^~
[INFO] [stderr]   cargo:warning=src/openssl_shim.c:144:1: warning: control reaches end of non-void function [-Wreturn-type]
[INFO] [stderr]   cargo:warning=  144 | }
[INFO] [stderr]   cargo:warning=      | ^
[INFO] [stderr]   exit code: 1
[INFO] [stderr] 
[INFO] [stderr]   --- stderr
[INFO] [stderr]   thread 'main' panicked at '
[INFO] [stderr] 
[INFO] [stderr]   Internal error occurred: Command "cc" "-O0" "-ffunction-sections" "-fdata-sections" "-fPIC" "-g" "-m64" "-I" "/usr/include" "-Wall" "-Wextra" "-o" "/opt/rustwide/target/debug/build/openssl-sys-extras-73ace3f58098a570/out/src/openssl_shim.o" "-c" "src/openssl_shim.c" with args "cc" did not execute successfully (status code exit code: 1).
[INFO] [stderr] 
[INFO] [stderr]   ', /opt/rustwide/cargo-home/registry/src/github.com-1ecc6299db9ec823/gcc-0.3.55/src/lib.rs:1672:5
[INFO] [stderr]   stack backtrace:
[INFO] [stderr]      0:     0x558a9dceec05 - backtrace::backtrace::libunwind::trace::h5e2646fa3eddf2ea
[INFO] [stderr]                                  at /cargo/registry/src/github.com-1ecc6299db9ec823/backtrace-0.3.46/src/backtrace/libunwind.rs:86
[INFO] [stderr]      1:     0x558a9dceec05 - backtrace::backtrace::trace_unsynchronized::hb95dd7f77ce47877
[INFO] [stderr]                                  at /cargo/registry/src/github.com-1ecc6299db9ec823/backtrace-0.3.46/src/backtrace/mod.rs:66
[INFO] [stderr]      2:     0x558a9dceec05 - std::sys_common::backtrace::_print_fmt::h5e71b67af43fd70d
[INFO] [stderr]                                  at src/libstd/sys_common/backtrace.rs:78
[INFO] [stderr]      3:     0x558a9dceec05 - <std::sys_common::backtrace::_print::DisplayBacktrace as core::fmt::Display>::fmt::hdb4a83d2b61107e5
[INFO] [stderr]                                  at src/libstd/sys_common/backtrace.rs:59
[INFO] [stderr]      4:     0x558a9dd1356c - core::fmt::write::ha20e7262fa3e8a7a
[INFO] [stderr]                                  at src/libcore/fmt/mod.rs:1076
[INFO] [stderr]      5:     0x558a9dceae52 - std::io::Write::write_fmt::h1aebfe8a5a79e36d
[INFO] [stderr]                                  at src/libstd/io/mod.rs:1537
[INFO] [stderr]      6:     0x558a9dcf1390 - std::sys_common::backtrace::_print::h9c07314cc66ba539
[INFO] [stderr]                                  at src/libstd/sys_common/backtrace.rs:62
[INFO] [stderr]      7:     0x558a9dcf1390 - std::sys_common::backtrace::print::hd1fd65f49a2d8544
[INFO] [stderr]                                  at src/libstd/sys_common/backtrace.rs:49
[INFO] [stderr]      8:     0x558a9dcf1390 - std::panicking::default_hook::{{closure}}::h222da46485ab36fc
[INFO] [stderr]                                  at src/libstd/panicking.rs:198
[INFO] [stderr]      9:     0x558a9dcf10dc - std::panicking::default_hook::hc5868949d129ed00
[INFO] [stderr]                                  at src/libstd/panicking.rs:217
[INFO] [stderr]     10:     0x558a9dcf19d3 - std::panicking::rust_panic_with_hook::h26a6ab8b0993c0c8
[INFO] [stderr]                                  at src/libstd/panicking.rs:526
[INFO] [stderr]     11:     0x558a9dcf15cb - rust_begin_unwind
[INFO] [stderr]                                  at src/libstd/panicking.rs:437
[INFO] [stderr]     12:     0x558a9dcf153b - std::panicking::begin_panic_fmt::h2ff295231415d4a6
[INFO] [stderr]                                  at src/libstd/panicking.rs:391
[INFO] [stderr]     13:     0x558a9dcb80c7 - gcc::fail::h848aef746e246696
[INFO] [stderr]                                  at /opt/rustwide/cargo-home/registry/src/github.com-1ecc6299db9ec823/gcc-0.3.55/src/lib.rs:1672
[INFO] [stderr]     14:     0x558a9dca9dde - gcc::Build::compile::h0416fbdbcd69d343
[INFO] [stderr]                                  at /opt/rustwide/cargo-home/registry/src/github.com-1ecc6299db9ec823/gcc-0.3.55/src/lib.rs:785
[INFO] [stderr]     15:     0x558a9dca3540 - build_script_build::main::h4a6d24f6752ee714
[INFO] [stderr]                                  at /opt/rustwide/cargo-home/registry/src/github.com-1ecc6299db9ec823/openssl-sys-extras-0.7.14/build.rs:19
[INFO] [stderr]     16:     0x558a9dca4ecb - std::rt::lang_start::{{closure}}::h4537a27a5c3fef22
[INFO] [stderr]                                  at /rustc/6f959902b3103c49ca981fbc01871589c3498489/src/libstd/rt.rs:67
[INFO] [stderr]     17:     0x558a9dcf1da3 - std::rt::lang_start_internal::{{closure}}::h84a998219831fa70
[INFO] [stderr]                                  at src/libstd/rt.rs:52
[INFO] [stderr]     18:     0x558a9dcf1da3 - std::panicking::try::do_call::he8e1d689a3e26def
[INFO] [stderr]                                  at src/libstd/panicking.rs:348
[INFO] [stderr]     19:     0x558a9dcf1da3 - std::panicking::try::h264b6eebc2fa7bbf
[INFO] [stderr]                                  at src/libstd/panicking.rs:325
[INFO] [stderr]     20:     0x558a9dcf1da3 - std::panic::catch_unwind::hbf28fafa723b2128
[INFO] [stderr]                                  at src/libstd/panic.rs:394
[INFO] [stderr]     21:     0x558a9dcf1da3 - std::rt::lang_start_internal::he959aa59bc3ec202
[INFO] [stderr]                                  at src/libstd/rt.rs:51
[INFO] [stderr]     22:     0x558a9dca4ea7 - std::rt::lang_start::h80fcbe5d0bf6b6ce
[INFO] [stderr]                                  at /rustc/6f959902b3103c49ca981fbc01871589c3498489/src/libstd/rt.rs:67
[INFO] [stderr]     23:     0x558a9dca481a - main
[INFO] [stderr]     24:     0x7fa81820a0b3 - __libc_start_main
[INFO] [stderr]     25:     0x558a9dca319e - _start
[INFO] [stderr]     26:                0x0 - <unknown>
[INFO] [stderr] warning: build failed, waiting for other jobs to finish...
[INFO] [stderr] error: build failed
[INFO] running `Command { std: "docker" "inspect" "505f4344594f7baa3a9e6358582318b433ecdb7ef5e81053e90e2e931b6dc23a", kill_on_drop: false }`
[INFO] running `Command { std: "docker" "rm" "-f" "505f4344594f7baa3a9e6358582318b433ecdb7ef5e81053e90e2e931b6dc23a", kill_on_drop: false }`
[INFO] [stdout] 505f4344594f7baa3a9e6358582318b433ecdb7ef5e81053e90e2e931b6dc23a
